[INFO] fetching crate sonos-sdk 0.9.0...
[INFO] testing sonos-sdk-0.9.0 against 1.99.0-beta.8 for beta-1.100-2
[INFO] extracting crate sonos-sdk 0.9.0 into /workspace/builds/worker-1-tc1/source
[INFO] started tweaking crates.io crate sonos-sdk 0.9.0
[INFO] removed 0 missing examples
[INFO] removed 0 missing tests
[INFO] finished tweaking crates.io crate sonos-sdk 0.9.0
[INFO] tweaked toml for crates.io crate sonos-sdk 0.9.0 written to /workspace/builds/worker-1-tc1/source/Cargo.toml
[INFO] validating manifest of crates.io crate sonos-sdk 0.9.0 on toolchain 1.99.0-beta.8
[INFO] running `Command { std: CARGO_HOME="/workspace/cargo-home" RUSTUP_HOME="/workspace/rustup-home" "/workspace/cargo-home/bin/cargo" "+1.99.0-beta.8" "metadata" "--manifest-path" "Cargo.toml" "--no-deps", kill_on_drop: false }`
[INFO] crate crates.io crate sonos-sdk 0.9.0 already has a lockfile, it will not be regenerated
[INFO] running `Command { std: CARGO_HOME="/workspace/cargo-home" RUSTUP_HOME="/workspace/rustup-home" "/workspace/cargo-home/bin/cargo" "+1.99.0-beta.8" "fetch" "--manifest-path" "Cargo.toml", kill_on_drop: false }`
[INFO] [stderr]     Updating crates.io index
[INFO] [stderr]  Downloading crates ...
[INFO] [stderr]   Downloaded sonos-api v0.9.0
[INFO] [stderr]   Downloaded sonos-sdk-soap-client v0.9.0
[INFO] [stderr]   Downloaded libredox v0.1.20
[INFO] [stderr]   Downloaded sonos-sdk-state v0.9.0
[INFO] [stderr]   Downloaded sonos-sdk-discovery v0.9.0
[INFO] [stderr]   Downloaded sonos-sdk-callback-server v0.9.0
[INFO] [stderr]   Downloaded sonos-sdk-event-manager v0.9.0
[INFO] [stderr]   Downloaded sonos-sdk-stream v0.9.0
[INFO] running `Command { std: "docker" "create" "-v" "/var/lib/crater-agent-workspace/builds/worker-1-tc1/source:/opt/rustwide/workdir:ro,Z" "-v" "/var/lib/crater-agent-workspace/builds/worker-1-tc1/target:/opt/rustwide/target:rw,Z" "-v" "/var/lib/crater-agent-workspace/cargo-home:/opt/rustwide/cargo-home:ro,Z" "-v" "/var/lib/crater-agent-workspace/rustup-home:/opt/rustwide/rustup-home:ro,Z" "-m" "1610612736" "--network" "none" "ghcr.io/rust-lang/crates-build-env/linux@sha256:3111399a4047eeb3a02b7a90e478d715f38a8c6669b5c4b49d30a17385265909" "sleep" "infinity", kill_on_drop: false }`
[INFO] [stdout] 6f1a63a187e4d0bb02381d8199ca7d86aed583ea447a4027f2b17f29f9faad68
[INFO] running `Command { std: "docker" "start" "6f1a63a187e4d0bb02381d8199ca7d86aed583ea447a4027f2b17f29f9faad68", kill_on_drop: false }`
[INFO] running `Command { std: "docker" "inspect" "6f1a63a187e4d0bb02381d8199ca7d86aed583ea447a4027f2b17f29f9faad68", kill_on_drop: false }`
[INFO] running `Command { std: "docker" "exec" "-e" "SOURCE_DIR=/opt/rustwide/workdir" "-e" "CARGO_HOME=/opt/rustwide/cargo-home" "-e" "RUSTUP_HOME=/opt/rustwide/rustup-home" "-e" "CARGO_TARGET_DIR=/opt/rustwide/target" "-w" "/opt/rustwide/workdir" "--user" "0:0" "6f1a63a187e4d0bb02381d8199ca7d86aed583ea447a4027f2b17f29f9faad68" "/opt/rustwide/cargo-home/bin/cargo" "+1.99.0-beta.8" "metadata" "--no-deps" "--format-version=1", kill_on_drop: false }`
[INFO] running `Command { std: "docker" "inspect" "6f1a63a187e4d0bb02381d8199ca7d86aed583ea447a4027f2b17f29f9faad68", kill_on_drop: false }`
[INFO] running `Command { std: "docker" "exec" "-e" "SOURCE_DIR=/opt/rustwide/workdir" "-e" "CARGO_HOME=/opt/rustwide/cargo-home" "-e" "RUSTUP_HOME=/opt/rustwide/rustup-home" "-e" "CARGO_TARGET_DIR=/opt/rustwide/target" "-e" "CARGO_INCREMENTAL=0" "-e" "RUST_BACKTRACE=full" "-e" "RUSTFLAGS=--cap-lints=warn" "-e" "RUSTDOCFLAGS=--cap-lints=warn" "-w" "/opt/rustwide/workdir" "--user" "0:0" "6f1a63a187e4d0bb02381d8199ca7d86aed583ea447a4027f2b17f29f9faad68" "/opt/rustwide/cargo-home/bin/cargo" "+1.99.0-beta.8" "build" "--frozen" "--message-format=json", kill_on_drop: false }`
[INFO] [stderr]    Compiling syn v3.0.3
[INFO] [stderr]    Compiling syn v2.0.119
[INFO] [stderr]    Compiling smallvec v1.15.2
[INFO] [stderr]    Compiling cc v1.4.3
[INFO] [stderr]    Compiling http v1.5.0
[INFO] [stderr]    Compiling zeroize v1.9.0
[INFO] [stderr]    Compiling futures-sink v0.3.34
[INFO] [stderr]    Compiling getrandom v0.2.17
[INFO] [stderr]    Compiling futures-channel v0.3.34
[INFO] [stderr]    Compiling rustls-pki-types v1.15.1
[INFO] [stderr]    Compiling parking_lot_core v0.9.12
[INFO] [stderr]    Compiling errno v0.3.14
[INFO] [stderr]    Compiling rustls v0.23.45
[INFO] [stderr]    Compiling simd-adler32 v0.3.10
[INFO] [stderr]    Compiling serde_json v1.0.151
[INFO] [stderr]    Compiling parking_lot v0.12.5
[INFO] [stderr]    Compiling miniz_oxide v0.8.9
[INFO] [stderr]    Compiling webpki-roots v1.0.9
[INFO] [stderr]    Compiling signal-hook-registry v1.4.8
[INFO] [stderr]    Compiling socket2 v0.6.5
[INFO] [stderr]    Compiling http-body v1.1.0
[INFO] [stderr]    Compiling mio v1.2.2
[INFO] [stderr]    Compiling flate2 v1.1.9
[INFO] [stderr]    Compiling http-body-util v0.1.5
[INFO] [stderr]    Compiling webpki-roots v0.26.11
[INFO] [stderr]    Compiling paste v1.0.15
[INFO] [stderr]    Compiling serde_path_to_error v0.1.20
[INFO] [stderr]    Compiling if-addrs v0.15.0
[INFO] [stderr]    Compiling base64 v0.23.1
[INFO] [stderr]    Compiling ring v0.17.14
[INFO] [stderr]    Compiling ureq-proto v0.6.1
[INFO] [stderr]    Compiling utf8-zero v0.8.1
[INFO] [stderr]    Compiling dirs-sys v0.5.0
[INFO] [stderr]    Compiling dirs v6.0.0
[INFO] [stderr]    Compiling zerovec-derive v0.11.5
[INFO] [stderr]    Compiling displaydoc v0.2.7
[INFO] [stderr]    Compiling serde_derive v1.0.229
[INFO] [stderr]    Compiling futures-macro v0.3.34
[INFO] [stderr]    Compiling tokio-macros v2.7.2
[INFO] [stderr]    Compiling thiserror-impl v2.0.20
[INFO] [stderr]    Compiling synstructure v0.13.2
[INFO] [stderr]    Compiling tokio v1.53.1
[INFO] [stderr]    Compiling futures-util v0.3.34
[INFO] [stderr]    Compiling async-trait v0.1.92
[INFO] [stderr]    Compiling thiserror v2.0.20
[INFO] [stderr]    Compiling rustls-webpki v0.103.14
[INFO] [stderr]    Compiling zerofrom-derive v0.1.7
[INFO] [stderr]    Compiling yoke-derive v0.8.2
[INFO] [stderr]    Compiling tracing-attributes v0.1.31
[INFO] [stderr]    Compiling zerofrom v0.1.8
[INFO] [stderr]    Compiling yoke v0.8.3
[INFO] [stderr]    Compiling zerovec v0.11.7
[INFO] [stderr]    Compiling zerotrie v0.2.5
[INFO] [stderr]    Compiling tracing v0.1.44
[INFO] [stderr]    Compiling serde v1.0.229
[INFO] [stderr]    Compiling axum-core v0.5.6
[INFO] [stderr]    Compiling quick-xml v0.31.0
[INFO] [stderr]    Compiling serde_urlencoded v0.7.1
[INFO] [stderr]    Compiling tinystr v0.8.4
[INFO] [stderr]    Compiling potential_utf v0.1.6
[INFO] [stderr]    Compiling icu_collections v2.3.0
[INFO] [stderr]    Compiling icu_locale_core v2.3.0
[INFO] [stderr]    Compiling futures-executor v0.3.34
[INFO] [stderr]    Compiling futures v0.3.34
[INFO] [stderr]    Compiling icu_provider v2.3.0
[INFO] [stderr]    Compiling icu_normalizer v2.3.0
[INFO] [stderr]    Compiling icu_properties v2.3.0
[INFO] [stderr]    Compiling hyper v1.11.0
[INFO] [stderr]    Compiling tower v0.5.3
[INFO] [stderr]    Compiling ureq v3.4.0
[INFO] [stderr]    Compiling idna_adapter v1.2.2
[INFO] [stderr]    Compiling idna v1.1.0
[INFO] [stderr]    Compiling hyper-util v0.1.20
[INFO] [stderr]    Compiling axum v0.8.9
[INFO] [stderr]    Compiling url v2.5.8
[INFO] [stderr]    Compiling ureq v2.12.1
[INFO] [stderr]    Compiling sonos-sdk-discovery v0.9.0
[INFO] [stderr]    Compiling sonos-sdk-soap-client v0.9.0
[INFO] [stderr]    Compiling sonos-api v0.9.0
[INFO] [stderr]    Compiling sonos-sdk-callback-server v0.9.0
[INFO] [stderr]    Compiling sonos-sdk-stream v0.9.0
[INFO] [stderr]    Compiling sonos-sdk-event-manager v0.9.0
[INFO] [stderr]    Compiling sonos-sdk-state v0.9.0
[INFO] [stderr]    Compiling sonos-sdk v0.9.0 (/opt/rustwide/workdir)
[INFO] [stderr]     Finished `dev` profile [unoptimized + debuginfo] target(s) in 1m 24s
[INFO] running `Command { std: "docker" "inspect" "6f1a63a187e4d0bb02381d8199ca7d86aed583ea447a4027f2b17f29f9faad68", kill_on_drop: false }`
[INFO] running `Command { std: "docker" "exec" "-e" "SOURCE_DIR=/opt/rustwide/workdir" "-e" "CARGO_HOME=/opt/rustwide/cargo-home" "-e" "RUSTUP_HOME=/opt/rustwide/rustup-home" "-e" "CARGO_TARGET_DIR=/opt/rustwide/target" "-e" "CARGO_INCREMENTAL=0" "-e" "RUST_BACKTRACE=full" "-e" "RUSTFLAGS=--cap-lints=warn" "-e" "RUSTDOCFLAGS=--cap-lints=warn" "-w" "/opt/rustwide/workdir" "--user" "0:0" "6f1a63a187e4d0bb02381d8199ca7d86aed583ea447a4027f2b17f29f9faad68" "/opt/rustwide/cargo-home/bin/cargo" "+1.99.0-beta.8" "test" "--frozen" "--no-run" "--message-format=json", kill_on_drop: false }`
[INFO] [stderr]    Compiling tracing-core v0.1.36
[INFO] [stderr]    Compiling getrandom v0.2.17
[INFO] [stderr]    Compiling parking_lot_core v0.9.12
[INFO] [stderr]    Compiling errno v0.3.14
[INFO] [stderr]    Compiling socket2 v0.6.5
[INFO] [stderr]    Compiling mio v1.2.2
[INFO] [stderr]    Compiling if-addrs v0.15.0
[INFO] [stderr]    Compiling bitflags v2.13.1
[INFO] [stderr]    Compiling ring v0.17.14
[INFO] [stderr]    Compiling parking_lot v0.12.5
[INFO] [stderr]    Compiling signal-hook-registry v1.4.8
[INFO] [stderr]    Compiling ureq-proto v0.6.1
[INFO] [stderr]    Compiling getrandom v0.3.4
[INFO] [stderr]    Compiling tracing v0.1.44
[INFO] [stderr]    Compiling zerocopy v0.8.56
[INFO] [stderr]    Compiling tokio v1.53.1
[INFO] [stderr]    Compiling axum-core v0.5.6
[INFO] [stderr]    Compiling num-traits v0.2.19
[INFO] [stderr]    Compiling rand_core v0.9.5
[INFO] [stderr]    Compiling cfg_aliases v0.2.2
[INFO] [stderr]    Compiling rustix v1.1.4
[INFO] [stderr]    Compiling nix v0.31.3
[INFO] [stderr]    Compiling fastrand v2.5.0
[INFO] [stderr]    Compiling dirs-sys v0.5.0
[INFO] [stderr]    Compiling regex-automata v0.4.18
[INFO] [stderr]    Compiling wait-timeout v0.2.1
[INFO] [stderr]    Compiling rustls-webpki v0.103.14
[INFO] [stderr]    Compiling dirs v6.0.0
[INFO] [stderr]    Compiling rustls v0.23.45
[INFO] [stderr]    Compiling tempfile v3.27.0
[INFO] [stderr]    Compiling rand v0.9.5
[INFO] [stderr]    Compiling rusty-fork v0.3.1
[INFO] [stderr]    Compiling matchers v0.2.0
[INFO] [stderr]    Compiling rand_xorshift v0.4.0
[INFO] [stderr]    Compiling tracing-log v0.2.0
[INFO] [stderr]    Compiling tracing-serde v0.2.0
[INFO] [stderr]    Compiling thread_local v1.1.10
[INFO] [stderr]    Compiling chrono v0.4.45
[INFO] [stderr]    Compiling ctrlc v3.5.2
[INFO] [stderr]    Compiling tracing-subscriber v0.3.23
[INFO] [stderr]    Compiling ppv-lite86 v0.2.21
[INFO] [stderr]    Compiling rand_chacha v0.9.0
[INFO] [stderr]    Compiling proptest v1.11.0
[INFO] [stderr]    Compiling hyper v1.11.0
[INFO] [stderr]    Compiling tower v0.5.3
[INFO] [stderr]    Compiling ureq v2.12.1
[INFO] [stderr]    Compiling ureq v3.4.0
[INFO] [stderr]    Compiling hyper-util v0.1.20
[INFO] [stderr]    Compiling axum v0.8.9
[INFO] [stderr]    Compiling sonos-sdk-soap-client v0.9.0
[INFO] [stderr]    Compiling sonos-sdk-discovery v0.9.0
[INFO] [stderr]    Compiling sonos-api v0.9.0
[INFO] [stderr]    Compiling sonos-sdk-callback-server v0.9.0
[INFO] [stderr]    Compiling sonos-sdk-stream v0.9.0
[INFO] [stderr]    Compiling sonos-sdk-event-manager v0.9.0
[INFO] [stderr]    Compiling sonos-sdk-state v0.9.0
[INFO] [stderr]    Compiling sonos-sdk v0.9.0 (/opt/rustwide/workdir)
[INFO] [stdout] error[E0599]: no associated function or constant named `from_devices_offline` found for struct `SonosSystem` in the current scope
[INFO] [stdout]    --> tests/property_tests.rs:673:35
[INFO] [stdout]     |
[INFO] [stdout] 673 |         let system = SonosSystem::from_devices_offline(devices).unwrap();
[INFO] [stdout]     |                                   ^^^^^^^^^^^^^^^^^^^^ associated function or constant not found in `SonosSystem`
[INFO] [stdout]     |
[INFO] [stdout] note: if you're trying to build a new `SonosSystem`, consider using `SonosSystem::new` which returns `Result<SonosSystem, SdkError>`
[INFO] [stdout]    --> src/system.rs:116:5
[INFO] [stdout]     |
[INFO] [stdout] 116 |     pub fn new() -> Result<Self, SdkError> {
[INFO] [stdout]     |     ^^^^^^^^^^^^^^^^^^^^^^^^^^^^^^^^^^^^^^
[INFO] [stdout] 
[INFO] [stdout] 
[INFO] [stdout] error[E0599]: no associated function or constant named `from_devices_offline` found for struct `SonosSystem` in the current scope
[INFO] [stdout]    --> tests/property_tests.rs:714:35
[INFO] [stdout]     |
[INFO] [stdout] 714 |         let system = SonosSystem::from_devices_offline(devices).unwrap();
[INFO] [stdout]     |                                   ^^^^^^^^^^^^^^^^^^^^ associated function or constant not found in `SonosSystem`
[INFO] [stdout]     |
[INFO] [stdout] note: if you're trying to build a new `SonosSystem`, consider using `SonosSystem::new` which returns `Result<SonosSystem, SdkError>`
[INFO] [stdout]    --> src/system.rs:116:5
[INFO] [stdout]     |
[INFO] [stdout] 116 |     pub fn new() -> Result<Self, SdkError> {
[INFO] [stdout]     |     ^^^^^^^^^^^^^^^^^^^^^^^^^^^^^^^^^^^^^^
[INFO] [stdout] 
[INFO] [stdout] 
[INFO] [stdout] error[E0599]: no associated function or constant named `from_devices_offline` found for struct `SonosSystem` in the current scope
[INFO] [stdout]    --> tests/property_tests.rs:751:35
[INFO] [stdout]     |
[INFO] [stdout] 751 |         let system = SonosSystem::from_devices_offline(devices).unwrap();
[INFO] [stdout]     |                                   ^^^^^^^^^^^^^^^^^^^^ associated function or constant not found in `SonosSystem`
[INFO] [stdout]     |
[INFO] [stdout] note: if you're trying to build a new `SonosSystem`, consider using `SonosSystem::new` which returns `Result<SonosSystem, SdkError>`
[INFO] [stdout]    --> src/system.rs:116:5
[INFO] [stdout]     |
[INFO] [stdout] 116 |     pub fn new() -> Result<Self, SdkError> {
[INFO] [stdout]     |     ^^^^^^^^^^^^^^^^^^^^^^^^^^^^^^^^^^^^^^
[INFO] [stdout] 
[INFO] [stdout] 
[INFO] [stdout] error[E0599]: no associated function or constant named `from_devices_offline` found for struct `SonosSystem` in the current scope
[INFO] [stdout]    --> tests/property_tests.rs:792:35
[INFO] [stdout]     |
[INFO] [stdout] 792 |         let system = SonosSystem::from_devices_offline(devices).unwrap();
[INFO] [stdout]     |                                   ^^^^^^^^^^^^^^^^^^^^ associated function or constant not found in `SonosSystem`
[INFO] [stdout]     |
[INFO] [stdout] note: if you're trying to build a new `SonosSystem`, consider using `SonosSystem::new` which returns `Result<SonosSystem, SdkError>`
[INFO] [stdout]    --> src/system.rs:116:5
[INFO] [stdout]     |
[INFO] [stdout] 116 |     pub fn new() -> Result<Self, SdkError> {
[INFO] [stdout]     |     ^^^^^^^^^^^^^^^^^^^^^^^^^^^^^^^^^^^^^^
[INFO] [stdout] 
[INFO] [stdout] 
[INFO] [stdout] error[E0599]: no associated function or constant named `from_devices_offline` found for struct `SonosSystem` in the current scope
[INFO] [stdout]    --> tests/property_tests.rs:832:35
[INFO] [stdout]     |
[INFO] [stdout] 832 |         let system = SonosSystem::from_devices_offline(devices).unwrap();
[INFO] [stdout]     |                                   ^^^^^^^^^^^^^^^^^^^^ associated function or constant not found in `SonosSystem`
[INFO] [stdout]     |
[INFO] [stdout] note: if you're trying to build a new `SonosSystem`, consider using `SonosSystem::new` which returns `Result<SonosSystem, SdkError>`
[INFO] [stdout]    --> src/system.rs:116:5
[INFO] [stdout]     |
[INFO] [stdout] 116 |     pub fn new() -> Result<Self, SdkError> {
[INFO] [stdout]     |     ^^^^^^^^^^^^^^^^^^^^^^^^^^^^^^^^^^^^^^
[INFO] [stdout] 
[INFO] [stdout] 
[INFO] [stdout] error[E0599]: no associated function or constant named `from_devices_offline` found for struct `SonosSystem` in the current scope
[INFO] [stdout]    --> tests/property_tests.rs:848:35
[INFO] [stdout]     |
[INFO] [stdout] 848 |         let system = SonosSystem::from_devices_offline(devices).unwrap();
[INFO] [stdout]     |                                   ^^^^^^^^^^^^^^^^^^^^ associated function or constant not found in `SonosSystem`
[INFO] [stdout]     |
[INFO] [stdout] note: if you're trying to build a new `SonosSystem`, consider using `SonosSystem::new` which returns `Result<SonosSystem, SdkError>`
[INFO] [stdout]    --> src/system.rs:116:5
[INFO] [stdout]     |
[INFO] [stdout] 116 |     pub fn new() -> Result<Self, SdkError> {
[INFO] [stdout]     |     ^^^^^^^^^^^^^^^^^^^^^^^^^^^^^^^^^^^^^^
[INFO] [stdout] 
[INFO] [stdout] 
[INFO] [stdout] error[E0599]: no associated function or constant named `from_devices_offline` found for struct `SonosSystem` in the current scope
[INFO] [stdout]    --> tests/property_tests.rs:878:35
[INFO] [stdout]     |
[INFO] [stdout] 878 |         let system = SonosSystem::from_devices_offline(devices.clone()).unwrap();
[INFO] [stdout]     |                                   ^^^^^^^^^^^^^^^^^^^^ associated function or constant not found in `SonosSystem`
[INFO] [stdout]     |
[INFO] [stdout] note: if you're trying to build a new `SonosSystem`, consider using `SonosSystem::new` which returns `Result<SonosSystem, SdkError>`
[INFO] [stdout]    --> src/system.rs:116:5
[INFO] [stdout]     |
[INFO] [stdout] 116 |     pub fn new() -> Result<Self, SdkError> {
[INFO] [stdout]     |     ^^^^^^^^^^^^^^^^^^^^^^^^^^^^^^^^^^^^^^
[INFO] [stdout] 
[INFO] [stdout] 
[INFO] [stdout] For more information about this error, try `rustc --explain E0599`.
[INFO] [stdout] 
[INFO] [stderr] error: could not compile `sonos-sdk` (test "property_tests") due to 7 previous errors
[INFO] [stderr] warning: build failed, waiting for other jobs to finish...
[INFO] running `Command { std: "docker" "inspect" "6f1a63a187e4d0bb02381d8199ca7d86aed583ea447a4027f2b17f29f9faad68", kill_on_drop: false }`
[INFO] running `Command { std: "docker" "rm" "-f" "6f1a63a187e4d0bb02381d8199ca7d86aed583ea447a4027f2b17f29f9faad68", kill_on_drop: false }`
[INFO] [stdout] 6f1a63a187e4d0bb02381d8199ca7d86aed583ea447a4027f2b17f29f9faad68
