[INFO] fetching crate solana-hash-512 1.2.0...
[INFO] testing solana-hash-512-1.2.0 against 1.99.0-beta.8 for beta-1.100-2
[INFO] extracting crate solana-hash-512 1.2.0 into /workspace/builds/worker-1-tc1/source
[INFO] started tweaking crates.io crate solana-hash-512 1.2.0
[INFO] finished tweaking crates.io crate solana-hash-512 1.2.0
[INFO] tweaked toml for crates.io crate solana-hash-512 1.2.0 written to /workspace/builds/worker-1-tc1/source/Cargo.toml
[INFO] validating manifest of crates.io crate solana-hash-512 1.2.0 on toolchain 1.99.0-beta.8
[INFO] running `Command { std: CARGO_HOME="/workspace/cargo-home" RUSTUP_HOME="/workspace/rustup-home" "/workspace/cargo-home/bin/cargo" "+1.99.0-beta.8" "metadata" "--manifest-path" "Cargo.toml" "--no-deps", kill_on_drop: false }`
[INFO] crate crates.io crate solana-hash-512 1.2.0 already has a lockfile, it will not be regenerated
[INFO] running `Command { std: CARGO_HOME="/workspace/cargo-home" RUSTUP_HOME="/workspace/rustup-home" "/workspace/cargo-home/bin/cargo" "+1.99.0-beta.8" "fetch" "--manifest-path" "Cargo.toml", kill_on_drop: false }`
[INFO] [stderr]  Downloading crates ...
[INFO] [stderr]   Downloaded borsh-derive v1.7.0
[INFO] [stderr]   Downloaded borsh v1.7.0
[INFO] [stderr]   Downloaded zerocopy-derive v0.8.53
[INFO] [stderr]   Downloaded zerocopy v0.8.53
[INFO] [stderr]   Downloaded imbl v7.0.0
[INFO] running `Command { std: "docker" "create" "-v" "/var/lib/crater-agent-workspace/builds/worker-1-tc1/source:/opt/rustwide/workdir:ro,Z" "-v" "/var/lib/crater-agent-workspace/builds/worker-1-tc1/target:/opt/rustwide/target:rw,Z" "-v" "/var/lib/crater-agent-workspace/cargo-home:/opt/rustwide/cargo-home:ro,Z" "-v" "/var/lib/crater-agent-workspace/rustup-home:/opt/rustwide/rustup-home:ro,Z" "-m" "1610612736" "--network" "none" "ghcr.io/rust-lang/crates-build-env/linux@sha256:3111399a4047eeb3a02b7a90e478d715f38a8c6669b5c4b49d30a17385265909" "sleep" "infinity", kill_on_drop: false }`
[INFO] [stdout] 46985db6d9ade8e7f4e2e56b4e15acb5869eb903d0c06820e6e8a9d29b00a752
[INFO] running `Command { std: "docker" "start" "46985db6d9ade8e7f4e2e56b4e15acb5869eb903d0c06820e6e8a9d29b00a752", kill_on_drop: false }`
[INFO] running `Command { std: "docker" "inspect" "46985db6d9ade8e7f4e2e56b4e15acb5869eb903d0c06820e6e8a9d29b00a752", kill_on_drop: false }`
[INFO] running `Command { std: "docker" "exec" "-e" "SOURCE_DIR=/opt/rustwide/workdir" "-e" "CARGO_HOME=/opt/rustwide/cargo-home" "-e" "RUSTUP_HOME=/opt/rustwide/rustup-home" "-e" "CARGO_TARGET_DIR=/opt/rustwide/target" "-w" "/opt/rustwide/workdir" "--user" "0:0" "46985db6d9ade8e7f4e2e56b4e15acb5869eb903d0c06820e6e8a9d29b00a752" "/opt/rustwide/cargo-home/bin/cargo" "+1.99.0-beta.8" "metadata" "--no-deps" "--format-version=1", kill_on_drop: false }`
[INFO] running `Command { std: "docker" "inspect" "46985db6d9ade8e7f4e2e56b4e15acb5869eb903d0c06820e6e8a9d29b00a752", kill_on_drop: false }`
[INFO] running `Command { std: "docker" "exec" "-e" "SOURCE_DIR=/opt/rustwide/workdir" "-e" "CARGO_HOME=/opt/rustwide/cargo-home" "-e" "RUSTUP_HOME=/opt/rustwide/rustup-home" "-e" "CARGO_TARGET_DIR=/opt/rustwide/target" "-e" "CARGO_INCREMENTAL=0" "-e" "RUST_BACKTRACE=full" "-e" "RUSTFLAGS=--cap-lints=warn" "-e" "RUSTDOCFLAGS=--cap-lints=warn" "-w" "/opt/rustwide/workdir" "--user" "0:0" "46985db6d9ade8e7f4e2e56b4e15acb5869eb903d0c06820e6e8a9d29b00a752" "/opt/rustwide/cargo-home/bin/cargo" "+1.99.0-beta.8" "build" "--frozen" "--message-format=json", kill_on_drop: false }`
[INFO] [stderr]    Compiling solana-hash-512 v1.2.0 (/opt/rustwide/workdir)
[INFO] [stderr]     Finished `dev` profile [unoptimized + debuginfo] target(s) in 0.14s
[INFO] running `Command { std: "docker" "inspect" "46985db6d9ade8e7f4e2e56b4e15acb5869eb903d0c06820e6e8a9d29b00a752", kill_on_drop: false }`
[INFO] running `Command { std: "docker" "exec" "-e" "SOURCE_DIR=/opt/rustwide/workdir" "-e" "CARGO_HOME=/opt/rustwide/cargo-home" "-e" "RUSTUP_HOME=/opt/rustwide/rustup-home" "-e" "CARGO_TARGET_DIR=/opt/rustwide/target" "-e" "CARGO_INCREMENTAL=0" "-e" "RUST_BACKTRACE=full" "-e" "RUSTFLAGS=--cap-lints=warn" "-e" "RUSTDOCFLAGS=--cap-lints=warn" "-w" "/opt/rustwide/workdir" "--user" "0:0" "46985db6d9ade8e7f4e2e56b4e15acb5869eb903d0c06820e6e8a9d29b00a752" "/opt/rustwide/cargo-home/bin/cargo" "+1.99.0-beta.8" "test" "--frozen" "--no-run" "--message-format=json", kill_on_drop: false }`
[INFO] [stderr]    Compiling bs58 v0.5.1
[INFO] [stderr]    Compiling solana-hash-512 v1.2.0 (/opt/rustwide/workdir)
[INFO] [stdout] error[E0599]: no associated function or constant named `new_unique` found for struct `Hash512` in the current scope
[INFO] [stdout]    --> src/lib.rs:147:29
[INFO] [stdout]     |
[INFO] [stdout]  49 | pub struct Hash512(
[INFO] [stdout]     | ------------------ associated function or constant `new_unique` not found for this struct
[INFO] [stdout] ...
[INFO] [stdout] 147 |         assert_ne!(Hash512::new_unique(), Hash512::new_unique());
[INFO] [stdout]     |                             ^^^^^^^^^^ associated function or constant not found in `Hash512`
[INFO] [stdout]     |
[INFO] [stdout] note: if you're trying to build a new `Hash512`, consider using `Hash512::new_from_array` which returns `Hash512`
[INFO] [stdout]    --> src/lib.rs:116:5
[INFO] [stdout]     |
[INFO] [stdout] 116 |     pub const fn new_from_array(hash_array: [u8; HASH_BYTES]) -> Self {
[INFO] [stdout]     |     ^^^^^^^^^^^^^^^^^^^^^^^^^^^^^^^^^^^^^^^^^^^^^^^^^^^^^^^^^^^^^^^^^
[INFO] [stdout] 
[INFO] [stdout] 
[INFO] [stdout] error[E0599]: no associated function or constant named `new_unique` found for struct `Hash512` in the current scope
[INFO] [stdout]    --> src/lib.rs:147:52
[INFO] [stdout]     |
[INFO] [stdout]  49 | pub struct Hash512(
[INFO] [stdout]     | ------------------ associated function or constant `new_unique` not found for this struct
[INFO] [stdout] ...
[INFO] [stdout] 147 |         assert_ne!(Hash512::new_unique(), Hash512::new_unique());
[INFO] [stdout]     |                                                    ^^^^^^^^^^ associated function or constant not found in `Hash512`
[INFO] [stdout]     |
[INFO] [stdout] note: if you're trying to build a new `Hash512`, consider using `Hash512::new_from_array` which returns `Hash512`
[INFO] [stdout]    --> src/lib.rs:116:5
[INFO] [stdout]     |
[INFO] [stdout] 116 |     pub const fn new_from_array(hash_array: [u8; HASH_BYTES]) -> Self {
[INFO] [stdout]     |     ^^^^^^^^^^^^^^^^^^^^^^^^^^^^^^^^^^^^^^^^^^^^^^^^^^^^^^^^^^^^^^^^^
[INFO] [stdout] 
[INFO] [stdout] 
[INFO] [stdout] error[E0277]: the trait bound `Hash512: FromStr` is not satisfied
[INFO] [stdout]    --> src/lib.rs:156:36
[INFO] [stdout]     |
[INFO] [stdout] 156 |         assert_eq!(hash_base58_str.parse::<Hash512>(), Ok(hash));
[INFO] [stdout]     |                                    ^^^^^ unsatisfied trait bound
[INFO] [stdout]     |
[INFO] [stdout] help: the trait `FromStr` is not implemented for `Hash512`
[INFO] [stdout]    --> src/lib.rs:49:1
[INFO] [stdout]     |
[INFO] [stdout]  49 | pub struct Hash512(
[INFO] [stdout]     | ^^^^^^^^^^^^^^^^^^
[INFO] [stdout]     = help: the following other types implement trait `FromStr`:
[INFO] [stdout]               IpAddr
[INFO] [stdout]               Ipv4Addr
[INFO] [stdout]               Ipv6Addr
[INFO] [stdout]               NonZero<i128>
[INFO] [stdout]               NonZero<i16>
[INFO] [stdout]               NonZero<i32>
[INFO] [stdout]               NonZero<i64>
[INFO] [stdout]               NonZero<i8>
[INFO] [stdout]             and 32 others
[INFO] [stdout] 
[INFO] [stdout] 
[INFO] [stdout] error[E0277]: the trait bound `Hash512: FromStr` is not satisfied
[INFO] [stdout]    --> src/lib.rs:160:29
[INFO] [stdout]     |
[INFO] [stdout] 160 |             hash_base58_str.parse::<Hash512>(),
[INFO] [stdout]     |                             ^^^^^ unsatisfied trait bound
[INFO] [stdout]     |
[INFO] [stdout] help: the trait `FromStr` is not implemented for `Hash512`
[INFO] [stdout]    --> src/lib.rs:49:1
[INFO] [stdout]     |
[INFO] [stdout]  49 | pub struct Hash512(
[INFO] [stdout]     | ^^^^^^^^^^^^^^^^^^
[INFO] [stdout]     = help: the following other types implement trait `FromStr`:
[INFO] [stdout]               IpAddr
[INFO] [stdout]               Ipv4Addr
[INFO] [stdout]               Ipv6Addr
[INFO] [stdout]               NonZero<i128>
[INFO] [stdout]               NonZero<i16>
[INFO] [stdout]               NonZero<i32>
[INFO] [stdout]               NonZero<i64>
[INFO] [stdout]               NonZero<i8>
[INFO] [stdout]             and 32 others
[INFO] [stdout] 
[INFO] [stdout] 
[INFO] [stdout] error[E0433]: cannot find type `ParseHashError` in this scope
[INFO] [stdout]    --> src/lib.rs:161:17
[INFO] [stdout]     |
[INFO] [stdout] 161 |             Err(ParseHashError::WrongSize)
[INFO] [stdout]     |                 ^^^^^^^^^^^^^^ use of undeclared type `ParseHashError`
[INFO] [stdout]     |
[INFO] [stdout] note: found an item that was configured out
[INFO] [stdout]    --> src/lib.rs:25:22
[INFO] [stdout]     |
[INFO] [stdout]  24 | #[cfg(feature = "decode")]
[INFO] [stdout]     |       ------------------ the item is gated behind the `decode` feature
[INFO] [stdout]  25 | pub use solana_hash::ParseHashError;
[INFO] [stdout]     |                      ^^^^^^^^^^^^^^
[INFO] [stdout] 
[INFO] [stdout] 
[INFO] [stdout] error[E0277]: the trait bound `Hash512: FromStr` is not satisfied
[INFO] [stdout]    --> src/lib.rs:165:36
[INFO] [stdout]     |
[INFO] [stdout] 165 |         assert_eq!(hash_base58_str.parse::<Hash512>(), Ok(hash));
[INFO] [stdout]     |                                    ^^^^^ unsatisfied trait bound
[INFO] [stdout]     |
[INFO] [stdout] help: the trait `FromStr` is not implemented for `Hash512`
[INFO] [stdout]    --> src/lib.rs:49:1
[INFO] [stdout]     |
[INFO] [stdout]  49 | pub struct Hash512(
[INFO] [stdout]     | ^^^^^^^^^^^^^^^^^^
[INFO] [stdout]     = help: the following other types implement trait `FromStr`:
[INFO] [stdout]               IpAddr
[INFO] [stdout]               Ipv4Addr
[INFO] [stdout]               Ipv6Addr
[INFO] [stdout]               NonZero<i128>
[INFO] [stdout]               NonZero<i16>
[INFO] [stdout]               NonZero<i32>
[INFO] [stdout]               NonZero<i64>
[INFO] [stdout]               NonZero<i8>
[INFO] [stdout]             and 32 others
[INFO] [stdout] 
[INFO] [stdout] 
[INFO] [stdout] error[E0277]: the trait bound `Hash512: FromStr` is not satisfied
[INFO] [stdout]    --> src/lib.rs:169:29
[INFO] [stdout]     |
[INFO] [stdout] 169 |             hash_base58_str.parse::<Hash512>(),
[INFO] [stdout]     |                             ^^^^^ unsatisfied trait bound
[INFO] [stdout]     |
[INFO] [stdout] help: the trait `FromStr` is not implemented for `Hash512`
[INFO] [stdout]    --> src/lib.rs:49:1
[INFO] [stdout]     |
[INFO] [stdout]  49 | pub struct Hash512(
[INFO] [stdout]     | ^^^^^^^^^^^^^^^^^^
[INFO] [stdout]     = help: the following other types implement trait `FromStr`:
[INFO] [stdout]               IpAddr
[INFO] [stdout]               Ipv4Addr
[INFO] [stdout]               Ipv6Addr
[INFO] [stdout]               NonZero<i128>
[INFO] [stdout]               NonZero<i16>
[INFO] [stdout]               NonZero<i32>
[INFO] [stdout]               NonZero<i64>
[INFO] [stdout]               NonZero<i8>
[INFO] [stdout]             and 32 others
[INFO] [stdout] 
[INFO] [stdout] 
[INFO] [stdout] error[E0433]: cannot find type `ParseHashError` in this scope
[INFO] [stdout]    --> src/lib.rs:170:17
[INFO] [stdout]     |
[INFO] [stdout] 170 |             Err(ParseHashError::WrongSize)
[INFO] [stdout]     |                 ^^^^^^^^^^^^^^ use of undeclared type `ParseHashError`
[INFO] [stdout]     |
[INFO] [stdout] note: found an item that was configured out
[INFO] [stdout]    --> src/lib.rs:25:22
[INFO] [stdout]     |
[INFO] [stdout]  24 | #[cfg(feature = "decode")]
[INFO] [stdout]     |       ------------------ the item is gated behind the `decode` feature
[INFO] [stdout]  25 | pub use solana_hash::ParseHashError;
[INFO] [stdout]     |                      ^^^^^^^^^^^^^^
[INFO] [stdout] 
[INFO] [stdout] 
[INFO] [stdout] error[E0277]: the trait bound `Hash512: FromStr` is not satisfied
[INFO] [stdout]    --> src/lib.rs:176:27
[INFO] [stdout]     |
[INFO] [stdout] 176 |             input_too_big.parse::<Hash512>(),
[INFO] [stdout]     |                           ^^^^^ unsatisfied trait bound
[INFO] [stdout]     |
[INFO] [stdout] help: the trait `FromStr` is not implemented for `Hash512`
[INFO] [stdout]    --> src/lib.rs:49:1
[INFO] [stdout]     |
[INFO] [stdout]  49 | pub struct Hash512(
[INFO] [stdout]     | ^^^^^^^^^^^^^^^^^^
[INFO] [stdout]     = help: the following other types implement trait `FromStr`:
[INFO] [stdout]               IpAddr
[INFO] [stdout]               Ipv4Addr
[INFO] [stdout]               Ipv6Addr
[INFO] [stdout]               NonZero<i128>
[INFO] [stdout]               NonZero<i16>
[INFO] [stdout]               NonZero<i32>
[INFO] [stdout]               NonZero<i64>
[INFO] [stdout]               NonZero<i8>
[INFO] [stdout]             and 32 others
[INFO] [stdout] 
[INFO] [stdout] 
[INFO] [stdout] error[E0433]: cannot find type `ParseHashError` in this scope
[INFO] [stdout]    --> src/lib.rs:177:17
[INFO] [stdout]     |
[INFO] [stdout] 177 |             Err(ParseHashError::WrongSize)
[INFO] [stdout]     |                 ^^^^^^^^^^^^^^ use of undeclared type `ParseHashError`
[INFO] [stdout]     |
[INFO] [stdout] note: found an item that was configured out
[INFO] [stdout]    --> src/lib.rs:25:22
[INFO] [stdout]     |
[INFO] [stdout]  24 | #[cfg(feature = "decode")]
[INFO] [stdout]     |       ------------------ the item is gated behind the `decode` feature
[INFO] [stdout]  25 | pub use solana_hash::ParseHashError;
[INFO] [stdout]     |                      ^^^^^^^^^^^^^^
[INFO] [stdout] 
[INFO] [stdout] 
[INFO] [stdout] error[E0277]: the trait bound `Hash512: FromStr` is not satisfied
[INFO] [stdout]    --> src/lib.rs:181:36
[INFO] [stdout]     |
[INFO] [stdout] 181 |         assert_eq!(hash_base58_str.parse::<Hash512>(), Ok(hash));
[INFO] [stdout]     |                                    ^^^^^ unsatisfied trait bound
[INFO] [stdout]     |
[INFO] [stdout] help: the trait `FromStr` is not implemented for `Hash512`
[INFO] [stdout]    --> src/lib.rs:49:1
[INFO] [stdout]     |
[INFO] [stdout]  49 | pub struct Hash512(
[INFO] [stdout]     | ^^^^^^^^^^^^^^^^^^
[INFO] [stdout]     = help: the following other types implement trait `FromStr`:
[INFO] [stdout]               IpAddr
[INFO] [stdout]               Ipv4Addr
[INFO] [stdout]               Ipv6Addr
[INFO] [stdout]               NonZero<i128>
[INFO] [stdout]               NonZero<i16>
[INFO] [stdout]               NonZero<i32>
[INFO] [stdout]               NonZero<i64>
[INFO] [stdout]               NonZero<i8>
[INFO] [stdout]             and 32 others
[INFO] [stdout] 
[INFO] [stdout] 
[INFO] [stdout] error[E0277]: the trait bound `Hash512: FromStr` is not satisfied
[INFO] [stdout]    --> src/lib.rs:186:29
[INFO] [stdout]     |
[INFO] [stdout] 186 |             hash_base58_str.parse::<Hash512>(),
[INFO] [stdout]     |                             ^^^^^ unsatisfied trait bound
[INFO] [stdout]     |
[INFO] [stdout] help: the trait `FromStr` is not implemented for `Hash512`
[INFO] [stdout]    --> src/lib.rs:49:1
[INFO] [stdout]     |
[INFO] [stdout]  49 | pub struct Hash512(
[INFO] [stdout]     | ^^^^^^^^^^^^^^^^^^
[INFO] [stdout]     = help: the following other types implement trait `FromStr`:
[INFO] [stdout]               IpAddr
[INFO] [stdout]               Ipv4Addr
[INFO] [stdout]               Ipv6Addr
[INFO] [stdout]               NonZero<i128>
[INFO] [stdout]               NonZero<i16>
[INFO] [stdout]               NonZero<i32>
[INFO] [stdout]               NonZero<i64>
[INFO] [stdout]               NonZero<i8>
[INFO] [stdout]             and 32 others
[INFO] [stdout] 
[INFO] [stdout] 
[INFO] [stdout] error[E0433]: cannot find type `ParseHashError` in this scope
[INFO] [stdout]    --> src/lib.rs:187:17
[INFO] [stdout]     |
[INFO] [stdout] 187 |             Err(ParseHashError::Invalid)
[INFO] [stdout]     |                 ^^^^^^^^^^^^^^ use of undeclared type `ParseHashError`
[INFO] [stdout]     |
[INFO] [stdout] note: found an item that was configured out
[INFO] [stdout]    --> src/lib.rs:25:22
[INFO] [stdout]     |
[INFO] [stdout]  24 | #[cfg(feature = "decode")]
[INFO] [stdout]     |       ------------------ the item is gated behind the `decode` feature
[INFO] [stdout]  25 | pub use solana_hash::ParseHashError;
[INFO] [stdout]     |                      ^^^^^^^^^^^^^^
[INFO] [stdout] 
[INFO] [stdout] 
[INFO] [stdout] Some errors have detailed explanations: E0277, E0433, E0599.
[INFO] [stdout] 
[INFO] [stdout] For more information about an error, try `rustc --explain E0277`.
[INFO] [stdout] 
[INFO] [stderr] error: could not compile `solana-hash-512` (lib test) due to 13 previous errors
[INFO] running `Command { std: "docker" "inspect" "46985db6d9ade8e7f4e2e56b4e15acb5869eb903d0c06820e6e8a9d29b00a752", kill_on_drop: false }`
[INFO] running `Command { std: "docker" "rm" "-f" "46985db6d9ade8e7f4e2e56b4e15acb5869eb903d0c06820e6e8a9d29b00a752", kill_on_drop: false }`
[INFO] [stdout] 46985db6d9ade8e7f4e2e56b4e15acb5869eb903d0c06820e6e8a9d29b00a752
