[INFO] fetching crate solana-feature-gate-interface 5.0.0...
[INFO] testing solana-feature-gate-interface-5.0.0 against 1.100.0-beta.1 for beta-1.100-2
[INFO] extracting crate solana-feature-gate-interface 5.0.0 into /workspace/builds/worker-3-tc2/source
[INFO] started tweaking crates.io crate solana-feature-gate-interface 5.0.0
[INFO] finished tweaking crates.io crate solana-feature-gate-interface 5.0.0
[INFO] tweaked toml for crates.io crate solana-feature-gate-interface 5.0.0 written to /workspace/builds/worker-3-tc2/source/Cargo.toml
[INFO] validating manifest of crates.io crate solana-feature-gate-interface 5.0.0 on toolchain 1.100.0-beta.1
[INFO] running `Command { std: CARGO_HOME="/workspace/cargo-home" RUSTUP_HOME="/workspace/rustup-home" "/workspace/cargo-home/bin/cargo" "+1.100.0-beta.1" "metadata" "--manifest-path" "Cargo.toml" "--no-deps", kill_on_drop: false }`
[INFO] crate crates.io crate solana-feature-gate-interface 5.0.0 already has a lockfile, it will not be regenerated
[INFO] running `Command { std: CARGO_HOME="/workspace/cargo-home" RUSTUP_HOME="/workspace/rustup-home" "/workspace/cargo-home/bin/cargo" "+1.100.0-beta.1" "fetch" "--manifest-path" "Cargo.toml", kill_on_drop: false }`
[INFO] running `Command { std: "docker" "create" "-v" "/var/lib/crater-agent-workspace/builds/worker-3-tc2/source:/opt/rustwide/workdir:ro,Z" "-v" "/var/lib/crater-agent-workspace/builds/worker-3-tc2/target:/opt/rustwide/target:rw,Z" "-v" "/var/lib/crater-agent-workspace/cargo-home:/opt/rustwide/cargo-home:ro,Z" "-v" "/var/lib/crater-agent-workspace/rustup-home:/opt/rustwide/rustup-home:ro,Z" "-m" "1610612736" "--network" "none" "ghcr.io/rust-lang/crates-build-env/linux@sha256:3111399a4047eeb3a02b7a90e478d715f38a8c6669b5c4b49d30a17385265909" "sleep" "infinity", kill_on_drop: false }`
[INFO] [stdout] ca4f1dfedd98fd5a6e8f92a9c74c7158d9a67cef2e22c01e5a6f7b7f16e5a1fb
[INFO] running `Command { std: "docker" "start" "ca4f1dfedd98fd5a6e8f92a9c74c7158d9a67cef2e22c01e5a6f7b7f16e5a1fb", kill_on_drop: false }`
[INFO] running `Command { std: "docker" "inspect" "ca4f1dfedd98fd5a6e8f92a9c74c7158d9a67cef2e22c01e5a6f7b7f16e5a1fb", kill_on_drop: false }`
[INFO] running `Command { std: "docker" "exec" "-e" "SOURCE_DIR=/opt/rustwide/workdir" "-e" "CARGO_HOME=/opt/rustwide/cargo-home" "-e" "RUSTUP_HOME=/opt/rustwide/rustup-home" "-e" "CARGO_TARGET_DIR=/opt/rustwide/target" "-w" "/opt/rustwide/workdir" "--user" "0:0" "ca4f1dfedd98fd5a6e8f92a9c74c7158d9a67cef2e22c01e5a6f7b7f16e5a1fb" "/opt/rustwide/cargo-home/bin/cargo" "+1.100.0-beta.1" "metadata" "--no-deps" "--format-version=1", kill_on_drop: false }`
[INFO] running `Command { std: "docker" "inspect" "ca4f1dfedd98fd5a6e8f92a9c74c7158d9a67cef2e22c01e5a6f7b7f16e5a1fb", kill_on_drop: false }`
[INFO] running `Command { std: "docker" "exec" "-e" "SOURCE_DIR=/opt/rustwide/workdir" "-e" "CARGO_HOME=/opt/rustwide/cargo-home" "-e" "RUSTUP_HOME=/opt/rustwide/rustup-home" "-e" "CARGO_TARGET_DIR=/opt/rustwide/target" "-e" "CARGO_INCREMENTAL=0" "-e" "RUST_BACKTRACE=full" "-e" "RUSTFLAGS=--cap-lints=warn" "-e" "RUSTDOCFLAGS=--cap-lints=warn" "-w" "/opt/rustwide/workdir" "--user" "0:0" "ca4f1dfedd98fd5a6e8f92a9c74c7158d9a67cef2e22c01e5a6f7b7f16e5a1fb" "/opt/rustwide/cargo-home/bin/cargo" "+1.100.0-beta.1" "build" "--frozen" "--message-format=json", kill_on_drop: false }`
[INFO] [stderr]    Compiling solana-address v2.7.0
[INFO] [stderr]    Compiling solana-pubkey v4.3.0
[INFO] [stderr]    Compiling solana-sdk-ids v3.1.0
[INFO] [stderr]    Compiling solana-feature-gate-interface v5.0.0 (/opt/rustwide/workdir)
[INFO] [stderr] warning: unused dependency `solana-pubkey`
[INFO] [stderr]   --> Cargo.toml:30:15
[INFO] [stderr]    |
[INFO] [stderr] 30 | [dependencies.solana-pubkey]
[INFO] [stderr]    |               ^^^^^^^^^^^^^^
[INFO] [stderr]    |
[INFO] [stderr]    = note: `cargo::unused_dependencies` is set to `warn` by default
[INFO] [stderr] help: consider removing the dependency on `solana-pubkey`
[INFO] [stderr] warning: `solana-feature-gate-interface` (manifest) generated 1 warning
[INFO] [stderr]     Finished `dev` profile [unoptimized + debuginfo] target(s) in 0.41s
[INFO] running `Command { std: "docker" "inspect" "ca4f1dfedd98fd5a6e8f92a9c74c7158d9a67cef2e22c01e5a6f7b7f16e5a1fb", kill_on_drop: false }`
[INFO] running `Command { std: "docker" "exec" "-e" "SOURCE_DIR=/opt/rustwide/workdir" "-e" "CARGO_HOME=/opt/rustwide/cargo-home" "-e" "RUSTUP_HOME=/opt/rustwide/rustup-home" "-e" "CARGO_TARGET_DIR=/opt/rustwide/target" "-e" "CARGO_INCREMENTAL=0" "-e" "RUST_BACKTRACE=full" "-e" "RUSTFLAGS=--cap-lints=warn" "-e" "RUSTDOCFLAGS=--cap-lints=warn" "-w" "/opt/rustwide/workdir" "--user" "0:0" "ca4f1dfedd98fd5a6e8f92a9c74c7158d9a67cef2e22c01e5a6f7b7f16e5a1fb" "/opt/rustwide/cargo-home/bin/cargo" "+1.100.0-beta.1" "test" "--frozen" "--no-run" "--message-format=json", kill_on_drop: false }`
[INFO] [stderr]    Compiling solana-address v2.7.0
[INFO] [stderr]    Compiling syn v1.0.109
[INFO] [stderr]    Compiling heck v0.4.1
[INFO] [stderr]    Compiling strum v0.24.1
[INFO] [stderr]    Compiling bincode v1.3.3
[INFO] [stderr]    Compiling solana-pubkey v4.3.0
[INFO] [stderr]    Compiling solana-sdk-ids v3.1.0
[INFO] [stderr]    Compiling solana-feature-gate-interface v5.0.0 (/opt/rustwide/workdir)
[INFO] [stderr]    Compiling strum_macros v0.24.3
[INFO] [stdout] error[E0425]: cannot find function `id` in this scope
[INFO] [stdout]    --> src/state.rs:161:18
[INFO] [stdout]     |
[INFO] [stdout] 161 |                 &id(),
[INFO] [stdout]     |                  ^^ not found in this scope
[INFO] [stdout]     |
[INFO] [stdout] help: consider importing this function
[INFO] [stdout]     |
[INFO] [stdout]  79 +     use std::process::id;
[INFO] [stdout]     |
[INFO] [stdout] 
[INFO] [stdout] 
[INFO] [stdout] error[E0425]: cannot find function `id` in this scope
[INFO] [stdout]    --> src/state.rs:173:18
[INFO] [stdout]     |
[INFO] [stdout] 173 |                 &id(),
[INFO] [stdout]     |                  ^^ not found in this scope
[INFO] [stdout]     |
[INFO] [stdout] help: consider importing this function
[INFO] [stdout]     |
[INFO] [stdout]  79 +     use std::process::id;
[INFO] [stdout]     |
[INFO] [stdout] 
[INFO] [stdout] 
[INFO] [stdout] error[E0425]: cannot find function `id` in this scope
[INFO] [stdout]    --> src/state.rs:202:42
[INFO] [stdout]     |
[INFO] [stdout] 202 |             assert_eq!(account.owner(), &id());
[INFO] [stdout]     |                                          ^^ not found in this scope
[INFO] [stdout]     |
[INFO] [stdout] help: consider importing this function
[INFO] [stdout]     |
[INFO] [stdout]  79 +     use std::process::id;
[INFO] [stdout]     |
[INFO] [stdout] 
[INFO] [stdout] 
[INFO] [stdout] error[E0425]: cannot find function `id` in this scope
[INFO] [stdout]    --> src/state.rs:216:78
[INFO] [stdout]     |
[INFO] [stdout] 216 |         let mut account = AccountSharedData::new(1, Feature::size_of() + 8, &id());
[INFO] [stdout]     |                                                                              ^^ not found in this scope
[INFO] [stdout]     |
[INFO] [stdout] help: consider importing this function
[INFO] [stdout]     |
[INFO] [stdout]  79 +     use std::process::id;
[INFO] [stdout]     |
[INFO] [stdout] 
[INFO] [stdout] 
[INFO] [stdout] error[E0425]: cannot find function `id` in this scope
[INFO] [stdout]    --> src/state.rs:232:75
[INFO] [stdout]     |
[INFO] [stdout] 232 |             from_account(&AccountSharedData::new(42, Feature::size_of(), &id())),
[INFO] [stdout]     |                                                                           ^^ not found in this scope
[INFO] [stdout]     |
[INFO] [stdout] help: consider importing this function
[INFO] [stdout]     |
[INFO] [stdout]  79 +     use std::process::id;
[INFO] [stdout]     |
[INFO] [stdout] 
[INFO] [stdout] 
[INFO] [stdout] error[E0425]: cannot find function `id` in this scope
[INFO] [stdout]    --> src/state.rs:239:18
[INFO] [stdout]     |
[INFO] [stdout] 239 |                 &id()
[INFO] [stdout]     |                  ^^ not found in this scope
[INFO] [stdout]     |
[INFO] [stdout] help: consider importing this function
[INFO] [stdout]     |
[INFO] [stdout]  79 +     use std::process::id;
[INFO] [stdout]     |
[INFO] [stdout] 
[INFO] [stdout] 
[INFO] [stdout] error[E0277]: the trait bound `state::Feature: serde::Serialize` is not satisfied
[INFO] [stdout]    --> src/state.rs:87:38
[INFO] [stdout]     |
[INFO] [stdout]  87 |             bincode::serialized_size(&feature).unwrap()
[INFO] [stdout]     |             ------------------------ ^^^^^^^^ unsatisfied trait bound
[INFO] [stdout]     |             |
[INFO] [stdout]     |             required by a bound introduced by this call
[INFO] [stdout]     |
[INFO] [stdout] help: the trait `serde_core::ser::Serialize` is not implemented for `state::Feature`
[INFO] [stdout]    --> src/state.rs:21:1
[INFO] [stdout]     |
[INFO] [stdout]  21 | pub struct Feature {
[INFO] [stdout]     | ^^^^^^^^^^^^^^^^^^
[INFO] [stdout]     = note: for local types consider adding `#[derive(serde::Serialize)]` to your `state::Feature` type
[INFO] [stdout]     = note: for types from other crates check whether the crate offers a `serde` feature flag
[INFO] [stdout]     = help: the following other types implement trait `serde_core::ser::Serialize`:
[INFO] [stdout]               &'a T
[INFO] [stdout]               &'a mut T
[INFO] [stdout]               ()
[INFO] [stdout]               (T,)
[INFO] [stdout]               (T0, T1)
[INFO] [stdout]               (T0, T1, T2)
[INFO] [stdout]               (T0, T1, T2, T3)
[INFO] [stdout]               (T0, T1, T2, T3, T4)
[INFO] [stdout]             and 126 others
[INFO] [stdout] note: required by a bound in `bincode::serialized_size`
[INFO] [stdout]    --> /opt/rustwide/cargo-home/registry/src/index.crates.io-1949cf8c6b5b557f/bincode-1.3.3/src/lib.rs:195:8
[INFO] [stdout]     |
[INFO] [stdout] 193 | pub fn serialized_size<T: ?Sized>(value: &T) -> Result<u64>
[INFO] [stdout] 194 | where
[INFO] [stdout] 195 |     T: serde::Serialize,
[INFO] [stdout]     |        ^^^^^^^^^^^^^^^^ required by this bound in `serialized_size`
[INFO] [stdout] 
[INFO] [stdout] 
[INFO] [stdout] error[E0277]: the trait bound `state::Feature: serde::Serialize` is not satisfied
[INFO] [stdout]    --> src/state.rs:90:60
[INFO] [stdout]     |
[INFO] [stdout]  90 |             Feature::size_of() >= bincode::serialized_size(&Feature::default()).unwrap() as usize
[INFO] [stdout]     |                                   ------------------------ ^^^^^^^^^^^^^^^^^^^ unsatisfied trait bound
[INFO] [stdout]     |                                   |
[INFO] [stdout]     |                                   required by a bound introduced by this call
[INFO] [stdout]     |
[INFO] [stdout] help: the trait `serde_core::ser::Serialize` is not implemented for `state::Feature`
[INFO] [stdout]    --> src/state.rs:21:1
[INFO] [stdout]     |
[INFO] [stdout]  21 | pub struct Feature {
[INFO] [stdout]     | ^^^^^^^^^^^^^^^^^^
[INFO] [stdout]     = note: for local types consider adding `#[derive(serde::Serialize)]` to your `state::Feature` type
[INFO] [stdout]     = note: for types from other crates check whether the crate offers a `serde` feature flag
[INFO] [stdout]     = help: the following other types implement trait `serde_core::ser::Serialize`:
[INFO] [stdout]               &'a T
[INFO] [stdout]               &'a mut T
[INFO] [stdout]               ()
[INFO] [stdout]               (T,)
[INFO] [stdout]               (T0, T1)
[INFO] [stdout]               (T0, T1, T2)
[INFO] [stdout]               (T0, T1, T2, T3)
[INFO] [stdout]               (T0, T1, T2, T3, T4)
[INFO] [stdout]             and 126 others
[INFO] [stdout] note: required by a bound in `bincode::serialized_size`
[INFO] [stdout]    --> /opt/rustwide/cargo-home/registry/src/index.crates.io-1949cf8c6b5b557f/bincode-1.3.3/src/lib.rs:195:8
[INFO] [stdout]     |
[INFO] [stdout] 193 | pub fn serialized_size<T: ?Sized>(value: &T) -> Result<u64>
[INFO] [stdout] 194 | where
[INFO] [stdout] 195 |     T: serde::Serialize,
[INFO] [stdout]     |        ^^^^^^^^^^^^^^^^ required by this bound in `serialized_size`
[INFO] [stdout] 
[INFO] [stdout] 
[INFO] [stdout] error[E0277]: the trait bound `state::Feature: serde::Serialize` is not satisfied
[INFO] [stdout]    --> src/state.rs:105:42
[INFO] [stdout]     |
[INFO] [stdout] 105 |                 bincode::serialized_size(feature).unwrap() as usize
[INFO] [stdout]     |                 ------------------------ ^^^^^^^ unsatisfied trait bound
[INFO] [stdout]     |                 |
[INFO] [stdout]     |                 required by a bound introduced by this call
[INFO] [stdout]     |
[INFO] [stdout] help: the trait `serde_core::ser::Serialize` is not implemented for `state::Feature`
[INFO] [stdout]    --> src/state.rs:21:1
[INFO] [stdout]     |
[INFO] [stdout]  21 | pub struct Feature {
[INFO] [stdout]     | ^^^^^^^^^^^^^^^^^^
[INFO] [stdout]     = note: for local types consider adding `#[derive(serde::Serialize)]` to your `state::Feature` type
[INFO] [stdout]     = note: for types from other crates check whether the crate offers a `serde` feature flag
[INFO] [stdout]     = help: the following other types implement trait `serde_core::ser::Serialize`:
[INFO] [stdout]               &'a T
[INFO] [stdout]               &'a mut T
[INFO] [stdout]               ()
[INFO] [stdout]               (T,)
[INFO] [stdout]               (T0, T1)
[INFO] [stdout]               (T0, T1, T2)
[INFO] [stdout]               (T0, T1, T2, T3)
[INFO] [stdout]               (T0, T1, T2, T3, T4)
[INFO] [stdout]             and 126 others
[INFO] [stdout] note: required by a bound in `bincode::serialized_size`
[INFO] [stdout]    --> /opt/rustwide/cargo-home/registry/src/index.crates.io-1949cf8c6b5b557f/bincode-1.3.3/src/lib.rs:195:8
[INFO] [stdout]     |
[INFO] [stdout] 193 | pub fn serialized_size<T: ?Sized>(value: &T) -> Result<u64>
[INFO] [stdout] 194 | where
[INFO] [stdout] 195 |     T: serde::Serialize,
[INFO] [stdout]     |        ^^^^^^^^^^^^^^^^ required by this bound in `serialized_size`
[INFO] [stdout] 
[INFO] [stdout] 
[INFO] [stdout] error[E0599]: no associated function or constant named `from_account_info` found for struct `state::Feature` in the current scope
[INFO] [stdout]    --> src/state.rs:155:22
[INFO] [stdout]     |
[INFO] [stdout]  21 | pub struct Feature {
[INFO] [stdout]     | ------------------ associated function or constant `from_account_info` not found for this struct
[INFO] [stdout] ...
[INFO] [stdout] 155 |             Feature::from_account_info(&AccountInfo::new(
[INFO] [stdout]     |                      ^^^^^^^^^^^^^^^^^ associated function or constant not found in `state::Feature`
[INFO] [stdout] 
[INFO] [stdout] 
[INFO] [stdout] error[E0433]: cannot find type `AccountInfo` in this scope
[INFO] [stdout]    --> src/state.rs:155:41
[INFO] [stdout]     |
[INFO] [stdout] 155 |             Feature::from_account_info(&AccountInfo::new(
[INFO] [stdout]     |                                         ^^^^^^^^^^^ use of undeclared type `AccountInfo`
[INFO] [stdout] 
[INFO] [stdout] 
[INFO] [stdout] error[E0599]: no associated function or constant named `from_account_info` found for struct `state::Feature` in the current scope
[INFO] [stdout]    --> src/state.rs:167:22
[INFO] [stdout]     |
[INFO] [stdout]  21 | pub struct Feature {
[INFO] [stdout]     | ------------------ associated function or constant `from_account_info` not found for this struct
[INFO] [stdout] ...
[INFO] [stdout] 167 |             Feature::from_account_info(&AccountInfo::new(
[INFO] [stdout]     |                      ^^^^^^^^^^^^^^^^^ associated function or constant not found in `state::Feature`
[INFO] [stdout] 
[INFO] [stdout] 
[INFO] [stdout] error[E0433]: cannot find type `AccountInfo` in this scope
[INFO] [stdout]    --> src/state.rs:167:41
[INFO] [stdout]     |
[INFO] [stdout] 167 |             Feature::from_account_info(&AccountInfo::new(
[INFO] [stdout]     |                                         ^^^^^^^^^^^ use of undeclared type `AccountInfo`
[INFO] [stdout] 
[INFO] [stdout] 
[INFO] [stdout] error[E0433]: cannot find type `ProgramError` in this scope
[INFO] [stdout]    --> src/state.rs:176:17
[INFO] [stdout]     |
[INFO] [stdout] 176 |             Err(ProgramError::InvalidAccountData),
[INFO] [stdout]     |                 ^^^^^^^^^^^^ use of undeclared type `ProgramError`
[INFO] [stdout] 
[INFO] [stdout] 
[INFO] [stdout] error[E0599]: no associated function or constant named `from_account_info` found for struct `state::Feature` in the current scope
[INFO] [stdout]    --> src/state.rs:179:22
[INFO] [stdout]     |
[INFO] [stdout]  21 | pub struct Feature {
[INFO] [stdout]     | ------------------ associated function or constant `from_account_info` not found for this struct
[INFO] [stdout] ...
[INFO] [stdout] 179 |             Feature::from_account_info(&AccountInfo::new(
[INFO] [stdout]     |                      ^^^^^^^^^^^^^^^^^ associated function or constant not found in `state::Feature`
[INFO] [stdout] 
[INFO] [stdout] 
[INFO] [stdout] error[E0433]: cannot find type `AccountInfo` in this scope
[INFO] [stdout]    --> src/state.rs:179:41
[INFO] [stdout]     |
[INFO] [stdout] 179 |             Feature::from_account_info(&AccountInfo::new(
[INFO] [stdout]     |                                         ^^^^^^^^^^^ use of undeclared type `AccountInfo`
[INFO] [stdout] 
[INFO] [stdout] 
[INFO] [stdout] error[E0433]: cannot find type `ProgramError` in this scope
[INFO] [stdout]    --> src/state.rs:188:17
[INFO] [stdout]     |
[INFO] [stdout] 188 |             Err(ProgramError::InvalidAccountOwner),
[INFO] [stdout]     |                 ^^^^^^^^^^^^ use of undeclared type `ProgramError`
[INFO] [stdout] 
[INFO] [stdout] 
[INFO] [stdout] error[E0425]: cannot find function `create_account` in this scope
[INFO] [stdout]    --> src/state.rs:200:27
[INFO] [stdout]     |
[INFO] [stdout] 200 |             let account = create_account(&feature, 42);
[INFO] [stdout]     |                           ^^^^^^^^^^^^^^ not found in this scope
[INFO] [stdout]     |
[INFO] [stdout] note: found an item that was configured out
[INFO] [stdout]    --> src/lib.rs:22:13
[INFO] [stdout]     |
[INFO] [stdout]  19 | #[cfg(any(feature = "bincode", feature = "wincode"))]
[INFO] [stdout]     |          ------------------------------------------ the item is gated here
[INFO] [stdout] ...
[INFO] [stdout]  22 |     state::{create_account, from_account, to_account},
[INFO] [stdout]     |             ^^^^^^^^^^^^^^
[INFO] [stdout] 
[INFO] [stdout] 
[INFO] [stdout] error[E0425]: cannot find function `from_account` in this scope
[INFO] [stdout]    --> src/state.rs:205:24
[INFO] [stdout]     |
[INFO] [stdout] 205 |             assert_eq!(from_account(&account), Some(feature));
[INFO] [stdout]     |                        ^^^^^^^^^^^^ not found in this scope
[INFO] [stdout]     |
[INFO] [stdout] note: found an item that was configured out
[INFO] [stdout]    --> src/lib.rs:22:29
[INFO] [stdout]     |
[INFO] [stdout]  19 | #[cfg(any(feature = "bincode", feature = "wincode"))]
[INFO] [stdout]     |          ------------------------------------------ the item is gated here
[INFO] [stdout] ...
[INFO] [stdout]  22 |     state::{create_account, from_account, to_account},
[INFO] [stdout]     |                             ^^^^^^^^^^^^
[INFO] [stdout] 
[INFO] [stdout] 
[INFO] [stdout] error[E0433]: cannot find type `AccountSharedData` in this scope
[INFO] [stdout]    --> src/state.rs:216:27
[INFO] [stdout]     |
[INFO] [stdout] 216 |         let mut account = AccountSharedData::new(1, Feature::size_of() + 8, &id());
[INFO] [stdout]     |                           ^^^^^^^^^^^^^^^^^ use of undeclared type `AccountSharedData`
[INFO] [stdout] 
[INFO] [stdout] 
[INFO] [stdout] error[E0425]: cannot find function `to_account` in this scope
[INFO] [stdout]    --> src/state.rs:217:20
[INFO] [stdout]     |
[INFO] [stdout] 217 |         assert_eq!(to_account(&feature, &mut account), Some(()));
[INFO] [stdout]     |                    ^^^^^^^^^^ not found in this scope
[INFO] [stdout]     |
[INFO] [stdout] note: found an item that was configured out
[INFO] [stdout]    --> src/lib.rs:22:43
[INFO] [stdout]     |
[INFO] [stdout]  19 | #[cfg(any(feature = "bincode", feature = "wincode"))]
[INFO] [stdout]     |          ------------------------------------------ the item is gated here
[INFO] [stdout] ...
[INFO] [stdout]  22 |     state::{create_account, from_account, to_account},
[INFO] [stdout]     |                                           ^^^^^^^^^^
[INFO] [stdout] help: a local variable with a similar name exists
[INFO] [stdout]     |
[INFO] [stdout] 217 -         assert_eq!(to_account(&feature, &mut account), Some(()));
[INFO] [stdout] 217 +         assert_eq!(account(&feature, &mut account), Some(()));
[INFO] [stdout]     |
[INFO] [stdout] 
[INFO] [stdout] 
[INFO] [stdout] error[E0425]: cannot find function `from_account` in this scope
[INFO] [stdout]    --> src/state.rs:226:20
[INFO] [stdout]     |
[INFO] [stdout] 226 |         assert_eq!(from_account(&account), Some(feature));
[INFO] [stdout]     |                    ^^^^^^^^^^^^ not found in this scope
[INFO] [stdout]     |
[INFO] [stdout] note: found an item that was configured out
[INFO] [stdout]    --> src/lib.rs:22:29
[INFO] [stdout]     |
[INFO] [stdout]  19 | #[cfg(any(feature = "bincode", feature = "wincode"))]
[INFO] [stdout]     |          ------------------------------------------ the item is gated here
[INFO] [stdout] ...
[INFO] [stdout]  22 |     state::{create_account, from_account, to_account},
[INFO] [stdout]     |                             ^^^^^^^^^^^^
[INFO] [stdout] 
[INFO] [stdout] 
[INFO] [stdout] error[E0433]: cannot find type `AccountSharedData` in this scope
[INFO] [stdout]    --> src/state.rs:232:27
[INFO] [stdout]     |
[INFO] [stdout] 232 |             from_account(&AccountSharedData::new(42, Feature::size_of(), &id())),
[INFO] [stdout]     |                           ^^^^^^^^^^^^^^^^^ use of undeclared type `AccountSharedData`
[INFO] [stdout] 
[INFO] [stdout] 
[INFO] [stdout] error[E0425]: cannot find function `from_account` in this scope
[INFO] [stdout]    --> src/state.rs:232:13
[INFO] [stdout]     |
[INFO] [stdout] 232 |             from_account(&AccountSharedData::new(42, Feature::size_of(), &id())),
[INFO] [stdout]     |             ^^^^^^^^^^^^ not found in this scope
[INFO] [stdout]     |
[INFO] [stdout] note: found an item that was configured out
[INFO] [stdout]    --> src/lib.rs:22:29
[INFO] [stdout]     |
[INFO] [stdout]  19 | #[cfg(any(feature = "bincode", feature = "wincode"))]
[INFO] [stdout]     |          ------------------------------------------ the item is gated here
[INFO] [stdout] ...
[INFO] [stdout]  22 |     state::{create_account, from_account, to_account},
[INFO] [stdout]     |                             ^^^^^^^^^^^^
[INFO] [stdout] 
[INFO] [stdout] 
[INFO] [stdout] error[E0433]: cannot find type `AccountSharedData` in this scope
[INFO] [stdout]    --> src/state.rs:236:27
[INFO] [stdout]     |
[INFO] [stdout] 236 |             from_account(&AccountSharedData::new(
[INFO] [stdout]     |                           ^^^^^^^^^^^^^^^^^ use of undeclared type `AccountSharedData`
[INFO] [stdout] 
[INFO] [stdout] 
[INFO] [stdout] error[E0425]: cannot find function `from_account` in this scope
[INFO] [stdout]    --> src/state.rs:236:13
[INFO] [stdout]     |
[INFO] [stdout] 236 |             from_account(&AccountSharedData::new(
[INFO] [stdout]     |             ^^^^^^^^^^^^ not found in this scope
[INFO] [stdout]     |
[INFO] [stdout] note: found an item that was configured out
[INFO] [stdout]    --> src/lib.rs:22:29
[INFO] [stdout]     |
[INFO] [stdout]  19 | #[cfg(any(feature = "bincode", feature = "wincode"))]
[INFO] [stdout]     |          ------------------------------------------ the item is gated here
[INFO] [stdout] ...
[INFO] [stdout]  22 |     state::{create_account, from_account, to_account},
[INFO] [stdout]     |                             ^^^^^^^^^^^^
[INFO] [stdout] 
[INFO] [stdout] 
[INFO] [stdout] error[E0433]: cannot find type `AccountSharedData` in this scope
[INFO] [stdout]    --> src/state.rs:244:27
[INFO] [stdout]     |
[INFO] [stdout] 244 |             from_account(&AccountSharedData::new(
[INFO] [stdout]     |                           ^^^^^^^^^^^^^^^^^ use of undeclared type `AccountSharedData`
[INFO] [stdout] 
[INFO] [stdout] 
[INFO] [stdout] error[E0425]: cannot find function `from_account` in this scope
[INFO] [stdout]    --> src/state.rs:244:13
[INFO] [stdout]     |
[INFO] [stdout] 244 |             from_account(&AccountSharedData::new(
[INFO] [stdout]     |             ^^^^^^^^^^^^ not found in this scope
[INFO] [stdout]     |
[INFO] [stdout] note: found an item that was configured out
[INFO] [stdout]    --> src/lib.rs:22:29
[INFO] [stdout]     |
[INFO] [stdout]  19 | #[cfg(any(feature = "bincode", feature = "wincode"))]
[INFO] [stdout]     |          ------------------------------------------ the item is gated here
[INFO] [stdout] ...
[INFO] [stdout]  22 |     state::{create_account, from_account, to_account},
[INFO] [stdout]     |                             ^^^^^^^^^^^^
[INFO] [stdout] 
[INFO] [stdout] 
[INFO] [stdout] Some errors have detailed explanations: E0277, E0425, E0433, E0599.
[INFO] [stdout] 
[INFO] [stdout] For more information about an error, try `rustc --explain E0277`.
[INFO] [stdout] 
[INFO] [stderr] error: could not compile `solana-feature-gate-interface` (lib test) due to 28 previous errors
[INFO] [stderr] warning: unused dependency `solana-pubkey`
[INFO] [stderr]   --> Cargo.toml:30:15
[INFO] [stderr]    |
[INFO] [stderr] 30 | [dependencies.solana-pubkey]
[INFO] [stderr]    |               ^^^^^^^^^^^^^^
[INFO] [stderr]    |
[INFO] [stderr]    = note: `cargo::unused_dependencies` is set to `warn` by default
[INFO] [stderr] help: consider removing the dependency on `solana-pubkey`
[INFO] [stderr] help: to still use for development builds, move to `dev-dependencies`
[INFO] [stderr] warning: unused dependency `solana-pubkey`
[INFO] [stderr]   --> Cargo.toml:50:19
[INFO] [stderr]    |
[INFO] [stderr] 50 | [dev-dependencies.solana-pubkey]
[INFO] [stderr]    |                   ^^^^^^^^^^^^^^
[INFO] [stderr]    |
[INFO] [stderr] help: consider removing the dependency on `solana-pubkey`
[INFO] [stderr] help: to still use for development builds, move to `dev-dependencies`
[INFO] [stderr] warning: `solana-feature-gate-interface` (manifest) generated 2 warnings
[INFO] running `Command { std: "docker" "inspect" "ca4f1dfedd98fd5a6e8f92a9c74c7158d9a67cef2e22c01e5a6f7b7f16e5a1fb", kill_on_drop: false }`
[INFO] running `Command { std: "docker" "rm" "-f" "ca4f1dfedd98fd5a6e8f92a9c74c7158d9a67cef2e22c01e5a6f7b7f16e5a1fb", kill_on_drop: false }`
[INFO] [stdout] ca4f1dfedd98fd5a6e8f92a9c74c7158d9a67cef2e22c01e5a6f7b7f16e5a1fb
