[INFO] fetching crate sokoban-rs 1.2.2...
[INFO] testing sokoban-rs-1.2.2 against 1.99.0-beta.8 for beta-1.100-2
[INFO] extracting crate sokoban-rs 1.2.2 into /workspace/builds/worker-3-tc1/source
[INFO] started tweaking crates.io crate sokoban-rs 1.2.2
[INFO] finished tweaking crates.io crate sokoban-rs 1.2.2
[INFO] tweaked toml for crates.io crate sokoban-rs 1.2.2 written to /workspace/builds/worker-3-tc1/source/Cargo.toml
[INFO] validating manifest of crates.io crate sokoban-rs 1.2.2 on toolchain 1.99.0-beta.8
[INFO] running `Command { std: CARGO_HOME="/workspace/cargo-home" RUSTUP_HOME="/workspace/rustup-home" "/workspace/cargo-home/bin/cargo" "+1.99.0-beta.8" "metadata" "--manifest-path" "Cargo.toml" "--no-deps", kill_on_drop: false }`
[INFO] crate crates.io crate sokoban-rs 1.2.2 already has a lockfile, it will not be regenerated
[INFO] running `Command { std: CARGO_HOME="/workspace/cargo-home" RUSTUP_HOME="/workspace/rustup-home" "/workspace/cargo-home/bin/cargo" "+1.99.0-beta.8" "fetch" "--manifest-path" "Cargo.toml", kill_on_drop: false }`
[INFO] [stderr] warning: Cargo.toml: `package.edition` is unspecified, defaulting to `2015` while the latest is `2024`
[INFO] [stderr] warning: `sokoban-rs` (manifest) generated 1 warning
[INFO] [stderr]     Updating crates.io index
[INFO] [stderr]  Downloading crates ...
[INFO] [stderr]   Downloaded xml-rs v0.8.0
[INFO] [stderr]   Downloaded cfg-if v0.1.9
[INFO] [stderr]   Downloaded bitflags v1.1.0
[INFO] [stderr]   Downloaded autocfg v0.1.6
[INFO] [stderr]   Downloaded num-iter v0.1.39
[INFO] [stderr]   Downloaded num v0.1.42
[INFO] [stderr]   Downloaded vec_map v0.8.1
[INFO] [stderr]   Downloaded atty v0.2.13
[INFO] [stderr]   Downloaded unicode-width v0.1.6
[INFO] [stderr]   Downloaded num-integer v0.1.41
[INFO] [stderr]   Downloaded num-traits v0.2.8
[INFO] [stderr]   Downloaded yaml-rust v0.3.5
[INFO] [stderr]   Downloaded sdl2 v0.32.2
[INFO] [stderr]   Downloaded clap v2.33.0
[INFO] [stderr]   Downloaded libc v0.2.62
[INFO] [stderr]   Downloaded sdl2-sys v0.32.6
[INFO] [stderr]   Downloaded winapi v0.3.8
[INFO] running `Command { std: "docker" "create" "-v" "/var/lib/crater-agent-workspace/builds/worker-3-tc1/source:/opt/rustwide/workdir:ro,Z" "-v" "/var/lib/crater-agent-workspace/builds/worker-3-tc1/target:/opt/rustwide/target:rw,Z" "-v" "/var/lib/crater-agent-workspace/cargo-home:/opt/rustwide/cargo-home:ro,Z" "-v" "/var/lib/crater-agent-workspace/rustup-home:/opt/rustwide/rustup-home:ro,Z" "-m" "1610612736" "--network" "none" "ghcr.io/rust-lang/crates-build-env/linux@sha256:3111399a4047eeb3a02b7a90e478d715f38a8c6669b5c4b49d30a17385265909" "sleep" "infinity", kill_on_drop: false }`
[INFO] [stdout] 9a35cf3a81ebe8165bdb20252fb892e52cbdfce6928ce52c33a5b45e20dbfc36
[INFO] running `Command { std: "docker" "start" "9a35cf3a81ebe8165bdb20252fb892e52cbdfce6928ce52c33a5b45e20dbfc36", kill_on_drop: false }`
[INFO] running `Command { std: "docker" "inspect" "9a35cf3a81ebe8165bdb20252fb892e52cbdfce6928ce52c33a5b45e20dbfc36", kill_on_drop: false }`
[INFO] running `Command { std: "docker" "exec" "-e" "SOURCE_DIR=/opt/rustwide/workdir" "-e" "CARGO_HOME=/opt/rustwide/cargo-home" "-e" "RUSTUP_HOME=/opt/rustwide/rustup-home" "-e" "CARGO_TARGET_DIR=/opt/rustwide/target" "-w" "/opt/rustwide/workdir" "--user" "0:0" "9a35cf3a81ebe8165bdb20252fb892e52cbdfce6928ce52c33a5b45e20dbfc36" "/opt/rustwide/cargo-home/bin/cargo" "+1.99.0-beta.8" "metadata" "--no-deps" "--format-version=1", kill_on_drop: false }`
[INFO] running `Command { std: "docker" "inspect" "9a35cf3a81ebe8165bdb20252fb892e52cbdfce6928ce52c33a5b45e20dbfc36", kill_on_drop: false }`
[INFO] running `Command { std: "docker" "exec" "-e" "SOURCE_DIR=/opt/rustwide/workdir" "-e" "CARGO_HOME=/opt/rustwide/cargo-home" "-e" "RUSTUP_HOME=/opt/rustwide/rustup-home" "-e" "CARGO_TARGET_DIR=/opt/rustwide/target" "-e" "CARGO_INCREMENTAL=0" "-e" "RUST_BACKTRACE=full" "-e" "RUSTFLAGS=--cap-lints=warn" "-e" "RUSTDOCFLAGS=--cap-lints=warn" "-w" "/opt/rustwide/workdir" "--user" "0:0" "9a35cf3a81ebe8165bdb20252fb892e52cbdfce6928ce52c33a5b45e20dbfc36" "/opt/rustwide/cargo-home/bin/cargo" "+1.99.0-beta.8" "build" "--frozen" "--message-format=json", kill_on_drop: false }`
[INFO] [stderr] warning: Cargo.toml: `package.edition` is unspecified, defaulting to `2015` while the latest is `2024`
[INFO] [stderr] warning: `sokoban-rs` (manifest) generated 1 warning
[INFO] [stderr]    Compiling autocfg v0.1.6
[INFO] [stderr]    Compiling rand_core v0.4.2
[INFO] [stderr]    Compiling libc v0.2.62
[INFO] [stderr]    Compiling cfg-if v0.1.9
[INFO] [stderr]    Compiling bitflags v1.1.0
[INFO] [stderr]    Compiling sdl2 v0.32.2
[INFO] [stderr]    Compiling unicode-width v0.1.6
[INFO] [stderr]    Compiling yaml-rust v0.3.5
[INFO] [stderr]    Compiling vec_map v0.8.1
[INFO] [stderr]    Compiling lazy_static v1.4.0
[INFO] [stderr]    Compiling ansi_term v0.11.0
[INFO] [stderr]    Compiling strsim v0.8.0
[INFO] [stderr]    Compiling xml-rs v0.8.0
[INFO] [stderr]    Compiling sdl2-sys v0.32.6
[INFO] [stderr]    Compiling num-traits v0.2.8
[INFO] [stderr]    Compiling num-integer v0.1.41
[INFO] [stderr]    Compiling rand_chacha v0.1.1
[INFO] [stderr]    Compiling num-iter v0.1.39
[INFO] [stderr]    Compiling rand_pcg v0.1.2
[INFO] [stderr]    Compiling rand v0.6.5
[INFO] [stderr]    Compiling textwrap v0.11.0
[INFO] [stderr]    Compiling rand_core v0.3.1
[INFO] [stderr]    Compiling rand_isaac v0.1.1
[INFO] [stderr]    Compiling rand_hc v0.1.0
[INFO] [stderr]    Compiling rand_xorshift v0.1.1
[INFO] [stderr]    Compiling rand_jitter v0.1.4
[INFO] [stderr]    Compiling rand_os v0.1.3
[INFO] [stderr]    Compiling atty v0.2.13
[INFO] [stderr]    Compiling clap v2.33.0
[INFO] [stderr]    Compiling num v0.1.42
[INFO] [stderr]    Compiling sokoban-rs v1.2.2 (/opt/rustwide/workdir)
[INFO] [stdout] warning: hiding a lifetime that's elided elsewhere is confusing
[INFO] [stdout]    --> src/main.rs:165:22
[INFO] [stdout]     |
[INFO] [stdout] 165 |     texture_creator: &TextureCreator<WindowContext>,
[INFO] [stdout]     |                      ^^^^^^^^^^^^^^^^^^^^^^^^^^^^^^ the lifetime is elided here
[INFO] [stdout] ...
[INFO] [stdout] 171 | ) -> Result<Tileset, Box<dyn Error>> {
[INFO] [stdout]     |             ^^^^^^^ the same lifetime is hidden here
[INFO] [stdout]     |
[INFO] [stdout]     = help: the same lifetime is referred to in inconsistent ways, making the signature confusing
[INFO] [stdout]     = note: `#[warn(mismatched_lifetime_syntaxes)]` on by default
[INFO] [stdout] help: use `'_` for type paths
[INFO] [stdout]     |
[INFO] [stdout] 171 | ) -> Result<Tileset<'_>, Box<dyn Error>> {
[INFO] [stdout]     |                    ++++
[INFO] [stdout] 
[INFO] [stdout] 
[INFO] [stdout] warning: hiding a lifetime that's elided elsewhere is confusing
[INFO] [stdout]    --> src/painter.rs:235:16
[INFO] [stdout]     |
[INFO] [stdout] 235 |     fn tileset(&self) -> &Tileset {
[INFO] [stdout]     |                ^^^^^     ^^^^^^^^
[INFO] [stdout]     |                |         ||
[INFO] [stdout]     |                |         |the same lifetime is hidden here
[INFO] [stdout]     |                |         the same lifetime is elided here
[INFO] [stdout]     |                the lifetime is elided here
[INFO] [stdout]     |
[INFO] [stdout]     = help: the same lifetime is referred to in inconsistent ways, making the signature confusing
[INFO] [stdout] help: use `'_` for type paths
[INFO] [stdout]     |
[INFO] [stdout] 235 |     fn tileset(&self) -> &Tileset<'_> {
[INFO] [stdout]     |                                  ++++
[INFO] [stdout] 
[INFO] [stdout] 
[INFO] [stdout] warning: hiding a lifetime that's elided elsewhere is confusing
[INFO] [stdout]   --> src/tileset.rs:65:20
[INFO] [stdout]    |
[INFO] [stdout] 65 |     pub fn texture(&self) -> &Texture {
[INFO] [stdout]    |                    ^^^^^     ^^^^^^^^
[INFO] [stdout]    |                    |         ||
[INFO] [stdout]    |                    |         |the same lifetime is hidden here
[INFO] [stdout]    |                    |         the same lifetime is elided here
[INFO] [stdout]    |                    the lifetime is elided here
[INFO] [stdout]    |
[INFO] [stdout]    = help: the same lifetime is referred to in inconsistent ways, making the signature confusing
[INFO] [stdout] help: use `'_` for type paths
[INFO] [stdout]    |
[INFO] [stdout] 65 |     pub fn texture(&self) -> &Texture<'_> {
[INFO] [stdout]    |                                      ++++
[INFO] [stdout] 
[INFO] [stdout] 
[INFO] [stdout] warning: hiding a lifetime that's elided elsewhere is confusing
[INFO] [stdout]    --> src/tileset.rs:164:19
[INFO] [stdout]     |
[INFO] [stdout] 164 |     pub fn select(&self) -> &Tileset {
[INFO] [stdout]     |                   ^^^^^     ^^^^^^^^
[INFO] [stdout]     |                   |         ||
[INFO] [stdout]     |                   |         |the same lifetime is hidden here
[INFO] [stdout]     |                   |         the same lifetime is elided here
[INFO] [stdout]     |                   the lifetime is elided here
[INFO] [stdout]     |
[INFO] [stdout]     = help: the same lifetime is referred to in inconsistent ways, making the signature confusing
[INFO] [stdout] help: use `'_` for type paths
[INFO] [stdout]     |
[INFO] [stdout] 164 |     pub fn select(&self) -> &Tileset<'_> {
[INFO] [stdout]     |                                     ++++
[INFO] [stdout] 
[INFO] [stdout] 
[INFO] [stdout] error: linking with `cc` failed: exit status: 1
[INFO] [stdout]   |
[INFO] [stdout]   = note:  "cc" "-m64" "/opt/rustwide/target/debug/deps/rustc1HTlyI/symbols.o" "<3 object files omitted>" "-Wl,--as-needed" "-Wl,-Bstatic" "/opt/rustwide/target/debug/deps/{libxml-570dd06d2514b926,libsdl2-7cc410631fd0c7a3,librand-fc0377b4d5f8cd62,librand_xorshift-f769d23ade89473d,librand_pcg-26c4acd49437a05c,librand_hc-b78458f296e7d90a,librand_chacha-6afcb9c124cce9ba,librand_isaac-2ef2a822be7bfae6,librand_core-92c40f2416f92234,librand_os-0ceb618f2c92ac10,librand_jitter-9a8fdf6fd6e22aee,librand_core-addbce8e4c7c7519,libsdl2_sys-92fa35d3811cb75e,liblazy_static-af860367908b8176,libnum-6a084089ec46a109,libnum_iter-c56b6ff35b3a03c7,libnum_integer-ebd6d3d5ffbacc15,libnum_traits-fd1c30029a11ea21,libclap-12486930b61e13bf,libyaml_rust-2425132cfe04af2b,libvec_map-0a3b46cc49d9aaac,libtextwrap-f39cf43173ce8f1a,libunicode_width-32b668a8718fe7af,libstrsim-eb3bc2e4997041af,libatty-ae1e431c629669ac,liblibc-cb277cc40eb2c62d,libansi_term-f833f6474621b01a,libbitflags-8f3eaf057b40ccf7}.rlib" "<sysroot>/lib/rustlib/x86_64-unknown-linux-gnu/lib/{libstd-*,libpanic_unwind-*,libobject-*,libmemchr-*,libaddr2line-*,libgimli-*,libcfg_if-*,librustc_demangle-*,libstd_detect-*,libhashbrown-*,librustc_std_workspace_alloc-*,libminiz_oxide-*,libadler2-*,libunwind-*,liblibc-*,librustc_std_workspace_core-*,liballoc-*,libcore-*,libcompiler_builtins-*}.rlib" "-Wl,-Bdynamic" "-lSDL2" "-lSDL2_image" "-lSDL2_ttf" "-lutil" "-lgcc_s" "-lutil" "-lrt" "-lpthread" "-lm" "-ldl" "-lc" "-L" "/opt/rustwide/target/debug/deps/rustc1HTlyI/raw-dylibs" "-B<sysroot>/lib/rustlib/x86_64-unknown-linux-gnu/bin/gcc-ld" "-fuse-ld=lld" "-Wl,--eh-frame-hdr" "-Wl,-z,noexecstack" "-L" "<sysroot>/lib/rustlib/x86_64-unknown-linux-gnu/lib" "-o" "/opt/rustwide/target/debug/deps/sokoban_rs-f1196c84df465326" "-Wl,--gc-sections" "-pie" "-Wl,-z,relro,-z,now" "-nodefaultlibs"
[INFO] [stdout]   = note: some arguments are omitted. use `--verbose` to show all linker arguments
[INFO] [stdout]   = note: rust-lld: error: unable to find library -lSDL2_image
[INFO] [stdout]           rust-lld: error: unable to find library -lSDL2_ttf
[INFO] [stdout]           collect2: error: ld returned 1 exit status
[INFO] [stdout]           
[INFO] [stdout] 
[INFO] [stdout] 
[INFO] [stderr] error: could not compile `sokoban-rs` (bin "sokoban-rs") due to 1 previous error; 4 warnings emitted
[INFO] running `Command { std: "docker" "inspect" "9a35cf3a81ebe8165bdb20252fb892e52cbdfce6928ce52c33a5b45e20dbfc36", kill_on_drop: false }`
[INFO] running `Command { std: "docker" "rm" "-f" "9a35cf3a81ebe8165bdb20252fb892e52cbdfce6928ce52c33a5b45e20dbfc36", kill_on_drop: false }`
[INFO] [stdout] 9a35cf3a81ebe8165bdb20252fb892e52cbdfce6928ce52c33a5b45e20dbfc36
