[INFO] fetching crate soavec_derive 0.2.0...
[INFO] testing soavec_derive-0.2.0 against 1.100.0-beta.1 for beta-1.100-2
[INFO] extracting crate soavec_derive 0.2.0 into /workspace/builds/worker-0-tc2/source
[INFO] started tweaking crates.io crate soavec_derive 0.2.0
[INFO] removed 0 missing tests
[INFO] finished tweaking crates.io crate soavec_derive 0.2.0
[INFO] tweaked toml for crates.io crate soavec_derive 0.2.0 written to /workspace/builds/worker-0-tc2/source/Cargo.toml
[INFO] validating manifest of crates.io crate soavec_derive 0.2.0 on toolchain 1.100.0-beta.1
[INFO] running `Command { std: CARGO_HOME="/workspace/cargo-home" RUSTUP_HOME="/workspace/rustup-home" "/workspace/cargo-home/bin/cargo" "+1.100.0-beta.1" "metadata" "--manifest-path" "Cargo.toml" "--no-deps", kill_on_drop: false }`
[INFO] crate crates.io crate soavec_derive 0.2.0 already has a lockfile, it will not be regenerated
[INFO] running `Command { std: CARGO_HOME="/workspace/cargo-home" RUSTUP_HOME="/workspace/rustup-home" "/workspace/cargo-home/bin/cargo" "+1.100.0-beta.1" "fetch" "--manifest-path" "Cargo.toml", kill_on_drop: false }`
[INFO] [stderr]     Blocking waiting for file lock on package cache
[INFO] running `Command { std: "docker" "create" "-v" "/var/lib/crater-agent-workspace/builds/worker-0-tc2/source:/opt/rustwide/workdir:ro,Z" "-v" "/var/lib/crater-agent-workspace/builds/worker-0-tc2/target:/opt/rustwide/target:rw,Z" "-v" "/var/lib/crater-agent-workspace/cargo-home:/opt/rustwide/cargo-home:ro,Z" "-v" "/var/lib/crater-agent-workspace/rustup-home:/opt/rustwide/rustup-home:ro,Z" "-m" "1610612736" "--network" "none" "ghcr.io/rust-lang/crates-build-env/linux@sha256:3111399a4047eeb3a02b7a90e478d715f38a8c6669b5c4b49d30a17385265909" "sleep" "infinity", kill_on_drop: false }`
[INFO] [stdout] 2de216fe5c133375a76e3da2a2a466ca53ce87acb802fc1d4fbceaf4cb8a6824
[INFO] running `Command { std: "docker" "start" "2de216fe5c133375a76e3da2a2a466ca53ce87acb802fc1d4fbceaf4cb8a6824", kill_on_drop: false }`
[INFO] running `Command { std: "docker" "inspect" "2de216fe5c133375a76e3da2a2a466ca53ce87acb802fc1d4fbceaf4cb8a6824", kill_on_drop: false }`
[INFO] running `Command { std: "docker" "exec" "-e" "SOURCE_DIR=/opt/rustwide/workdir" "-e" "CARGO_HOME=/opt/rustwide/cargo-home" "-e" "RUSTUP_HOME=/opt/rustwide/rustup-home" "-e" "CARGO_TARGET_DIR=/opt/rustwide/target" "-w" "/opt/rustwide/workdir" "--user" "0:0" "2de216fe5c133375a76e3da2a2a466ca53ce87acb802fc1d4fbceaf4cb8a6824" "/opt/rustwide/cargo-home/bin/cargo" "+1.100.0-beta.1" "metadata" "--no-deps" "--format-version=1", kill_on_drop: false }`
[INFO] running `Command { std: "docker" "inspect" "2de216fe5c133375a76e3da2a2a466ca53ce87acb802fc1d4fbceaf4cb8a6824", kill_on_drop: false }`
[INFO] running `Command { std: "docker" "exec" "-e" "SOURCE_DIR=/opt/rustwide/workdir" "-e" "CARGO_HOME=/opt/rustwide/cargo-home" "-e" "RUSTUP_HOME=/opt/rustwide/rustup-home" "-e" "CARGO_TARGET_DIR=/opt/rustwide/target" "-e" "CARGO_INCREMENTAL=0" "-e" "RUST_BACKTRACE=full" "-e" "RUSTFLAGS=--cap-lints=warn" "-e" "RUSTDOCFLAGS=--cap-lints=warn" "-w" "/opt/rustwide/workdir" "--user" "0:0" "2de216fe5c133375a76e3da2a2a466ca53ce87acb802fc1d4fbceaf4cb8a6824" "/opt/rustwide/cargo-home/bin/cargo" "+1.100.0-beta.1" "build" "--frozen" "--message-format=json", kill_on_drop: false }`
[INFO] [stderr]    Compiling syn v2.0.106
[INFO] [stderr]    Compiling soavec_derive v0.2.0 (/opt/rustwide/workdir)
[INFO] [stderr]     Finished `dev` profile [unoptimized + debuginfo] target(s) in 3.85s
[INFO] running `Command { std: "docker" "inspect" "2de216fe5c133375a76e3da2a2a466ca53ce87acb802fc1d4fbceaf4cb8a6824", kill_on_drop: false }`
[INFO] running `Command { std: "docker" "exec" "-e" "SOURCE_DIR=/opt/rustwide/workdir" "-e" "CARGO_HOME=/opt/rustwide/cargo-home" "-e" "RUSTUP_HOME=/opt/rustwide/rustup-home" "-e" "CARGO_TARGET_DIR=/opt/rustwide/target" "-e" "CARGO_INCREMENTAL=0" "-e" "RUST_BACKTRACE=full" "-e" "RUSTFLAGS=--cap-lints=warn" "-e" "RUSTDOCFLAGS=--cap-lints=warn" "-w" "/opt/rustwide/workdir" "--user" "0:0" "2de216fe5c133375a76e3da2a2a466ca53ce87acb802fc1d4fbceaf4cb8a6824" "/opt/rustwide/cargo-home/bin/cargo" "+1.100.0-beta.1" "test" "--frozen" "--no-run" "--message-format=json", kill_on_drop: false }`
[INFO] [stderr]    Compiling proc-macro2 v1.0.101
[INFO] [stderr]    Compiling quote v1.0.40
[INFO] [stderr]    Compiling syn v2.0.106
[INFO] [stderr]    Compiling soavec_derive v0.2.0 (/opt/rustwide/workdir)
[INFO] [stdout] error[E0432]: unresolved import `soavec`
[INFO] [stdout]   --> tests/integration.rs:45:9
[INFO] [stdout]    |
[INFO] [stdout] 45 |     use soavec::SoAble;
[INFO] [stdout]    |         ^^^^^^ use of unresolved module or unlinked crate `soavec`
[INFO] [stdout]    |
[INFO] [stdout]    = help: if you wanted to use a crate named `soavec`, use `cargo add soavec` to add it to your `Cargo.toml`
[INFO] [stdout] 
[INFO] [stdout] 
[INFO] [stdout] error[E0432]: unresolved import `soavec`
[INFO] [stdout]   --> tests/integration.rs:59:9
[INFO] [stdout]    |
[INFO] [stdout] 59 |     use soavec::SoAble;
[INFO] [stdout]    |         ^^^^^^ use of unresolved module or unlinked crate `soavec`
[INFO] [stdout]    |
[INFO] [stdout]    = help: if you wanted to use a crate named `soavec`, use `cargo add soavec` to add it to your `Cargo.toml`
[INFO] [stdout] 
[INFO] [stdout] 
[INFO] [stdout] error[E0432]: unresolved import `soavec`
[INFO] [stdout]   --> tests/integration.rs:75:9
[INFO] [stdout]    |
[INFO] [stdout] 75 |     use soavec::SoAble;
[INFO] [stdout]    |         ^^^^^^ use of unresolved module or unlinked crate `soavec`
[INFO] [stdout]    |
[INFO] [stdout]    = help: if you wanted to use a crate named `soavec`, use `cargo add soavec` to add it to your `Cargo.toml`
[INFO] [stdout] 
[INFO] [stdout] 
[INFO] [stdout] error[E0432]: unresolved import `soavec`
[INFO] [stdout]   --> tests/integration.rs:89:9
[INFO] [stdout]    |
[INFO] [stdout] 89 |     use soavec::SoAble;
[INFO] [stdout]    |         ^^^^^^ use of unresolved module or unlinked crate `soavec`
[INFO] [stdout]    |
[INFO] [stdout]    = help: if you wanted to use a crate named `soavec`, use `cargo add soavec` to add it to your `Cargo.toml`
[INFO] [stdout] 
[INFO] [stdout] 
[INFO] [stdout] error[E0223]: ambiguous associated type
[INFO] [stdout]   --> tests/integration.rs:16:10
[INFO] [stdout]    |
[INFO] [stdout] 16 | #[derive(SoAble)]
[INFO] [stdout]    |          ^^^^^^
[INFO] [stdout]    |
[INFO] [stdout]    = note: this error originates in the derive macro `SoAble` (in Nightly builds, run with -Z macro-backtrace for more info)
[INFO] [stdout] 
[INFO] [stdout] 
[INFO] [stdout] error[E0433]: cannot find module or crate `soavec` in this scope
[INFO] [stdout]  --> tests/integration.rs:3:10
[INFO] [stdout]   |
[INFO] [stdout] 3 | #[derive(SoAble)]
[INFO] [stdout]   |          ^^^^^^ use of unresolved module or unlinked crate `soavec`
[INFO] [stdout]   |
[INFO] [stdout]   = help: if you wanted to use a crate named `soavec`, use `cargo add soavec` to add it to your `Cargo.toml`
[INFO] [stdout]   = note: this error originates in the derive macro `SoAble` (in Nightly builds, run with -Z macro-backtrace for more info)
[INFO] [stdout] 
[INFO] [stdout] 
[INFO] [stdout] error[E0433]: cannot find module or crate `soavec` in this scope
[INFO] [stdout]  --> tests/integration.rs:9:10
[INFO] [stdout]   |
[INFO] [stdout] 9 | #[derive(SoAble)]
[INFO] [stdout]   |          ^^^^^^ use of unresolved module or unlinked crate `soavec`
[INFO] [stdout]   |
[INFO] [stdout]   = help: if you wanted to use a crate named `soavec`, use `cargo add soavec` to add it to your `Cargo.toml`
[INFO] [stdout]   = note: this error originates in the derive macro `SoAble` (in Nightly builds, run with -Z macro-backtrace for more info)
[INFO] [stdout] 
[INFO] [stdout] 
[INFO] [stdout] error[E0433]: cannot find module or crate `soavec` in this scope
[INFO] [stdout]   --> tests/integration.rs:16:10
[INFO] [stdout]    |
[INFO] [stdout] 16 | #[derive(SoAble)]
[INFO] [stdout]    |          ^^^^^^ use of unresolved module or unlinked crate `soavec`
[INFO] [stdout]    |
[INFO] [stdout]    = help: if you wanted to use a crate named `soavec`, use `cargo add soavec` to add it to your `Cargo.toml`
[INFO] [stdout]    = note: this error originates in the derive macro `SoAble` (in Nightly builds, run with -Z macro-backtrace for more info)
[INFO] [stdout] 
[INFO] [stdout] 
[INFO] [stdout] error[E0433]: cannot find module or crate `soavec` in this scope
[INFO] [stdout]   --> tests/integration.rs:22:10
[INFO] [stdout]    |
[INFO] [stdout] 22 | #[derive(SoAble)]
[INFO] [stdout]    |          ^^^^^^ use of unresolved module or unlinked crate `soavec`
[INFO] [stdout]    |
[INFO] [stdout]    = help: if you wanted to use a crate named `soavec`, use `cargo add soavec` to add it to your `Cargo.toml`
[INFO] [stdout]    = note: this error originates in the derive macro `SoAble` (in Nightly builds, run with -Z macro-backtrace for more info)
[INFO] [stdout] 
[INFO] [stdout] 
[INFO] [stdout] error[E0433]: cannot find module or crate `soavec` in this scope
[INFO] [stdout]   --> tests/integration.rs:25:10
[INFO] [stdout]    |
[INFO] [stdout] 25 | #[derive(SoAble)]
[INFO] [stdout]    |          ^^^^^^ use of unresolved module or unlinked crate `soavec`
[INFO] [stdout]    |
[INFO] [stdout]    = help: if you wanted to use a crate named `soavec`, use `cargo add soavec` to add it to your `Cargo.toml`
[INFO] [stdout]    = note: this error originates in the derive macro `SoAble` (in Nightly builds, run with -Z macro-backtrace for more info)
[INFO] [stdout] 
[INFO] [stdout] 
[INFO] [stdout] Some errors have detailed explanations: E0223, E0432, E0433.
[INFO] [stdout] 
[INFO] [stdout] For more information about an error, try `rustc --explain E0223`.
[INFO] [stdout] 
[INFO] [stderr] error: could not compile `soavec_derive` (test "integration") due to 10 previous errors
[INFO] running `Command { std: "docker" "inspect" "2de216fe5c133375a76e3da2a2a466ca53ce87acb802fc1d4fbceaf4cb8a6824", kill_on_drop: false }`
[INFO] running `Command { std: "docker" "rm" "-f" "2de216fe5c133375a76e3da2a2a466ca53ce87acb802fc1d4fbceaf4cb8a6824", kill_on_drop: false }`
[INFO] [stdout] 2de216fe5c133375a76e3da2a2a466ca53ce87acb802fc1d4fbceaf4cb8a6824
