[INFO] fetching crate snowchains_core 0.13.3...
[INFO] testing snowchains_core-0.13.3 against 1.99.0-beta.8 for beta-1.100-2
[INFO] extracting crate snowchains_core 0.13.3 into /workspace/builds/worker-6-tc1/source
[INFO] started tweaking crates.io crate snowchains_core 0.13.3
[INFO] finished tweaking crates.io crate snowchains_core 0.13.3
[INFO] tweaked toml for crates.io crate snowchains_core 0.13.3 written to /workspace/builds/worker-6-tc1/source/Cargo.toml
[INFO] validating manifest of crates.io crate snowchains_core 0.13.3 on toolchain 1.99.0-beta.8
[INFO] running `Command { std: CARGO_HOME="/workspace/cargo-home" RUSTUP_HOME="/workspace/rustup-home" "/workspace/cargo-home/bin/cargo" "+1.99.0-beta.8" "metadata" "--manifest-path" "Cargo.toml" "--no-deps", kill_on_drop: false }`
[INFO] crate crates.io crate snowchains_core 0.13.3 already has a lockfile, it will not be regenerated
[INFO] running `Command { std: CARGO_HOME="/workspace/cargo-home" RUSTUP_HOME="/workspace/rustup-home" "/workspace/cargo-home/bin/cargo" "+1.99.0-beta.8" "fetch" "--manifest-path" "Cargo.toml", kill_on_drop: false }`
[INFO] [stderr]     Updating crates.io index
[INFO] [stderr]  Downloading crates ...
[INFO] [stderr]   Downloaded linked-hash-map v0.5.4
[INFO] [stderr]   Downloaded which v4.2.2
[INFO] [stderr]   Downloaded tinyvec_macros v0.1.0
[INFO] [stderr]   Downloaded remove_dir_all v0.5.3
[INFO] [stderr]   Downloaded rand_hc v0.3.1
[INFO] [stderr]   Downloaded phf_codegen v0.8.0
[INFO] [stderr]   Downloaded rpassword v5.0.1
[INFO] [stderr]   Downloaded form_urlencoded v1.0.1
[INFO] [stderr]   Downloaded thin-slice v0.1.1
[INFO] [stderr]   Downloaded siphasher v0.3.7
[INFO] [stderr]   Downloaded wasm-bindgen-shared v0.2.78
[INFO] [stderr]   Downloaded url v2.2.2
[INFO] [stderr]   Downloaded matches v0.1.9
[INFO] [stderr]   Downloaded num_cpus v1.13.1
[INFO] [stderr]   Downloaded futf v0.1.4
[INFO] [stderr]   Downloaded new_debug_unreachable v1.0.4
[INFO] [stderr]   Downloaded servo_arc v0.1.1
[INFO] [stderr]   Downloaded phf_macros v0.8.0
[INFO] [stderr]   Downloaded dtoa-short v0.3.3
[INFO] [stderr]   Downloaded dtoa v0.4.8
[INFO] [stderr]   Downloaded string_cache_codegen v0.5.1
[INFO] [stderr]   Downloaded string_cache v0.8.2
[INFO] [stderr]   Downloaded ego-tree v0.6.2
[INFO] [stderr]   Downloaded serde_urlencoded v0.7.0
[INFO] [stderr]   Downloaded strum v0.20.0
[INFO] [stderr]   Downloaded strum_macros v0.20.1
[INFO] [stderr]   Downloaded version_check v0.9.3
[INFO] [stderr]   Downloaded cpufeatures v0.2.1
[INFO] [stderr]   Downloaded itoa v1.0.1
[INFO] [stderr]   Downloaded proc-macro-hack v0.5.19
[INFO] [stderr]   Downloaded itoa v0.4.8
[INFO] [stderr]   Downloaded cssparser-macros v0.6.0
[INFO] [stderr]   Downloaded getopts v0.2.21
[INFO] [stderr]   Downloaded rprompt v1.0.5
[INFO] [stderr]   Downloaded wasm-bindgen-macro v0.2.78
[INFO] [stderr]   Downloaded wasm-bindgen-futures v0.4.28
[INFO] [stderr]   Downloaded futures-sink v0.3.19
[INFO] [stderr]   Downloaded futures-core v0.3.19
[INFO] [stderr]   Downloaded rustls-pemfile v0.2.1
[INFO] [stderr]   Downloaded try-lock v0.2.3
[INFO] [stderr]   Downloaded quote v1.0.14
[INFO] [stderr]   Downloaded signal-hook-registry v1.4.0
[INFO] [stderr]   Downloaded pin-project-lite v0.2.7
[INFO] [stderr]   Downloaded once_cell v1.9.0
[INFO] [stderr]   Downloaded miow v0.3.7
[INFO] [stderr]   Downloaded tempfile v3.2.0
[INFO] [stderr]   Downloaded rand_core v0.6.3
[INFO] [stderr]   Downloaded getrandom v0.2.3
[INFO] [stderr]   Downloaded wasi v0.10.0+wasi-snapshot-preview1
[INFO] [stderr]   Downloaded ppv-lite86 v0.2.15
[INFO] [stderr]   Downloaded sha2 v0.9.8
[INFO] [stderr]   Downloaded serde_yaml v0.8.23
[INFO] [stderr]   Downloaded scraper v0.12.0
[INFO] [stderr]   Downloaded tendril v0.4.2
[INFO] [stderr]   Downloaded smallvec v1.7.0
[INFO] [stderr]   Downloaded phf_generator v0.8.0
[INFO] [stderr]   Downloaded semver v1.0.4
[INFO] [stderr]   Downloaded markup5ever v0.10.1
[INFO] [stderr]   Downloaded parking_lot_core v0.8.5
[INFO] [stderr]   Downloaded lock_api v0.4.5
[INFO] [stderr]   Downloaded winreg v0.7.0
[INFO] [stderr]   Downloaded wasm-bindgen-macro-support v0.2.78
[INFO] [stderr]   Downloaded wasm-bindgen-backend v0.2.78
[INFO] [stderr]   Downloaded tokio-rustls v0.23.2
[INFO] [stderr]   Downloaded sct v0.7.0
[INFO] [stderr]   Downloaded ipnet v2.3.1
[INFO] [stderr]   Downloaded hyper-rustls v0.23.0
[INFO] [stderr]   Downloaded tower-service v0.3.1
[INFO] [stderr]   Downloaded tinyvec v1.5.1
[INFO] [stderr]   Downloaded unicode-bidi v0.3.7
[INFO] [stderr]   Downloaded log v0.4.14
[INFO] [stderr]   Downloaded redox_syscall v0.2.10
[INFO] [stderr]   Downloaded cssparser v0.27.2
[INFO] [stderr]   Downloaded cc v1.0.72
[INFO] [stderr]   Downloaded tracing-core v0.1.21
[INFO] [stderr]   Downloaded socket2 v0.4.2
[INFO] [stderr]   Downloaded errno v0.2.8
[INFO] [stderr]   Downloaded serde_derive v1.0.132
[INFO] [stderr]   Downloaded bytes v1.1.0
[INFO] [stderr]   Downloaded ryu v1.0.9
[INFO] [stderr]   Downloaded indexmap v1.7.0
[INFO] [stderr]   Downloaded html5ever v0.25.1
[INFO] [stderr]   Downloaded webpki v0.22.0
[INFO] [stderr]   Downloaded tokio-util v0.6.9
[INFO] [stderr]   Downloaded base64 v0.13.0
[INFO] [stderr]   Downloaded httpdate v1.0.2
[INFO] [stderr]   Downloaded mio v0.7.14
[INFO] [stderr]   Downloaded structopt v0.3.25
[INFO] [stderr]   Downloaded bumpalo v3.8.0
[INFO] [stderr]   Downloaded js-sys v0.3.55
[INFO] [stderr]   Downloaded redox_users v0.4.0
[INFO] [stderr]   Downloaded serde v1.0.132
[INFO] [stderr]   Downloaded unicode-normalization v0.1.19
[INFO] [stderr]   Downloaded rand v0.8.4
[INFO] [stderr]   Downloaded unicode-segmentation v1.8.0
[INFO] [stderr]   Downloaded ntapi v0.3.6
[INFO] [stderr]   Downloaded serde_json v1.0.73
[INFO] [stderr]   Downloaded reqwest v0.11.8
[INFO] [stderr]   Downloaded wasm-bindgen v0.2.78
[INFO] [stderr]   Downloaded ctor v0.1.21
[INFO] [stderr]   Downloaded humantime-serde v1.0.1
[INFO] [stderr]   Downloaded futures-io v0.3.19
[INFO] [stderr]   Downloaded selectors v0.22.0
[INFO] [stderr]   Downloaded syn v1.0.84
[INFO] [stderr]   Downloaded webpki-roots v0.22.1
[INFO] [stderr]   Downloaded rustls v0.20.2
[INFO] [stderr]   Downloaded idna v0.2.3
[INFO] [stderr]   Downloaded http-body v0.4.4
[INFO] [stderr]   Downloaded diff v0.1.12
[INFO] [stderr]   Downloaded number_prefix v0.3.0
[INFO] [stderr]   Downloaded thread_local v1.1.3
[INFO] [stderr]   Downloaded base-x v0.2.8
[INFO] [stderr]   Downloaded futures-macro v0.3.19
[INFO] [stderr]   Downloaded is-terminal v0.4.2
[INFO] [stderr]   Downloaded hermit-abi v0.2.6
[INFO] [stderr]   Downloaded funty v1.1.0
[INFO] [stderr]   Downloaded wyz v0.2.0
[INFO] [stderr]   Downloaded radium v0.5.3
[INFO] [stderr]   Downloaded terminal_size v0.1.17
[INFO] [stderr]   Downloaded const_fn v0.4.8
[INFO] [stderr]   Downloaded slab v0.4.5
[INFO] [stderr]   Downloaded cookie_store v0.12.0
[INFO] [stderr]   Downloaded publicsuffix v1.5.6
[INFO] [stderr]   Downloaded camino v1.0.5
[INFO] [stderr]   Downloaded tokio v1.15.0
[INFO] [stderr]   Downloaded libc v0.2.139
[INFO] [stderr]   Downloaded cookie v0.14.4
[INFO] [stderr]   Downloaded web-sys v0.3.55
[INFO] [stderr]   Downloaded futures-task v0.3.19
[INFO] [stderr]   Downloaded fwdansi v1.1.0
[INFO] [stderr]   Downloaded rustversion v1.0.11
[INFO] [stderr]   Downloaded crossbeam-utils v0.8.5
[INFO] [stderr]   Downloaded crossbeam-deque v0.8.1
[INFO] [stderr]   Downloaded console v0.15.0
[INFO] [stderr]   Downloaded globset v0.4.8
[INFO] [stderr]   Downloaded tracing v0.1.29
[INFO] [stderr]   Downloaded httparse v1.5.1
[INFO] [stderr]   Downloaded futures-channel v0.3.19
[INFO] [stderr]   Downloaded console v0.14.1
[INFO] [stderr]   Downloaded prettytable-rs v0.10.0
[INFO] [stderr]   Downloaded crossbeam-epoch v0.9.5
[INFO] [stderr]   Downloaded ignore v0.4.18
[INFO] [stderr]   Downloaded time v0.1.44
[INFO] [stderr]   Downloaded similar v2.1.0
[INFO] [stderr]   Downloaded indicatif v0.15.0
[INFO] [stderr]   Downloaded easy-ext v0.2.9
[INFO] [stderr]   Downloaded anyhow v1.0.52
[INFO] [stderr]   Downloaded io-lifetimes v1.0.3
[INFO] [stderr]   Downloaded pretty_assertions v0.7.2
[INFO] [stderr]   Downloaded rayon-core v1.9.1
[INFO] [stderr]   Downloaded itertools v0.10.3
[INFO] [stderr]   Downloaded crossbeam-channel v0.5.1
[INFO] [stderr]   Downloaded http v0.2.5
[INFO] [stderr]   Downloaded futures-util v0.3.19
[INFO] [stderr]   Downloaded nom v6.1.2
[INFO] [stderr]   Downloaded bitvec v0.19.6
[INFO] [stderr]   Downloaded rayon v1.5.1
[INFO] [stderr]   Downloaded hyper v0.14.16
[INFO] [stderr]   Downloaded h2 v0.3.9
[INFO] [stderr]   Downloaded rustix v0.36.6
[INFO] [stderr]   Downloaded bstr v0.2.17
[INFO] [stderr]   Downloaded windows_x86_64_gnullvm v0.42.0
[INFO] [stderr]   Downloaded windows_aarch64_gnullvm v0.42.0
[INFO] [stderr]   Downloaded insta v1.9.0
[INFO] [stderr]   Downloaded windows_x86_64_msvc v0.42.0
[INFO] [stderr]   Downloaded windows_aarch64_msvc v0.42.0
[INFO] [stderr]   Downloaded windows_x86_64_gnu v0.42.0
[INFO] [stderr]   Downloaded windows_i686_gnu v0.42.0
[INFO] [stderr]   Downloaded windows_i686_msvc v0.42.0
[INFO] [stderr]   Downloaded linux-raw-sys v0.1.4
[INFO] [stderr]   Downloaded csv v1.1.6
[INFO] [stderr]   Downloaded encoding_rs v0.8.30
[INFO] [stderr]   Downloaded windows-sys v0.42.0
[INFO] running `Command { std: "docker" "create" "-v" "/var/lib/crater-agent-workspace/builds/worker-6-tc1/source:/opt/rustwide/workdir:ro,Z" "-v" "/var/lib/crater-agent-workspace/builds/worker-6-tc1/target:/opt/rustwide/target:rw,Z" "-v" "/var/lib/crater-agent-workspace/cargo-home:/opt/rustwide/cargo-home:ro,Z" "-v" "/var/lib/crater-agent-workspace/rustup-home:/opt/rustwide/rustup-home:ro,Z" "-m" "1610612736" "--network" "none" "ghcr.io/rust-lang/crates-build-env/linux@sha256:3111399a4047eeb3a02b7a90e478d715f38a8c6669b5c4b49d30a17385265909" "sleep" "infinity", kill_on_drop: false }`
[INFO] [stdout] 542a81f9e0370c761f3229632a87f6cfaf81a0be3260c2084127394c71566c91
[INFO] running `Command { std: "docker" "start" "542a81f9e0370c761f3229632a87f6cfaf81a0be3260c2084127394c71566c91", kill_on_drop: false }`
[INFO] running `Command { std: "docker" "inspect" "542a81f9e0370c761f3229632a87f6cfaf81a0be3260c2084127394c71566c91", kill_on_drop: false }`
[INFO] running `Command { std: "docker" "exec" "-e" "SOURCE_DIR=/opt/rustwide/workdir" "-e" "CARGO_HOME=/opt/rustwide/cargo-home" "-e" "RUSTUP_HOME=/opt/rustwide/rustup-home" "-e" "CARGO_TARGET_DIR=/opt/rustwide/target" "-w" "/opt/rustwide/workdir" "--user" "0:0" "542a81f9e0370c761f3229632a87f6cfaf81a0be3260c2084127394c71566c91" "/opt/rustwide/cargo-home/bin/cargo" "+1.99.0-beta.8" "metadata" "--no-deps" "--format-version=1", kill_on_drop: false }`
[INFO] running `Command { std: "docker" "inspect" "542a81f9e0370c761f3229632a87f6cfaf81a0be3260c2084127394c71566c91", kill_on_drop: false }`
[INFO] running `Command { std: "docker" "exec" "-e" "SOURCE_DIR=/opt/rustwide/workdir" "-e" "CARGO_HOME=/opt/rustwide/cargo-home" "-e" "RUSTUP_HOME=/opt/rustwide/rustup-home" "-e" "CARGO_TARGET_DIR=/opt/rustwide/target" "-e" "CARGO_INCREMENTAL=0" "-e" "RUST_BACKTRACE=full" "-e" "RUSTFLAGS=--cap-lints=warn" "-e" "RUSTDOCFLAGS=--cap-lints=warn" "-w" "/opt/rustwide/workdir" "--user" "0:0" "542a81f9e0370c761f3229632a87f6cfaf81a0be3260c2084127394c71566c91" "/opt/rustwide/cargo-home/bin/cargo" "+1.99.0-beta.8" "build" "--frozen" "--message-format=json", kill_on_drop: false }`
[INFO] [stderr]    Compiling libc v0.2.139
[INFO] [stderr]    Compiling proc-macro2 v1.0.36
[INFO] [stderr]    Compiling unicode-xid v0.2.2
[INFO] [stderr]    Compiling syn v1.0.84
[INFO] [stderr]    Compiling serde_derive v1.0.132
[INFO] [stderr]    Compiling serde v1.0.132
[INFO] [stderr]    Compiling autocfg v1.0.1
[INFO] [stderr]    Compiling version_check v0.9.3
[INFO] [stderr]    Compiling memchr v2.4.1
[INFO] [stderr]    Compiling getrandom v0.1.16
[INFO] [stderr]    Compiling ppv-lite86 v0.2.15
[INFO] [stderr]    Compiling log v0.4.14
[INFO] [stderr]    Compiling once_cell v1.9.0
[INFO] [stderr]    Compiling siphasher v0.3.7
[INFO] [stderr]    Compiling proc-macro-hack v0.5.19
[INFO] [stderr]    Compiling itoa v0.4.8
[INFO] [stderr]    Compiling cc v1.0.72
[INFO] [stderr]    Compiling pin-project-lite v0.2.7
[INFO] [stderr]    Compiling matches v0.1.9
[INFO] [stderr]    Compiling ryu v1.0.9
[INFO] [stderr]    Compiling phf_shared v0.8.0
[INFO] [stderr]    Compiling bytes v1.1.0
[INFO] [stderr]    Compiling crossbeam-utils v0.8.5
[INFO] [stderr]    Compiling futures-core v0.3.19
[INFO] [stderr]    Compiling smallvec v1.7.0
[INFO] [stderr]    Compiling parking_lot_core v0.8.5
[INFO] [stderr]    Compiling futures-task v0.3.19
[INFO] [stderr]    Compiling standback v0.2.17
[INFO] [stderr]    Compiling indexmap v1.7.0
[INFO] [stderr]    Compiling memoffset v0.6.5
[INFO] [stderr]    Compiling tinyvec_macros v0.1.0
[INFO] [stderr]    Compiling instant v0.1.12
[INFO] [stderr]    Compiling tinyvec v1.5.1
[INFO] [stderr]    Compiling futures-util v0.3.19
[INFO] [stderr]    Compiling crossbeam-epoch v0.9.5
[INFO] [stderr]    Compiling new_debug_unreachable v1.0.4
[INFO] [stderr]    Compiling generic-array v0.14.4
[INFO] [stderr]    Compiling form_urlencoded v1.0.1
[INFO] [stderr]    Compiling lock_api v0.4.5
[INFO] [stderr]    Compiling tracing-core v0.1.21
[INFO] [stderr]    Compiling io-lifetimes v1.0.3
[INFO] [stderr]    Compiling futures-io v0.3.19
[INFO] [stderr]    Compiling httparse v1.5.1
[INFO] [stderr]    Compiling regex-automata v0.1.10
[INFO] [stderr]    Compiling unicode-bidi v0.3.7
[INFO] [stderr]    Compiling http v0.2.5
[INFO] [stderr]    Compiling quote v1.0.14
[INFO] [stderr]    Compiling aho-corasick v0.7.18
[INFO] [stderr]    Compiling regex-syntax v0.6.25
[INFO] [stderr]    Compiling const_fn v0.4.8
[INFO] [stderr]    Compiling rayon-core v1.9.1
[INFO] [stderr]    Compiling futures-channel v0.3.19
[INFO] [stderr]    Compiling futures-sink v0.3.19
[INFO] [stderr]    Compiling slab v0.4.5
[INFO] [stderr]    Compiling mac v0.1.1
[INFO] [stderr]    Compiling ring v0.16.20
[INFO] [stderr]    Compiling futf v0.1.4
[INFO] [stderr]    Compiling tracing v0.1.29
[INFO] [stderr]    Compiling num-traits v0.2.14
[INFO] [stderr]    Compiling time v0.2.27
[INFO] [stderr]    Compiling serde_json v1.0.73
[INFO] [stderr]    Compiling rustix v0.36.6
[INFO] [stderr]    Compiling radium v0.5.3
[INFO] [stderr]    Compiling either v1.6.1
[INFO] [stderr]    Compiling utf-8 v0.7.6
[INFO] [stderr]    Compiling try-lock v0.2.3
[INFO] [stderr]    Compiling unicode-segmentation v1.8.0
[INFO] [stderr]    Compiling dtoa v0.4.8
[INFO] [stderr]    Compiling want v0.3.0
[INFO] [stderr]    Compiling tendril v0.4.2
[INFO] [stderr]    Compiling dtoa-short v0.3.3
[INFO] [stderr]    Compiling unicode-normalization v0.1.19
[INFO] [stderr]    Compiling crossbeam-deque v0.8.1
[INFO] [stderr]    Compiling crossbeam-channel v0.5.1
[INFO] [stderr]    Compiling num-integer v0.1.44
[INFO] [stderr]    Compiling rayon v1.5.1
[INFO] [stderr]    Compiling cookie v0.14.4
[INFO] [stderr]    Compiling lexical-core v0.7.6
[INFO] [stderr]    Compiling tower-service v0.3.1
[INFO] [stderr]    Compiling stable_deref_trait v1.2.0
[INFO] [stderr]    Compiling httpdate v1.0.2
[INFO] [stderr]    Compiling encoding_rs v0.8.30
[INFO] [stderr]    Compiling nodrop v0.1.14
[INFO] [stderr]    Compiling itoa v1.0.1
[INFO] [stderr]    Compiling linux-raw-sys v0.1.4
[INFO] [stderr]    Compiling servo_arc v0.1.1
[INFO] [stderr]    Compiling heck v0.3.3
[INFO] [stderr]    Compiling csv-core v0.1.10
[INFO] [stderr]    Compiling nom v6.1.2
[INFO] [stderr]    Compiling funty v1.1.0
[INFO] [stderr]    Compiling num_cpus v1.13.1
[INFO] [stderr]    Compiling mio v0.7.14
[INFO] [stderr]    Compiling signal-hook-registry v1.4.0
[INFO] [stderr]    Compiling rand_core v0.5.1
[INFO] [stderr]    Compiling idna v0.2.3
[INFO] [stderr]    Compiling getrandom v0.2.3
[INFO] [stderr]    Compiling dirs-sys-next v0.1.2
[INFO] [stderr]    Compiling socket2 v0.4.2
[INFO] [stderr]    Compiling rand_pcg v0.2.1
[INFO] [stderr]    Compiling rand_chacha v0.2.2
[INFO] [stderr]    Compiling parking_lot v0.11.2
[INFO] [stderr]    Compiling http-body v0.4.4
[INFO] [stderr]    Compiling rand_core v0.6.3
[INFO] [stderr]    Compiling dirs-next v2.0.0
[INFO] [stderr]    Compiling rand v0.7.3
[INFO] [stderr]    Compiling terminal_size v0.1.17
[INFO] [stderr]    Compiling rand_chacha v0.3.1
[INFO] [stderr]    Compiling wyz v0.2.0
[INFO] [stderr]    Compiling camino v1.0.5
[INFO] [stderr]    Compiling arrayvec v0.5.2
[INFO] [stderr]    Compiling linked-hash-map v0.5.4
[INFO] [stderr]    Compiling anyhow v1.0.52
[INFO] [stderr]    Compiling tokio v1.15.0
[INFO] [stderr]    Compiling thin-slice v0.1.1
[INFO] [stderr]    Compiling base64 v0.13.0
[INFO] [stderr]    Compiling yaml-rust v0.4.5
[INFO] [stderr]    Compiling rand v0.8.4
[INFO] [stderr]    Compiling bitvec v0.19.6
[INFO] [stderr]    Compiling phf_generator v0.8.0
[INFO] [stderr]    Compiling rustls-pemfile v0.2.1
[INFO] [stderr]    Compiling phf_codegen v0.8.0
[INFO] [stderr]    Compiling string_cache_codegen v0.5.1
[INFO] [stderr]    Compiling term v0.7.0
[INFO] [stderr]    Compiling selectors v0.22.0
[INFO] [stderr]    Compiling digest v0.9.0
[INFO] [stderr]    Compiling is-terminal v0.4.2
[INFO] [stderr]    Compiling block-buffer v0.9.0
[INFO] [stderr]    Compiling time v0.1.44
[INFO] [stderr]    Compiling getopts v0.2.21
[INFO] [stderr]    Compiling thread_local v1.1.3
[INFO] [stderr]    Compiling humantime v2.1.0
[INFO] [stderr]    Compiling markup5ever v0.10.1
[INFO] [stderr]    Compiling ipnet v2.3.1
[INFO] [stderr]    Compiling opaque-debug v0.3.0
[INFO] [stderr]    Compiling remove_dir_all v0.5.3
[INFO] [stderr]    Compiling ego-tree v0.6.2
[INFO] [stderr]    Compiling cpufeatures v0.2.1
[INFO] [stderr]    Compiling regex v1.5.4
[INFO] [stderr]    Compiling encode_unicode v1.0.0
[INFO] [stderr]    Compiling number_prefix v0.3.0
[INFO] [stderr]    Compiling sha2 v0.9.8
[INFO] [stderr]    Compiling tempfile v3.2.0
[INFO] [stderr]    Compiling fs2 v0.4.3
[INFO] [stderr]    Compiling webpki v0.22.0
[INFO] [stderr]    Compiling sct v0.7.0
[INFO] [stderr]    Compiling which v4.2.2
[INFO] [stderr]    Compiling itertools v0.10.3
[INFO] [stderr]    Compiling maplit v1.0.2
[INFO] [stderr]    Compiling termcolor v1.1.2
[INFO] [stderr]    Compiling easy-ext v0.2.9
[INFO] [stderr]    Compiling rustls v0.20.2
[INFO] [stderr]    Compiling webpki-roots v0.22.1
[INFO] [stderr]    Compiling console v0.15.0
[INFO] [stderr]    Compiling phf_macros v0.8.0
[INFO] [stderr]    Compiling futures-macro v0.3.19
[INFO] [stderr]    Compiling cssparser v0.27.2
[INFO] [stderr]    Compiling time-macros-impl v0.1.2
[INFO] [stderr]    Compiling cssparser-macros v0.6.0
[INFO] [stderr]    Compiling html5ever v0.25.1
[INFO] [stderr]    Compiling derive_more v0.99.17
[INFO] [stderr]    Compiling strum_macros v0.20.1
[INFO] [stderr]    Compiling derivative v2.2.0
[INFO] [stderr]    Compiling indicatif v0.15.0
[INFO] [stderr]    Compiling time-macros v0.1.1
[INFO] [stderr]    Compiling phf v0.8.0
[INFO] [stderr]    Compiling tokio-util v0.6.9
[INFO] [stderr]    Compiling tokio-rustls v0.23.2
[INFO] [stderr]    Compiling strum v0.20.0
[INFO] [stderr]    Compiling bstr v0.2.17
[INFO] [stderr]    Compiling string_cache v0.8.2
[INFO] [stderr]    Compiling url v2.2.2
[INFO] [stderr]    Compiling serde_urlencoded v0.7.0
[INFO] [stderr]    Compiling chrono v0.4.19
[INFO] [stderr]    Compiling humantime-serde v1.0.1
[INFO] [stderr]    Compiling publicsuffix v1.5.6
[INFO] [stderr]    Compiling h2 v0.3.9
[INFO] [stderr]    Compiling serde_yaml v0.8.23
[INFO] [stderr]    Compiling csv v1.1.6
[INFO] [stderr]    Compiling globset v0.4.8
[INFO] [stderr]    Compiling cookie_store v0.12.0
[INFO] [stderr]    Compiling ignore v0.4.18
[INFO] [stderr]    Compiling prettytable-rs v0.10.0
[INFO] [stderr]    Compiling scraper v0.12.0
[INFO] [stderr]    Compiling hyper v0.14.16
[INFO] [stderr]    Compiling hyper-rustls v0.23.0
[INFO] [stderr]    Compiling reqwest v0.11.8
[INFO] [stderr]    Compiling snowchains_core v0.13.3 (/opt/rustwide/workdir)
[INFO] [stdout] warning: unused import: `cell`
[INFO] [stdout]   --> src/web/mod.rs:94:5
[INFO] [stdout]    |
[INFO] [stdout] 94 |     cell,
[INFO] [stdout]    |     ^^^^
[INFO] [stdout]    |
[INFO] [stdout]    = note: `#[warn(unused_imports)]` (part of `#[warn(unused)]`) on by default
[INFO] [stdout] 
[INFO] [stdout] 
[INFO] [stdout] warning: method `extract_meta_x_csrf_token` is never used
[INFO] [stdout]    --> src/web/codeforces.rs:639:8
[INFO] [stdout]     |
[INFO] [stdout] 467 | #[ext]
[INFO] [stdout]     | ------ method in this trait
[INFO] [stdout] ...
[INFO] [stdout] 639 |     fn extract_meta_x_csrf_token(&self) -> anyhow::Result<String> {
[INFO] [stdout]     |        ^^^^^^^^^^^^^^^^^^^^^^^^^
[INFO] [stdout]     |
[INFO] [stdout]     = note: `#[warn(dead_code)]` (part of `#[warn(unused)]`) on by default
[INFO] [stdout] 
[INFO] [stdout] 
[INFO] [stdout] warning: struct `User` is never constructed
[INFO] [stdout]    --> src/web/codeforces.rs:664:23
[INFO] [stdout]     |
[INFO] [stdout] 664 |     pub(super) struct User {
[INFO] [stdout]     |                       ^^^^
[INFO] [stdout] 
[INFO] [stdout] 
[INFO] [stdout] warning: enum `SubmissionVerdict` is never used
[INFO] [stdout]    --> src/web/codeforces.rs:732:21
[INFO] [stdout]     |
[INFO] [stdout] 732 |     pub(super) enum SubmissionVerdict {
[INFO] [stdout]     |                     ^^^^^^^^^^^^^^^^^
[INFO] [stdout] 
[INFO] [stdout] 
[INFO] [stdout] warning: method `get_all_problems` is never used
[INFO] [stdout]    --> src/web/yukicoder.rs:683:12
[INFO] [stdout]     |
[INFO] [stdout] 599 |     pub(super) trait SessionMutExt: SessionMut {
[INFO] [stdout]     |                      ------------- method in this trait
[INFO] [stdout] ...
[INFO] [stdout] 683 |         fn get_all_problems(&mut self) -> anyhow::Result<Vec<Problem>> {
[INFO] [stdout]     |            ^^^^^^^^^^^^^^^^
[INFO] [stdout] 
[INFO] [stdout] 
[INFO] [stdout] warning: trait `ReqwestAsyncClientExt` is never used
[INFO] [stdout]    --> src/web/yukicoder.rs:772:22
[INFO] [stdout]     |
[INFO] [stdout] 772 |     pub(super) trait ReqwestAsyncClientExt {
[INFO] [stdout]     |                      ^^^^^^^^^^^^^^^^^^^^^
[INFO] [stdout] 
[INFO] [stdout] 
[INFO] [stderr]     Finished `dev` profile [unoptimized + debuginfo] target(s) in 1m 02s
[INFO] [stderr] warning: the following packages contain code that will be rejected by a future version of Rust: html5ever v0.25.1, nom v6.1.2
[INFO] [stderr] note: to see what the problems were, use the option `--future-incompat-report`, or run `cargo report future-incompatibilities --id 2`
[INFO] running `Command { std: "docker" "inspect" "542a81f9e0370c761f3229632a87f6cfaf81a0be3260c2084127394c71566c91", kill_on_drop: false }`
[INFO] running `Command { std: "docker" "exec" "-e" "SOURCE_DIR=/opt/rustwide/workdir" "-e" "CARGO_HOME=/opt/rustwide/cargo-home" "-e" "RUSTUP_HOME=/opt/rustwide/rustup-home" "-e" "CARGO_TARGET_DIR=/opt/rustwide/target" "-e" "CARGO_INCREMENTAL=0" "-e" "RUST_BACKTRACE=full" "-e" "RUSTFLAGS=--cap-lints=warn" "-e" "RUSTDOCFLAGS=--cap-lints=warn" "-w" "/opt/rustwide/workdir" "--user" "0:0" "542a81f9e0370c761f3229632a87f6cfaf81a0be3260c2084127394c71566c91" "/opt/rustwide/cargo-home/bin/cargo" "+1.99.0-beta.8" "test" "--frozen" "--no-run" "--message-format=json", kill_on_drop: false }`
[INFO] [stderr]    Compiling proc-macro-error-attr v1.0.4
[INFO] [stderr]    Compiling proc-macro-error v1.0.4
[INFO] [stderr]    Compiling textwrap v0.11.0
[INFO] [stderr]    Compiling atty v0.2.14
[INFO] [stderr]    Compiling console v0.14.1
[INFO] [stderr]    Compiling similar v2.1.0
[INFO] [stderr]    Compiling uuid v0.8.2
[INFO] [stderr]    Compiling diff v0.1.12
[INFO] [stderr]    Compiling fwdansi v1.1.0
[INFO] [stderr]    Compiling rpassword v5.0.1
[INFO] [stderr]    Compiling rprompt v1.0.5
[INFO] [stderr]    Compiling difference v2.0.0
[INFO] [stdout] warning: unused import: `cell`
[INFO] [stdout]   --> src/web/mod.rs:94:5
[INFO] [stdout]    |
[INFO] [stdout] 94 |     cell,
[INFO] [stdout]    |     ^^^^
[INFO] [stdout]    |
[INFO] [stdout]    = note: `#[warn(unused_imports)]` (part of `#[warn(unused)]`) on by default
[INFO] [stdout] 
[INFO] [stdout] 
[INFO] [stdout] warning: method `extract_meta_x_csrf_token` is never used
[INFO] [stdout]    --> src/web/codeforces.rs:639:8
[INFO] [stdout]     |
[INFO] [stdout] 467 | #[ext]
[INFO] [stdout]     | ------ method in this trait
[INFO] [stdout] ...
[INFO] [stdout] 639 |     fn extract_meta_x_csrf_token(&self) -> anyhow::Result<String> {
[INFO] [stdout]     |        ^^^^^^^^^^^^^^^^^^^^^^^^^
[INFO] [stdout]     |
[INFO] [stdout]     = note: `#[warn(dead_code)]` (part of `#[warn(unused)]`) on by default
[INFO] [stdout] 
[INFO] [stdout] 
[INFO] [stdout] warning: struct `User` is never constructed
[INFO] [stdout]    --> src/web/codeforces.rs:664:23
[INFO] [stdout]     |
[INFO] [stdout] 664 |     pub(super) struct User {
[INFO] [stdout]     |                       ^^^^
[INFO] [stdout] 
[INFO] [stdout] 
[INFO] [stdout] warning: enum `SubmissionVerdict` is never used
[INFO] [stdout]    --> src/web/codeforces.rs:732:21
[INFO] [stdout]     |
[INFO] [stdout] 732 |     pub(super) enum SubmissionVerdict {
[INFO] [stdout]     |                     ^^^^^^^^^^^^^^^^^
[INFO] [stdout] 
[INFO] [stdout] 
[INFO] [stdout] warning: method `get_all_problems` is never used
[INFO] [stdout]    --> src/web/yukicoder.rs:683:12
[INFO] [stdout]     |
[INFO] [stdout] 599 |     pub(super) trait SessionMutExt: SessionMut {
[INFO] [stdout]     |                      ------------- method in this trait
[INFO] [stdout] ...
[INFO] [stdout] 683 |         fn get_all_problems(&mut self) -> anyhow::Result<Vec<Problem>> {
[INFO] [stdout]     |            ^^^^^^^^^^^^^^^^
[INFO] [stdout] 
[INFO] [stdout] 
[INFO] [stdout] warning: trait `ReqwestAsyncClientExt` is never used
[INFO] [stdout]    --> src/web/yukicoder.rs:772:22
[INFO] [stdout]     |
[INFO] [stdout] 772 |     pub(super) trait ReqwestAsyncClientExt {
[INFO] [stdout]     |                      ^^^^^^^^^^^^^^^^^^^^^
[INFO] [stdout] 
[INFO] [stdout] 
[INFO] [stderr]    Compiling clap v2.34.0
[INFO] [stderr]    Compiling pretty_assertions v0.7.2
[INFO] [stderr]    Compiling insta v1.9.0
[INFO] [stderr]    Compiling structopt-derive v0.4.18
[INFO] [stderr]    Compiling structopt v0.3.25
[INFO] [stderr]    Compiling snowchains_core v0.13.3 (/opt/rustwide/workdir)
[INFO] [stdout] warning: enum `CredentialsVia` is never used
[INFO] [stdout]   --> examples/yukicoder-retrieve-languages.rs:23:6
[INFO] [stdout]    |
[INFO] [stdout] 23 | enum CredentialsVia {
[INFO] [stdout]    |      ^^^^^^^^^^^^^^
[INFO] [stdout]    |
[INFO] [stdout]    = note: `#[warn(dead_code)]` (part of `#[warn(unused)]`) on by default
[INFO] [stdout] 
[INFO] [stdout] 
[INFO] [stdout] warning: field `0` is never read
[INFO] [stdout]    --> tests/atcoder-retrieve-test-cases.rs:117:19
[INFO] [stdout]     |
[INFO] [stdout] 117 |         PrintAnsi(String),
[INFO] [stdout]     |         --------- ^^^^^^
[INFO] [stdout]     |         |
[INFO] [stdout]     |         field in this variant
[INFO] [stdout]     |
[INFO] [stdout]     = note: `Message` has a derived impl for the trait `Debug`, but this is intentionally ignored during dead code analysis
[INFO] [stdout]     = note: `#[warn(dead_code)]` (part of `#[warn(unused)]`) on by default
[INFO] [stdout] help: consider changing the field to be of unit type to suppress this warning while preserving the field numbering, or remove the field
[INFO] [stdout]     |
[INFO] [stdout] 117 -         PrintAnsi(String),
[INFO] [stdout] 117 +         PrintAnsi(()),
[INFO] [stdout]     |
[INFO] [stdout] 
[INFO] [stdout] 
[INFO] [stdout] warning: field `0` is never read
[INFO] [stdout]   --> tests/yukicoder-retrieve-test-cases.rs:65:19
[INFO] [stdout]    |
[INFO] [stdout] 65 |         PrintAnsi(String),
[INFO] [stdout]    |         --------- ^^^^^^
[INFO] [stdout]    |         |
[INFO] [stdout]    |         field in this variant
[INFO] [stdout]    |
[INFO] [stdout]    = note: `Message` has a derived impl for the trait `Debug`, but this is intentionally ignored during dead code analysis
[INFO] [stdout]    = note: `#[warn(dead_code)]` (part of `#[warn(unused)]`) on by default
[INFO] [stdout] help: consider changing the field to be of unit type to suppress this warning while preserving the field numbering, or remove the field
[INFO] [stdout]    |
[INFO] [stdout] 65 -         PrintAnsi(String),
[INFO] [stdout] 65 +         PrintAnsi(()),
[INFO] [stdout]    |
[INFO] [stdout] 
[INFO] [stdout] 
[INFO] [stdout] warning: field `0` is never read
[INFO] [stdout]    --> tests/atcoder-retrieve-test-cases.rs:118:14
[INFO] [stdout]     |
[INFO] [stdout] 118 |         Warn(String),
[INFO] [stdout]     |         ---- ^^^^^^
[INFO] [stdout]     |         |
[INFO] [stdout]     |         field in this variant
[INFO] [stdout]     |
[INFO] [stdout]     = note: `Message` has a derived impl for the trait `Debug`, but this is intentionally ignored during dead code analysis
[INFO] [stdout] help: consider changing the field to be of unit type to suppress this warning while preserving the field numbering, or remove the field
[INFO] [stdout]     |
[INFO] [stdout] 118 -         Warn(String),
[INFO] [stdout] 118 +         Warn(()),
[INFO] [stdout]     |
[INFO] [stdout] 
[INFO] [stdout] 
[INFO] [stdout] warning: fields `0` and `1` are never read
[INFO] [stdout]    --> tests/atcoder-retrieve-test-cases.rs:119:19
[INFO] [stdout]     |
[INFO] [stdout] 119 |         OnRequest(Method, Url),
[INFO] [stdout]     |         --------- ^^^^^^  ^^^
[INFO] [stdout]     |         |
[INFO] [stdout]     |         fields in this variant
[INFO] [stdout]     |
[INFO] [stdout]     = note: `Message` has a derived impl for the trait `Debug`, but this is intentionally ignored during dead code analysis
[INFO] [stdout] help: consider changing the fields to be of unit type to suppress this warning while preserving the field numbering, or remove the fields
[INFO] [stdout]     |
[INFO] [stdout] 119 -         OnRequest(Method, Url),
[INFO] [stdout] 119 +         OnRequest((), ()),
[INFO] [stdout]     |
[INFO] [stdout] 
[INFO] [stdout] 
[INFO] [stdout] warning: fields `0` and `1` are never read
[INFO] [stdout]    --> tests/atcoder-retrieve-test-cases.rs:120:20
[INFO] [stdout]     |
[INFO] [stdout] 120 |         OnResponse(StatusCode, StatusCodeColor),
[INFO] [stdout]     |         ---------- ^^^^^^^^^^  ^^^^^^^^^^^^^^^
[INFO] [stdout]     |         |
[INFO] [stdout]     |         fields in this variant
[INFO] [stdout]     |
[INFO] [stdout]     = note: `Message` has a derived impl for the trait `Debug`, but this is intentionally ignored during dead code analysis
[INFO] [stdout] help: consider changing the fields to be of unit type to suppress this warning while preserving the field numbering, or remove the fields
[INFO] [stdout]     |
[INFO] [stdout] 120 -         OnResponse(StatusCode, StatusCodeColor),
[INFO] [stdout] 120 +         OnResponse((), ()),
[INFO] [stdout]     |
[INFO] [stdout] 
[INFO] [stdout] 
[INFO] [stdout] warning: field `0` is never read
[INFO] [stdout]   --> tests/yukicoder-retrieve-test-cases.rs:66:14
[INFO] [stdout]    |
[INFO] [stdout] 66 |         Warn(String),
[INFO] [stdout]    |         ---- ^^^^^^
[INFO] [stdout]    |         |
[INFO] [stdout]    |         field in this variant
[INFO] [stdout]    |
[INFO] [stdout]    = note: `Message` has a derived impl for the trait `Debug`, but this is intentionally ignored during dead code analysis
[INFO] [stdout] help: consider changing the field to be of unit type to suppress this warning while preserving the field numbering, or remove the field
[INFO] [stdout]    |
[INFO] [stdout] 66 -         Warn(String),
[INFO] [stdout] 66 +         Warn(()),
[INFO] [stdout]    |
[INFO] [stdout] 
[INFO] [stdout] 
[INFO] [stdout] warning: fields `0` and `1` are never read
[INFO] [stdout]   --> tests/yukicoder-retrieve-test-cases.rs:67:19
[INFO] [stdout]    |
[INFO] [stdout] 67 |         OnRequest(Method, Url),
[INFO] [stdout]    |         --------- ^^^^^^  ^^^
[INFO] [stdout]    |         |
[INFO] [stdout]    |         fields in this variant
[INFO] [stdout]    |
[INFO] [stdout]    = note: `Message` has a derived impl for the trait `Debug`, but this is intentionally ignored during dead code analysis
[INFO] [stdout] help: consider changing the fields to be of unit type to suppress this warning while preserving the field numbering, or remove the fields
[INFO] [stdout]    |
[INFO] [stdout] 67 -         OnRequest(Method, Url),
[INFO] [stdout] 67 +         OnRequest((), ()),
[INFO] [stdout]    |
[INFO] [stdout] 
[INFO] [stdout] 
[INFO] [stdout] warning: fields `0` and `1` are never read
[INFO] [stdout]   --> tests/yukicoder-retrieve-test-cases.rs:68:20
[INFO] [stdout]    |
[INFO] [stdout] 68 |         OnResponse(StatusCode, StatusCodeColor),
[INFO] [stdout]    |         ---------- ^^^^^^^^^^  ^^^^^^^^^^^^^^^
[INFO] [stdout]    |         |
[INFO] [stdout]    |         fields in this variant
[INFO] [stdout]    |
[INFO] [stdout]    = note: `Message` has a derived impl for the trait `Debug`, but this is intentionally ignored during dead code analysis
[INFO] [stdout] help: consider changing the fields to be of unit type to suppress this warning while preserving the field numbering, or remove the fields
[INFO] [stdout]    |
[INFO] [stdout] 68 -         OnResponse(StatusCode, StatusCodeColor),
[INFO] [stdout] 68 +         OnResponse((), ()),
[INFO] [stdout]    |
[INFO] [stdout] 
[INFO] [stdout] 
[INFO] [stdout] warning: unused import: `cell`
[INFO] [stdout]   --> src/web/mod.rs:94:5
[INFO] [stdout]    |
[INFO] [stdout] 94 |     cell,
[INFO] [stdout]    |     ^^^^
[INFO] [stdout]    |
[INFO] [stdout]    = note: `#[warn(unused_imports)]` (part of `#[warn(unused)]`) on by default
[INFO] [stdout] 
[INFO] [stdout] 
[INFO] [stderr] error: could not compile `snowchains_core` (example "judge")
[INFO] [stderr] 
[INFO] [stderr] Caused by:
[INFO] [stderr]   process didn't exit successfully: `/opt/rustwide/rustup-home/toolchains/1.99.0-beta.8-x86_64-unknown-linux-gnu/bin/rustc --crate-name judge --edition=2018 examples/judge.rs --error-format=json --json=diagnostic-rendered-ansi,artifacts,future-incompat --crate-type bin --emit=dep-info,link -C embed-bitcode=no -C debuginfo=2 --cfg 'feature="default"' --check-cfg 'cfg(docsrs,test)' --check-cfg 'cfg(feature, values("__test_with_credentials", "default"))' -C metadata=222b8648dbe2185d -C extra-filename=-08831e59c6b3ddac --out-dir /opt/rustwide/target/debug/examples -L dependency=/opt/rustwide/target/debug/deps --extern anyhow=/opt/rustwide/target/debug/deps/libanyhow-980db15aef3a1518.rlib --extern atty=/opt/rustwide/target/debug/deps/libatty-f40cca75d40e804f.rlib --extern camino=/opt/rustwide/target/debug/deps/libcamino-380c9a77f8923459.rlib --extern chrono=/opt/rustwide/target/debug/deps/libchrono-6176ed871ac8c5c5.rlib --extern cookie_store=/opt/rustwide/target/debug/deps/libcookie_store-4a3ecb2cdac1581a.rlib --extern derivative=/opt/rustwide/target/debug/deps/libderivative-a349c151da15fcee.so --extern derive_more=/opt/rustwide/target/debug/deps/libderive_more-80675d53326fe296.so --extern difference=/opt/rustwide/target/debug/deps/libdifference-7eaa3555da3c1461.rlib --extern easy_ext=/opt/rustwide/target/debug/deps/libeasy_ext-3bdf788e51f8df40.so --extern either=/opt/rustwide/target/debug/deps/libeither-364920c52f4b4434.rlib --extern form_urlencoded=/opt/rustwide/target/debug/deps/libform_urlencoded-eb178531ae0b4252.rlib --extern fs2=/opt/rustwide/target/debug/deps/libfs2-57e48565acadd0b3.rlib --extern futures_util=/opt/rustwide/target/debug/deps/libfutures_util-ca52ced7a8ae8283.rlib --extern fwdansi=/opt/rustwide/target/debug/deps/libfwdansi-b02405f00561b62b.rlib --extern hex=/opt/rustwide/target/debug/deps/libhex-13e08b3b00984ab7.rlib --extern humantime=/opt/rustwide/target/debug/deps/libhumantime-9f900d7885b5087e.rlib --extern humantime_serde=/opt/rustwide/target/debug/deps/libhumantime_serde-d9fd5635b7b84e99.rlib --extern ignore=/opt/rustwide/target/debug/deps/libignore-50052e6300705ec4.rlib --extern indexmap=/opt/rustwide/target/debug/deps/libindexmap-ca36ff8bd2c08666.rlib --extern indicatif=/opt/rustwide/target/debug/deps/libindicatif-2f30d00c8420dbba.rlib --extern insta=/opt/rustwide/target/debug/deps/libinsta-249ec0c0285252dc.rlib --extern itertools=/opt/rustwide/target/debug/deps/libitertools-63b61b3cfc5ec2e4.rlib --extern maplit=/opt/rustwide/target/debug/deps/libmaplit-f141af93a08d6c7e.rlib --extern nom=/opt/rustwide/target/debug/deps/libnom-7b4de2f8bd596076.rlib --extern num_cpus=/opt/rustwide/target/debug/deps/libnum_cpus-f24dd8f659824f52.rlib --extern once_cell=/opt/rustwide/target/debug/deps/libonce_cell-72b44db854c93879.rlib --extern percent_encoding=/opt/rustwide/target/debug/deps/libpercent_encoding-3e08c199980e8244.rlib --extern pretty_assertions=/opt/rustwide/target/debug/deps/libpretty_assertions-77a27b7da8fc5381.rlib --extern prettytable=/opt/rustwide/target/debug/deps/libprettytable-891306767c79d7fc.rlib --extern rand=/opt/rustwide/target/debug/deps/librand-fbee83024a0074de.rlib --extern regex=/opt/rustwide/target/debug/deps/libregex-e62af7f4ecaa7fdd.rlib --extern reqwest=/opt/rustwide/target/debug/deps/libreqwest-ae6393076acbd39c.rlib --extern rpassword=/opt/rustwide/target/debug/deps/librpassword-fb1e85e748b0713d.rlib --extern rprompt=/opt/rustwide/target/debug/deps/librprompt-72c20d29ce5ee62e.rlib --extern scraper=/opt/rustwide/target/debug/deps/libscraper-7f4278be0c38ef83.rlib --extern serde=/opt/rustwide/target/debug/deps/libserde-ba3370dc8748ea20.rlib --extern serde_json=/opt/rustwide/target/debug/deps/libserde_json-2361713f1355864b.rlib --extern serde_yaml=/opt/rustwide/target/debug/deps/libserde_yaml-38038b7a63b5c683.rlib --extern sha2=/opt/rustwide/target/debug/deps/libsha2-2438ad17ef8575d2.rlib --extern snowchains_core=/opt/rustwide/target/debug/deps/libsnowchains_core-4d6b75b835db7976.rlib --extern structopt=/opt/rustwide/target/debug/deps/libstructopt-0cac4507b2dc6b2c.rlib --extern strum=/opt/rustwide/target/debug/deps/libstrum-190155cde771ecca.rlib --extern tempfile=/opt/rustwide/target/debug/deps/libtempfile-05408abe09a21e38.rlib --extern termcolor=/opt/rustwide/target/debug/deps/libtermcolor-2977040801d16bf2.rlib --extern tokio=/opt/rustwide/target/debug/deps/libtokio-724e43480d36da26.rlib --extern unicode_width=/opt/rustwide/target/debug/deps/libunicode_width-63532bdea7ef68cc.rlib --extern url=/opt/rustwide/target/debug/deps/liburl-03dbe993c77fe456.rlib --extern which=/opt/rustwide/target/debug/deps/libwhich-f2ca394e542bb02a.rlib --extern yaml_rust=/opt/rustwide/target/debug/deps/libyaml_rust-65c6c6d1b3b28161.rlib --cap-lints=warn -L native=/opt/rustwide/target/debug/build/ring-4478d80edd48ffa3/out` (signal: 9, SIGKILL: kill)
[INFO] [stderr] warning: build failed, waiting for other jobs to finish...
[INFO] [stderr] error: could not compile `snowchains_core` (lib test); 1 warning emitted
[INFO] [stderr] 
[INFO] [stderr] Caused by:
[INFO] [stderr]   process didn't exit successfully: `/opt/rustwide/rustup-home/toolchains/1.99.0-beta.8-x86_64-unknown-linux-gnu/bin/rustc --crate-name snowchains_core --edition=2018 src/lib.rs --error-format=json --json=diagnostic-rendered-ansi,artifacts,future-incompat --emit=dep-info,link -C embed-bitcode=no -C debuginfo=2 --test --cfg 'feature="default"' --check-cfg 'cfg(docsrs,test)' --check-cfg 'cfg(feature, values("__test_with_credentials", "default"))' -C metadata=56c363ecef355229 -C extra-filename=-76a5a6c27eab6c6b --out-dir /opt/rustwide/target/debug/deps -L dependency=/opt/rustwide/target/debug/deps --extern anyhow=/opt/rustwide/target/debug/deps/libanyhow-980db15aef3a1518.rlib --extern atty=/opt/rustwide/target/debug/deps/libatty-f40cca75d40e804f.rlib --extern camino=/opt/rustwide/target/debug/deps/libcamino-380c9a77f8923459.rlib --extern chrono=/opt/rustwide/target/debug/deps/libchrono-6176ed871ac8c5c5.rlib --extern cookie_store=/opt/rustwide/target/debug/deps/libcookie_store-4a3ecb2cdac1581a.rlib --extern derivative=/opt/rustwide/target/debug/deps/libderivative-a349c151da15fcee.so --extern derive_more=/opt/rustwide/target/debug/deps/libderive_more-80675d53326fe296.so --extern difference=/opt/rustwide/target/debug/deps/libdifference-7eaa3555da3c1461.rlib --extern easy_ext=/opt/rustwide/target/debug/deps/libeasy_ext-3bdf788e51f8df40.so --extern either=/opt/rustwide/target/debug/deps/libeither-364920c52f4b4434.rlib --extern form_urlencoded=/opt/rustwide/target/debug/deps/libform_urlencoded-eb178531ae0b4252.rlib --extern fs2=/opt/rustwide/target/debug/deps/libfs2-57e48565acadd0b3.rlib --extern futures_util=/opt/rustwide/target/debug/deps/libfutures_util-ca52ced7a8ae8283.rlib --extern fwdansi=/opt/rustwide/target/debug/deps/libfwdansi-b02405f00561b62b.rlib --extern hex=/opt/rustwide/target/debug/deps/libhex-13e08b3b00984ab7.rlib --extern humantime=/opt/rustwide/target/debug/deps/libhumantime-9f900d7885b5087e.rlib --extern humantime_serde=/opt/rustwide/target/debug/deps/libhumantime_serde-d9fd5635b7b84e99.rlib --extern ignore=/opt/rustwide/target/debug/deps/libignore-50052e6300705ec4.rlib --extern indexmap=/opt/rustwide/target/debug/deps/libindexmap-ca36ff8bd2c08666.rlib --extern indicatif=/opt/rustwide/target/debug/deps/libindicatif-2f30d00c8420dbba.rlib --extern insta=/opt/rustwide/target/debug/deps/libinsta-249ec0c0285252dc.rlib --extern itertools=/opt/rustwide/target/debug/deps/libitertools-63b61b3cfc5ec2e4.rlib --extern maplit=/opt/rustwide/target/debug/deps/libmaplit-f141af93a08d6c7e.rlib --extern nom=/opt/rustwide/target/debug/deps/libnom-7b4de2f8bd596076.rlib --extern num_cpus=/opt/rustwide/target/debug/deps/libnum_cpus-f24dd8f659824f52.rlib --extern once_cell=/opt/rustwide/target/debug/deps/libonce_cell-72b44db854c93879.rlib --extern percent_encoding=/opt/rustwide/target/debug/deps/libpercent_encoding-3e08c199980e8244.rlib --extern pretty_assertions=/opt/rustwide/target/debug/deps/libpretty_assertions-77a27b7da8fc5381.rlib --extern prettytable=/opt/rustwide/target/debug/deps/libprettytable-891306767c79d7fc.rlib --extern rand=/opt/rustwide/target/debug/deps/librand-fbee83024a0074de.rlib --extern regex=/opt/rustwide/target/debug/deps/libregex-e62af7f4ecaa7fdd.rlib --extern reqwest=/opt/rustwide/target/debug/deps/libreqwest-ae6393076acbd39c.rlib --extern rpassword=/opt/rustwide/target/debug/deps/librpassword-fb1e85e748b0713d.rlib --extern rprompt=/opt/rustwide/target/debug/deps/librprompt-72c20d29ce5ee62e.rlib --extern scraper=/opt/rustwide/target/debug/deps/libscraper-7f4278be0c38ef83.rlib --extern serde=/opt/rustwide/target/debug/deps/libserde-ba3370dc8748ea20.rlib --extern serde_json=/opt/rustwide/target/debug/deps/libserde_json-2361713f1355864b.rlib --extern serde_yaml=/opt/rustwide/target/debug/deps/libserde_yaml-38038b7a63b5c683.rlib --extern sha2=/opt/rustwide/target/debug/deps/libsha2-2438ad17ef8575d2.rlib --extern structopt=/opt/rustwide/target/debug/deps/libstructopt-0cac4507b2dc6b2c.rlib --extern strum=/opt/rustwide/target/debug/deps/libstrum-190155cde771ecca.rlib --extern tempfile=/opt/rustwide/target/debug/deps/libtempfile-05408abe09a21e38.rlib --extern termcolor=/opt/rustwide/target/debug/deps/libtermcolor-2977040801d16bf2.rlib --extern tokio=/opt/rustwide/target/debug/deps/libtokio-724e43480d36da26.rlib --extern unicode_width=/opt/rustwide/target/debug/deps/libunicode_width-63532bdea7ef68cc.rlib --extern url=/opt/rustwide/target/debug/deps/liburl-03dbe993c77fe456.rlib --extern which=/opt/rustwide/target/debug/deps/libwhich-f2ca394e542bb02a.rlib --extern yaml_rust=/opt/rustwide/target/debug/deps/libyaml_rust-65c6c6d1b3b28161.rlib --cap-lints=warn -L native=/opt/rustwide/target/debug/build/ring-4478d80edd48ffa3/out` (signal: 9, SIGKILL: kill)
[INFO] [stderr] error: could not compile `snowchains_core` (test "atcoder-retrieve-test-cases"); 4 warnings emitted
[INFO] [stderr] 
[INFO] [stderr] Caused by:
[INFO] [stderr]   process didn't exit successfully: `/opt/rustwide/rustup-home/toolchains/1.99.0-beta.8-x86_64-unknown-linux-gnu/bin/rustc --crate-name atcoder_retrieve_test_cases --edition=2018 tests/atcoder-retrieve-test-cases.rs --error-format=json --json=diagnostic-rendered-ansi,artifacts,future-incompat --emit=dep-info,link -C embed-bitcode=no -C debuginfo=2 --test --cfg 'feature="default"' --check-cfg 'cfg(docsrs,test)' --check-cfg 'cfg(feature, values("__test_with_credentials", "default"))' -C metadata=a93021a94907370e -C extra-filename=-ede3bbec5b08af22 --out-dir /opt/rustwide/target/debug/deps -L dependency=/opt/rustwide/target/debug/deps --extern anyhow=/opt/rustwide/target/debug/deps/libanyhow-980db15aef3a1518.rlib --extern atty=/opt/rustwide/target/debug/deps/libatty-f40cca75d40e804f.rlib --extern camino=/opt/rustwide/target/debug/deps/libcamino-380c9a77f8923459.rlib --extern chrono=/opt/rustwide/target/debug/deps/libchrono-6176ed871ac8c5c5.rlib --extern cookie_store=/opt/rustwide/target/debug/deps/libcookie_store-4a3ecb2cdac1581a.rlib --extern derivative=/opt/rustwide/target/debug/deps/libderivative-a349c151da15fcee.so --extern derive_more=/opt/rustwide/target/debug/deps/libderive_more-80675d53326fe296.so --extern difference=/opt/rustwide/target/debug/deps/libdifference-7eaa3555da3c1461.rlib --extern easy_ext=/opt/rustwide/target/debug/deps/libeasy_ext-3bdf788e51f8df40.so --extern either=/opt/rustwide/target/debug/deps/libeither-364920c52f4b4434.rlib --extern form_urlencoded=/opt/rustwide/target/debug/deps/libform_urlencoded-eb178531ae0b4252.rlib --extern fs2=/opt/rustwide/target/debug/deps/libfs2-57e48565acadd0b3.rlib --extern futures_util=/opt/rustwide/target/debug/deps/libfutures_util-ca52ced7a8ae8283.rlib --extern fwdansi=/opt/rustwide/target/debug/deps/libfwdansi-b02405f00561b62b.rlib --extern hex=/opt/rustwide/target/debug/deps/libhex-13e08b3b00984ab7.rlib --extern humantime=/opt/rustwide/target/debug/deps/libhumantime-9f900d7885b5087e.rlib --extern humantime_serde=/opt/rustwide/target/debug/deps/libhumantime_serde-d9fd5635b7b84e99.rlib --extern ignore=/opt/rustwide/target/debug/deps/libignore-50052e6300705ec4.rlib --extern indexmap=/opt/rustwide/target/debug/deps/libindexmap-ca36ff8bd2c08666.rlib --extern indicatif=/opt/rustwide/target/debug/deps/libindicatif-2f30d00c8420dbba.rlib --extern insta=/opt/rustwide/target/debug/deps/libinsta-249ec0c0285252dc.rlib --extern itertools=/opt/rustwide/target/debug/deps/libitertools-63b61b3cfc5ec2e4.rlib --extern maplit=/opt/rustwide/target/debug/deps/libmaplit-f141af93a08d6c7e.rlib --extern nom=/opt/rustwide/target/debug/deps/libnom-7b4de2f8bd596076.rlib --extern num_cpus=/opt/rustwide/target/debug/deps/libnum_cpus-f24dd8f659824f52.rlib --extern once_cell=/opt/rustwide/target/debug/deps/libonce_cell-72b44db854c93879.rlib --extern percent_encoding=/opt/rustwide/target/debug/deps/libpercent_encoding-3e08c199980e8244.rlib --extern pretty_assertions=/opt/rustwide/target/debug/deps/libpretty_assertions-77a27b7da8fc5381.rlib --extern prettytable=/opt/rustwide/target/debug/deps/libprettytable-891306767c79d7fc.rlib --extern rand=/opt/rustwide/target/debug/deps/librand-fbee83024a0074de.rlib --extern regex=/opt/rustwide/target/debug/deps/libregex-e62af7f4ecaa7fdd.rlib --extern reqwest=/opt/rustwide/target/debug/deps/libreqwest-ae6393076acbd39c.rlib --extern rpassword=/opt/rustwide/target/debug/deps/librpassword-fb1e85e748b0713d.rlib --extern rprompt=/opt/rustwide/target/debug/deps/librprompt-72c20d29ce5ee62e.rlib --extern scraper=/opt/rustwide/target/debug/deps/libscraper-7f4278be0c38ef83.rlib --extern serde=/opt/rustwide/target/debug/deps/libserde-ba3370dc8748ea20.rlib --extern serde_json=/opt/rustwide/target/debug/deps/libserde_json-2361713f1355864b.rlib --extern serde_yaml=/opt/rustwide/target/debug/deps/libserde_yaml-38038b7a63b5c683.rlib --extern sha2=/opt/rustwide/target/debug/deps/libsha2-2438ad17ef8575d2.rlib --extern snowchains_core=/opt/rustwide/target/debug/deps/libsnowchains_core-4d6b75b835db7976.rlib --extern structopt=/opt/rustwide/target/debug/deps/libstructopt-0cac4507b2dc6b2c.rlib --extern strum=/opt/rustwide/target/debug/deps/libstrum-190155cde771ecca.rlib --extern tempfile=/opt/rustwide/target/debug/deps/libtempfile-05408abe09a21e38.rlib --extern termcolor=/opt/rustwide/target/debug/deps/libtermcolor-2977040801d16bf2.rlib --extern tokio=/opt/rustwide/target/debug/deps/libtokio-724e43480d36da26.rlib --extern unicode_width=/opt/rustwide/target/debug/deps/libunicode_width-63532bdea7ef68cc.rlib --extern url=/opt/rustwide/target/debug/deps/liburl-03dbe993c77fe456.rlib --extern which=/opt/rustwide/target/debug/deps/libwhich-f2ca394e542bb02a.rlib --extern yaml_rust=/opt/rustwide/target/debug/deps/libyaml_rust-65c6c6d1b3b28161.rlib --cap-lints=warn -L native=/opt/rustwide/target/debug/build/ring-4478d80edd48ffa3/out` (signal: 9, SIGKILL: kill)
[INFO] [stderr] error: could not compile `snowchains_core` (example "atcoder-retrieve-test-cases")
[INFO] [stderr] 
[INFO] [stderr] Caused by:
[INFO] [stderr]   process didn't exit successfully: `/opt/rustwide/rustup-home/toolchains/1.99.0-beta.8-x86_64-unknown-linux-gnu/bin/rustc --crate-name atcoder_retrieve_test_cases --edition=2018 examples/atcoder-retrieve-test-cases.rs --error-format=json --json=diagnostic-rendered-ansi,artifacts,future-incompat --crate-type bin --emit=dep-info,link -C embed-bitcode=no -C debuginfo=2 --cfg 'feature="default"' --check-cfg 'cfg(docsrs,test)' --check-cfg 'cfg(feature, values("__test_with_credentials", "default"))' -C metadata=44f088c2e25bcb04 -C extra-filename=-565d4f508f6986dc --out-dir /opt/rustwide/target/debug/examples -L dependency=/opt/rustwide/target/debug/deps --extern anyhow=/opt/rustwide/target/debug/deps/libanyhow-980db15aef3a1518.rlib --extern atty=/opt/rustwide/target/debug/deps/libatty-f40cca75d40e804f.rlib --extern camino=/opt/rustwide/target/debug/deps/libcamino-380c9a77f8923459.rlib --extern chrono=/opt/rustwide/target/debug/deps/libchrono-6176ed871ac8c5c5.rlib --extern cookie_store=/opt/rustwide/target/debug/deps/libcookie_store-4a3ecb2cdac1581a.rlib --extern derivative=/opt/rustwide/target/debug/deps/libderivative-a349c151da15fcee.so --extern derive_more=/opt/rustwide/target/debug/deps/libderive_more-80675d53326fe296.so --extern difference=/opt/rustwide/target/debug/deps/libdifference-7eaa3555da3c1461.rlib --extern easy_ext=/opt/rustwide/target/debug/deps/libeasy_ext-3bdf788e51f8df40.so --extern either=/opt/rustwide/target/debug/deps/libeither-364920c52f4b4434.rlib --extern form_urlencoded=/opt/rustwide/target/debug/deps/libform_urlencoded-eb178531ae0b4252.rlib --extern fs2=/opt/rustwide/target/debug/deps/libfs2-57e48565acadd0b3.rlib --extern futures_util=/opt/rustwide/target/debug/deps/libfutures_util-ca52ced7a8ae8283.rlib --extern fwdansi=/opt/rustwide/target/debug/deps/libfwdansi-b02405f00561b62b.rlib --extern hex=/opt/rustwide/target/debug/deps/libhex-13e08b3b00984ab7.rlib --extern humantime=/opt/rustwide/target/debug/deps/libhumantime-9f900d7885b5087e.rlib --extern humantime_serde=/opt/rustwide/target/debug/deps/libhumantime_serde-d9fd5635b7b84e99.rlib --extern ignore=/opt/rustwide/target/debug/deps/libignore-50052e6300705ec4.rlib --extern indexmap=/opt/rustwide/target/debug/deps/libindexmap-ca36ff8bd2c08666.rlib --extern indicatif=/opt/rustwide/target/debug/deps/libindicatif-2f30d00c8420dbba.rlib --extern insta=/opt/rustwide/target/debug/deps/libinsta-249ec0c0285252dc.rlib --extern itertools=/opt/rustwide/target/debug/deps/libitertools-63b61b3cfc5ec2e4.rlib --extern maplit=/opt/rustwide/target/debug/deps/libmaplit-f141af93a08d6c7e.rlib --extern nom=/opt/rustwide/target/debug/deps/libnom-7b4de2f8bd596076.rlib --extern num_cpus=/opt/rustwide/target/debug/deps/libnum_cpus-f24dd8f659824f52.rlib --extern once_cell=/opt/rustwide/target/debug/deps/libonce_cell-72b44db854c93879.rlib --extern percent_encoding=/opt/rustwide/target/debug/deps/libpercent_encoding-3e08c199980e8244.rlib --extern pretty_assertions=/opt/rustwide/target/debug/deps/libpretty_assertions-77a27b7da8fc5381.rlib --extern prettytable=/opt/rustwide/target/debug/deps/libprettytable-891306767c79d7fc.rlib --extern rand=/opt/rustwide/target/debug/deps/librand-fbee83024a0074de.rlib --extern regex=/opt/rustwide/target/debug/deps/libregex-e62af7f4ecaa7fdd.rlib --extern reqwest=/opt/rustwide/target/debug/deps/libreqwest-ae6393076acbd39c.rlib --extern rpassword=/opt/rustwide/target/debug/deps/librpassword-fb1e85e748b0713d.rlib --extern rprompt=/opt/rustwide/target/debug/deps/librprompt-72c20d29ce5ee62e.rlib --extern scraper=/opt/rustwide/target/debug/deps/libscraper-7f4278be0c38ef83.rlib --extern serde=/opt/rustwide/target/debug/deps/libserde-ba3370dc8748ea20.rlib --extern serde_json=/opt/rustwide/target/debug/deps/libserde_json-2361713f1355864b.rlib --extern serde_yaml=/opt/rustwide/target/debug/deps/libserde_yaml-38038b7a63b5c683.rlib --extern sha2=/opt/rustwide/target/debug/deps/libsha2-2438ad17ef8575d2.rlib --extern snowchains_core=/opt/rustwide/target/debug/deps/libsnowchains_core-4d6b75b835db7976.rlib --extern structopt=/opt/rustwide/target/debug/deps/libstructopt-0cac4507b2dc6b2c.rlib --extern strum=/opt/rustwide/target/debug/deps/libstrum-190155cde771ecca.rlib --extern tempfile=/opt/rustwide/target/debug/deps/libtempfile-05408abe09a21e38.rlib --extern termcolor=/opt/rustwide/target/debug/deps/libtermcolor-2977040801d16bf2.rlib --extern tokio=/opt/rustwide/target/debug/deps/libtokio-724e43480d36da26.rlib --extern unicode_width=/opt/rustwide/target/debug/deps/libunicode_width-63532bdea7ef68cc.rlib --extern url=/opt/rustwide/target/debug/deps/liburl-03dbe993c77fe456.rlib --extern which=/opt/rustwide/target/debug/deps/libwhich-f2ca394e542bb02a.rlib --extern yaml_rust=/opt/rustwide/target/debug/deps/libyaml_rust-65c6c6d1b3b28161.rlib --cap-lints=warn -L native=/opt/rustwide/target/debug/build/ring-4478d80edd48ffa3/out` (signal: 9, SIGKILL: kill)
[INFO] [stderr] error: could not compile `snowchains_core` (example "atcoder-submit")
[INFO] [stderr] 
[INFO] [stderr] Caused by:
[INFO] [stderr]   process didn't exit successfully: `/opt/rustwide/rustup-home/toolchains/1.99.0-beta.8-x86_64-unknown-linux-gnu/bin/rustc --crate-name atcoder_submit --edition=2018 examples/atcoder-submit.rs --error-format=json --json=diagnostic-rendered-ansi,artifacts,future-incompat --crate-type bin --emit=dep-info,link -C embed-bitcode=no -C debuginfo=2 --cfg 'feature="default"' --check-cfg 'cfg(docsrs,test)' --check-cfg 'cfg(feature, values("__test_with_credentials", "default"))' -C metadata=602dc0555ad2601a -C extra-filename=-e9e49e3056fd7062 --out-dir /opt/rustwide/target/debug/examples -L dependency=/opt/rustwide/target/debug/deps --extern anyhow=/opt/rustwide/target/debug/deps/libanyhow-980db15aef3a1518.rlib --extern atty=/opt/rustwide/target/debug/deps/libatty-f40cca75d40e804f.rlib --extern camino=/opt/rustwide/target/debug/deps/libcamino-380c9a77f8923459.rlib --extern chrono=/opt/rustwide/target/debug/deps/libchrono-6176ed871ac8c5c5.rlib --extern cookie_store=/opt/rustwide/target/debug/deps/libcookie_store-4a3ecb2cdac1581a.rlib --extern derivative=/opt/rustwide/target/debug/deps/libderivative-a349c151da15fcee.so --extern derive_more=/opt/rustwide/target/debug/deps/libderive_more-80675d53326fe296.so --extern difference=/opt/rustwide/target/debug/deps/libdifference-7eaa3555da3c1461.rlib --extern easy_ext=/opt/rustwide/target/debug/deps/libeasy_ext-3bdf788e51f8df40.so --extern either=/opt/rustwide/target/debug/deps/libeither-364920c52f4b4434.rlib --extern form_urlencoded=/opt/rustwide/target/debug/deps/libform_urlencoded-eb178531ae0b4252.rlib --extern fs2=/opt/rustwide/target/debug/deps/libfs2-57e48565acadd0b3.rlib --extern futures_util=/opt/rustwide/target/debug/deps/libfutures_util-ca52ced7a8ae8283.rlib --extern fwdansi=/opt/rustwide/target/debug/deps/libfwdansi-b02405f00561b62b.rlib --extern hex=/opt/rustwide/target/debug/deps/libhex-13e08b3b00984ab7.rlib --extern humantime=/opt/rustwide/target/debug/deps/libhumantime-9f900d7885b5087e.rlib --extern humantime_serde=/opt/rustwide/target/debug/deps/libhumantime_serde-d9fd5635b7b84e99.rlib --extern ignore=/opt/rustwide/target/debug/deps/libignore-50052e6300705ec4.rlib --extern indexmap=/opt/rustwide/target/debug/deps/libindexmap-ca36ff8bd2c08666.rlib --extern indicatif=/opt/rustwide/target/debug/deps/libindicatif-2f30d00c8420dbba.rlib --extern insta=/opt/rustwide/target/debug/deps/libinsta-249ec0c0285252dc.rlib --extern itertools=/opt/rustwide/target/debug/deps/libitertools-63b61b3cfc5ec2e4.rlib --extern maplit=/opt/rustwide/target/debug/deps/libmaplit-f141af93a08d6c7e.rlib --extern nom=/opt/rustwide/target/debug/deps/libnom-7b4de2f8bd596076.rlib --extern num_cpus=/opt/rustwide/target/debug/deps/libnum_cpus-f24dd8f659824f52.rlib --extern once_cell=/opt/rustwide/target/debug/deps/libonce_cell-72b44db854c93879.rlib --extern percent_encoding=/opt/rustwide/target/debug/deps/libpercent_encoding-3e08c199980e8244.rlib --extern pretty_assertions=/opt/rustwide/target/debug/deps/libpretty_assertions-77a27b7da8fc5381.rlib --extern prettytable=/opt/rustwide/target/debug/deps/libprettytable-891306767c79d7fc.rlib --extern rand=/opt/rustwide/target/debug/deps/librand-fbee83024a0074de.rlib --extern regex=/opt/rustwide/target/debug/deps/libregex-e62af7f4ecaa7fdd.rlib --extern reqwest=/opt/rustwide/target/debug/deps/libreqwest-ae6393076acbd39c.rlib --extern rpassword=/opt/rustwide/target/debug/deps/librpassword-fb1e85e748b0713d.rlib --extern rprompt=/opt/rustwide/target/debug/deps/librprompt-72c20d29ce5ee62e.rlib --extern scraper=/opt/rustwide/target/debug/deps/libscraper-7f4278be0c38ef83.rlib --extern serde=/opt/rustwide/target/debug/deps/libserde-ba3370dc8748ea20.rlib --extern serde_json=/opt/rustwide/target/debug/deps/libserde_json-2361713f1355864b.rlib --extern serde_yaml=/opt/rustwide/target/debug/deps/libserde_yaml-38038b7a63b5c683.rlib --extern sha2=/opt/rustwide/target/debug/deps/libsha2-2438ad17ef8575d2.rlib --extern snowchains_core=/opt/rustwide/target/debug/deps/libsnowchains_core-4d6b75b835db7976.rlib --extern structopt=/opt/rustwide/target/debug/deps/libstructopt-0cac4507b2dc6b2c.rlib --extern strum=/opt/rustwide/target/debug/deps/libstrum-190155cde771ecca.rlib --extern tempfile=/opt/rustwide/target/debug/deps/libtempfile-05408abe09a21e38.rlib --extern termcolor=/opt/rustwide/target/debug/deps/libtermcolor-2977040801d16bf2.rlib --extern tokio=/opt/rustwide/target/debug/deps/libtokio-724e43480d36da26.rlib --extern unicode_width=/opt/rustwide/target/debug/deps/libunicode_width-63532bdea7ef68cc.rlib --extern url=/opt/rustwide/target/debug/deps/liburl-03dbe993c77fe456.rlib --extern which=/opt/rustwide/target/debug/deps/libwhich-f2ca394e542bb02a.rlib --extern yaml_rust=/opt/rustwide/target/debug/deps/libyaml_rust-65c6c6d1b3b28161.rlib --cap-lints=warn -L native=/opt/rustwide/target/debug/build/ring-4478d80edd48ffa3/out` (signal: 9, SIGKILL: kill)
[INFO] [stdout] error: linking with `cc` failed: exit status: 1
[INFO] [stdout]   |
[INFO] [stdout]   = note:  "cc" "-m64" "/opt/rustwide/target/debug/examples/rustctNFpzk/symbols.o" "<3 object files omitted>" "-Wl,--as-needed" "-Wl,-Bstatic" "/opt/rustwide/target/debug/deps/{libfwdansi-b02405f00561b62b,librpassword-fb1e85e748b0713d,librprompt-72c20d29ce5ee62e,libstructopt-0cac4507b2dc6b2c,libclap-d9d44a757fda4cbf,libvec_map-75126d96f8392bf4,libtextwrap-27386a255e86d535,libstrsim-eb3bc2e4997041af,libatty-f40cca75d40e804f,libansi_term-74ae5010905c21da,libsnowchains_core-4d6b75b835db7976,libhex-13e08b3b00984ab7,libserde_yaml-38038b7a63b5c683,libyaml_rust-65c6c6d1b3b28161,liblinked_hash_map-c8825f289c1590f4,libtempfile-05408abe09a21e38,libremove_dir_all-5156da311761ea29,libwhich-f2ca394e542bb02a,libstrum-190155cde771ecca,libprettytable-891306767c79d7fc,libis_terminal-03bdeb8bd7cda878,librustix-8a64fd957b8e5948,liblinux_raw_sys-47a5560eacbdd6ea,libio_lifetimes-b3b8cc249869cb9d,libcsv-326e60eff4193cef,libcsv_core-0d58feac027eeb6e,libencode_unicode-588f67c203900f18,libterm-7d00e9978e19a63c,libdirs_next-0af38bc36d66247b,libdirs_sys_next-f790d60d1bfeda2c,libfs2-57e48565acadd0b3,libsha2-2438ad17ef8575d2,libcpufeatures-6b3fb156db66dda0,libopaque_debug-1826dab867fa4b9d,libdigest-df8a1dd09d084fbf,libblock_buffer-7ffe825542a59b1f,libgeneric_array-8d444efc89562a5b,libtypenum-154e5e71ce33df4e,librand-fbee83024a0074de,librand_chacha-d32f2464996068e7,libppv_lite86-f6c8eb8ee7daaa36,librand_core-87a35e38dfdf1092,libgetrandom-a62f9eded074830a,libscraper-7f4278be0c38ef83,libselectors-e8569d5764f7cee8,libthin_slice-1775a0fbef1ec9d7,libservo_arc-d2d83f62e8ba70f5,libstable_deref_trait-a9f42b1d2f15127d,libnodrop-7d3b001a086f6673,libfxhash-0c08b76f508135fe,libbyteorder-fb36fe721788ce00,libcssparser-a79f2af1a5cd7245,libdtoa_short-d2ae57a95f89d803,libdtoa-f4f9d18f09bff426,libego_tree-e62110f6c1503756,libhtml5ever-ec53a50cf5880f8d,libmarkup5ever-598f1ec632688eff,libstring_cache-3e0357b95f95dc94,libprecomputed_hash-b8aaee179f87ad21,libparking_lot-f68eca358243994b,libparking_lot_core-04c1678b7e8504eb,libsmallvec-9eb30fd84caad208,liblock_api-9ca9572316491b9f,libinstant-08ececf61a3691d3,libphf-6880241616851fb4,libphf_shared-35d52df4d6a6feea,libsiphasher-26b6e9240ba4e4d6,libtendril-ab6fce74aac54125,libutf8-f4341c3c7568480d,libfutf-25108e316f92e637,libdebug_unreachable-4cd349c8896c7ebf,libmac-fd2d43da8dd761a5,libreqwest-ae6393076acbd39c,librustls_pemfile-9659ba64343d1635,libhyper_rustls-e816ccd7ade70012,libwebpki_roots-00f2c89118c9919f,libipnet-0d129d1b7e0d8c2c,libtokio_rustls-e767310cb86c60ca,libserde_urlencoded-a65ac611d39cd290,libmime-df56754a5ea019bb,libencoding_rs-9bfd52188af39e18,libbase64-83ca8be32b9f715d,librustls-7f46d83e4491a5be,libsct-d53d175659ffb611,libwebpki-5243d30a758ec98f,libring-49d65562837d0620,libspin-4089a13ab2a784ba,libuntrusted-a7f0f384c8611dea,libhyper-82a41da3ea00fcd1,libwant-ece99aeb6f55699b,libtry_lock-0ea2511cea348424,libsocket2-f478d056bd57c064,libhttparse-cba1f4d9d134c2fd,libh2-b3c439e9bcef8625,libtower_service-2b78dc045b8f6a1d,libtracing-44a1d5dfde432341,libtracing_core-41d038204a9e8bb2,libfutures_channel-93b12e624b7d9016,libtokio_util-e0296adc44f9face,libfutures_sink-74f880c9fbb3c6f8,libhttp_body-e44ecaa66ae7209d,libhttp-734ddb701219a0fb,libitoa-968a9d3f706bae82,libindexmap-ca36ff8bd2c08666,libhashbrown-d0e2926e70f85be4,libchrono-6176ed871ac8c5c5,libnum_integer-82fc9b3e6ff487fc,libnum_traits-ca88f391a76ec78c,libtime-e59ed326e542969c,libmaplit-f141af93a08d6c7e,libitertools-63b61b3cfc5ec2e4,libignore-50052e6300705ec4,libwalkdir-9ade08204de0e04d,libsame_file-ff49545450c0b63c,libthread_local-2638e70d7cb51582,libglobset-96fe17fed433db5c,libfnv-79e2cbfbe03dcd16,libbstr-6c9306ca06d7400e,libregex_automata-31d378b01f1978af,libhumantime_serde-d9fd5635b7b84e99,libhumantime-9f900d7885b5087e,libcamino-380c9a77f8923459,libnom-7b4de2f8bd596076,liblexical_core-d0fb4a4b367e83dd,libbitflags-dde12b0d7d495b50,libstatic_assertions-f0217ecdd817a834,libarrayvec-73a3ce42020c25f9,libbitvec-0766e7b15adedc4a,libfunty-e1c859bc251159cb,libwyz-59047f08be5cc7f6,libtap-37e510577f660e8b,libradium-cb91ec168373cd84,libtokio-724e43480d36da26,libsignal_hook_registry-d4e5ba0e7b6ea27b,libbytes-3aba2b4fd6e71b66,libmio-40ac1f1b843edcb6,libtermcolor-2977040801d16bf2,libfutures_util-ca52ced7a8ae8283,libfutures_io-3e6e11786083712c,libslab-ab3183b7b9578fcc,libpin_project_lite-b238544462ce70f2,libfutures_task-0adffd24890a300c,libpin_utils-3860774ad9b215b5,libfutures_core-9435b58c7602a65b,libanyhow-980db15aef3a1518,libindicatif-2f30d00c8420dbba,libunicode_segmentation-c4a0b5c98c01c3ff,libconsole-d5d2caf3c9e447ae,libterminal_size-4a7ca6d7c7a2518d,libregex-e62af7f4ecaa7fdd,libaho_corasick-fb0f59cf17a3d51d,libmemchr-5ff8f5b02f92c0ab,libregex_syntax-12b080b3aec45ada,libunicode_width-63532bdea7ef68cc,libonce_cell-72b44db854c93879,librayon-7122fdbab38793b7,librayon_core-ebc86e735ffcbbef,libnum_cpus-f24dd8f659824f52,liblibc-7cc9d2450ccf8437,libcrossbeam_deque-d15e0bc47cc2263d,libcrossbeam_epoch-98f52b0b0530e544,libmemoffset-7766c6b7b0275389,libscopeguard-e318caba69bf687f,libcrossbeam_channel-9ae01deed7c480f3,libcrossbeam_utils-49d88472c2a81ce4,liblazy_static-af860367908b8176,libeither-364920c52f4b4434,libnumber_prefix-8937c328c905216a,libcookie_store-4a3ecb2cdac1581a,libserde_json-2361713f1355864b,libryu-60f963e30936d324,libitoa-af75672c211b96e4,liblog-a798af0b757dd308,libcfg_if-3e7fc4e38d4a72b5,libpublicsuffix-e415ffb2fb43707c,liburl-03dbe993c77fe456,libform_urlencoded-eb178531ae0b4252,libserde-ba3370dc8748ea20,libcookie-8dab7e463aabad38,libtime-ff31d0aa989d8104,libtime_macros-88b1802a741d05b6,libstandback-2504b6ab2a0744dd,libpercent_encoding-3e08c199980e8244,libidna-96d2ce5b2e81306e,libunicode_normalization-c27dbbc3afad7a78,libtinyvec-b20ef274bc5ce3ab,libtinyvec_macros-36ab4f0266eef07c,libunicode_bidi-6929fad116314dee,libmatches-80dbaef09a125478}.rlib" "<sysroot>/lib/rustlib/x86_64-unknown-linux-gnu/lib/{libstd-*,libpanic_unwind-*,libobject-*,libmemchr-*,libaddr2line-*,libgimli-*,libcfg_if-*,librustc_demangle-*,libstd_detect-*,libhashbrown-*,librustc_std_workspace_alloc-*,libminiz_oxide-*,libadler2-*,libunwind-*,liblibc-*,librustc_std_workspace_core-*,liballoc-*,libcore-*,libcompiler_builtins-*}.rlib" "-Wl,-Bdynamic" "-lgcc_s" "-lutil" "-lrt" "-lpthread" "-lm" "-ldl" "-lc" "-L" "/opt/rustwide/target/debug/examples/rustctNFpzk/raw-dylibs" "-B<sysroot>/lib/rustlib/x86_64-unknown-linux-gnu/bin/gcc-ld" "-fuse-ld=lld" "-Wl,--eh-frame-hdr" "-Wl,-z,noexecstack" "-L" "/opt/rustwide/target/debug/build/ring-4478d80edd48ffa3/out" "-L" "<sysroot>/lib/rustlib/x86_64-unknown-linux-gnu/lib" "-o" "/opt/rustwide/target/debug/examples/codeforces_login-00ce7e6e13b84af3" "-Wl,--gc-sections" "-pie" "-Wl,-z,relro,-z,now" "-nodefaultlibs"
[INFO] [stdout]   = note: some arguments are omitted. use `--verbose` to show all linker arguments
[INFO] [stdout]   = note: collect2: fatal error: ld terminated with signal 9 [Killed]
[INFO] [stdout]           compilation terminated.
[INFO] [stdout]           
[INFO] [stdout] 
[INFO] [stdout] 
[INFO] [stdout] error: linking with `cc` failed: exit status: 1
[INFO] [stdout]   |
[INFO] [stdout]   = note:  "cc" "-m64" "/opt/rustwide/target/debug/examples/rustcW0YXrF/symbols.o" "<4 object files omitted>" "-Wl,--as-needed" "-Wl,-Bstatic" "/opt/rustwide/target/debug/deps/{libfwdansi-b02405f00561b62b,libstructopt-0cac4507b2dc6b2c,libclap-d9d44a757fda4cbf,libvec_map-75126d96f8392bf4,libtextwrap-27386a255e86d535,libstrsim-eb3bc2e4997041af,libatty-f40cca75d40e804f,libansi_term-74ae5010905c21da,libsnowchains_core-4d6b75b835db7976,libhex-13e08b3b00984ab7,libserde_yaml-38038b7a63b5c683,libyaml_rust-65c6c6d1b3b28161,liblinked_hash_map-c8825f289c1590f4,libtempfile-05408abe09a21e38,libremove_dir_all-5156da311761ea29,libwhich-f2ca394e542bb02a,libstrum-190155cde771ecca,libprettytable-891306767c79d7fc,libis_terminal-03bdeb8bd7cda878,librustix-8a64fd957b8e5948,liblinux_raw_sys-47a5560eacbdd6ea,libio_lifetimes-b3b8cc249869cb9d,libcsv-326e60eff4193cef,libcsv_core-0d58feac027eeb6e,libencode_unicode-588f67c203900f18,libterm-7d00e9978e19a63c,libdirs_next-0af38bc36d66247b,libdirs_sys_next-f790d60d1bfeda2c,libfs2-57e48565acadd0b3,libcookie_store-4a3ecb2cdac1581a,libpublicsuffix-e415ffb2fb43707c,libcookie-8dab7e463aabad38,libtime-ff31d0aa989d8104,libtime_macros-88b1802a741d05b6,libstandback-2504b6ab2a0744dd,libsha2-2438ad17ef8575d2,libcpufeatures-6b3fb156db66dda0,libopaque_debug-1826dab867fa4b9d,libdigest-df8a1dd09d084fbf,libblock_buffer-7ffe825542a59b1f,libgeneric_array-8d444efc89562a5b,libtypenum-154e5e71ce33df4e,librand-fbee83024a0074de,librand_chacha-d32f2464996068e7,libppv_lite86-f6c8eb8ee7daaa36,librand_core-87a35e38dfdf1092,libgetrandom-a62f9eded074830a,libscraper-7f4278be0c38ef83,libselectors-e8569d5764f7cee8,libthin_slice-1775a0fbef1ec9d7,libservo_arc-d2d83f62e8ba70f5,libstable_deref_trait-a9f42b1d2f15127d,libnodrop-7d3b001a086f6673,libfxhash-0c08b76f508135fe,libbyteorder-fb36fe721788ce00,libcssparser-a79f2af1a5cd7245,libdtoa_short-d2ae57a95f89d803,libdtoa-f4f9d18f09bff426,libego_tree-e62110f6c1503756,libhtml5ever-ec53a50cf5880f8d,libmarkup5ever-598f1ec632688eff,libstring_cache-3e0357b95f95dc94,libprecomputed_hash-b8aaee179f87ad21,libparking_lot-f68eca358243994b,libparking_lot_core-04c1678b7e8504eb,libsmallvec-9eb30fd84caad208,liblock_api-9ca9572316491b9f,libinstant-08ececf61a3691d3,libphf-6880241616851fb4,libphf_shared-35d52df4d6a6feea,libsiphasher-26b6e9240ba4e4d6,libtendril-ab6fce74aac54125,libutf8-f4341c3c7568480d,libfutf-25108e316f92e637,libdebug_unreachable-4cd349c8896c7ebf,libmac-fd2d43da8dd761a5,libreqwest-ae6393076acbd39c,librustls_pemfile-9659ba64343d1635,libhyper_rustls-e816ccd7ade70012,libwebpki_roots-00f2c89118c9919f,libipnet-0d129d1b7e0d8c2c,libtokio_rustls-e767310cb86c60ca,libserde_urlencoded-a65ac611d39cd290,libmime-df56754a5ea019bb,libencoding_rs-9bfd52188af39e18,libserde_json-2361713f1355864b,libitoa-af75672c211b96e4,libbase64-83ca8be32b9f715d,librustls-7f46d83e4491a5be,libsct-d53d175659ffb611,libwebpki-5243d30a758ec98f,libring-49d65562837d0620,libspin-4089a13ab2a784ba,libuntrusted-a7f0f384c8611dea,libhyper-82a41da3ea00fcd1,libwant-ece99aeb6f55699b,libtry_lock-0ea2511cea348424,libsocket2-f478d056bd57c064,libhttparse-cba1f4d9d134c2fd,libh2-b3c439e9bcef8625,libtower_service-2b78dc045b8f6a1d,libtracing-44a1d5dfde432341,libtracing_core-41d038204a9e8bb2,libfutures_channel-93b12e624b7d9016,libtokio_util-e0296adc44f9face,libfutures_sink-74f880c9fbb3c6f8,libhttp_body-e44ecaa66ae7209d,libhttp-734ddb701219a0fb,libitoa-968a9d3f706bae82,libindexmap-ca36ff8bd2c08666,libhashbrown-d0e2926e70f85be4,libchrono-6176ed871ac8c5c5,libnum_integer-82fc9b3e6ff487fc,libnum_traits-ca88f391a76ec78c,libtime-e59ed326e542969c,liburl-03dbe993c77fe456,libidna-96d2ce5b2e81306e,libunicode_normalization-c27dbbc3afad7a78,libtinyvec-b20ef274bc5ce3ab,libtinyvec_macros-36ab4f0266eef07c,libunicode_bidi-6929fad116314dee,libform_urlencoded-eb178531ae0b4252,libpercent_encoding-3e08c199980e8244,libmatches-80dbaef09a125478,libmaplit-f141af93a08d6c7e,libitertools-63b61b3cfc5ec2e4,libignore-50052e6300705ec4,libwalkdir-9ade08204de0e04d,libsame_file-ff49545450c0b63c,libthread_local-2638e70d7cb51582,libglobset-96fe17fed433db5c,libfnv-79e2cbfbe03dcd16,libbstr-6c9306ca06d7400e,libregex_automata-31d378b01f1978af,libhumantime_serde-d9fd5635b7b84e99,libhumantime-9f900d7885b5087e,libcamino-380c9a77f8923459,libserde-ba3370dc8748ea20,libnom-7b4de2f8bd596076,liblexical_core-d0fb4a4b367e83dd,libbitflags-dde12b0d7d495b50,libryu-60f963e30936d324,libstatic_assertions-f0217ecdd817a834,libarrayvec-73a3ce42020c25f9,libbitvec-0766e7b15adedc4a,libfunty-e1c859bc251159cb,libwyz-59047f08be5cc7f6,libtap-37e510577f660e8b,libradium-cb91ec168373cd84,libtokio-724e43480d36da26,libsignal_hook_registry-d4e5ba0e7b6ea27b,libbytes-3aba2b4fd6e71b66,libmio-40ac1f1b843edcb6,liblog-a798af0b757dd308,libtermcolor-2977040801d16bf2,libfutures_util-ca52ced7a8ae8283,libfutures_io-3e6e11786083712c,libslab-ab3183b7b9578fcc,libpin_project_lite-b238544462ce70f2,libfutures_task-0adffd24890a300c,libpin_utils-3860774ad9b215b5,libfutures_core-9435b58c7602a65b,libanyhow-980db15aef3a1518,libindicatif-2f30d00c8420dbba,libunicode_segmentation-c4a0b5c98c01c3ff,libconsole-d5d2caf3c9e447ae,libterminal_size-4a7ca6d7c7a2518d,libregex-e62af7f4ecaa7fdd,libaho_corasick-fb0f59cf17a3d51d,libmemchr-5ff8f5b02f92c0ab,libregex_syntax-12b080b3aec45ada,libunicode_width-63532bdea7ef68cc,libonce_cell-72b44db854c93879,librayon-7122fdbab38793b7,librayon_core-ebc86e735ffcbbef,libnum_cpus-f24dd8f659824f52,liblibc-7cc9d2450ccf8437,libcrossbeam_deque-d15e0bc47cc2263d,libcrossbeam_epoch-98f52b0b0530e544,libmemoffset-7766c6b7b0275389,libscopeguard-e318caba69bf687f,libcrossbeam_channel-9ae01deed7c480f3,libcrossbeam_utils-49d88472c2a81ce4,liblazy_static-af860367908b8176,libcfg_if-3e7fc4e38d4a72b5,libeither-364920c52f4b4434,libnumber_prefix-8937c328c905216a}.rlib" "<sysroot>/lib/rustlib/x86_64-unknown-linux-gnu/lib/{libstd-*,libpanic_unwind-*,libobject-*,libmemchr-*,libaddr2line-*,libgimli-*,libcfg_if-*,librustc_demangle-*,libstd_detect-*,libhashbrown-*,librustc_std_workspace_alloc-*,libminiz_oxide-*,libadler2-*,libunwind-*,liblibc-*,librustc_std_workspace_core-*,liballoc-*,libcore-*,libcompiler_builtins-*}.rlib" "-Wl,-Bdynamic" "-lgcc_s" "-lutil" "-lrt" "-lpthread" "-lm" "-ldl" "-lc" "-L" "/opt/rustwide/target/debug/examples/rustcW0YXrF/raw-dylibs" "-B<sysroot>/lib/rustlib/x86_64-unknown-linux-gnu/bin/gcc-ld" "-fuse-ld=lld" "-Wl,--eh-frame-hdr" "-Wl,-z,noexecstack" "-L" "/opt/rustwide/target/debug/build/ring-4478d80edd48ffa3/out" "-L" "<sysroot>/lib/rustlib/x86_64-unknown-linux-gnu/lib" "-o" "/opt/rustwide/target/debug/examples/yukicoder_retrieve_languages-6a70051751c19ddf" "-Wl,--gc-sections" "-pie" "-Wl,-z,relro,-z,now" "-nodefaultlibs"
[INFO] [stdout]   = note: some arguments are omitted. use `--verbose` to show all linker arguments
[INFO] [stdout]   = note: collect2: fatal error: ld terminated with signal 9 [Killed]
[INFO] [stdout]           compilation terminated.
[INFO] [stdout]           
[INFO] [stdout] 
[INFO] [stdout] 
[INFO] [stderr] error: could not compile `snowchains_core` (example "codeforces-login") due to 1 previous error
[INFO] [stderr] error: could not compile `snowchains_core` (example "yukicoder-retrieve-languages") due to 1 previous error; 1 warning emitted
[INFO] [stdout] error: linking with `cc` failed: exit status: 1
[INFO] [stdout]   |
[INFO] [stdout]   = note:  "cc" "-m64" "/opt/rustwide/target/debug/examples/rustcAcjCj6/symbols.o" "<6 object files omitted>" "-Wl,--as-needed" "-Wl,-Bstatic" "/opt/rustwide/target/debug/deps/{libfwdansi-b02405f00561b62b,librpassword-fb1e85e748b0713d,librprompt-72c20d29ce5ee62e,libstructopt-0cac4507b2dc6b2c,libclap-d9d44a757fda4cbf,libvec_map-75126d96f8392bf4,libtextwrap-27386a255e86d535,libstrsim-eb3bc2e4997041af,libatty-f40cca75d40e804f,libansi_term-74ae5010905c21da,libsnowchains_core-4d6b75b835db7976,libhex-13e08b3b00984ab7,libserde_yaml-38038b7a63b5c683,libyaml_rust-65c6c6d1b3b28161,liblinked_hash_map-c8825f289c1590f4,libtempfile-05408abe09a21e38,libremove_dir_all-5156da311761ea29,libwhich-f2ca394e542bb02a,libstrum-190155cde771ecca,libprettytable-891306767c79d7fc,libis_terminal-03bdeb8bd7cda878,librustix-8a64fd957b8e5948,liblinux_raw_sys-47a5560eacbdd6ea,libio_lifetimes-b3b8cc249869cb9d,libcsv-326e60eff4193cef,libcsv_core-0d58feac027eeb6e,libencode_unicode-588f67c203900f18,libterm-7d00e9978e19a63c,libdirs_next-0af38bc36d66247b,libdirs_sys_next-f790d60d1bfeda2c,libfs2-57e48565acadd0b3,libsha2-2438ad17ef8575d2,libcpufeatures-6b3fb156db66dda0,libopaque_debug-1826dab867fa4b9d,libdigest-df8a1dd09d084fbf,libblock_buffer-7ffe825542a59b1f,libgeneric_array-8d444efc89562a5b,libtypenum-154e5e71ce33df4e,librand-fbee83024a0074de,librand_chacha-d32f2464996068e7,libppv_lite86-f6c8eb8ee7daaa36,librand_core-87a35e38dfdf1092,libgetrandom-a62f9eded074830a,libscraper-7f4278be0c38ef83,libselectors-e8569d5764f7cee8,libthin_slice-1775a0fbef1ec9d7,libservo_arc-d2d83f62e8ba70f5,libstable_deref_trait-a9f42b1d2f15127d,libnodrop-7d3b001a086f6673,libfxhash-0c08b76f508135fe,libbyteorder-fb36fe721788ce00,libcssparser-a79f2af1a5cd7245,libdtoa_short-d2ae57a95f89d803,libdtoa-f4f9d18f09bff426,libego_tree-e62110f6c1503756,libhtml5ever-ec53a50cf5880f8d,libmarkup5ever-598f1ec632688eff,libstring_cache-3e0357b95f95dc94,libprecomputed_hash-b8aaee179f87ad21,libparking_lot-f68eca358243994b,libparking_lot_core-04c1678b7e8504eb,libsmallvec-9eb30fd84caad208,liblock_api-9ca9572316491b9f,libinstant-08ececf61a3691d3,libphf-6880241616851fb4,libphf_shared-35d52df4d6a6feea,libsiphasher-26b6e9240ba4e4d6,libtendril-ab6fce74aac54125,libutf8-f4341c3c7568480d,libfutf-25108e316f92e637,libdebug_unreachable-4cd349c8896c7ebf,libmac-fd2d43da8dd761a5,libreqwest-ae6393076acbd39c,librustls_pemfile-9659ba64343d1635,libhyper_rustls-e816ccd7ade70012,libwebpki_roots-00f2c89118c9919f,libipnet-0d129d1b7e0d8c2c,libtokio_rustls-e767310cb86c60ca,libserde_urlencoded-a65ac611d39cd290,libmime-df56754a5ea019bb,libencoding_rs-9bfd52188af39e18,libbase64-83ca8be32b9f715d,librustls-7f46d83e4491a5be,libsct-d53d175659ffb611,libwebpki-5243d30a758ec98f,libring-49d65562837d0620,libspin-4089a13ab2a784ba,libuntrusted-a7f0f384c8611dea,libhyper-82a41da3ea00fcd1,libwant-ece99aeb6f55699b,libtry_lock-0ea2511cea348424,libsocket2-f478d056bd57c064,libhttparse-cba1f4d9d134c2fd,libh2-b3c439e9bcef8625,libtower_service-2b78dc045b8f6a1d,libtracing-44a1d5dfde432341,libtracing_core-41d038204a9e8bb2,libfutures_channel-93b12e624b7d9016,libtokio_util-e0296adc44f9face,libfutures_sink-74f880c9fbb3c6f8,libhttp_body-e44ecaa66ae7209d,libhttp-734ddb701219a0fb,libitoa-968a9d3f706bae82,libindexmap-ca36ff8bd2c08666,libhashbrown-d0e2926e70f85be4,libchrono-6176ed871ac8c5c5,libnum_integer-82fc9b3e6ff487fc,libnum_traits-ca88f391a76ec78c,libtime-e59ed326e542969c,libmaplit-f141af93a08d6c7e,libitertools-63b61b3cfc5ec2e4,libignore-50052e6300705ec4,libwalkdir-9ade08204de0e04d,libsame_file-ff49545450c0b63c,libthread_local-2638e70d7cb51582,libglobset-96fe17fed433db5c,libfnv-79e2cbfbe03dcd16,libbstr-6c9306ca06d7400e,libregex_automata-31d378b01f1978af,libhumantime_serde-d9fd5635b7b84e99,libhumantime-9f900d7885b5087e,libcamino-380c9a77f8923459,libnom-7b4de2f8bd596076,liblexical_core-d0fb4a4b367e83dd,libbitflags-dde12b0d7d495b50,libstatic_assertions-f0217ecdd817a834,libarrayvec-73a3ce42020c25f9,libbitvec-0766e7b15adedc4a,libfunty-e1c859bc251159cb,libwyz-59047f08be5cc7f6,libtap-37e510577f660e8b,libradium-cb91ec168373cd84,libtokio-724e43480d36da26,libsignal_hook_registry-d4e5ba0e7b6ea27b,libbytes-3aba2b4fd6e71b66,libmio-40ac1f1b843edcb6,libtermcolor-2977040801d16bf2,libfutures_util-ca52ced7a8ae8283,libfutures_io-3e6e11786083712c,libslab-ab3183b7b9578fcc,libpin_project_lite-b238544462ce70f2,libfutures_task-0adffd24890a300c,libpin_utils-3860774ad9b215b5,libfutures_core-9435b58c7602a65b,libanyhow-980db15aef3a1518,libindicatif-2f30d00c8420dbba,libunicode_segmentation-c4a0b5c98c01c3ff,libconsole-d5d2caf3c9e447ae,libterminal_size-4a7ca6d7c7a2518d,libregex-e62af7f4ecaa7fdd,libaho_corasick-fb0f59cf17a3d51d,libmemchr-5ff8f5b02f92c0ab,libregex_syntax-12b080b3aec45ada,libunicode_width-63532bdea7ef68cc,libonce_cell-72b44db854c93879,librayon-7122fdbab38793b7,librayon_core-ebc86e735ffcbbef,libnum_cpus-f24dd8f659824f52,liblibc-7cc9d2450ccf8437,libcrossbeam_deque-d15e0bc47cc2263d,libcrossbeam_epoch-98f52b0b0530e544,libmemoffset-7766c6b7b0275389,libscopeguard-e318caba69bf687f,libcrossbeam_channel-9ae01deed7c480f3,libcrossbeam_utils-49d88472c2a81ce4,liblazy_static-af860367908b8176,libeither-364920c52f4b4434,libnumber_prefix-8937c328c905216a,libcookie_store-4a3ecb2cdac1581a,libserde_json-2361713f1355864b,libryu-60f963e30936d324,libitoa-af75672c211b96e4,liblog-a798af0b757dd308,libcfg_if-3e7fc4e38d4a72b5,libpublicsuffix-e415ffb2fb43707c,liburl-03dbe993c77fe456,libform_urlencoded-eb178531ae0b4252,libserde-ba3370dc8748ea20,libcookie-8dab7e463aabad38,libtime-ff31d0aa989d8104,libtime_macros-88b1802a741d05b6,libstandback-2504b6ab2a0744dd,libpercent_encoding-3e08c199980e8244,libidna-96d2ce5b2e81306e,libunicode_normalization-c27dbbc3afad7a78,libtinyvec-b20ef274bc5ce3ab,libtinyvec_macros-36ab4f0266eef07c,libunicode_bidi-6929fad116314dee,libmatches-80dbaef09a125478}.rlib" "<sysroot>/lib/rustlib/x86_64-unknown-linux-gnu/lib/{libstd-*,libpanic_unwind-*,libobject-*,libmemchr-*,libaddr2line-*,libgimli-*,libcfg_if-*,librustc_demangle-*,libstd_detect-*,libhashbrown-*,librustc_std_workspace_alloc-*,libminiz_oxide-*,libadler2-*,libunwind-*,liblibc-*,librustc_std_workspace_core-*,liballoc-*,libcore-*,libcompiler_builtins-*}.rlib" "-Wl,-Bdynamic" "-lgcc_s" "-lutil" "-lrt" "-lpthread" "-lm" "-ldl" "-lc" "-L" "/opt/rustwide/target/debug/examples/rustcAcjCj6/raw-dylibs" "-B<sysroot>/lib/rustlib/x86_64-unknown-linux-gnu/bin/gcc-ld" "-fuse-ld=lld" "-Wl,--eh-frame-hdr" "-Wl,-z,noexecstack" "-L" "/opt/rustwide/target/debug/build/ring-4478d80edd48ffa3/out" "-L" "<sysroot>/lib/rustlib/x86_64-unknown-linux-gnu/lib" "-o" "/opt/rustwide/target/debug/examples/codeforces_participate-f6d8561abc144bda" "-Wl,--gc-sections" "-pie" "-Wl,-z,relro,-z,now" "-nodefaultlibs"
[INFO] [stdout]   = note: some arguments are omitted. use `--verbose` to show all linker arguments
[INFO] [stdout]   = note: collect2: fatal error: ld terminated with signal 9 [Killed]
[INFO] [stdout]           compilation terminated.
[INFO] [stdout]           
[INFO] [stdout] 
[INFO] [stdout] 
[INFO] [stderr] error: could not compile `snowchains_core` (example "codeforces-participate") due to 1 previous error
[INFO] [stdout] error: linking with `cc` failed: exit status: 1
[INFO] [stdout]   |
[INFO] [stdout]   = note:  "cc" "-m64" "/opt/rustwide/target/debug/examples/rustcntuqmo/symbols.o" "<4 object files omitted>" "-Wl,--as-needed" "-Wl,-Bstatic" "/opt/rustwide/target/debug/deps/{libfwdansi-b02405f00561b62b,librpassword-fb1e85e748b0713d,librprompt-72c20d29ce5ee62e,libstructopt-0cac4507b2dc6b2c,libclap-d9d44a757fda4cbf,libvec_map-75126d96f8392bf4,libtextwrap-27386a255e86d535,libstrsim-eb3bc2e4997041af,libatty-f40cca75d40e804f,libansi_term-74ae5010905c21da,libsnowchains_core-4d6b75b835db7976,libhex-13e08b3b00984ab7,libserde_yaml-38038b7a63b5c683,libyaml_rust-65c6c6d1b3b28161,liblinked_hash_map-c8825f289c1590f4,libtempfile-05408abe09a21e38,libremove_dir_all-5156da311761ea29,libwhich-f2ca394e542bb02a,libstrum-190155cde771ecca,libprettytable-891306767c79d7fc,libis_terminal-03bdeb8bd7cda878,librustix-8a64fd957b8e5948,liblinux_raw_sys-47a5560eacbdd6ea,libio_lifetimes-b3b8cc249869cb9d,libcsv-326e60eff4193cef,libcsv_core-0d58feac027eeb6e,libencode_unicode-588f67c203900f18,libterm-7d00e9978e19a63c,libdirs_next-0af38bc36d66247b,libdirs_sys_next-f790d60d1bfeda2c,libfs2-57e48565acadd0b3,libsha2-2438ad17ef8575d2,libcpufeatures-6b3fb156db66dda0,libopaque_debug-1826dab867fa4b9d,libdigest-df8a1dd09d084fbf,libblock_buffer-7ffe825542a59b1f,libgeneric_array-8d444efc89562a5b,libtypenum-154e5e71ce33df4e,librand-fbee83024a0074de,librand_chacha-d32f2464996068e7,libppv_lite86-f6c8eb8ee7daaa36,librand_core-87a35e38dfdf1092,libgetrandom-a62f9eded074830a,libscraper-7f4278be0c38ef83,libselectors-e8569d5764f7cee8,libthin_slice-1775a0fbef1ec9d7,libservo_arc-d2d83f62e8ba70f5,libstable_deref_trait-a9f42b1d2f15127d,libnodrop-7d3b001a086f6673,libfxhash-0c08b76f508135fe,libbyteorder-fb36fe721788ce00,libcssparser-a79f2af1a5cd7245,libdtoa_short-d2ae57a95f89d803,libdtoa-f4f9d18f09bff426,libego_tree-e62110f6c1503756,libhtml5ever-ec53a50cf5880f8d,libmarkup5ever-598f1ec632688eff,libstring_cache-3e0357b95f95dc94,libprecomputed_hash-b8aaee179f87ad21,libparking_lot-f68eca358243994b,libparking_lot_core-04c1678b7e8504eb,libsmallvec-9eb30fd84caad208,liblock_api-9ca9572316491b9f,libinstant-08ececf61a3691d3,libphf-6880241616851fb4,libphf_shared-35d52df4d6a6feea,libsiphasher-26b6e9240ba4e4d6,libtendril-ab6fce74aac54125,libutf8-f4341c3c7568480d,libfutf-25108e316f92e637,libdebug_unreachable-4cd349c8896c7ebf,libmac-fd2d43da8dd761a5,libreqwest-ae6393076acbd39c,librustls_pemfile-9659ba64343d1635,libhyper_rustls-e816ccd7ade70012,libwebpki_roots-00f2c89118c9919f,libipnet-0d129d1b7e0d8c2c,libtokio_rustls-e767310cb86c60ca,libserde_urlencoded-a65ac611d39cd290,libmime-df56754a5ea019bb,libencoding_rs-9bfd52188af39e18,libbase64-83ca8be32b9f715d,librustls-7f46d83e4491a5be,libsct-d53d175659ffb611,libwebpki-5243d30a758ec98f,libring-49d65562837d0620,libspin-4089a13ab2a784ba,libuntrusted-a7f0f384c8611dea,libhyper-82a41da3ea00fcd1,libwant-ece99aeb6f55699b,libtry_lock-0ea2511cea348424,libsocket2-f478d056bd57c064,libhttparse-cba1f4d9d134c2fd,libh2-b3c439e9bcef8625,libtower_service-2b78dc045b8f6a1d,libtracing-44a1d5dfde432341,libtracing_core-41d038204a9e8bb2,libfutures_channel-93b12e624b7d9016,libtokio_util-e0296adc44f9face,libfutures_sink-74f880c9fbb3c6f8,libhttp_body-e44ecaa66ae7209d,libhttp-734ddb701219a0fb,libitoa-968a9d3f706bae82,libindexmap-ca36ff8bd2c08666,libhashbrown-d0e2926e70f85be4,libchrono-6176ed871ac8c5c5,libnum_integer-82fc9b3e6ff487fc,libnum_traits-ca88f391a76ec78c,libtime-e59ed326e542969c,libmaplit-f141af93a08d6c7e,libitertools-63b61b3cfc5ec2e4,libignore-50052e6300705ec4,libwalkdir-9ade08204de0e04d,libsame_file-ff49545450c0b63c,libthread_local-2638e70d7cb51582,libglobset-96fe17fed433db5c,libfnv-79e2cbfbe03dcd16,libbstr-6c9306ca06d7400e,libregex_automata-31d378b01f1978af,libhumantime_serde-d9fd5635b7b84e99,libhumantime-9f900d7885b5087e,libcamino-380c9a77f8923459,libnom-7b4de2f8bd596076,liblexical_core-d0fb4a4b367e83dd,libbitflags-dde12b0d7d495b50,libstatic_assertions-f0217ecdd817a834,libarrayvec-73a3ce42020c25f9,libbitvec-0766e7b15adedc4a,libfunty-e1c859bc251159cb,libwyz-59047f08be5cc7f6,libtap-37e510577f660e8b,libradium-cb91ec168373cd84,libtokio-724e43480d36da26,libsignal_hook_registry-d4e5ba0e7b6ea27b,libbytes-3aba2b4fd6e71b66,libmio-40ac1f1b843edcb6,libtermcolor-2977040801d16bf2,libfutures_util-ca52ced7a8ae8283,libfutures_io-3e6e11786083712c,libslab-ab3183b7b9578fcc,libpin_project_lite-b238544462ce70f2,libfutures_task-0adffd24890a300c,libpin_utils-3860774ad9b215b5,libfutures_core-9435b58c7602a65b,libanyhow-980db15aef3a1518,libindicatif-2f30d00c8420dbba,libunicode_segmentation-c4a0b5c98c01c3ff,libconsole-d5d2caf3c9e447ae,libterminal_size-4a7ca6d7c7a2518d,libregex-e62af7f4ecaa7fdd,libaho_corasick-fb0f59cf17a3d51d,libmemchr-5ff8f5b02f92c0ab,libregex_syntax-12b080b3aec45ada,libunicode_width-63532bdea7ef68cc,libonce_cell-72b44db854c93879,librayon-7122fdbab38793b7,librayon_core-ebc86e735ffcbbef,libnum_cpus-f24dd8f659824f52,liblibc-7cc9d2450ccf8437,libcrossbeam_deque-d15e0bc47cc2263d,libcrossbeam_epoch-98f52b0b0530e544,libmemoffset-7766c6b7b0275389,libscopeguard-e318caba69bf687f,libcrossbeam_channel-9ae01deed7c480f3,libcrossbeam_utils-49d88472c2a81ce4,liblazy_static-af860367908b8176,libeither-364920c52f4b4434,libnumber_prefix-8937c328c905216a,libcookie_store-4a3ecb2cdac1581a,libserde_json-2361713f1355864b,libryu-60f963e30936d324,libitoa-af75672c211b96e4,liblog-a798af0b757dd308,libcfg_if-3e7fc4e38d4a72b5,libpublicsuffix-e415ffb2fb43707c,liburl-03dbe993c77fe456,libform_urlencoded-eb178531ae0b4252,libserde-ba3370dc8748ea20,libcookie-8dab7e463aabad38,libtime-ff31d0aa989d8104,libtime_macros-88b1802a741d05b6,libstandback-2504b6ab2a0744dd,libpercent_encoding-3e08c199980e8244,libidna-96d2ce5b2e81306e,libunicode_normalization-c27dbbc3afad7a78,libtinyvec-b20ef274bc5ce3ab,libtinyvec_macros-36ab4f0266eef07c,libunicode_bidi-6929fad116314dee,libmatches-80dbaef09a125478}.rlib" "<sysroot>/lib/rustlib/x86_64-unknown-linux-gnu/lib/{libstd-*,libpanic_unwind-*,libobject-*,libmemchr-*,libaddr2line-*,libgimli-*,libcfg_if-*,librustc_demangle-*,libstd_detect-*,libhashbrown-*,librustc_std_workspace_alloc-*,libminiz_oxide-*,libadler2-*,libunwind-*,liblibc-*,librustc_std_workspace_core-*,liballoc-*,libcore-*,libcompiler_builtins-*}.rlib" "-Wl,-Bdynamic" "-lgcc_s" "-lutil" "-lrt" "-lpthread" "-lm" "-ldl" "-lc" "-L" "/opt/rustwide/target/debug/examples/rustcntuqmo/raw-dylibs" "-B<sysroot>/lib/rustlib/x86_64-unknown-linux-gnu/bin/gcc-ld" "-fuse-ld=lld" "-Wl,--eh-frame-hdr" "-Wl,-z,noexecstack" "-L" "/opt/rustwide/target/debug/build/ring-4478d80edd48ffa3/out" "-L" "<sysroot>/lib/rustlib/x86_64-unknown-linux-gnu/lib" "-o" "/opt/rustwide/target/debug/examples/atcoder_login-68e678e380911129" "-Wl,--gc-sections" "-pie" "-Wl,-z,relro,-z,now" "-nodefaultlibs"
[INFO] [stdout]   = note: some arguments are omitted. use `--verbose` to show all linker arguments
[INFO] [stdout]   = note: collect2: fatal error: ld terminated with signal 9 [Killed]
[INFO] [stdout]           compilation terminated.
[INFO] [stdout]           
[INFO] [stdout] 
[INFO] [stdout] 
[INFO] [stderr] error: could not compile `snowchains_core` (example "atcoder-login") due to 1 previous error
[INFO] [stdout] error: linking with `cc` failed: exit status: 1
[INFO] [stdout]   |
[INFO] [stdout]   = note:  "cc" "-m64" "/opt/rustwide/target/debug/deps/rustc6lqAzh/symbols.o" "<10 object files omitted>" "-Wl,--as-needed" "-Wl,-Bstatic" "<sysroot>/lib/rustlib/x86_64-unknown-linux-gnu/lib/{libtest-*,libgetopts-*,librustc_std_workspace_std-*}.rlib" "/opt/rustwide/target/debug/deps/{libsnowchains_core-4d6b75b835db7976,libhex-13e08b3b00984ab7,libtempfile-05408abe09a21e38,libremove_dir_all-5156da311761ea29,libwhich-f2ca394e542bb02a,libstrum-190155cde771ecca,libprettytable-891306767c79d7fc,libis_terminal-03bdeb8bd7cda878,librustix-8a64fd957b8e5948,liblinux_raw_sys-47a5560eacbdd6ea,libio_lifetimes-b3b8cc249869cb9d,libcsv-326e60eff4193cef,libcsv_core-0d58feac027eeb6e,libencode_unicode-588f67c203900f18,libterm-7d00e9978e19a63c,libdirs_next-0af38bc36d66247b,libdirs_sys_next-f790d60d1bfeda2c,libfs2-57e48565acadd0b3,libcookie_store-4a3ecb2cdac1581a,libpublicsuffix-e415ffb2fb43707c,libcookie-8dab7e463aabad38,libtime-ff31d0aa989d8104,libtime_macros-88b1802a741d05b6,libstandback-2504b6ab2a0744dd,libsha2-2438ad17ef8575d2,libcpufeatures-6b3fb156db66dda0,libopaque_debug-1826dab867fa4b9d,libdigest-df8a1dd09d084fbf,libblock_buffer-7ffe825542a59b1f,libgeneric_array-8d444efc89562a5b,libtypenum-154e5e71ce33df4e,librand-fbee83024a0074de,librand_chacha-d32f2464996068e7,libppv_lite86-f6c8eb8ee7daaa36,librand_core-87a35e38dfdf1092,libgetrandom-a62f9eded074830a,libscraper-7f4278be0c38ef83,libselectors-e8569d5764f7cee8,libthin_slice-1775a0fbef1ec9d7,libservo_arc-d2d83f62e8ba70f5,libstable_deref_trait-a9f42b1d2f15127d,libnodrop-7d3b001a086f6673,libfxhash-0c08b76f508135fe,libbyteorder-fb36fe721788ce00,libcssparser-a79f2af1a5cd7245,libdtoa_short-d2ae57a95f89d803,libdtoa-f4f9d18f09bff426,libego_tree-e62110f6c1503756,libhtml5ever-ec53a50cf5880f8d,libmarkup5ever-598f1ec632688eff,libstring_cache-3e0357b95f95dc94,libprecomputed_hash-b8aaee179f87ad21,libparking_lot-f68eca358243994b,libparking_lot_core-04c1678b7e8504eb,libsmallvec-9eb30fd84caad208,liblock_api-9ca9572316491b9f,libinstant-08ececf61a3691d3,libphf-6880241616851fb4,libphf_shared-35d52df4d6a6feea,libsiphasher-26b6e9240ba4e4d6,libtendril-ab6fce74aac54125,libutf8-f4341c3c7568480d,libfutf-25108e316f92e637,libdebug_unreachable-4cd349c8896c7ebf,libmac-fd2d43da8dd761a5,libchrono-6176ed871ac8c5c5,libnum_integer-82fc9b3e6ff487fc,libnum_traits-ca88f391a76ec78c,libtime-e59ed326e542969c,libitertools-63b61b3cfc5ec2e4,libignore-50052e6300705ec4,libwalkdir-9ade08204de0e04d,libsame_file-ff49545450c0b63c,libthread_local-2638e70d7cb51582,libglobset-96fe17fed433db5c,libbstr-6c9306ca06d7400e,libregex_automata-31d378b01f1978af,libhumantime_serde-d9fd5635b7b84e99,libhumantime-9f900d7885b5087e,libcamino-380c9a77f8923459,libnom-7b4de2f8bd596076,liblexical_core-d0fb4a4b367e83dd,libbitflags-dde12b0d7d495b50,libstatic_assertions-f0217ecdd817a834,libarrayvec-73a3ce42020c25f9,libbitvec-0766e7b15adedc4a,libfunty-e1c859bc251159cb,libwyz-59047f08be5cc7f6,libtap-37e510577f660e8b,libradium-cb91ec168373cd84,libtermcolor-2977040801d16bf2,libindicatif-2f30d00c8420dbba,libunicode_segmentation-c4a0b5c98c01c3ff,libconsole-d5d2caf3c9e447ae,libregex-e62af7f4ecaa7fdd,libaho_corasick-fb0f59cf17a3d51d,libregex_syntax-12b080b3aec45ada,libunicode_width-63532bdea7ef68cc,librayon-7122fdbab38793b7,librayon_core-ebc86e735ffcbbef,libcrossbeam_deque-d15e0bc47cc2263d,libcrossbeam_epoch-98f52b0b0530e544,libmemoffset-7766c6b7b0275389,libscopeguard-e318caba69bf687f,libcrossbeam_channel-9ae01deed7c480f3,libcrossbeam_utils-49d88472c2a81ce4,libeither-364920c52f4b4434,libnumber_prefix-8937c328c905216a,libanyhow-980db15aef3a1518,libreqwest-ae6393076acbd39c,librustls_pemfile-9659ba64343d1635,libhyper_rustls-e816ccd7ade70012,libwebpki_roots-00f2c89118c9919f,libipnet-0d129d1b7e0d8c2c,libtokio_rustls-e767310cb86c60ca,libserde_urlencoded-a65ac611d39cd290,libmime-df56754a5ea019bb,libencoding_rs-9bfd52188af39e18,libbase64-83ca8be32b9f715d,librustls-7f46d83e4491a5be,libsct-d53d175659ffb611,libwebpki-5243d30a758ec98f,libring-49d65562837d0620,libspin-4089a13ab2a784ba,libuntrusted-a7f0f384c8611dea,libhyper-82a41da3ea00fcd1,libwant-ece99aeb6f55699b,libtry_lock-0ea2511cea348424,libsocket2-f478d056bd57c064,libhttparse-cba1f4d9d134c2fd,libh2-b3c439e9bcef8625,libtower_service-2b78dc045b8f6a1d,libtracing-44a1d5dfde432341,libtracing_core-41d038204a9e8bb2,libfutures_channel-93b12e624b7d9016,libtokio_util-e0296adc44f9face,libfutures_sink-74f880c9fbb3c6f8,libtokio-724e43480d36da26,libsignal_hook_registry-d4e5ba0e7b6ea27b,libnum_cpus-f24dd8f659824f52,libonce_cell-72b44db854c93879,libmio-40ac1f1b843edcb6,libhttp_body-e44ecaa66ae7209d,liblog-a798af0b757dd308,libcfg_if-3e7fc4e38d4a72b5,libfutures_util-ca52ced7a8ae8283,libmemchr-5ff8f5b02f92c0ab,libfutures_io-3e6e11786083712c,libslab-ab3183b7b9578fcc,libpin_project_lite-b238544462ce70f2,libfutures_task-0adffd24890a300c,libpin_utils-3860774ad9b215b5,libfutures_core-9435b58c7602a65b,liburl-03dbe993c77fe456,libidna-96d2ce5b2e81306e,libunicode_normalization-c27dbbc3afad7a78,libtinyvec-b20ef274bc5ce3ab,libtinyvec_macros-36ab4f0266eef07c,libunicode_bidi-6929fad116314dee,libform_urlencoded-eb178531ae0b4252,libpercent_encoding-3e08c199980e8244,libmatches-80dbaef09a125478,libhttp-734ddb701219a0fb,libitoa-968a9d3f706bae82,libbytes-3aba2b4fd6e71b66,libfnv-79e2cbfbe03dcd16,libmaplit-f141af93a08d6c7e,libinsta-249ec0c0285252dc,libserde_yaml-38038b7a63b5c683,libindexmap-ca36ff8bd2c08666,libhashbrown-d0e2926e70f85be4,libyaml_rust-65c6c6d1b3b28161,liblinked_hash_map-c8825f289c1590f4,libserde_json-2361713f1355864b,libryu-60f963e30936d324,libitoa-af75672c211b96e4,libconsole-1ca999877a846561,libterminal_size-4a7ca6d7c7a2518d,liblibc-7cc9d2450ccf8437,libsimilar-ccf5d68730553538,liblazy_static-af860367908b8176,libserde-ba3370dc8748ea20}.rlib" "<sysroot>/lib/rustlib/x86_64-unknown-linux-gnu/lib/{libstd-*,libpanic_unwind-*,libobject-*,libmemchr-*,libaddr2line-*,libgimli-*,libcfg_if-*,librustc_demangle-*,libstd_detect-*,libhashbrown-*,librustc_std_workspace_alloc-*,libminiz_oxide-*,libadler2-*,libunwind-*,liblibc-*,librustc_std_workspace_core-*,liballoc-*,libcore-*,libcompiler_builtins-*}.rlib" "-Wl,-Bdynamic" "-lgcc_s" "-lutil" "-lrt" "-lpthread" "-lm" "-ldl" "-lc" "-L" "/opt/rustwide/target/debug/deps/rustc6lqAzh/raw-dylibs" "-B<sysroot>/lib/rustlib/x86_64-unknown-linux-gnu/bin/gcc-ld" "-fuse-ld=lld" "-Wl,--eh-frame-hdr" "-Wl,-z,noexecstack" "-L" "/opt/rustwide/target/debug/build/ring-4478d80edd48ffa3/out" "-L" "<sysroot>/lib/rustlib/x86_64-unknown-linux-gnu/lib" "-o" "/opt/rustwide/target/debug/deps/yukicoder_retrieve_test_cases-979bc0f6971d6fc4" "-Wl,--gc-sections" "-pie" "-Wl,-z,relro,-z,now" "-nodefaultlibs"
[INFO] [stdout]   = note: some arguments are omitted. use `--verbose` to show all linker arguments
[INFO] [stdout]   = note: collect2: fatal error: ld terminated with signal 9 [Killed]
[INFO] [stdout]           compilation terminated.
[INFO] [stdout]           
[INFO] [stdout] 
[INFO] [stdout] 
[INFO] [stderr] error: could not compile `snowchains_core` (test "yukicoder-retrieve-test-cases") due to 1 previous error; 4 warnings emitted
[INFO] running `Command { std: "docker" "inspect" "542a81f9e0370c761f3229632a87f6cfaf81a0be3260c2084127394c71566c91", kill_on_drop: false }`
[INFO] running `Command { std: "docker" "rm" "-f" "542a81f9e0370c761f3229632a87f6cfaf81a0be3260c2084127394c71566c91", kill_on_drop: false }`
[INFO] [stdout] 542a81f9e0370c761f3229632a87f6cfaf81a0be3260c2084127394c71566c91
