[INFO] fetching crate snark_wrapper 0.32.11...
[INFO] testing snark_wrapper-0.32.11 against 1.100.0-beta.1 for beta-1.100-2
[INFO] extracting crate snark_wrapper 0.32.11 into /workspace/builds/worker-3-tc2/source
[INFO] started tweaking crates.io crate snark_wrapper 0.32.11
[INFO] finished tweaking crates.io crate snark_wrapper 0.32.11
[INFO] tweaked toml for crates.io crate snark_wrapper 0.32.11 written to /workspace/builds/worker-3-tc2/source/Cargo.toml
[INFO] validating manifest of crates.io crate snark_wrapper 0.32.11 on toolchain 1.100.0-beta.1
[INFO] running `Command { std: CARGO_HOME="/workspace/cargo-home" RUSTUP_HOME="/workspace/rustup-home" "/workspace/cargo-home/bin/cargo" "+1.100.0-beta.1" "metadata" "--manifest-path" "Cargo.toml" "--no-deps", kill_on_drop: false }`
[INFO] crate crates.io crate snark_wrapper 0.32.11 already has a lockfile, it will not be regenerated
[INFO] running `Command { std: CARGO_HOME="/workspace/cargo-home" RUSTUP_HOME="/workspace/rustup-home" "/workspace/cargo-home/bin/cargo" "+1.100.0-beta.1" "fetch" "--manifest-path" "Cargo.toml", kill_on_drop: false }`
[INFO] running `Command { std: "docker" "create" "-v" "/var/lib/crater-agent-workspace/builds/worker-3-tc2/source:/opt/rustwide/workdir:ro,Z" "-v" "/var/lib/crater-agent-workspace/builds/worker-3-tc2/target:/opt/rustwide/target:rw,Z" "-v" "/var/lib/crater-agent-workspace/cargo-home:/opt/rustwide/cargo-home:ro,Z" "-v" "/var/lib/crater-agent-workspace/rustup-home:/opt/rustwide/rustup-home:ro,Z" "-m" "1610612736" "--network" "none" "ghcr.io/rust-lang/crates-build-env/linux@sha256:3111399a4047eeb3a02b7a90e478d715f38a8c6669b5c4b49d30a17385265909" "sleep" "infinity", kill_on_drop: false }`
[INFO] [stdout] af7eecf738aac85fc98c195c1d8c4db29b2035b5a15564b5e0c2518fc1cd8d75
[INFO] running `Command { std: "docker" "start" "af7eecf738aac85fc98c195c1d8c4db29b2035b5a15564b5e0c2518fc1cd8d75", kill_on_drop: false }`
[INFO] running `Command { std: "docker" "inspect" "af7eecf738aac85fc98c195c1d8c4db29b2035b5a15564b5e0c2518fc1cd8d75", kill_on_drop: false }`
[INFO] running `Command { std: "docker" "exec" "-e" "SOURCE_DIR=/opt/rustwide/workdir" "-e" "CARGO_HOME=/opt/rustwide/cargo-home" "-e" "RUSTUP_HOME=/opt/rustwide/rustup-home" "-e" "CARGO_TARGET_DIR=/opt/rustwide/target" "-w" "/opt/rustwide/workdir" "--user" "0:0" "af7eecf738aac85fc98c195c1d8c4db29b2035b5a15564b5e0c2518fc1cd8d75" "/opt/rustwide/cargo-home/bin/cargo" "+1.100.0-beta.1" "metadata" "--no-deps" "--format-version=1", kill_on_drop: false }`
[INFO] running `Command { std: "docker" "inspect" "af7eecf738aac85fc98c195c1d8c4db29b2035b5a15564b5e0c2518fc1cd8d75", kill_on_drop: false }`
[INFO] running `Command { std: "docker" "exec" "-e" "SOURCE_DIR=/opt/rustwide/workdir" "-e" "CARGO_HOME=/opt/rustwide/cargo-home" "-e" "RUSTUP_HOME=/opt/rustwide/rustup-home" "-e" "CARGO_TARGET_DIR=/opt/rustwide/target" "-e" "CARGO_INCREMENTAL=0" "-e" "RUST_BACKTRACE=full" "-e" "RUSTFLAGS=--cap-lints=warn" "-e" "RUSTDOCFLAGS=--cap-lints=warn" "-w" "/opt/rustwide/workdir" "--user" "0:0" "af7eecf738aac85fc98c195c1d8c4db29b2035b5a15564b5e0c2518fc1cd8d75" "/opt/rustwide/cargo-home/bin/cargo" "+1.100.0-beta.1" "build" "--frozen" "--message-format=json", kill_on_drop: false }`
[INFO] [stderr]    Compiling proc-macro2 v1.0.103
[INFO] [stderr]    Compiling quote v1.0.42
[INFO] [stderr]    Compiling libc v0.2.177
[INFO] [stderr]    Compiling typenum v1.19.0
[INFO] [stderr]    Compiling serde_core v1.0.228
[INFO] [stderr]    Compiling serde v1.0.228
[INFO] [stderr]    Compiling zerocopy v0.8.31
[INFO] [stderr]    Compiling syn v1.0.109
[INFO] [stderr]    Compiling crunchy v0.2.4
[INFO] [stderr]    Compiling generic-array v0.14.7
[INFO] [stderr]    Compiling num-traits v0.2.19
[INFO] [stderr]    Compiling rustc-hex v2.1.0
[INFO] [stderr]    Compiling crossbeam-epoch v0.9.20
[INFO] [stderr]    Compiling bytes v1.11.1
[INFO] [stderr]    Compiling proc-macro-error-attr v1.0.4
[INFO] [stderr]    Compiling proc-macro2 v0.4.30
[INFO] [stderr]    Compiling tiny-keccak v2.0.2
[INFO] [stderr]    Compiling proc-macro-error v1.0.4
[INFO] [stderr]    Compiling proc-macro-hack v0.5.20+deprecated
[INFO] [stderr]    Compiling memchr v2.7.6
[INFO] [stderr]    Compiling unicode-xid v0.1.0
[INFO] [stderr]    Compiling uint v0.9.5
[INFO] [stderr]    Compiling crossbeam-channel v0.5.15
[INFO] [stderr]    Compiling crossbeam-deque v0.8.6
[INFO] [stderr]    Compiling crossbeam-queue v0.3.12
[INFO] [stderr]    Compiling unicode-xid v0.2.6
[INFO] [stderr]    Compiling block-padding v0.2.1
[INFO] [stderr]    Compiling keccak v0.1.5
[INFO] [stderr]    Compiling arrayvec v0.4.12
[INFO] [stderr]    Compiling opaque-debug v0.3.1
[INFO] [stderr]    Compiling constant_time_eq v0.1.5
[INFO] [stderr]    Compiling syn v0.15.44
[INFO] [stderr]    Compiling rayon-core v1.13.0
[INFO] [stderr]    Compiling num-bigint v0.3.3
[INFO] [stderr]    Compiling quote v0.6.13
[INFO] [stderr]    Compiling indexmap v1.9.3
[INFO] [stderr]    Compiling nodrop v0.1.14
[INFO] [stderr]    Compiling arrayref v0.3.9
[INFO] [stderr]    Compiling futures-util v0.3.31
[INFO] [stderr]    Compiling rlp v0.5.2
[INFO] [stderr]    Compiling crossbeam v0.8.4
[INFO] [stderr]    Compiling num-derive v0.2.5
[INFO] [stderr]    Compiling impl-rlp v0.3.0
[INFO] [stderr]    Compiling arrayvec v0.5.2
[INFO] [stderr]    Compiling arrayvec v0.7.6
[INFO] [stderr]    Compiling syn v2.0.111
[INFO] [stderr]    Compiling num-integer v0.1.46
[INFO] [stderr]    Compiling rayon v1.11.0
[INFO] [stderr]    Compiling blake2s_simd v0.5.11
[INFO] [stderr]    Compiling const_format_proc_macros v0.2.34
[INFO] [stderr]    Compiling convert_case v0.6.0
[INFO] [stderr]    Compiling getrandom v0.2.16
[INFO] [stderr]    Compiling block-buffer v0.10.4
[INFO] [stderr]    Compiling crypto-common v0.1.7
[INFO] [stderr]    Compiling num-bigint v0.4.6
[INFO] [stderr]    Compiling digest v0.10.7
[INFO] [stderr]    Compiling num_cpus v1.17.0
[INFO] [stderr]    Compiling rand_core v0.6.4
[INFO] [stderr]    Compiling digest v0.9.0
[INFO] [stderr]    Compiling block-buffer v0.9.0
[INFO] [stderr]    Compiling crypto-mac v0.8.0
[INFO] [stderr]    Compiling rand_xorshift v0.3.0
[INFO] [stderr]    Compiling blake2 v0.10.6
[INFO] [stderr]    Compiling sha2 v0.10.9
[INFO] [stderr]    Compiling sha3_ce v0.10.6
[INFO] [stderr]    Compiling crypto-bigint v0.5.5
[INFO] [stderr]    Compiling num-modular v0.5.1
[INFO] [stderr]    Compiling const_format v0.2.35
[INFO] [stderr]    Compiling ppv-lite86 v0.2.21
[INFO] [stderr]    Compiling itertools v0.10.5
[INFO] [stderr]    Compiling tiny-keccak v1.5.0
[INFO] [stderr]    Compiling firestorm v0.5.1
[INFO] [stderr]    Compiling hashbrown v0.12.3
[INFO] [stderr]    Compiling blake2 v0.9.2
[INFO] [stderr]    Compiling rand_chacha v0.3.1
[INFO] [stderr]    Compiling sha2 v0.9.9
[INFO] [stderr]    Compiling rand v0.8.5
[INFO] [stderr]    Compiling sha3 v0.9.1
[INFO] [stderr]    Compiling blake2-rfc_bellman_edition v0.0.1
[INFO] [stderr]    Compiling splitmut v0.2.1
[INFO] [stderr]    Compiling num-iter v0.1.45
[INFO] [stderr]    Compiling typemap_rev v0.3.0
[INFO] [stderr]    Compiling log v0.4.28
[INFO] [stderr]    Compiling fixed-hash v0.8.0
[INFO] [stderr]    Compiling serde_derive v1.0.228
[INFO] [stderr]    Compiling addchain v0.2.0
[INFO] [stderr]    Compiling futures-executor v0.3.31
[INFO] [stderr]    Compiling futures v0.3.31
[INFO] [stderr]    Compiling unroll v0.1.5
[INFO] [stderr]    Compiling zksync_cs_derive v0.32.11
[INFO] [stderr]    Compiling derivative v2.2.0
[INFO] [stderr]    Compiling arr_macro_impl v0.1.3
[INFO] [stderr]    Compiling arr_macro v0.1.3
[INFO] [stderr]    Compiling impl-serde v0.4.0
[INFO] [stderr]    Compiling smallvec v1.15.1
[INFO] [stderr]    Compiling bit-vec v0.6.3
[INFO] [stderr]    Compiling bincode v1.3.3
[INFO] [stderr]    Compiling primitive-types v0.12.2
[INFO] [stderr]    Compiling ethbloom v0.13.0
[INFO] [stderr]    Compiling zksync_ff_derive v0.32.11
[INFO] [stderr]    Compiling ethereum-types v0.14.1
[INFO] [stderr]    Compiling zksync_ff v0.32.11
[INFO] [stderr]    Compiling zksync_pairing v0.32.11
[INFO] [stderr]    Compiling zksync_bellman v0.32.11
[INFO] [stderr]    Compiling boojum v0.32.11
[INFO] [stdout] error[E0554]: `#![feature]` may not be used on the beta release channel
[INFO] [stdout]   --> /opt/rustwide/cargo-home/registry/src/index.crates.io-1949cf8c6b5b557f/boojum-0.32.11/src/lib.rs:29:1
[INFO] [stdout]    |
[INFO] [stdout] 29 | #![feature(allocator_api)]
[INFO] [stdout]    | ^^^^^^^^^^^^^^^^^^^^^^^^^^
[INFO] [stdout]    |
[INFO] [stdout]    = help: the feature `const_mut_refs` has been stable since `1.83.0` and no longer requires an attribute to enable
[INFO] [stdout]    = help: the feature `inline_const` has been stable since `1.79.0` and no longer requires an attribute to enable
[INFO] [stdout]    = help: the feature `avx512_target_feature` has been stable since `1.89.0` and no longer requires an attribute to enable
[INFO] [stdout]    = help: the feature `return_position_impl_trait_in_trait` has been stable since `1.75.0` and no longer requires an attribute to enable
[INFO] [stdout] 
[INFO] [stdout] 
[INFO] [stdout] error[E0658]: use of unstable library feature `allocator_ext`
[INFO] [stdout]    --> /opt/rustwide/cargo-home/registry/src/index.crates.io-1949cf8c6b5b557f/boojum-0.32.11/src/cs/implementations/copy_permutation.rs:235:50
[INFO] [stdout]     |
[INFO] [stdout] 235 |                         .zip(buffer_for_inverses.drain(..))
[INFO] [stdout]     |                                                  ^^^^^
[INFO] [stdout]     |
[INFO] [stdout]     = note: required for `A` to implement `std::alloc::AllocatorNightly`
[INFO] [stdout] note: required by a bound in `Vec::<T, A>::drain`
[INFO] [stdout]    --> /rustc/e3feeb59cd1bdd011a2bfcc0747b55125d9b8527/library/alloc/src/vec/mod.rs:3047:4
[INFO] [stdout] 
[INFO] [stdout] 
[INFO] [stdout] error[E0599]: no method named `into_raw_parts_with_alloc` found for struct `Vec<F, A>` in the current scope
[INFO] [stdout]    --> /opt/rustwide/cargo-home/registry/src/index.crates.io-1949cf8c6b5b557f/boojum-0.32.11/src/cs/implementations/fast_serialization.rs:331:54
[INFO] [stdout]     |
[INFO] [stdout] 331 |         let (ptr, len, capacity, allocator) = result.into_raw_parts_with_alloc();
[INFO] [stdout]     |                                                      ^^^^^^^^^^^^^^^^^^^^^^^^^
[INFO] [stdout]     |
[INFO] [stdout] help: there is a method `into_raw_parts_with_allocator` with a similar name
[INFO] [stdout]     |
[INFO] [stdout] 331 |         let (ptr, len, capacity, allocator) = result.into_raw_parts_with_allocator();
[INFO] [stdout]     |                                                                               ++++
[INFO] [stdout] 
[INFO] [stdout] 
[INFO] [stdout] error[E0599]: no method named `into_raw_parts_with_alloc` found for struct `Vec<u8, A>` in the current scope
[INFO] [stdout]    --> /opt/rustwide/cargo-home/registry/src/index.crates.io-1949cf8c6b5b557f/boojum-0.32.11/src/cs/implementations/fast_serialization.rs:379:54
[INFO] [stdout]     |
[INFO] [stdout] 379 |         let (ptr, len, capacity, allocator) = result.into_raw_parts_with_alloc();
[INFO] [stdout]     |                                                      ^^^^^^^^^^^^^^^^^^^^^^^^^
[INFO] [stdout]     |
[INFO] [stdout] help: there is a method `into_raw_parts_with_allocator` with a similar name
[INFO] [stdout]     |
[INFO] [stdout] 379 |         let (ptr, len, capacity, allocator) = result.into_raw_parts_with_allocator();
[INFO] [stdout]     |                                                                               ++++
[INFO] [stdout] 
[INFO] [stdout] 
[INFO] [stdout] error[E0658]: use of unstable library feature `allocator_ext`
[INFO] [stdout]    --> /opt/rustwide/cargo-home/registry/src/index.crates.io-1949cf8c6b5b557f/boojum-0.32.11/src/cs/implementations/polynomial/mod.rs:279:37
[INFO] [stdout]     |
[INFO] [stdout] 279 |             subchunk.extend(storage.drain(..degree / P::SIZE_FACTOR));
[INFO] [stdout]     |                                     ^^^^^
[INFO] [stdout]     |
[INFO] [stdout]     = note: required for `A` to implement `std::alloc::AllocatorNightly`
[INFO] [stdout] note: required by a bound in `Vec::<T, A>::drain`
[INFO] [stdout]    --> /rustc/e3feeb59cd1bdd011a2bfcc0747b55125d9b8527/library/alloc/src/vec/mod.rs:3047:4
[INFO] [stdout] 
[INFO] [stdout] 
[INFO] [stdout] error[E0658]: use of unstable library feature `allocator_ext`
[INFO] [stdout]    --> /opt/rustwide/cargo-home/registry/src/index.crates.io-1949cf8c6b5b557f/boojum-0.32.11/src/cs/oracle/merkle_tree.rs:131:50
[INFO] [stdout]     |
[INFO] [stdout] 131 |                         sources_flattened.push(s.drain(..1).next().expect("chunk must exist"));
[INFO] [stdout]     |                                                  ^^^^^
[INFO] [stdout]     |
[INFO] [stdout]     = note: required for `B` to implement `std::alloc::AllocatorNightly`
[INFO] [stdout] note: required by a bound in `Vec::<T, A>::drain`
[INFO] [stdout]    --> /rustc/e3feeb59cd1bdd011a2bfcc0747b55125d9b8527/library/alloc/src/vec/mod.rs:3047:4
[INFO] [stdout] 
[INFO] [stdout] 
[INFO] [stdout] error[E0599]: no method named `into_raw_parts_with_alloc` found for struct `Vec<goldilocks::GoldilocksField, A>` in the current scope
[INFO] [stdout]    --> /opt/rustwide/cargo-home/registry/src/index.crates.io-1949cf8c6b5b557f/boojum-0.32.11/src/field/goldilocks/generic_impl.rs:318:53
[INFO] [stdout]     |
[INFO] [stdout] 318 |         let (ptr, len, capacity, allocator) = input.into_raw_parts_with_alloc();
[INFO] [stdout]     |                                                     ^^^^^^^^^^^^^^^^^^^^^^^^^
[INFO] [stdout]     |
[INFO] [stdout] help: there is a method `into_raw_parts_with_allocator` with a similar name
[INFO] [stdout]     |
[INFO] [stdout] 318 |         let (ptr, len, capacity, allocator) = input.into_raw_parts_with_allocator();
[INFO] [stdout]     |                                                                              ++++
[INFO] [stdout] 
[INFO] [stdout] 
[INFO] [stdout] error[E0599]: no method named `into_raw_parts_with_alloc` found for struct `Vec<generic_impl::MixedGL, A>` in the current scope
[INFO] [stdout]    --> /opt/rustwide/cargo-home/registry/src/index.crates.io-1949cf8c6b5b557f/boojum-0.32.11/src/field/goldilocks/generic_impl.rs:335:53
[INFO] [stdout]     |
[INFO] [stdout] 335 |         let (ptr, len, capacity, allocator) = input.into_raw_parts_with_alloc();
[INFO] [stdout]     |                                                     ^^^^^^^^^^^^^^^^^^^^^^^^^
[INFO] [stdout]     |
[INFO] [stdout] help: there is a method `into_raw_parts_with_allocator` with a similar name
[INFO] [stdout]     |
[INFO] [stdout] 335 |         let (ptr, len, capacity, allocator) = input.into_raw_parts_with_allocator();
[INFO] [stdout]     |                                                                              ++++
[INFO] [stdout] 
[INFO] [stdout] 
[INFO] [stdout] error[E0599]: no method named `into_raw_parts_with_alloc` found for struct `Vec<U, A>` in the current scope
[INFO] [stdout]   --> /opt/rustwide/cargo-home/registry/src/index.crates.io-1949cf8c6b5b557f/boojum-0.32.11/src/utils.rs:64:69
[INFO] [stdout]    |
[INFO] [stdout] 64 |         Vec::<U, A>::with_capacity_in(modified_capacity, allocator).into_raw_parts_with_alloc();
[INFO] [stdout]    |                                                                     ^^^^^^^^^^^^^^^^^^^^^^^^^
[INFO] [stdout]    |
[INFO] [stdout] help: there is a method `into_raw_parts_with_allocator` with a similar name
[INFO] [stdout]    |
[INFO] [stdout] 64 |         Vec::<U, A>::with_capacity_in(modified_capacity, allocator).into_raw_parts_with_allocator();
[INFO] [stdout]    |                                                                                              ++++
[INFO] [stdout] 
[INFO] [stdout] 
[INFO] [stdout] error[E0599]: no method named `into_raw_parts_with_alloc` found for struct `Vec<T, A>` in the current scope
[INFO] [stdout]    --> /opt/rustwide/cargo-home/registry/src/index.crates.io-1949cf8c6b5b557f/boojum-0.32.11/src/utils.rs:116:45
[INFO] [stdout]     |
[INFO] [stdout] 116 |     let (ptr, len, capacity, allocator) = a.into_raw_parts_with_alloc();
[INFO] [stdout]     |                                             ^^^^^^^^^^^^^^^^^^^^^^^^^
[INFO] [stdout]     |
[INFO] [stdout] help: there is a method `into_raw_parts_with_allocator` with a similar name
[INFO] [stdout]     |
[INFO] [stdout] 116 |     let (ptr, len, capacity, allocator) = a.into_raw_parts_with_allocator();
[INFO] [stdout]     |                                                                      ++++
[INFO] [stdout] 
[INFO] [stdout] 
[INFO] [stdout] Some errors have detailed explanations: E0554, E0599, E0658.
[INFO] [stdout] 
[INFO] [stdout] For more information about an error, try `rustc --explain E0554`.
[INFO] [stdout] 
[INFO] [stderr] error: could not compile `boojum` (lib) due to 10 previous errors
[INFO] running `Command { std: "docker" "inspect" "af7eecf738aac85fc98c195c1d8c4db29b2035b5a15564b5e0c2518fc1cd8d75", kill_on_drop: false }`
[INFO] running `Command { std: "docker" "rm" "-f" "af7eecf738aac85fc98c195c1d8c4db29b2035b5a15564b5e0c2518fc1cd8d75", kill_on_drop: false }`
[INFO] [stdout] af7eecf738aac85fc98c195c1d8c4db29b2035b5a15564b5e0c2518fc1cd8d75
