[INFO] fetching crate snapcoin-cpu-miner-windows 1.0.0...
[INFO] testing snapcoin-cpu-miner-windows-1.0.0 against 1.100.0-beta.1 for beta-1.100-2
[INFO] extracting crate snapcoin-cpu-miner-windows 1.0.0 into /workspace/builds/worker-1-tc2/source
[INFO] started tweaking crates.io crate snapcoin-cpu-miner-windows 1.0.0
[INFO] finished tweaking crates.io crate snapcoin-cpu-miner-windows 1.0.0
[INFO] tweaked toml for crates.io crate snapcoin-cpu-miner-windows 1.0.0 written to /workspace/builds/worker-1-tc2/source/Cargo.toml
[INFO] validating manifest of crates.io crate snapcoin-cpu-miner-windows 1.0.0 on toolchain 1.100.0-beta.1
[INFO] running `Command { std: CARGO_HOME="/workspace/cargo-home" RUSTUP_HOME="/workspace/rustup-home" "/workspace/cargo-home/bin/cargo" "+1.100.0-beta.1" "metadata" "--manifest-path" "Cargo.toml" "--no-deps", kill_on_drop: false }`
[INFO] crate crates.io crate snapcoin-cpu-miner-windows 1.0.0 already has a lockfile, it will not be regenerated
[INFO] running `Command { std: CARGO_HOME="/workspace/cargo-home" RUSTUP_HOME="/workspace/rustup-home" "/workspace/cargo-home/bin/cargo" "+1.100.0-beta.1" "fetch" "--manifest-path" "Cargo.toml", kill_on_drop: false }`
[INFO] running `Command { std: "docker" "create" "-v" "/var/lib/crater-agent-workspace/builds/worker-1-tc2/source:/opt/rustwide/workdir:ro,Z" "-v" "/var/lib/crater-agent-workspace/builds/worker-1-tc2/target:/opt/rustwide/target:rw,Z" "-v" "/var/lib/crater-agent-workspace/cargo-home:/opt/rustwide/cargo-home:ro,Z" "-v" "/var/lib/crater-agent-workspace/rustup-home:/opt/rustwide/rustup-home:ro,Z" "-m" "1610612736" "--network" "none" "ghcr.io/rust-lang/crates-build-env/linux@sha256:3111399a4047eeb3a02b7a90e478d715f38a8c6669b5c4b49d30a17385265909" "sleep" "infinity", kill_on_drop: false }`
[INFO] [stdout] e8ad60d4526af61940352043d09441424ffe9d3a057de9b00e0c958c512e7e10
[INFO] running `Command { std: "docker" "start" "e8ad60d4526af61940352043d09441424ffe9d3a057de9b00e0c958c512e7e10", kill_on_drop: false }`
[INFO] running `Command { std: "docker" "inspect" "e8ad60d4526af61940352043d09441424ffe9d3a057de9b00e0c958c512e7e10", kill_on_drop: false }`
[INFO] running `Command { std: "docker" "exec" "-e" "SOURCE_DIR=/opt/rustwide/workdir" "-e" "CARGO_HOME=/opt/rustwide/cargo-home" "-e" "RUSTUP_HOME=/opt/rustwide/rustup-home" "-e" "CARGO_TARGET_DIR=/opt/rustwide/target" "-w" "/opt/rustwide/workdir" "--user" "0:0" "e8ad60d4526af61940352043d09441424ffe9d3a057de9b00e0c958c512e7e10" "/opt/rustwide/cargo-home/bin/cargo" "+1.100.0-beta.1" "metadata" "--no-deps" "--format-version=1", kill_on_drop: false }`
[INFO] running `Command { std: "docker" "inspect" "e8ad60d4526af61940352043d09441424ffe9d3a057de9b00e0c958c512e7e10", kill_on_drop: false }`
[INFO] running `Command { std: "docker" "exec" "-e" "SOURCE_DIR=/opt/rustwide/workdir" "-e" "CARGO_HOME=/opt/rustwide/cargo-home" "-e" "RUSTUP_HOME=/opt/rustwide/rustup-home" "-e" "CARGO_TARGET_DIR=/opt/rustwide/target" "-e" "CARGO_INCREMENTAL=0" "-e" "RUST_BACKTRACE=full" "-e" "RUSTFLAGS=--cap-lints=warn" "-e" "RUSTDOCFLAGS=--cap-lints=warn" "-w" "/opt/rustwide/workdir" "--user" "0:0" "e8ad60d4526af61940352043d09441424ffe9d3a057de9b00e0c958c512e7e10" "/opt/rustwide/cargo-home/bin/cargo" "+1.100.0-beta.1" "build" "--frozen" "--message-format=json", kill_on_drop: false }`
[INFO] [stderr]    Compiling quote v1.0.44
[INFO] [stderr]    Compiling proc-macro2 v1.0.106
[INFO] [stderr]    Compiling libc v0.2.180
[INFO] [stderr]    Compiling memchr v2.7.6
[INFO] [stderr]    Compiling zerocopy v0.8.38
[INFO] [stderr]    Compiling semver v1.0.27
[INFO] [stderr]    Compiling cc v1.2.55
[INFO] [stderr]    Compiling parking_lot_core v0.8.6
[INFO] [stderr]    Compiling instant v0.1.13
[INFO] [stderr]    Compiling zmij v1.0.19
[INFO] [stderr]    Compiling regex-syntax v0.8.9
[INFO] [stderr]    Compiling virtue v0.0.18
[INFO] [stderr]    Compiling anyhow v1.0.100
[INFO] [stderr]    Compiling zeroize v1.8.2
[INFO] [stderr]    Compiling chrono v0.4.43
[INFO] [stderr]    Compiling fxhash v0.2.1
[INFO] [stderr]    Compiling sha2 v0.10.9
[INFO] [stderr]    Compiling num-integer v0.1.46
[INFO] [stderr]    Compiling c_linked_list v1.1.1
[INFO] [stderr]    Compiling unty v0.0.4
[INFO] [stderr]    Compiling rustc_version v0.4.1
[INFO] [stderr]    Compiling num-bigint v0.4.6
[INFO] [stderr]    Compiling syn v2.0.114
[INFO] [stderr]    Compiling curve25519-dalek v4.1.3
[INFO] [stderr]    Compiling aho-corasick v1.1.4
[INFO] [stderr]    Compiling serde_json v1.0.149
[INFO] [stderr]    Compiling cmake v0.1.57
[INFO] [stderr]    Compiling bincode_derive v2.0.1
[INFO] [stderr]    Compiling randomx-rs v1.4.1
[INFO] [stderr]    Compiling bincode v2.0.1
[INFO] [stderr]    Compiling getrandom v0.3.4
[INFO] [stderr]    Compiling errno v0.3.14
[INFO] [stderr]    Compiling socket2 v0.6.2
[INFO] [stderr]    Compiling mio v1.1.1
[INFO] [stderr]    Compiling fs2 v0.4.3
[INFO] [stderr]    Compiling get_if_addrs v0.5.3
[INFO] [stderr]    Compiling signal-hook-registry v1.4.8
[INFO] [stderr]    Compiling rand_core v0.9.5
[INFO] [stderr]    Compiling parking_lot v0.11.2
[INFO] [stderr]    Compiling sled v0.34.7
[INFO] [stderr]    Compiling regex-automata v0.4.14
[INFO] [stderr] error: could not compile `syn` (lib)
[INFO] [stderr] 
[INFO] [stderr] Caused by:
[INFO] [stderr]   process didn't exit successfully: `/opt/rustwide/rustup-home/toolchains/1.100.0-beta.1-x86_64-unknown-linux-gnu/bin/rustc --crate-name syn --edition=2021 /opt/rustwide/cargo-home/registry/src/index.crates.io-1949cf8c6b5b557f/syn-2.0.114/src/lib.rs --error-format=json --json=diagnostic-rendered-ansi,artifacts,future-incompat,unused-externs-silent --crate-type lib --emit=dep-info,metadata,link -C embed-bitcode=no --cfg 'feature="clone-impls"' --cfg 'feature="default"' --cfg 'feature="derive"' --cfg 'feature="full"' --cfg 'feature="parsing"' --cfg 'feature="printing"' --cfg 'feature="proc-macro"' --cfg 'feature="visit-mut"' --check-cfg 'cfg(docsrs,test)' --check-cfg 'cfg(feature, values("clone-impls", "default", "derive", "extra-traits", "fold", "full", "parsing", "printing", "proc-macro", "test", "visit", "visit-mut"))' -C metadata=8bf4da19d7a1c42c -C extra-filename=-41d10528c62884ba --out-dir /opt/rustwide/target/debug/build/syn/41d10528c62884ba/out -L dependency=/opt/rustwide/target/debug/build/proc-macro2/cfabb1ad07189586/out -L dependency=/opt/rustwide/target/debug/build/unicode-ident/3a00dd35274e822e/out --extern proc_macro2=/opt/rustwide/target/debug/build/proc-macro2/cfabb1ad07189586/out/libproc_macro2-cfabb1ad07189586.rmeta --extern quote=/opt/rustwide/target/debug/build/quote/c0912ce0ce986fb7/out/libquote-c0912ce0ce986fb7.rmeta --extern unicode_ident=/opt/rustwide/target/debug/build/unicode-ident/3a00dd35274e822e/out/libunicode_ident-3a00dd35274e822e.rmeta --cap-lints allow --cap-lints=warn --force-warn=unused_crate_dependencies` (signal: 9, SIGKILL: kill)
[INFO] [stderr] warning: build failed, waiting for other jobs to finish...
[INFO] [stderr] error: could not compile `zerocopy` (lib)
[INFO] [stderr] 
[INFO] [stderr] Caused by:
[INFO] [stderr]   process didn't exit successfully: `/opt/rustwide/rustup-home/toolchains/1.100.0-beta.1-x86_64-unknown-linux-gnu/bin/rustc --crate-name zerocopy --edition=2021 /opt/rustwide/cargo-home/registry/src/index.crates.io-1949cf8c6b5b557f/zerocopy-0.8.38/src/lib.rs --error-format=json --json=diagnostic-rendered-ansi,artifacts,future-incompat,unused-externs-silent --crate-type lib --emit=dep-info,metadata,link -C embed-bitcode=no -C debuginfo=2 --cfg 'feature="simd"' --check-cfg 'cfg(docsrs,test)' --check-cfg 'cfg(feature, values("__internal_use_only_features_that_work_on_stable", "alloc", "derive", "float-nightly", "simd", "simd-nightly", "std", "zerocopy-derive"))' -C metadata=b8e2674c31633a4d -C extra-filename=-5c2bbc974d76fbf0 --out-dir /opt/rustwide/target/debug/build/zerocopy/5c2bbc974d76fbf0/out --cap-lints allow --cap-lints=warn --force-warn=unused_crate_dependencies --check-cfg 'cfg(no_zerocopy_simd_x86_avx12_1_89_0)' --check-cfg 'cfg(rust, values("1.89.0"))' --check-cfg 'cfg(no_zerocopy_core_error_1_81_0)' --check-cfg 'cfg(rust, values("1.81.0"))' --check-cfg 'cfg(no_zerocopy_diagnostic_on_unimplemented_1_78_0)' --check-cfg 'cfg(rust, values("1.78.0"))' --check-cfg 'cfg(no_zerocopy_generic_bounds_in_const_fn_1_61_0)' --check-cfg 'cfg(rust, values("1.61.0"))' --check-cfg 'cfg(no_zerocopy_target_has_atomics_1_60_0)' --check-cfg 'cfg(rust, values("1.60.0"))' --check-cfg 'cfg(no_zerocopy_aarch64_simd_1_59_0)' --check-cfg 'cfg(rust, values("1.59.0"))' --check-cfg 'cfg(no_zerocopy_panic_in_const_and_vec_try_reserve_1_57_0)' --check-cfg 'cfg(rust, values("1.57.0"))' --check-cfg 'cfg(doc_cfg)' --check-cfg 'cfg(kani)' --check-cfg 'cfg(__ZEROCOPY_INTERNAL_USE_ONLY_NIGHTLY_FEATURES_IN_TESTS)' --check-cfg 'cfg(__ZEROCOPY_INTERNAL_USE_ONLY_DEV_MODE)' --check-cfg 'cfg(coverage_nightly)'` (signal: 9, SIGKILL: kill)
[INFO] [stderr] error: could not compile `sled` (lib)
[INFO] [stderr] 
[INFO] [stderr] Caused by:
[INFO] [stderr]   process didn't exit successfully: `/opt/rustwide/rustup-home/toolchains/1.100.0-beta.1-x86_64-unknown-linux-gnu/bin/rustc --crate-name sled --edition=2018 /opt/rustwide/cargo-home/registry/src/index.crates.io-1949cf8c6b5b557f/sled-0.34.7/src/lib.rs --error-format=json --json=diagnostic-rendered-ansi,artifacts,future-incompat,unused-externs-silent --crate-type lib --emit=dep-info,metadata,link -C embed-bitcode=no -C debuginfo=2 --cfg 'feature="default"' --cfg 'feature="no_metrics"' --check-cfg 'cfg(docsrs,test)' --check-cfg 'cfg(feature, values("backtrace", "color-backtrace", "compression", "default", "docs", "event_log", "failpoints", "io_uring", "lock_free_delays", "measure_allocs", "miri_optimizations", "mutex", "no_inline", "no_logs", "no_metrics", "pretty_backtrace", "rio", "testing", "zstd"))' -C metadata=09f0dae39b332885 -C extra-filename=-f0cd6a805534b7b6 --out-dir /opt/rustwide/target/debug/build/sled/f0cd6a805534b7b6/out -L dependency=/opt/rustwide/target/debug/build/byteorder/8f59b6d1bfdaa844/out -L dependency=/opt/rustwide/target/debug/build/cfg-if/83060ec5685761ae/out -L dependency=/opt/rustwide/target/debug/build/crossbeam-utils/f696a08ab1e94e7a/out -L dependency=/opt/rustwide/target/debug/build/instant/9f07d109bbe9f90d/out -L dependency=/opt/rustwide/target/debug/build/libc/11f5a30dc24875fb/out -L dependency=/opt/rustwide/target/debug/build/lock_api/16d46fed645f7bff/out -L dependency=/opt/rustwide/target/debug/build/parking_lot_core/6484fbb31761d608/out -L dependency=/opt/rustwide/target/debug/build/scopeguard/7ec2214574194454/out -L dependency=/opt/rustwide/target/debug/build/smallvec/c4b0763233bab5f9/out --extern crc32fast=/opt/rustwide/target/debug/build/crc32fast/77160f4e25d6fc25/out/libcrc32fast-77160f4e25d6fc25.rmeta --extern crossbeam_epoch=/opt/rustwide/target/debug/build/crossbeam-epoch/2c19d130e745537c/out/libcrossbeam_epoch-2c19d130e745537c.rmeta --extern crossbeam_utils=/opt/rustwide/target/debug/build/crossbeam-utils/f696a08ab1e94e7a/out/libcrossbeam_utils-f696a08ab1e94e7a.rmeta --extern fs2=/opt/rustwide/target/debug/build/fs2/aac6263e0eff88e8/out/libfs2-aac6263e0eff88e8.rmeta --extern fxhash=/opt/rustwide/target/debug/build/fxhash/280ac890dc5dd30e/out/libfxhash-280ac890dc5dd30e.rmeta --extern libc=/opt/rustwide/target/debug/build/libc/11f5a30dc24875fb/out/liblibc-11f5a30dc24875fb.rmeta --extern log=/opt/rustwide/target/debug/build/log/b262261d47bd2eba/out/liblog-b262261d47bd2eba.rmeta --extern parking_lot=/opt/rustwide/target/debug/build/parking_lot/c49dc1b3b0dcac67/out/libparking_lot-c49dc1b3b0dcac67.rmeta --cap-lints allow --cap-lints=warn --force-warn=unused_crate_dependencies` (signal: 9, SIGKILL: kill)
[INFO] [stderr] error: could not compile `regex-automata` (lib)
[INFO] [stderr] 
[INFO] [stderr] Caused by:
[INFO] [stderr]   process didn't exit successfully: `/opt/rustwide/rustup-home/toolchains/1.100.0-beta.1-x86_64-unknown-linux-gnu/bin/rustc --crate-name regex_automata --edition=2021 /opt/rustwide/cargo-home/registry/src/index.crates.io-1949cf8c6b5b557f/regex-automata-0.4.14/src/lib.rs --error-format=json --json=diagnostic-rendered-ansi,artifacts,future-incompat,unused-externs-silent --crate-type lib --emit=dep-info,metadata,link -C embed-bitcode=no -C debuginfo=2 --cfg 'feature="alloc"' --cfg 'feature="dfa-onepass"' --cfg 'feature="hybrid"' --cfg 'feature="meta"' --cfg 'feature="nfa-backtrack"' --cfg 'feature="nfa-pikevm"' --cfg 'feature="nfa-thompson"' --cfg 'feature="perf-inline"' --cfg 'feature="perf-literal"' --cfg 'feature="perf-literal-multisubstring"' --cfg 'feature="perf-literal-substring"' --cfg 'feature="std"' --cfg 'feature="syntax"' --cfg 'feature="unicode"' --cfg 'feature="unicode-age"' --cfg 'feature="unicode-bool"' --cfg 'feature="unicode-case"' --cfg 'feature="unicode-gencat"' --cfg 'feature="unicode-perl"' --cfg 'feature="unicode-script"' --cfg 'feature="unicode-segment"' --cfg 'feature="unicode-word-boundary"' --check-cfg 'cfg(docsrs,test)' --check-cfg 'cfg(feature, values("alloc", "default", "dfa", "dfa-build", "dfa-onepass", "dfa-search", "hybrid", "internal-instrument", "internal-instrument-pikevm", "logging", "meta", "nfa", "nfa-backtrack", "nfa-pikevm", "nfa-thompson", "perf", "perf-inline", "perf-literal", "perf-literal-multisubstring", "perf-literal-substring", "std", "syntax", "unicode", "unicode-age", "unicode-bool", "unicode-case", "unicode-gencat", "unicode-perl", "unicode-script", "unicode-segment", "unicode-word-boundary"))' -C metadata=c52790d872bc8a5f -C extra-filename=-c920273f53caf970 --out-dir /opt/rustwide/target/debug/build/regex-automata/c920273f53caf970/out -L dependency=/opt/rustwide/target/debug/build/memchr/9be7e24c0cc6f173/out --extern aho_corasick=/opt/rustwide/target/debug/build/aho-corasick/61cf93dc53dd0bf8/out/libaho_corasick-61cf93dc53dd0bf8.rmeta --extern memchr=/opt/rustwide/target/debug/build/memchr/9be7e24c0cc6f173/out/libmemchr-9be7e24c0cc6f173.rmeta --extern regex_syntax=/opt/rustwide/target/debug/build/regex-syntax/09d4ea68c5905b01/out/libregex_syntax-09d4ea68c5905b01.rmeta --cap-lints allow --cap-lints=warn --force-warn=unused_crate_dependencies` (signal: 9, SIGKILL: kill)
[INFO] [stderr] error: failed to run custom build command for `randomx-rs v1.4.1`
[INFO] [stderr] note: To improve backtraces for build dependencies, set the CARGO_PROFILE_DEV_BUILD_OVERRIDE_DEBUG=true environment variable to enable debug information generation.
[INFO] [stderr] 
[INFO] [stderr] Caused by:
[INFO] [stderr]   process didn't exit successfully: `/opt/rustwide/target/debug/build/randomx-rs/e915e6550e644c25/out/build_script_build` (exit status: 101)
[INFO] [stderr]   --- stdout
[INFO] [stderr]   CMAKE_TOOLCHAIN_FILE_x86_64-unknown-linux-gnu = None
[INFO] [stderr]   CMAKE_TOOLCHAIN_FILE_x86_64_unknown_linux_gnu = None
[INFO] [stderr]   HOST_CMAKE_TOOLCHAIN_FILE = None
[INFO] [stderr]   CMAKE_TOOLCHAIN_FILE = None
[INFO] [stderr]   CMAKE_GENERATOR_x86_64-unknown-linux-gnu = None
[INFO] [stderr]   CMAKE_GENERATOR_x86_64_unknown_linux_gnu = None
[INFO] [stderr]   HOST_CMAKE_GENERATOR = None
[INFO] [stderr]   CMAKE_GENERATOR = None
[INFO] [stderr]   CMAKE_PREFIX_PATH_x86_64-unknown-linux-gnu = None
[INFO] [stderr]   CMAKE_PREFIX_PATH_x86_64_unknown_linux_gnu = None
[INFO] [stderr]   HOST_CMAKE_PREFIX_PATH = None
[INFO] [stderr]   CMAKE_PREFIX_PATH = None
[INFO] [stderr]   CMAKE_x86_64-unknown-linux-gnu = None
[INFO] [stderr]   CMAKE_x86_64_unknown_linux_gnu = None
[INFO] [stderr]   HOST_CMAKE = None
[INFO] [stderr]   CMAKE = None
[INFO] [stderr]   -- The C compiler identification is GNU 15.2.0
[INFO] [stderr]   -- The CXX compiler identification is GNU 15.2.0
[INFO] [stderr]   -- Detecting C compiler ABI info
[INFO] [stderr]   -- Detecting C compiler ABI info - done
[INFO] [stderr]   -- Check for working C compiler: /usr/bin/cc - skipped
[INFO] [stderr]   -- Detecting C compile features
[INFO] [stderr]   -- Detecting C compile features - done
[INFO] [stderr]   -- Detecting CXX compiler ABI info
[INFO] [stderr]   -- Detecting CXX compiler ABI info - done
[INFO] [stderr]   -- Check for working CXX compiler: /usr/bin/c++ - skipped
[INFO] [stderr]   -- Detecting CXX compile features
[INFO] [stderr]   -- Detecting CXX compile features - done
[INFO] [stderr]   -- Performing Test _maes_cxx
[INFO] [stderr]   -- Performing Test _maes_cxx - Success
[INFO] [stderr]   -- Setting CXX flag -maes
[INFO] [stderr]   -- Performing Test _maes_c
[INFO] [stderr]   -- Performing Test _maes_c - Success
[INFO] [stderr]   -- Setting C flag -maes
[INFO] [stderr]   -- Performing Test HAVE_SSSE3
[INFO] [stderr]   -- Performing Test HAVE_SSSE3 - Success
[INFO] [stderr]   -- Performing Test HAVE_AVX2
[INFO] [stderr]   -- Performing Test HAVE_AVX2 - Success
[INFO] [stderr]   -- Performing Test CMAKE_HAVE_LIBC_PTHREAD
[INFO] [stderr]   -- Performing Test CMAKE_HAVE_LIBC_PTHREAD - Success
[INFO] [stderr]   -- Found Threads: TRUE
[INFO] [stderr]   -- Performing Test HAVE_CXX_ATOMICS
[INFO] [stderr]   -- Performing Test HAVE_CXX_ATOMICS - Success
[INFO] [stderr]   -- Configuring done (9.8s)
[INFO] [stderr]   -- Generating done (0.1s)
[INFO] [stderr]   -- Build files have been written to: /opt/rustwide/target/debug/build/randomx-rs/fcc189b9dfe1fa7a/out/build
[INFO] [stderr]   [  2%] Building CXX object CMakeFiles/randomx.dir/src/aes_hash.cpp.o
[INFO] [stderr]   [  5%] Building C object CMakeFiles/randomx.dir/src/argon2_ref.c.o
[INFO] [stderr]   [  8%] Building C object CMakeFiles/randomx.dir/src/argon2_ssse3.c.o
[INFO] [stderr]   [ 11%] Building CXX object CMakeFiles/randomx.dir/src/soft_aes.cpp.o
[INFO] [stderr]   [ 14%] Building C object CMakeFiles/randomx.dir/src/virtual_memory.c.o
[INFO] [stderr]   [ 17%] Building CXX object CMakeFiles/randomx.dir/src/allocator.cpp.o
[INFO] [stderr]   [ 20%] Building CXX object CMakeFiles/randomx.dir/src/assembly_generator_x86.cpp.o
[INFO] [stderr]   [ 23%] Building CXX object CMakeFiles/randomx.dir/src/bytecode_machine.cpp.o
[INFO] [stderr]   [ 26%] Building CXX object CMakeFiles/randomx.dir/src/cpu.cpp.o
[INFO] [stderr]   [ 29%] Building C object CMakeFiles/randomx.dir/src/argon2_avx2.c.o
[INFO] [stderr]   [ 32%] Building CXX object CMakeFiles/randomx.dir/src/dataset.cpp.o
[INFO] [stderr]   [ 35%] Building CXX object CMakeFiles/randomx.dir/src/vm_interpreted.cpp.o
[INFO] [stderr]   [ 38%] Building CXX object CMakeFiles/randomx.dir/src/instruction.cpp.o
[INFO] [stderr]   [ 41%] Building CXX object CMakeFiles/randomx.dir/src/randomx.cpp.o
[INFO] [stderr]   [ 44%] Building CXX object CMakeFiles/randomx.dir/src/superscalar.cpp.o
[INFO] [stderr]   [ 47%] Building CXX object CMakeFiles/randomx.dir/src/vm_compiled.cpp.o
[INFO] [stderr]   [ 50%] Building C object CMakeFiles/randomx.dir/src/argon2_core.c.o
[INFO] [stderr]   [ 52%] Building CXX object CMakeFiles/randomx.dir/src/vm_interpreted_light.cpp.o
[INFO] [stderr]   [ 55%] Building CXX object CMakeFiles/randomx.dir/src/blake2_generator.cpp.o
[INFO] [stderr]   [ 58%] Building CXX object CMakeFiles/randomx.dir/src/instructions_portable.cpp.o
[INFO] [stderr]   [ 61%] Building C object CMakeFiles/randomx.dir/src/reciprocal.c.o
[INFO] [stderr]   [ 64%] Building CXX object CMakeFiles/randomx.dir/src/virtual_machine.cpp.o
[INFO] [stderr]   [ 67%] Building CXX object CMakeFiles/randomx.dir/src/vm_compiled_light.cpp.o
[INFO] [stderr]   [ 70%] Building C object CMakeFiles/randomx.dir/src/blake2/blake2b.c.o
[INFO] [stderr]   [ 73%] Building CXX object CMakeFiles/randomx.dir/src/jit_compiler_x86.cpp.o
[INFO] [stderr]   [ 76%] Building C object CMakeFiles/randomx.dir/src/jit_compiler_x86_static.S.o
[INFO] [stderr] 
[INFO] [stderr]   --- stderr
[INFO] [stderr]   running: cd "/opt/rustwide/target/debug/build/randomx-rs/fcc189b9dfe1fa7a/out/build" && CMAKE_PREFIX_PATH="" LC_ALL="C" "cmake" "/opt/rustwide/cargo-home/registry/src/index.crates.io-1949cf8c6b5b557f/randomx-rs-1.4.1/RandomX" "-B" "/opt/rustwide/target/debug/build/randomx-rs/fcc189b9dfe1fa7a/out/build" "-DDARCH=native" "-DCMAKE_INSTALL_PREFIX=/opt/rustwide/target/debug/build/randomx-rs/fcc189b9dfe1fa7a/out" "-DCMAKE_C_FLAGS= -ffunction-sections -fdata-sections -fPIC -m64 -w" "-DCMAKE_C_COMPILER=/usr/bin/cc" "-DCMAKE_CXX_FLAGS= -ffunction-sections -fdata-sections -fPIC -m64 -w" "-DCMAKE_CXX_COMPILER=/usr/bin/c++" "-DCMAKE_ASM_FLAGS= -ffunction-sections -fdata-sections -fPIC -m64 -w" "-DCMAKE_ASM_COMPILER=/usr/bin/cc" "-DCMAKE_BUILD_TYPE=Debug"
[INFO] [stderr]   CMake Deprecation Warning at CMakeLists.txt:29 (cmake_minimum_required):
[INFO] [stderr]     Compatibility with CMake < 3.10 will be removed from a future version of
[INFO] [stderr]     CMake.
[INFO] [stderr] 
[INFO] [stderr]     Update the VERSION argument <min> value.  Or, use the <min>...<max> syntax
[INFO] [stderr]     to tell CMake that the project requires at least <min> but has been updated
[INFO] [stderr]     to work with policies introduced by <max> or earlier.
[INFO] [stderr] 
[INFO] [stderr] 
[INFO] [stderr]   CMake Warning:
[INFO] [stderr]     Manually-specified variables were not used by the project:
[INFO] [stderr] 
[INFO] [stderr]       CMAKE_ASM_COMPILER
[INFO] [stderr]       CMAKE_ASM_FLAGS
[INFO] [stderr]       DARCH
[INFO] [stderr] 
[INFO] [stderr] 
[INFO] [stderr]   running: cd "/opt/rustwide/target/debug/build/randomx-rs/fcc189b9dfe1fa7a/out/build" && LC_ALL="C" MAKEFLAGS="-j --jobserver-fds=4,5 --jobserver-auth=4,5" "cmake" "--build" "/opt/rustwide/target/debug/build/randomx-rs/fcc189b9dfe1fa7a/out/build" "--target" "install" "--config" "Debug"
[INFO] [stderr]   c++: fatal error: Killed signal terminated program cc1plus
[INFO] [stderr]   compilation terminated.
[INFO] [stderr]   gmake[2]: *** [CMakeFiles/randomx.dir/build.make:135: CMakeFiles/randomx.dir/src/bytecode_machine.cpp.o] Error 1
[INFO] [stderr]   gmake[2]: *** Waiting for unfinished jobs....
[INFO] [stderr]   c++: fatal error: Killed signal terminated program cc1plus
[INFO] [stderr]   compilation terminated.
[INFO] [stderr]   gmake[2]: *** [CMakeFiles/randomx.dir/build.make:261: CMakeFiles/randomx.dir/src/randomx.cpp.o] Error 1
[INFO] [stderr]   gmake[1]: *** [CMakeFiles/Makefile2:96: CMakeFiles/randomx.dir/all] Error 2
[INFO] [stderr]   gmake: *** [Makefile:136: all] Error 2
[INFO] [stderr] 
[INFO] [stderr]   thread 'main' (475) panicked at /opt/rustwide/cargo-home/registry/src/index.crates.io-1949cf8c6b5b557f/cmake-0.1.57/src/lib.rs:1132:5:
[INFO] [stderr] 
[INFO] [stderr]   command did not execute successfully, got: exit status: 2
[INFO] [stderr] 
[INFO] [stderr]   build script failed, must exit now
[INFO] [stderr]   stack backtrace:
[INFO] [stderr]      0:     0x5c434819c5d1 - std[617be2ca0a6fd877]::backtrace_rs::backtrace::libunwind::trace
[INFO] [stderr]                                  at /rustc/e3feeb59cd1bdd011a2bfcc0747b55125d9b8527/library/std/src/../../backtrace/src/backtrace/libunwind.rs:117:9
[INFO] [stderr]      1:     0x5c434819c5d1 - std[617be2ca0a6fd877]::backtrace_rs::backtrace::trace_unsynchronized::<std[617be2ca0a6fd877]::sys::backtrace::_print_fmt::{closure#1}>
[INFO] [stderr]                                  at /rustc/e3feeb59cd1bdd011a2bfcc0747b55125d9b8527/library/std/src/../../backtrace/src/backtrace/mod.rs:66:14
[INFO] [stderr]      2:     0x5c434819c5d1 - std[617be2ca0a6fd877]::sys::backtrace::_print_fmt
[INFO] [stderr]                                  at /rustc/e3feeb59cd1bdd011a2bfcc0747b55125d9b8527/library/std/src/sys/backtrace.rs:74:9
[INFO] [stderr]      3:     0x5c434819c5d1 - <<std[617be2ca0a6fd877]::sys::backtrace::BacktraceLock>::print::DisplayBacktrace as core[a373ad73a504971]::fmt::Display>::fmt
[INFO] [stderr]                                  at /rustc/e3feeb59cd1bdd011a2bfcc0747b55125d9b8527/library/std/src/sys/backtrace.rs:44:26
[INFO] [stderr]      4:     0x5c43481b05ca - <core[a373ad73a504971]::fmt::rt::Argument>::fmt
[INFO] [stderr]                                  at /rustc/e3feeb59cd1bdd011a2bfcc0747b55125d9b8527/library/core/src/fmt/rt.rs:152:76
[INFO] [stderr]      5:     0x5c43481b05ca - core[a373ad73a504971]::fmt::write
[INFO] [stderr]      6:     0x5c43481a1e1c - core[a373ad73a504971]::io::write::default_write_fmt::<std[617be2ca0a6fd877]::sys::stdio::unix::Stderr>
[INFO] [stderr]                                  at /rustc/e3feeb59cd1bdd011a2bfcc0747b55125d9b8527/library/core/src/io/write.rs:402:11
[INFO] [stderr]      7:     0x5c43481a1e1c - <std[617be2ca0a6fd877]::sys::stdio::unix::Stderr as core[a373ad73a504971]::io::write::Write>::write_fmt
[INFO] [stderr]                                  at /rustc/e3feeb59cd1bdd011a2bfcc0747b55125d9b8527/library/core/src/io/write.rs:335:13
[INFO] [stderr]      8:     0x5c434817bb46 - <std[617be2ca0a6fd877]::sys::backtrace::BacktraceLock>::print
[INFO] [stderr]                                  at /rustc/e3feeb59cd1bdd011a2bfcc0747b55125d9b8527/library/std/src/sys/backtrace.rs:47:9
[INFO] [stderr]      9:     0x5c434817bb46 - std[617be2ca0a6fd877]::panicking::default_hook::{closure#0}
[INFO] [stderr]                                  at /rustc/e3feeb59cd1bdd011a2bfcc0747b55125d9b8527/library/std/src/panicking.rs:289:27
[INFO] [stderr]     10:     0x5c43481972f1 - std[617be2ca0a6fd877]::panicking::default_hook
[INFO] [stderr]                                  at /rustc/e3feeb59cd1bdd011a2bfcc0747b55125d9b8527/library/std/src/panicking.rs:316:9
[INFO] [stderr]     11:     0x5c43481974ab - std[617be2ca0a6fd877]::panicking::panic_with_hook
[INFO] [stderr]                                  at /rustc/e3feeb59cd1bdd011a2bfcc0747b55125d9b8527/library/std/src/panicking.rs:811:13
[INFO] [stderr]     12:     0x5c434817bbf2 - std[617be2ca0a6fd877]::panicking::panic_handler::{closure#0}
[INFO] [stderr]                                  at /rustc/e3feeb59cd1bdd011a2bfcc0747b55125d9b8527/library/std/src/panicking.rs:685:13
[INFO] [stderr]     13:     0x5c4348174869 - std[617be2ca0a6fd877]::sys::backtrace::__rust_end_short_backtrace::<std[617be2ca0a6fd877]::panicking::panic_handler::{closure#0}, !>
[INFO] [stderr]                                  at /rustc/e3feeb59cd1bdd011a2bfcc0747b55125d9b8527/library/std/src/sys/backtrace.rs:182:18
[INFO] [stderr]     14:     0x5c434817c3dd - __rustc[ea4f61d10b84890b]::rust_begin_unwind
[INFO] [stderr]                                  at /rustc/e3feeb59cd1bdd011a2bfcc0747b55125d9b8527/library/std/src/panicking.rs:676:5
[INFO] [stderr]     15:     0x5c43481b0dbc - core[a373ad73a504971]::panicking::panic_fmt
[INFO] [stderr]                                  at /rustc/e3feeb59cd1bdd011a2bfcc0747b55125d9b8527/library/core/src/panicking.rs:80:14
[INFO] [stderr]     16:     0x5c4348105d77 - cmake[2f31c103f0d24f6d]::fail
[INFO] [stderr]     17:     0x5c4348105a03 - cmake[2f31c103f0d24f6d]::run
[INFO] [stderr]     18:     0x5c434810b9d5 - <cmake[2f31c103f0d24f6d]::Config>::build
[INFO] [stderr]     19:     0x5c43480f7b3a - build_script_build[d232079191e70b4b]::main
[INFO] [stderr]     20:     0x5c43480f8553 - <fn() as core[a373ad73a504971]::ops::function::FnOnce<()>>::call_once
[INFO] [stderr]     21:     0x5c43480f79a6 - std[617be2ca0a6fd877]::sys::backtrace::__rust_begin_short_backtrace::<fn(), ()>
[INFO] [stderr]     22:     0x5c43480f79b9 - std[617be2ca0a6fd877]::rt::lang_start::<()>::{closure#0}
[INFO] [stderr]     23:     0x5c43481965f8 - <&dyn core[a373ad73a504971]::ops::function::Fn<(), Output = i32> + core[a373ad73a504971]::marker::Sync + core[a373ad73a504971]::panic::unwind_safe::RefUnwindSafe as core[a373ad73a504971]::ops::function::FnOnce<()>>::call_once
[INFO] [stderr]                                  at /rustc/e3feeb59cd1bdd011a2bfcc0747b55125d9b8527/library/core/src/ops/function.rs:287:21
[INFO] [stderr]     24:     0x5c43481965f8 - std[617be2ca0a6fd877]::panicking::catch_unwind::do_call::<&dyn core[a373ad73a504971]::ops::function::Fn<(), Output = i32> + core[a373ad73a504971]::marker::Sync + core[a373ad73a504971]::panic::unwind_safe::RefUnwindSafe, i32>
[INFO] [stderr]                                  at /rustc/e3feeb59cd1bdd011a2bfcc0747b55125d9b8527/library/std/src/panicking.rs:573:43
[INFO] [stderr]     25:     0x5c43481965f8 - std[617be2ca0a6fd877]::panicking::catch_unwind::<i32, &dyn core[a373ad73a504971]::ops::function::Fn<(), Output = i32> + core[a373ad73a504971]::marker::Sync + core[a373ad73a504971]::panic::unwind_safe::RefUnwindSafe>
[INFO] [stderr]                                  at /rustc/e3feeb59cd1bdd011a2bfcc0747b55125d9b8527/library/std/src/panicking.rs:541:19
[INFO] [stderr]     26:     0x5c43481965f8 - std[617be2ca0a6fd877]::panic::catch_unwind::<&dyn core[a373ad73a504971]::ops::function::Fn<(), Output = i32> + core[a373ad73a504971]::marker::Sync + core[a373ad73a504971]::panic::unwind_safe::RefUnwindSafe, i32>
[INFO] [stderr]                                  at /rustc/e3feeb59cd1bdd011a2bfcc0747b55125d9b8527/library/std/src/panic.rs:359:14
[INFO] [stderr]     27:     0x5c43481965f8 - std[617be2ca0a6fd877]::rt::lang_start_internal::{closure#0}
[INFO] [stderr]                                  at /rustc/e3feeb59cd1bdd011a2bfcc0747b55125d9b8527/library/std/src/rt.rs:175:24
[INFO] [stderr]     28:     0x5c43481965f8 - std[617be2ca0a6fd877]::panicking::catch_unwind::do_call::<std[617be2ca0a6fd877]::rt::lang_start_internal::{closure#0}, isize>
[INFO] [stderr]                                  at /rustc/e3feeb59cd1bdd011a2bfcc0747b55125d9b8527/library/std/src/panicking.rs:573:43
[INFO] [stderr]     29:     0x5c43481965f8 - std[617be2ca0a6fd877]::panicking::catch_unwind::<isize, std[617be2ca0a6fd877]::rt::lang_start_internal::{closure#0}>
[INFO] [stderr]                                  at /rustc/e3feeb59cd1bdd011a2bfcc0747b55125d9b8527/library/std/src/panicking.rs:541:19
[INFO] [stderr]     30:     0x5c43481965f8 - std[617be2ca0a6fd877]::panic::catch_unwind::<std[617be2ca0a6fd877]::rt::lang_start_internal::{closure#0}, isize>
[INFO] [stderr]                                  at /rustc/e3feeb59cd1bdd011a2bfcc0747b55125d9b8527/library/std/src/panic.rs:359:14
[INFO] [stderr]     31:     0x5c43481965f8 - std[617be2ca0a6fd877]::rt::lang_start_internal
[INFO] [stderr]                                  at /rustc/e3feeb59cd1bdd011a2bfcc0747b55125d9b8527/library/std/src/rt.rs:171:5
[INFO] [stderr]     32:     0x5c43480f7531 - std[617be2ca0a6fd877]::rt::lang_start::<()>
[INFO] [stderr]     33:     0x5c43480f85c5 - main
[INFO] [stderr]     34:     0x71b191ee4601 - <unknown>
[INFO] [stderr]     35:     0x71b191ee4718 - __libc_start_main
[INFO] [stderr]     36:     0x5c43480f68d5 - _start
[INFO] [stderr]     37:                0x0 - <unknown>
[INFO] running `Command { std: "docker" "inspect" "e8ad60d4526af61940352043d09441424ffe9d3a057de9b00e0c958c512e7e10", kill_on_drop: false }`
[INFO] running `Command { std: "docker" "rm" "-f" "e8ad60d4526af61940352043d09441424ffe9d3a057de9b00e0c958c512e7e10", kill_on_drop: false }`
[INFO] [stdout] e8ad60d4526af61940352043d09441424ffe9d3a057de9b00e0c958c512e7e10
