[INFO] fetching crate sn-trie-proofs 0.1.1...
[INFO] testing sn-trie-proofs-0.1.1 against 1.99.0-beta.8 for beta-1.100-2
[INFO] extracting crate sn-trie-proofs 0.1.1 into /workspace/builds/worker-5-tc1/source
[INFO] started tweaking crates.io crate sn-trie-proofs 0.1.1
[INFO] finished tweaking crates.io crate sn-trie-proofs 0.1.1
[INFO] tweaked toml for crates.io crate sn-trie-proofs 0.1.1 written to /workspace/builds/worker-5-tc1/source/Cargo.toml
[INFO] validating manifest of crates.io crate sn-trie-proofs 0.1.1 on toolchain 1.99.0-beta.8
[INFO] running `Command { std: CARGO_HOME="/workspace/cargo-home" RUSTUP_HOME="/workspace/rustup-home" "/workspace/cargo-home/bin/cargo" "+1.99.0-beta.8" "metadata" "--manifest-path" "Cargo.toml" "--no-deps", kill_on_drop: false }`
[INFO] running `Command { std: CARGO_HOME="/workspace/cargo-home" RUSTUP_HOME="/workspace/rustup-home" "/workspace/cargo-home/bin/cargo" "+1.99.0-beta.8" "generate-lockfile" "--manifest-path" "Cargo.toml", kill_on_drop: false }`
[INFO] [stderr]     Updating crates.io index
[INFO] [stderr]      Locking 180 packages to highest compatible versions
[INFO] [stderr]       Adding generic-array v0.14.7 (available: v0.14.9)
[INFO] [stderr]       Adding reqwest v0.11.27 (available: v0.13.5)
[INFO] [stderr]       Adding starknet-types-core v0.1.9 (available: v1.0.0)
[INFO] [stderr]       Adding thiserror v1.0.69 (available: v2.0.21)
[INFO] running `Command { std: CARGO_HOME="/workspace/cargo-home" RUSTUP_HOME="/workspace/rustup-home" "/workspace/cargo-home/bin/cargo" "+1.99.0-beta.8" "fetch" "--manifest-path" "Cargo.toml", kill_on_drop: false }`
[INFO] [stderr]  Downloading crates ...
[INFO] [stderr]   Downloaded socket2 v0.6.5
[INFO] [stderr]   Downloaded tokio-macros v2.7.2
[INFO] [stderr]   Downloaded percent-encoding v2.3.2
[INFO] [stderr]   Downloaded wasm-bindgen-futures v0.4.79
[INFO] [stderr]   Downloaded idna_adapter v1.2.2
[INFO] [stderr]   Downloaded tower-service v0.3.3
[INFO] [stderr]   Downloaded openssl-probe v0.2.1
[INFO] [stderr]   Downloaded httpdate v1.0.3
[INFO] [stderr]   Downloaded foreign-types v0.3.2
[INFO] [stderr]   Downloaded try-lock v0.2.5
[INFO] [stderr]   Downloaded sn-merkle-trie v0.1.0
[INFO] [stderr]   Downloaded keccak v0.1.6
[INFO] [stderr]   Downloaded form_urlencoded v1.2.2
[INFO] [stderr]   Downloaded openssl-macros v0.1.1
[INFO] [stderr]   Downloaded foreign-types-shared v0.1.1
[INFO] [stderr]   Downloaded system-configuration v0.5.1
[INFO] [stderr]   Downloaded system-configuration-sys v0.5.0
[INFO] [stderr]   Downloaded hyper-tls v0.5.0
[INFO] [stderr]   Downloaded want v0.3.2
[INFO] [stderr]   Downloaded futures-sink v0.3.34
[INFO] [stderr]   Downloaded zeroize v1.9.1
[INFO] [stderr]   Downloaded native-tls v0.2.18
[INFO] [stderr]   Downloaded sync_wrapper v0.1.2
[INFO] [stderr]   Downloaded http-body v0.4.6
[INFO] [stderr]   Downloaded rustls-pemfile v1.0.4
[INFO] [stderr]   Downloaded mime v0.3.17
[INFO] [stderr]   Downloaded ipnet v2.12.2
[INFO] [stderr]   Downloaded size-of v0.1.5
[INFO] [stderr]   Downloaded winreg v0.50.0
[INFO] [stderr]   Downloaded tokio-native-tls v0.3.1
[INFO] [stderr]   Downloaded security-framework-sys v2.17.0
[INFO] [stderr]   Downloaded core-foundation v0.10.1
[INFO] [stderr]   Downloaded core-foundation v0.9.4
[INFO] [stderr]   Downloaded serde_urlencoded v0.7.1
[INFO] [stderr]   Downloaded httparse v1.10.1
[INFO] [stderr]   Downloaded futures-channel v0.3.34
[INFO] [stderr]   Downloaded mio v1.2.4
[INFO] [stderr]   Downloaded starknet-types-core v0.1.9
[INFO] [stderr]   Downloaded num-integer v0.1.47
[INFO] [stderr]   Downloaded schannel v0.1.29
[INFO] [stderr]   Downloaded ryu v1.0.23
[INFO] [stderr]   Downloaded bytes v1.12.1
[INFO] [stderr]   Downloaded icu_normalizer_data v2.3.0
[INFO] [stderr]   Downloaded starknet-types-rpc v0.7.1
[INFO] [stderr]   Downloaded openssl-sys v0.9.117
[INFO] [stderr]   Downloaded base64 v0.21.7
[INFO] [stderr]   Downloaded socket2 v0.5.10
[INFO] [stderr]   Downloaded url v2.5.8
[INFO] [stderr]   Downloaded security-framework v3.7.0
[INFO] [stderr]   Downloaded num-bigint v0.4.8
[INFO] [stderr]   Downloaded idna v1.1.0
[INFO] [stderr]   Downloaded icu_properties v2.3.0
[INFO] [stderr]   Downloaded cc v1.6.0
[INFO] [stderr]   Downloaded http v0.2.12
[INFO] [stderr]   Downloaded hyper v0.14.32
[INFO] [stderr]   Downloaded icu_properties_data v2.3.0
[INFO] [stderr]   Downloaded tokio-util v0.7.19
[INFO] [stderr]   Downloaded reqwest v0.11.27
[INFO] [stderr]   Downloaded h2 v0.3.27
[INFO] [stderr]   Downloaded lambdaworks-math v0.10.0
[INFO] [stderr]   Downloaded lambdaworks-crypto v0.10.0
[INFO] [stderr]   Downloaded vcpkg v0.2.15
[INFO] [stderr]   Downloaded bitvec v1.1.1
[INFO] [stderr]   Downloaded openssl v0.10.81
[INFO] [stderr]   Downloaded icu_normalizer v2.3.0
[INFO] [stderr]   Downloaded web-sys v0.3.106
[INFO] [stderr]   Downloaded libc v0.2.190
[INFO] [stderr]   Downloaded sha3 v0.10.9
[INFO] [stderr]   Downloaded tokio v1.53.2
[INFO] running `Command { std: "docker" "create" "-v" "/var/lib/crater-agent-workspace/builds/worker-5-tc1/source:/opt/rustwide/workdir:ro,Z" "-v" "/var/lib/crater-agent-workspace/builds/worker-5-tc1/target:/opt/rustwide/target:rw,Z" "-v" "/var/lib/crater-agent-workspace/cargo-home:/opt/rustwide/cargo-home:ro,Z" "-v" "/var/lib/crater-agent-workspace/rustup-home:/opt/rustwide/rustup-home:ro,Z" "-m" "1610612736" "--network" "none" "ghcr.io/rust-lang/crates-build-env/linux@sha256:3111399a4047eeb3a02b7a90e478d715f38a8c6669b5c4b49d30a17385265909" "sleep" "infinity", kill_on_drop: false }`
[INFO] [stdout] 43a85ade438b5b1a16fede673ea2f125296809f33c6125387c6b97a8907ca84d
[INFO] running `Command { std: "docker" "start" "43a85ade438b5b1a16fede673ea2f125296809f33c6125387c6b97a8907ca84d", kill_on_drop: false }`
[INFO] running `Command { std: "docker" "inspect" "43a85ade438b5b1a16fede673ea2f125296809f33c6125387c6b97a8907ca84d", kill_on_drop: false }`
[INFO] running `Command { std: "docker" "exec" "-e" "SOURCE_DIR=/opt/rustwide/workdir" "-e" "CARGO_HOME=/opt/rustwide/cargo-home" "-e" "RUSTUP_HOME=/opt/rustwide/rustup-home" "-e" "CARGO_TARGET_DIR=/opt/rustwide/target" "-w" "/opt/rustwide/workdir" "--user" "0:0" "43a85ade438b5b1a16fede673ea2f125296809f33c6125387c6b97a8907ca84d" "/opt/rustwide/cargo-home/bin/cargo" "+1.99.0-beta.8" "metadata" "--no-deps" "--format-version=1", kill_on_drop: false }`
[INFO] running `Command { std: "docker" "inspect" "43a85ade438b5b1a16fede673ea2f125296809f33c6125387c6b97a8907ca84d", kill_on_drop: false }`
[INFO] running `Command { std: "docker" "exec" "-e" "SOURCE_DIR=/opt/rustwide/workdir" "-e" "CARGO_HOME=/opt/rustwide/cargo-home" "-e" "RUSTUP_HOME=/opt/rustwide/rustup-home" "-e" "CARGO_TARGET_DIR=/opt/rustwide/target" "-e" "CARGO_INCREMENTAL=0" "-e" "RUST_BACKTRACE=full" "-e" "RUSTFLAGS=--cap-lints=warn" "-e" "RUSTDOCFLAGS=--cap-lints=warn" "-w" "/opt/rustwide/workdir" "--user" "0:0" "43a85ade438b5b1a16fede673ea2f125296809f33c6125387c6b97a8907ca84d" "/opt/rustwide/cargo-home/bin/cargo" "+1.99.0-beta.8" "build" "--frozen" "--message-format=json", kill_on_drop: false }`
[INFO] [stderr]    Compiling proc-macro2 v1.0.107
[INFO] [stderr]    Compiling quote v1.0.47
[INFO] [stderr]    Compiling unicode-ident v1.0.26
[INFO] [stderr]    Compiling libc v0.2.190
[INFO] [stderr]    Compiling stable_deref_trait v1.2.1
[INFO] [stderr]    Compiling version_check v0.9.5
[INFO] [stderr]    Compiling shlex v2.0.1
[INFO] [stderr]    Compiling find-msvc-tools v0.1.14
[INFO] [stderr]    Compiling typenum v1.20.1
[INFO] [stderr]    Compiling cfg-if v1.0.5
[INFO] [stderr]    Compiling pkg-config v0.3.34
[INFO] [stderr]    Compiling cc v1.6.0
[INFO] [stderr]    Compiling pin-project-lite v0.2.17
[INFO] [stderr]    Compiling vcpkg v0.2.15
[INFO] [stderr]    Compiling bytes v1.12.1
[INFO] [stderr]    Compiling generic-array v0.14.7
[INFO] [stderr]    Compiling serde_core v1.0.229
[INFO] [stderr]    Compiling subtle v2.6.1
[INFO] [stderr]    Compiling itoa v1.0.18
[INFO] [stderr]    Compiling writeable v0.6.4
[INFO] [stderr]    Compiling litemap v0.8.3
[INFO] [stderr]    Compiling autocfg v1.5.1
[INFO] [stderr]    Compiling serde v1.0.229
[INFO] [stderr]    Compiling syn v3.0.6
[INFO] [stderr]    Compiling syn v2.0.119
[INFO] [stderr]    Compiling icu_properties_data v2.3.0
[INFO] [stderr]    Compiling num-traits v0.2.19
[INFO] [stderr]    Compiling futures-core v0.3.34
[INFO] [stderr]    Compiling icu_normalizer_data v2.3.0
[INFO] [stderr]    Compiling utf8_iter v1.0.4
[INFO] [stderr]    Compiling foreign-types-shared v0.1.1
[INFO] [stderr]    Compiling rustversion v1.0.23
[INFO] [stderr]    Compiling openssl v0.10.81
[INFO] [stderr]    Compiling mio v1.2.4
[INFO] [stderr]    Compiling socket2 v0.6.5
[INFO] [stderr]    Compiling block-buffer v0.10.4
[INFO] [stderr]    Compiling crypto-common v0.1.7
[INFO] [stderr]    Compiling fnv v1.0.7
[INFO] [stderr]    Compiling digest v0.10.7
[INFO] [stderr]    Compiling once_cell v1.21.4
[INFO] [stderr]    Compiling tracing-core v0.1.36
[INFO] [stderr]    Compiling http v0.2.12
[INFO] [stderr]    Compiling openssl-sys v0.9.117
[INFO] [stderr]    Compiling foreign-types v0.3.2
[INFO] [stderr]    Compiling futures-sink v0.3.34
[INFO] [stderr]    Compiling cpufeatures v0.2.17
[INFO] [stderr]    Compiling futures-task v0.3.34
[INFO] [stderr]    Compiling native-tls v0.2.18
[INFO] [stderr]    Compiling equivalent v1.0.2
[INFO] [stderr]    Compiling smallvec v1.16.2
[INFO] [stderr]    Compiling keccak v0.1.6
[INFO] [stderr]    Compiling httparse v1.10.1
[INFO] [stderr]    Compiling hashbrown v0.17.1
[INFO] [stderr]    Compiling bitflags v2.13.2
[INFO] [stderr]    Compiling num-integer v0.1.47
[INFO] [stderr]    Compiling sha3 v0.10.9
[INFO] [stderr]    Compiling futures-util v0.3.34
[INFO] [stderr]    Compiling sha2 v0.10.9
[INFO] [stderr]    Compiling tracing v0.1.44
[INFO] [stderr]    Compiling indexmap v2.14.2
[INFO] [stderr]    Compiling log v0.4.34
[INFO] [stderr]    Compiling lambdaworks-math v0.10.0
[INFO] [stderr]    Compiling radium v0.7.0
[INFO] [stderr]    Compiling percent-encoding v2.3.2
[INFO] [stderr]    Compiling zmij v1.0.23
[INFO] [stderr]    Compiling openssl-probe v0.2.1
[INFO] [stderr]    Compiling try-lock v0.2.5
[INFO] [stderr]    Compiling slab v0.4.12
[INFO] [stderr]    Compiling want v0.3.2
[INFO] [stderr]    Compiling form_urlencoded v1.2.2
[INFO] [stderr]    Compiling encoding_rs v0.8.42
[INFO] [stderr]    Compiling num-bigint v0.4.8
[INFO] [stderr]    Compiling http-body v0.4.6
[INFO] [stderr]    Compiling blake2 v0.10.6
[INFO] [stderr]    Compiling socket2 v0.5.10
[INFO] [stderr]    Compiling futures-channel v0.3.34
[INFO] [stderr]    Compiling httpdate v1.0.3
[INFO] [stderr]    Compiling size-of v0.1.5
[INFO] [stdout] error[E0570]: "aapcs" is not a supported ABI for the current target
[INFO] [stdout]    --> /opt/rustwide/cargo-home/registry/src/index.crates.io-1949cf8c6b5b557f/size-of-0.1.5/src/macros.rs:66:56
[INFO] [stdout]     |
[INFO] [stdout]  66 |               impl<$($ty,)* U> $crate::SizeOf for extern $cconv fn($($ty),*) -> U {
[INFO] [stdout]     |                                                          ^^^^^^
[INFO] [stdout]     |
[INFO] [stdout]    ::: /opt/rustwide/cargo-home/registry/src/index.crates.io-1949cf8c6b5b557f/size-of-0.1.5/src/core_impls.rs:294:1
[INFO] [stdout]     |
[INFO] [stdout] 294 | / impl_function_ptrs! {
[INFO] [stdout] 295 | |     "C",
[INFO] [stdout] 296 | |     "Rust",
[INFO] [stdout] 297 | |     "aapcs",
[INFO] [stdout] ...   |
[INFO] [stdout] 303 | |     "fastcall",
[INFO] [stdout] 304 | | }
[INFO] [stdout]     | |_- in this macro invocation
[INFO] [stdout]     |
[INFO] [stdout]     = note: this error originates in the macro `impl_function_ptrs` (in Nightly builds, run with -Z macro-backtrace for more info)
[INFO] [stdout] 
[INFO] [stdout] 
[INFO] [stdout] error[E0570]: "stdcall" is not a supported ABI for the current target
[INFO] [stdout]    --> /opt/rustwide/cargo-home/registry/src/index.crates.io-1949cf8c6b5b557f/size-of-0.1.5/src/macros.rs:66:56
[INFO] [stdout]     |
[INFO] [stdout]  66 |               impl<$($ty,)* U> $crate::SizeOf for extern $cconv fn($($ty),*) -> U {
[INFO] [stdout]     |                                                          ^^^^^^
[INFO] [stdout]     |
[INFO] [stdout]    ::: /opt/rustwide/cargo-home/registry/src/index.crates.io-1949cf8c6b5b557f/size-of-0.1.5/src/core_impls.rs:294:1
[INFO] [stdout]     |
[INFO] [stdout] 294 | / impl_function_ptrs! {
[INFO] [stdout] 295 | |     "C",
[INFO] [stdout] 296 | |     "Rust",
[INFO] [stdout] 297 | |     "aapcs",
[INFO] [stdout] ...   |
[INFO] [stdout] 303 | |     "fastcall",
[INFO] [stdout] 304 | | }
[INFO] [stdout]     | |_- in this macro invocation
[INFO] [stdout]     |
[INFO] [stdout]     = help: if you need `extern "stdcall"` on win32 and `extern "C"` everywhere else, use `extern "system"`
[INFO] [stdout]     = note: this error originates in the macro `impl_function_ptrs` (in Nightly builds, run with -Z macro-backtrace for more info)
[INFO] [stdout] 
[INFO] [stdout] 
[INFO] [stdout] error[E0570]: "fastcall" is not a supported ABI for the current target
[INFO] [stdout]    --> /opt/rustwide/cargo-home/registry/src/index.crates.io-1949cf8c6b5b557f/size-of-0.1.5/src/macros.rs:66:56
[INFO] [stdout]     |
[INFO] [stdout]  66 |               impl<$($ty,)* U> $crate::SizeOf for extern $cconv fn($($ty),*) -> U {
[INFO] [stdout]     |                                                          ^^^^^^
[INFO] [stdout]     |
[INFO] [stdout]    ::: /opt/rustwide/cargo-home/registry/src/index.crates.io-1949cf8c6b5b557f/size-of-0.1.5/src/core_impls.rs:294:1
[INFO] [stdout]     |
[INFO] [stdout] 294 | / impl_function_ptrs! {
[INFO] [stdout] 295 | |     "C",
[INFO] [stdout] 296 | |     "Rust",
[INFO] [stdout] 297 | |     "aapcs",
[INFO] [stdout] ...   |
[INFO] [stdout] 303 | |     "fastcall",
[INFO] [stdout] 304 | | }
[INFO] [stdout]     | |_- in this macro invocation
[INFO] [stdout]     |
[INFO] [stdout]     = note: this error originates in the macro `impl_function_ptrs` (in Nightly builds, run with -Z macro-backtrace for more info)
[INFO] [stdout] 
[INFO] [stdout] 
[INFO] [stderr]    Compiling tower-service v0.3.3
[INFO] [stdout] For more information about this error, try `rustc --explain E0570`.
[INFO] [stdout] 
[INFO] [stderr] error: could not compile `size-of` (lib) due to 3 previous errors
[INFO] [stderr] warning: build failed, waiting for other jobs to finish...
[INFO] running `Command { std: "docker" "inspect" "43a85ade438b5b1a16fede673ea2f125296809f33c6125387c6b97a8907ca84d", kill_on_drop: false }`
[INFO] running `Command { std: "docker" "rm" "-f" "43a85ade438b5b1a16fede673ea2f125296809f33c6125387c6b97a8907ca84d", kill_on_drop: false }`
[INFO] [stdout] 43a85ade438b5b1a16fede673ea2f125296809f33c6125387c6b97a8907ca84d
