[INFO] fetching crate smtkit 0.1.2...
[INFO] testing smtkit-0.1.2 against 1.99.0-beta.8 for beta-1.100-2
[INFO] extracting crate smtkit 0.1.2 into /workspace/builds/worker-1-tc1/source
[INFO] started tweaking crates.io crate smtkit 0.1.2
[INFO] removed 0 missing examples
[INFO] finished tweaking crates.io crate smtkit 0.1.2
[INFO] tweaked toml for crates.io crate smtkit 0.1.2 written to /workspace/builds/worker-1-tc1/source/Cargo.toml
[INFO] validating manifest of crates.io crate smtkit 0.1.2 on toolchain 1.99.0-beta.8
[INFO] running `Command { std: CARGO_HOME="/workspace/cargo-home" RUSTUP_HOME="/workspace/rustup-home" "/workspace/cargo-home/bin/cargo" "+1.99.0-beta.8" "metadata" "--manifest-path" "Cargo.toml" "--no-deps", kill_on_drop: false }`
[INFO] crate crates.io crate smtkit 0.1.2 already has a lockfile, it will not be regenerated
[INFO] running `Command { std: CARGO_HOME="/workspace/cargo-home" RUSTUP_HOME="/workspace/rustup-home" "/workspace/cargo-home/bin/cargo" "+1.99.0-beta.8" "fetch" "--manifest-path" "Cargo.toml", kill_on_drop: false }`
[INFO] [stderr]     Updating crates.io index
[INFO] [stderr]  Downloading crates ...
[INFO] [stderr]   Downloaded smtkit-z3 v0.1.0
[INFO] [stderr]   Downloaded wasm-bindgen v0.2.123
[INFO] [stderr]   Downloaded wasm-bindgen-macro v0.2.123
[INFO] [stderr]   Downloaded z3-sys v0.10.9
[INFO] [stderr]   Downloaded wasm-bindgen-shared v0.2.123
[INFO] [stderr]   Downloaded wasm-bindgen-futures v0.4.73
[INFO] [stderr]   Downloaded pbkdf2 v0.13.0
[INFO] [stderr]   Downloaded ppmd-rust v1.4.0
[INFO] [stderr]   Downloaded libbz2-rs-sys v0.2.5
[INFO] [stderr]   Downloaded z3 v0.19.15
[INFO] [stderr]   Downloaded wasm-bindgen-macro-support v0.2.123
[INFO] [stderr]   Downloaded js-sys v0.3.100
[INFO] [stderr]   Downloaded aes v0.9.1
[INFO] [stderr]   Downloaded zlib-rs v0.6.3
[INFO] [stderr]   Downloaded lzma-rust2 v0.16.4
[INFO] [stderr]   Downloaded smtkit-core v0.1.0
[INFO] [stderr]   Downloaded web-sys v0.3.100
[INFO] [stderr]   Downloaded smtkit-smtlib v0.1.0
[INFO] [stderr]   Downloaded pare v0.2.1
[INFO] [stderr]   Downloaded structops v0.1.0
[INFO] running `Command { std: "docker" "create" "-v" "/var/lib/crater-agent-workspace/builds/worker-1-tc1/source:/opt/rustwide/workdir:ro,Z" "-v" "/var/lib/crater-agent-workspace/builds/worker-1-tc1/target:/opt/rustwide/target:rw,Z" "-v" "/var/lib/crater-agent-workspace/cargo-home:/opt/rustwide/cargo-home:ro,Z" "-v" "/var/lib/crater-agent-workspace/rustup-home:/opt/rustwide/rustup-home:ro,Z" "-m" "1610612736" "--network" "none" "ghcr.io/rust-lang/crates-build-env/linux@sha256:3111399a4047eeb3a02b7a90e478d715f38a8c6669b5c4b49d30a17385265909" "sleep" "infinity", kill_on_drop: false }`
[INFO] [stdout] 5631e5883ae6b2a45842472d001b0c70d88be944fe24912176b654d46b06f206
[INFO] running `Command { std: "docker" "start" "5631e5883ae6b2a45842472d001b0c70d88be944fe24912176b654d46b06f206", kill_on_drop: false }`
[INFO] running `Command { std: "docker" "inspect" "5631e5883ae6b2a45842472d001b0c70d88be944fe24912176b654d46b06f206", kill_on_drop: false }`
[INFO] running `Command { std: "docker" "exec" "-e" "SOURCE_DIR=/opt/rustwide/workdir" "-e" "CARGO_HOME=/opt/rustwide/cargo-home" "-e" "RUSTUP_HOME=/opt/rustwide/rustup-home" "-e" "CARGO_TARGET_DIR=/opt/rustwide/target" "-w" "/opt/rustwide/workdir" "--user" "0:0" "5631e5883ae6b2a45842472d001b0c70d88be944fe24912176b654d46b06f206" "/opt/rustwide/cargo-home/bin/cargo" "+1.99.0-beta.8" "metadata" "--no-deps" "--format-version=1", kill_on_drop: false }`
[INFO] running `Command { std: "docker" "inspect" "5631e5883ae6b2a45842472d001b0c70d88be944fe24912176b654d46b06f206", kill_on_drop: false }`
[INFO] running `Command { std: "docker" "exec" "-e" "SOURCE_DIR=/opt/rustwide/workdir" "-e" "CARGO_HOME=/opt/rustwide/cargo-home" "-e" "RUSTUP_HOME=/opt/rustwide/rustup-home" "-e" "CARGO_TARGET_DIR=/opt/rustwide/target" "-e" "CARGO_INCREMENTAL=0" "-e" "RUST_BACKTRACE=full" "-e" "RUSTFLAGS=--cap-lints=warn" "-e" "RUSTDOCFLAGS=--cap-lints=warn" "-w" "/opt/rustwide/workdir" "--user" "0:0" "5631e5883ae6b2a45842472d001b0c70d88be944fe24912176b654d46b06f206" "/opt/rustwide/cargo-home/bin/cargo" "+1.99.0-beta.8" "build" "--frozen" "--message-format=json", kill_on_drop: false }`
[INFO] [stderr]    Compiling anyhow v1.0.102
[INFO] [stderr]    Compiling shell-words v1.1.1
[INFO] [stderr]    Compiling smtkit-core v0.1.0
[INFO] [stderr]    Compiling smtkit-smtlib v0.1.0
[INFO] [stderr]    Compiling smtkit v0.1.2 (/opt/rustwide/workdir)
[INFO] [stderr]     Finished `dev` profile [unoptimized + debuginfo] target(s) in 1.10s
[INFO] running `Command { std: "docker" "inspect" "5631e5883ae6b2a45842472d001b0c70d88be944fe24912176b654d46b06f206", kill_on_drop: false }`
[INFO] running `Command { std: "docker" "exec" "-e" "SOURCE_DIR=/opt/rustwide/workdir" "-e" "CARGO_HOME=/opt/rustwide/cargo-home" "-e" "RUSTUP_HOME=/opt/rustwide/rustup-home" "-e" "CARGO_TARGET_DIR=/opt/rustwide/target" "-e" "CARGO_INCREMENTAL=0" "-e" "RUST_BACKTRACE=full" "-e" "RUSTFLAGS=--cap-lints=warn" "-e" "RUSTDOCFLAGS=--cap-lints=warn" "-w" "/opt/rustwide/workdir" "--user" "0:0" "5631e5883ae6b2a45842472d001b0c70d88be944fe24912176b654d46b06f206" "/opt/rustwide/cargo-home/bin/cargo" "+1.99.0-beta.8" "test" "--frozen" "--no-run" "--message-format=json", kill_on_drop: false }`
[INFO] [stderr]    Compiling structops v0.1.0
[INFO] [stderr]    Compiling pare v0.2.1
[INFO] [stderr]    Compiling smtkit v0.1.2 (/opt/rustwide/workdir)
[INFO] [stdout] error[E0277]: `Script` doesn't implement `std::fmt::Display`
[INFO] [stdout]   --> examples/graph_coloring.rs:30:13
[INFO] [stdout]    |
[INFO] [stdout] 30 |     print!("{s}");
[INFO] [stdout]    |             ^^^ `Script` cannot be formatted with the default formatter
[INFO] [stdout]    |
[INFO] [stdout]    = help: the trait `std::fmt::Display` is not implemented for `Script`
[INFO] [stdout]    = note: in format strings you may be able to use `{:?}` (or `{:#?}` for pretty-print) instead
[INFO] [stdout] 
[INFO] [stdout] 
[INFO] [stdout] For more information about this error, try `rustc --explain E0277`.
[INFO] [stdout] 
[INFO] [stderr] error: could not compile `smtkit` (example "graph_coloring") due to 1 previous error
[INFO] [stderr] warning: build failed, waiting for other jobs to finish...
[INFO] [stdout] error[E0277]: `Script` doesn't implement `std::fmt::Display`
[INFO] [stdout]   --> examples/maximize_red.rs:45:13
[INFO] [stdout]    |
[INFO] [stdout] 45 |     print!("{s}");
[INFO] [stdout]    |             ^^^ `Script` cannot be formatted with the default formatter
[INFO] [stdout]    |
[INFO] [stdout]    = help: the trait `std::fmt::Display` is not implemented for `Script`
[INFO] [stdout]    = note: in format strings you may be able to use `{:?}` (or `{:#?}` for pretty-print) instead
[INFO] [stdout] 
[INFO] [stdout] 
[INFO] [stdout] For more information about this error, try `rustc --explain E0277`.
[INFO] [stdout] 
[INFO] [stderr] error: could not compile `smtkit` (example "maximize_red") due to 1 previous error
[INFO] [stdout] error[E0277]: `Script` doesn't implement `std::fmt::Display`
[INFO] [stdout]    --> examples/ontology_consistency.rs:156:24
[INFO] [stdout]     |
[INFO] [stdout] 156 |         println!("{}", script);
[INFO] [stdout]     |                   --   ^^^^^^ `Script` cannot be formatted with the default formatter
[INFO] [stdout]     |                   |
[INFO] [stdout]     |                   required by this formatting parameter
[INFO] [stdout]     |
[INFO] [stdout]     = help: the trait `std::fmt::Display` is not implemented for `Script`
[INFO] [stdout]     = note: in format strings you may be able to use `{:?}` (or `{:#?}` for pretty-print) instead
[INFO] [stdout] 
[INFO] [stdout] 
[INFO] [stdout] For more information about this error, try `rustc --explain E0277`.
[INFO] [stdout] 
[INFO] [stderr] error: could not compile `smtkit` (example "ontology_consistency") due to 1 previous error
[INFO] running `Command { std: "docker" "inspect" "5631e5883ae6b2a45842472d001b0c70d88be944fe24912176b654d46b06f206", kill_on_drop: false }`
[INFO] running `Command { std: "docker" "rm" "-f" "5631e5883ae6b2a45842472d001b0c70d88be944fe24912176b654d46b06f206", kill_on_drop: false }`
[INFO] [stdout] 5631e5883ae6b2a45842472d001b0c70d88be944fe24912176b654d46b06f206
