[INFO] fetching crate smol_db_common 1.5.0-beta.1...
[INFO] testing smol_db_common-1.5.0-beta.1 against 1.99.0-beta.8 for beta-1.100-2
[INFO] extracting crate smol_db_common 1.5.0-beta.1 into /workspace/builds/worker-6-tc1/source
[INFO] started tweaking crates.io crate smol_db_common 1.5.0-beta.1
[INFO] finished tweaking crates.io crate smol_db_common 1.5.0-beta.1
[INFO] tweaked toml for crates.io crate smol_db_common 1.5.0-beta.1 written to /workspace/builds/worker-6-tc1/source/Cargo.toml
[INFO] validating manifest of crates.io crate smol_db_common 1.5.0-beta.1 on toolchain 1.99.0-beta.8
[INFO] running `Command { std: CARGO_HOME="/workspace/cargo-home" RUSTUP_HOME="/workspace/rustup-home" "/workspace/cargo-home/bin/cargo" "+1.99.0-beta.8" "metadata" "--manifest-path" "Cargo.toml" "--no-deps", kill_on_drop: false }`
[INFO] running `Command { std: CARGO_HOME="/workspace/cargo-home" RUSTUP_HOME="/workspace/rustup-home" "/workspace/cargo-home/bin/cargo" "+1.99.0-beta.8" "generate-lockfile" "--manifest-path" "Cargo.toml", kill_on_drop: false }`
[INFO] [stderr]     Updating crates.io index
[INFO] [stderr]      Locking 98 packages to highest compatible versions
[INFO] [stderr]       Adding chrono-tz v0.9.0 (available: v0.10.4)
[INFO] [stderr]       Adding rand v0.8.8 (available: v0.10.3)
[INFO] running `Command { std: CARGO_HOME="/workspace/cargo-home" RUSTUP_HOME="/workspace/rustup-home" "/workspace/cargo-home/bin/cargo" "+1.99.0-beta.8" "fetch" "--manifest-path" "Cargo.toml", kill_on_drop: false }`
[INFO] [stderr]  Downloading crates ...
[INFO] [stderr]   Downloaded spki v0.8.1
[INFO] [stderr]   Downloaded signature v3.0.0
[INFO] [stderr]   Downloaded pem-rfc7468 v1.0.0
[INFO] [stderr]   Downloaded der v0.8.2
[INFO] [stderr]   Downloaded rsa v0.10.0-rc.19
[INFO] [stderr]   Downloaded serdect v0.4.3
[INFO] [stderr]   Downloaded pkcs8 v0.11.0
[INFO] [stderr]   Downloaded pkcs1 v0.8.0-rc.5
[INFO] [stderr]   Downloaded chrono-tz v0.9.0
[INFO] [stderr]   Downloaded chrono-tz-build v0.3.0
[INFO] [stderr]   Downloaded base16ct v1.0.0
[INFO] [stderr]   Downloaded ctutils v0.4.3
[INFO] [stderr]   Downloaded parse-zoneinfo v0.3.1
[INFO] [stderr]   Downloaded crypto-primes v0.7.2
[INFO] [stderr]   Downloaded siphasher v1.0.4
[INFO] [stderr]   Downloaded hybrid-array v0.4.15
[INFO] [stderr]   Downloaded crypto-bigint v0.7.5
[INFO] running `Command { std: "docker" "create" "-v" "/var/lib/crater-agent-workspace/builds/worker-6-tc1/source:/opt/rustwide/workdir:ro,Z" "-v" "/var/lib/crater-agent-workspace/builds/worker-6-tc1/target:/opt/rustwide/target:rw,Z" "-v" "/var/lib/crater-agent-workspace/cargo-home:/opt/rustwide/cargo-home:ro,Z" "-v" "/var/lib/crater-agent-workspace/rustup-home:/opt/rustwide/rustup-home:ro,Z" "-m" "1610612736" "--network" "none" "ghcr.io/rust-lang/crates-build-env/linux@sha256:3111399a4047eeb3a02b7a90e478d715f38a8c6669b5c4b49d30a17385265909" "sleep" "infinity", kill_on_drop: false }`
[INFO] [stdout] e9a2b61311a5f3eaee92e54fbb1495e2e3c787eff73a30ca86a4fd1012fee4c3
[INFO] running `Command { std: "docker" "start" "e9a2b61311a5f3eaee92e54fbb1495e2e3c787eff73a30ca86a4fd1012fee4c3", kill_on_drop: false }`
[INFO] running `Command { std: "docker" "inspect" "e9a2b61311a5f3eaee92e54fbb1495e2e3c787eff73a30ca86a4fd1012fee4c3", kill_on_drop: false }`
[INFO] running `Command { std: "docker" "exec" "-e" "SOURCE_DIR=/opt/rustwide/workdir" "-e" "CARGO_HOME=/opt/rustwide/cargo-home" "-e" "RUSTUP_HOME=/opt/rustwide/rustup-home" "-e" "CARGO_TARGET_DIR=/opt/rustwide/target" "-w" "/opt/rustwide/workdir" "--user" "0:0" "e9a2b61311a5f3eaee92e54fbb1495e2e3c787eff73a30ca86a4fd1012fee4c3" "/opt/rustwide/cargo-home/bin/cargo" "+1.99.0-beta.8" "metadata" "--no-deps" "--format-version=1", kill_on_drop: false }`
[INFO] running `Command { std: "docker" "inspect" "e9a2b61311a5f3eaee92e54fbb1495e2e3c787eff73a30ca86a4fd1012fee4c3", kill_on_drop: false }`
[INFO] running `Command { std: "docker" "exec" "-e" "SOURCE_DIR=/opt/rustwide/workdir" "-e" "CARGO_HOME=/opt/rustwide/cargo-home" "-e" "RUSTUP_HOME=/opt/rustwide/rustup-home" "-e" "CARGO_TARGET_DIR=/opt/rustwide/target" "-e" "CARGO_INCREMENTAL=0" "-e" "RUST_BACKTRACE=full" "-e" "RUSTFLAGS=--cap-lints=warn" "-e" "RUSTDOCFLAGS=--cap-lints=warn" "-w" "/opt/rustwide/workdir" "--user" "0:0" "e9a2b61311a5f3eaee92e54fbb1495e2e3c787eff73a30ca86a4fd1012fee4c3" "/opt/rustwide/cargo-home/bin/cargo" "+1.99.0-beta.8" "build" "--frozen" "--message-format=json", kill_on_drop: false }`
[INFO] [stderr]    Compiling siphasher v1.0.4
[INFO] [stderr]    Compiling syn v3.0.6
[INFO] [stderr]    Compiling serde v1.0.229
[INFO] [stderr]    Compiling zeroize v1.9.1
[INFO] [stderr]    Compiling regex-syntax v0.8.11
[INFO] [stderr]    Compiling rand_core v0.6.4
[INFO] [stderr]    Compiling libc v0.2.190
[INFO] [stderr]    Compiling pem-rfc7468 v1.0.0
[INFO] [stderr]    Compiling rand v0.8.8
[INFO] [stderr]    Compiling hybrid-array v0.4.15
[INFO] [stderr]    Compiling phf_shared v0.11.3
[INFO] [stderr]    Compiling der v0.8.2
[INFO] [stderr]    Compiling phf v0.11.3
[INFO] [stderr]    Compiling base16ct v1.0.0
[INFO] [stderr]    Compiling ctutils v0.4.3
[INFO] [stderr]    Compiling ppv-lite86 v0.2.21
[INFO] [stderr]    Compiling phf_generator v0.11.3
[INFO] [stderr]    Compiling phf_codegen v0.11.3
[INFO] [stderr]    Compiling crypto-common v0.2.2
[INFO] [stderr]    Compiling syn v2.0.119
[INFO] [stderr]    Compiling log v0.4.34
[INFO] [stderr]    Compiling lazy_static v1.5.1
[INFO] [stderr]    Compiling sharded-slab v0.1.7
[INFO] [stderr]    Compiling tracing-log v0.2.0
[INFO] [stderr]    Compiling getrandom v0.2.17
[INFO] [stderr]    Compiling thread_local v1.1.10
[INFO] [stderr]    Compiling rand_chacha v0.3.1
[INFO] [stderr]    Compiling serde_json v1.0.151
[INFO] [stderr]    Compiling tracing-subscriber v0.3.23
[INFO] [stderr]    Compiling regex-automata v0.4.18
[INFO] [stderr]    Compiling spki v0.8.1
[INFO] [stderr]    Compiling digest v0.11.3
[INFO] [stderr]    Compiling signature v3.0.0
[INFO] [stderr]    Compiling pkcs1 v0.8.0-rc.5
[INFO] [stderr]    Compiling pkcs8 v0.11.0
[INFO] [stderr]    Compiling serde_derive v1.0.229
[INFO] [stderr]    Compiling regex v1.13.1
[INFO] [stderr]    Compiling parse-zoneinfo v0.3.1
[INFO] [stderr]    Compiling chrono-tz-build v0.3.0
[INFO] [stderr]    Compiling tracing-attributes v0.1.31
[INFO] [stderr]    Compiling chrono-tz v0.9.0
[INFO] [stderr]    Compiling tracing v0.1.44
[INFO] [stderr]    Compiling serdect v0.4.3
[INFO] [stderr]    Compiling chrono v0.4.45
[INFO] [stderr]    Compiling crypto-bigint v0.7.5
[INFO] [stderr]    Compiling crypto-primes v0.7.2
[INFO] [stderr]    Compiling rsa v0.10.0-rc.19
[INFO] [stderr]    Compiling smol_db_common v1.5.0-beta.1 (/opt/rustwide/workdir)
[INFO] [stdout] error[E0432]: unresolved import `rsa::rand_core::OsRng`
[INFO] [stdout]  --> src/encryption/mod.rs:3:5
[INFO] [stdout]   |
[INFO] [stdout] 3 | use rsa::rand_core::OsRng;
[INFO] [stdout]   |     ^^^^^^^^^^^^^^^^-----
[INFO] [stdout]   |                     |
[INFO] [stdout]   |                     no `OsRng` in the root
[INFO] [stdout] 
[INFO] [stdout] 
[INFO] [stdout] error[E0432]: unresolved import `rsa::rand_core::OsRng`
[INFO] [stdout]  --> src/encryption/client_encrypt.rs:7:5
[INFO] [stdout]   |
[INFO] [stdout] 7 | use rsa::rand_core::OsRng;
[INFO] [stdout]   |     ^^^^^^^^^^^^^^^^-----
[INFO] [stdout]   |                     |
[INFO] [stdout]   |                     no `OsRng` in the root
[INFO] [stdout] 
[INFO] [stdout] 
[INFO] [stdout] error[E0432]: unresolved import `rsa::rand_core::OsRng`
[INFO] [stdout]  --> src/encryption/server_encrypt.rs:5:5
[INFO] [stdout]   |
[INFO] [stdout] 5 | use rsa::rand_core::OsRng;
[INFO] [stdout]   |     ^^^^^^^^^^^^^^^^-----
[INFO] [stdout]   |                     |
[INFO] [stdout]   |                     no `OsRng` in the root
[INFO] [stdout] 
[INFO] [stdout] 
[INFO] [stdout] For more information about this error, try `rustc --explain E0432`.
[INFO] [stdout] 
[INFO] [stderr] error: could not compile `smol_db_common` (lib) due to 3 previous errors
[INFO] running `Command { std: "docker" "inspect" "e9a2b61311a5f3eaee92e54fbb1495e2e3c787eff73a30ca86a4fd1012fee4c3", kill_on_drop: false }`
[INFO] running `Command { std: "docker" "rm" "-f" "e9a2b61311a5f3eaee92e54fbb1495e2e3c787eff73a30ca86a4fd1012fee4c3", kill_on_drop: false }`
[INFO] [stdout] e9a2b61311a5f3eaee92e54fbb1495e2e3c787eff73a30ca86a4fd1012fee4c3
