[INFO] fetching crate slop-multilinear 6.8.1...
[INFO] testing slop-multilinear-6.8.1 against 1.100.0-beta.1 for beta-1.100-2
[INFO] extracting crate slop-multilinear 6.8.1 into /workspace/builds/worker-3-tc2/source
[INFO] started tweaking crates.io crate slop-multilinear 6.8.1
[INFO] finished tweaking crates.io crate slop-multilinear 6.8.1
[INFO] tweaked toml for crates.io crate slop-multilinear 6.8.1 written to /workspace/builds/worker-3-tc2/source/Cargo.toml
[INFO] validating manifest of crates.io crate slop-multilinear 6.8.1 on toolchain 1.100.0-beta.1
[INFO] running `Command { std: CARGO_HOME="/workspace/cargo-home" RUSTUP_HOME="/workspace/rustup-home" "/workspace/cargo-home/bin/cargo" "+1.100.0-beta.1" "metadata" "--manifest-path" "Cargo.toml" "--no-deps", kill_on_drop: false }`
[INFO] crate crates.io crate slop-multilinear 6.8.1 already has a lockfile, it will not be regenerated
[INFO] running `Command { std: CARGO_HOME="/workspace/cargo-home" RUSTUP_HOME="/workspace/rustup-home" "/workspace/cargo-home/bin/cargo" "+1.100.0-beta.1" "fetch" "--manifest-path" "Cargo.toml", kill_on_drop: false }`
[INFO] running `Command { std: "docker" "create" "-v" "/var/lib/crater-agent-workspace/builds/worker-3-tc2/source:/opt/rustwide/workdir:ro,Z" "-v" "/var/lib/crater-agent-workspace/builds/worker-3-tc2/target:/opt/rustwide/target:rw,Z" "-v" "/var/lib/crater-agent-workspace/cargo-home:/opt/rustwide/cargo-home:ro,Z" "-v" "/var/lib/crater-agent-workspace/rustup-home:/opt/rustwide/rustup-home:ro,Z" "-m" "1610612736" "--network" "none" "ghcr.io/rust-lang/crates-build-env/linux@sha256:3111399a4047eeb3a02b7a90e478d715f38a8c6669b5c4b49d30a17385265909" "sleep" "infinity", kill_on_drop: false }`
[INFO] [stdout] 1a35356462add23537620950a10f5c6ea3949ab4fbb5e6cd32b48bc7d44edb62
[INFO] running `Command { std: "docker" "start" "1a35356462add23537620950a10f5c6ea3949ab4fbb5e6cd32b48bc7d44edb62", kill_on_drop: false }`
[INFO] running `Command { std: "docker" "inspect" "1a35356462add23537620950a10f5c6ea3949ab4fbb5e6cd32b48bc7d44edb62", kill_on_drop: false }`
[INFO] running `Command { std: "docker" "exec" "-e" "SOURCE_DIR=/opt/rustwide/workdir" "-e" "CARGO_HOME=/opt/rustwide/cargo-home" "-e" "RUSTUP_HOME=/opt/rustwide/rustup-home" "-e" "CARGO_TARGET_DIR=/opt/rustwide/target" "-w" "/opt/rustwide/workdir" "--user" "0:0" "1a35356462add23537620950a10f5c6ea3949ab4fbb5e6cd32b48bc7d44edb62" "/opt/rustwide/cargo-home/bin/cargo" "+1.100.0-beta.1" "metadata" "--no-deps" "--format-version=1", kill_on_drop: false }`
[INFO] running `Command { std: "docker" "inspect" "1a35356462add23537620950a10f5c6ea3949ab4fbb5e6cd32b48bc7d44edb62", kill_on_drop: false }`
[INFO] running `Command { std: "docker" "exec" "-e" "SOURCE_DIR=/opt/rustwide/workdir" "-e" "CARGO_HOME=/opt/rustwide/cargo-home" "-e" "RUSTUP_HOME=/opt/rustwide/rustup-home" "-e" "CARGO_TARGET_DIR=/opt/rustwide/target" "-e" "CARGO_INCREMENTAL=0" "-e" "RUST_BACKTRACE=full" "-e" "RUSTFLAGS=--cap-lints=warn" "-e" "RUSTDOCFLAGS=--cap-lints=warn" "-w" "/opt/rustwide/workdir" "--user" "0:0" "1a35356462add23537620950a10f5c6ea3949ab4fbb5e6cd32b48bc7d44edb62" "/opt/rustwide/cargo-home/bin/cargo" "+1.100.0-beta.1" "build" "--frozen" "--message-format=json", kill_on_drop: false }`
[INFO] [stderr]    Compiling proc-macro2 v1.0.106
[INFO] [stderr]    Compiling quote v1.0.45
[INFO] [stderr]    Compiling libc v0.2.186
[INFO] [stderr]    Compiling autocfg v1.5.0
[INFO] [stderr]    Compiling zerocopy v0.8.48
[INFO] [stderr]    Compiling serde_core v1.0.228
[INFO] [stderr]    Compiling serde v1.0.228
[INFO] [stderr]    Compiling either v1.15.0
[INFO] [stderr]    Compiling crossbeam-utils v0.8.21
[INFO] [stderr]    Compiling p3-maybe-rayon v0.4.3-succinct
[INFO] [stderr]    Compiling strength_reduce v0.2.4
[INFO] [stderr]    Compiling arrayvec v0.7.6
[INFO] [stderr]    Compiling itertools v0.12.1
[INFO] [stderr]    Compiling itertools v0.14.0
[INFO] [stderr]    Compiling num-traits v0.2.19
[INFO] [stderr]    Compiling crossbeam-epoch v0.9.18
[INFO] [stderr]    Compiling syn v2.0.117
[INFO] [stderr]    Compiling crossbeam-deque v0.8.6
[INFO] [stderr]    Compiling rayon-core v1.13.0
[INFO] [stderr]    Compiling getrandom v0.2.17
[INFO] [stderr]    Compiling num_cpus v1.17.0
[INFO] [stderr]    Compiling num-integer v0.1.46
[INFO] [stderr]    Compiling rand_core v0.6.4
[INFO] [stderr]    Compiling rayon v1.12.0
[INFO] [stderr]    Compiling num-bigint v0.4.6
[INFO] [stderr]    Compiling transpose v0.2.3
[INFO] [stderr]    Compiling ppv-lite86 v0.2.21
[INFO] [stderr]    Compiling rand_chacha v0.3.1
[INFO] [stderr]    Compiling rand v0.8.6
[INFO] [stderr]    Compiling serde_derive v1.0.228
[INFO] [stderr]    Compiling tracing-attributes v0.1.31
[INFO] [stderr]    Compiling thiserror-impl v1.0.69
[INFO] [stderr]    Compiling derive-where v1.6.1
[INFO] [stderr]    Compiling thiserror v1.0.69
[INFO] [stderr]    Compiling tracing v0.1.44
[INFO] [stderr]    Compiling p3-util v0.4.3-succinct
[INFO] [stderr]    Compiling p3-field v0.4.3-succinct
[INFO] [stderr]    Compiling p3-symmetric v0.4.3-succinct
[INFO] [stderr]    Compiling p3-matrix v0.4.3-succinct
[INFO] [stderr]    Compiling slop-algebra v6.8.1
[INFO] [stderr]    Compiling slop-matrix v6.8.1
[INFO] [stderr]    Compiling p3-challenger v0.4.3-succinct
[INFO] [stderr]    Compiling slop-symmetric v6.8.1
[INFO] [stderr]    Compiling slop-alloc v6.8.1
[INFO] [stderr]    Compiling slop-tensor v6.8.1
[INFO] [stderr]    Compiling p3-commit v0.4.3-succinct
[INFO] [stderr]    Compiling slop-challenger v6.8.1
[INFO] [stderr]    Compiling slop-commit v6.8.1
[INFO] [stderr]    Compiling slop-multilinear v6.8.1 (/opt/rustwide/workdir)
[INFO] [stderr]     Finished `dev` profile [unoptimized + debuginfo] target(s) in 16.06s
[INFO] running `Command { std: "docker" "inspect" "1a35356462add23537620950a10f5c6ea3949ab4fbb5e6cd32b48bc7d44edb62", kill_on_drop: false }`
[INFO] running `Command { std: "docker" "exec" "-e" "SOURCE_DIR=/opt/rustwide/workdir" "-e" "CARGO_HOME=/opt/rustwide/cargo-home" "-e" "RUSTUP_HOME=/opt/rustwide/rustup-home" "-e" "CARGO_TARGET_DIR=/opt/rustwide/target" "-e" "CARGO_INCREMENTAL=0" "-e" "RUST_BACKTRACE=full" "-e" "RUSTFLAGS=--cap-lints=warn" "-e" "RUSTDOCFLAGS=--cap-lints=warn" "-w" "/opt/rustwide/workdir" "--user" "0:0" "1a35356462add23537620950a10f5c6ea3949ab4fbb5e6cd32b48bc7d44edb62" "/opt/rustwide/cargo-home/bin/cargo" "+1.100.0-beta.1" "test" "--frozen" "--no-run" "--message-format=json", kill_on_drop: false }`
[INFO] [stderr]    Compiling slop-multilinear v6.8.1 (/opt/rustwide/workdir)
[INFO] [stdout] error[E0432]: unresolved import `slop_baby_bear`
[INFO] [stdout]    --> src/mle.rs:545:9
[INFO] [stdout]     |
[INFO] [stdout] 545 |     use slop_baby_bear::BabyBear;
[INFO] [stdout]     |         ^^^^^^^^^^^^^^ use of unresolved module or unlinked crate `slop_baby_bear`
[INFO] [stdout]     |
[INFO] [stdout]     = help: if you wanted to use a crate named `slop_baby_bear`, use `cargo add slop_baby_bear` to add it to your `Cargo.toml`
[INFO] [stdout] 
[INFO] [stdout] 
[INFO] [stdout] error[E0432]: unresolved import `slop_baby_bear`
[INFO] [stdout]    --> src/padded.rs:317:9
[INFO] [stdout]     |
[INFO] [stdout] 317 |     use slop_baby_bear::BabyBear;
[INFO] [stdout]     |         ^^^^^^^^^^^^^^ use of unresolved module or unlinked crate `slop_baby_bear`
[INFO] [stdout]     |
[INFO] [stdout]     = help: if you wanted to use a crate named `slop_baby_bear`, use `cargo add slop_baby_bear` to add it to your `Cargo.toml`
[INFO] [stdout] 
[INFO] [stdout] 
[INFO] [stdout] error[E0432]: unresolved import `slop_baby_bear`
[INFO] [stdout]   --> src/virtual_geq.rs:97:9
[INFO] [stdout]    |
[INFO] [stdout] 97 |     use slop_baby_bear::BabyBear;
[INFO] [stdout]    |         ^^^^^^^^^^^^^^ use of unresolved module or unlinked crate `slop_baby_bear`
[INFO] [stdout]    |
[INFO] [stdout]    = help: if you wanted to use a crate named `slop_baby_bear`, use `cargo add slop_baby_bear` to add it to your `Cargo.toml`
[INFO] [stdout] 
[INFO] [stdout] 
[INFO] [stdout] error[E0433]: cannot find module or crate `serde_json` in this scope
[INFO] [stdout]    --> src/mle.rs:678:26
[INFO] [stdout]     |
[INFO] [stdout] 678 |         let serialized = serde_json::to_string(&mle).unwrap();
[INFO] [stdout]     |                          ^^^^^^^^^^ use of unresolved module or unlinked crate `serde_json`
[INFO] [stdout]     |
[INFO] [stdout]     = help: if you wanted to use a crate named `serde_json`, use `cargo add serde_json` to add it to your `Cargo.toml`
[INFO] [stdout] 
[INFO] [stdout] 
[INFO] [stdout] error[E0433]: cannot find module or crate `serde_json` in this scope
[INFO] [stdout]    --> src/mle.rs:679:36
[INFO] [stdout]     |
[INFO] [stdout] 679 |         let deserialized: Mle<F> = serde_json::from_str(&serialized).unwrap();
[INFO] [stdout]     |                                    ^^^^^^^^^^ use of unresolved module or unlinked crate `serde_json`
[INFO] [stdout]     |
[INFO] [stdout]     = help: if you wanted to use a crate named `serde_json`, use `cargo add serde_json` to add it to your `Cargo.toml`
[INFO] [stdout] 
[INFO] [stdout] 
[INFO] [stdout] Some errors have detailed explanations: E0432, E0433.
[INFO] [stdout] 
[INFO] [stdout] For more information about an error, try `rustc --explain E0432`.
[INFO] [stdout] 
[INFO] [stderr] error: could not compile `slop-multilinear` (lib test) due to 5 previous errors
[INFO] running `Command { std: "docker" "inspect" "1a35356462add23537620950a10f5c6ea3949ab4fbb5e6cd32b48bc7d44edb62", kill_on_drop: false }`
[INFO] running `Command { std: "docker" "rm" "-f" "1a35356462add23537620950a10f5c6ea3949ab4fbb5e6cd32b48bc7d44edb62", kill_on_drop: false }`
[INFO] [stdout] 1a35356462add23537620950a10f5c6ea3949ab4fbb5e6cd32b48bc7d44edb62
