[INFO] fetching crate slog2-parse 0.1.1...
[INFO] testing slog2-parse-0.1.1 against 1.100.0-beta.1 for beta-1.100-2
[INFO] extracting crate slog2-parse 0.1.1 into /workspace/builds/worker-5-tc2/source
[INFO] started tweaking crates.io crate slog2-parse 0.1.1
[INFO] removed 0 missing examples
[INFO] finished tweaking crates.io crate slog2-parse 0.1.1
[INFO] tweaked toml for crates.io crate slog2-parse 0.1.1 written to /workspace/builds/worker-5-tc2/source/Cargo.toml
[INFO] validating manifest of crates.io crate slog2-parse 0.1.1 on toolchain 1.100.0-beta.1
[INFO] running `Command { std: CARGO_HOME="/workspace/cargo-home" RUSTUP_HOME="/workspace/rustup-home" "/workspace/cargo-home/bin/cargo" "+1.100.0-beta.1" "metadata" "--manifest-path" "Cargo.toml" "--no-deps", kill_on_drop: false }`
[INFO] crate crates.io crate slog2-parse 0.1.1 already has a lockfile, it will not be regenerated
[INFO] running `Command { std: CARGO_HOME="/workspace/cargo-home" RUSTUP_HOME="/workspace/rustup-home" "/workspace/cargo-home/bin/cargo" "+1.100.0-beta.1" "fetch" "--manifest-path" "Cargo.toml", kill_on_drop: false }`
[INFO] running `Command { std: "docker" "create" "-v" "/var/lib/crater-agent-workspace/builds/worker-5-tc2/source:/opt/rustwide/workdir:ro,Z" "-v" "/var/lib/crater-agent-workspace/builds/worker-5-tc2/target:/opt/rustwide/target:rw,Z" "-v" "/var/lib/crater-agent-workspace/cargo-home:/opt/rustwide/cargo-home:ro,Z" "-v" "/var/lib/crater-agent-workspace/rustup-home:/opt/rustwide/rustup-home:ro,Z" "-m" "1610612736" "--network" "none" "ghcr.io/rust-lang/crates-build-env/linux@sha256:3111399a4047eeb3a02b7a90e478d715f38a8c6669b5c4b49d30a17385265909" "sleep" "infinity", kill_on_drop: false }`
[INFO] [stdout] 0d610cac997c7366090d574b2aa7c906292ce7f520c281b27fef57aa537c2b43
[INFO] running `Command { std: "docker" "start" "0d610cac997c7366090d574b2aa7c906292ce7f520c281b27fef57aa537c2b43", kill_on_drop: false }`
[INFO] running `Command { std: "docker" "inspect" "0d610cac997c7366090d574b2aa7c906292ce7f520c281b27fef57aa537c2b43", kill_on_drop: false }`
[INFO] running `Command { std: "docker" "exec" "-e" "SOURCE_DIR=/opt/rustwide/workdir" "-e" "CARGO_HOME=/opt/rustwide/cargo-home" "-e" "RUSTUP_HOME=/opt/rustwide/rustup-home" "-e" "CARGO_TARGET_DIR=/opt/rustwide/target" "-w" "/opt/rustwide/workdir" "--user" "0:0" "0d610cac997c7366090d574b2aa7c906292ce7f520c281b27fef57aa537c2b43" "/opt/rustwide/cargo-home/bin/cargo" "+1.100.0-beta.1" "metadata" "--no-deps" "--format-version=1", kill_on_drop: false }`
[INFO] running `Command { std: "docker" "inspect" "0d610cac997c7366090d574b2aa7c906292ce7f520c281b27fef57aa537c2b43", kill_on_drop: false }`
[INFO] running `Command { std: "docker" "exec" "-e" "SOURCE_DIR=/opt/rustwide/workdir" "-e" "CARGO_HOME=/opt/rustwide/cargo-home" "-e" "RUSTUP_HOME=/opt/rustwide/rustup-home" "-e" "CARGO_TARGET_DIR=/opt/rustwide/target" "-e" "CARGO_INCREMENTAL=0" "-e" "RUST_BACKTRACE=full" "-e" "RUSTFLAGS=--cap-lints=warn" "-e" "RUSTDOCFLAGS=--cap-lints=warn" "-w" "/opt/rustwide/workdir" "--user" "0:0" "0d610cac997c7366090d574b2aa7c906292ce7f520c281b27fef57aa537c2b43" "/opt/rustwide/cargo-home/bin/cargo" "+1.100.0-beta.1" "build" "--frozen" "--message-format=json", kill_on_drop: false }`
[INFO] [stderr]    Compiling slog2-types v0.1.0
[INFO] [stderr]    Compiling slog2-parse v0.1.1 (/opt/rustwide/workdir)
[INFO] [stderr]     Finished `dev` profile [unoptimized + debuginfo] target(s) in 0.47s
[INFO] running `Command { std: "docker" "inspect" "0d610cac997c7366090d574b2aa7c906292ce7f520c281b27fef57aa537c2b43", kill_on_drop: false }`
[INFO] running `Command { std: "docker" "exec" "-e" "SOURCE_DIR=/opt/rustwide/workdir" "-e" "CARGO_HOME=/opt/rustwide/cargo-home" "-e" "RUSTUP_HOME=/opt/rustwide/rustup-home" "-e" "CARGO_TARGET_DIR=/opt/rustwide/target" "-e" "CARGO_INCREMENTAL=0" "-e" "RUST_BACKTRACE=full" "-e" "RUSTFLAGS=--cap-lints=warn" "-e" "RUSTDOCFLAGS=--cap-lints=warn" "-w" "/opt/rustwide/workdir" "--user" "0:0" "0d610cac997c7366090d574b2aa7c906292ce7f520c281b27fef57aa537c2b43" "/opt/rustwide/cargo-home/bin/cargo" "+1.100.0-beta.1" "test" "--frozen" "--no-run" "--message-format=json", kill_on_drop: false }`
[INFO] [stderr]    Compiling slog2-parse v0.1.1 (/opt/rustwide/workdir)
[INFO] [stderr] error: could not compile `slog2-parse` (example "parse_all") due to 1 previous error
[INFO] [stdout] error: linking with `cc` failed: exit status: 1
[INFO] [stdout]   |
[INFO] [stdout]   = note:  "cc" "-m64" "/opt/rustwide/target/debug/build/slog2-parse/2678f2503edc2124/out/rustcsqXojQ/symbols.o" "<2 object files omitted>" "-Wl,--as-needed" "-Wl,-Bstatic" "/opt/rustwide/target/debug/build/slog2-parse/1e77925554b1400f/out/libslog2_parse-1e77925554b1400f.rlib" "/opt/rustwide/target/debug/build/chrono/699df00f1249b600/out/libchrono-699df00f1249b600.rlib" "/opt/rustwide/target/debug/build/iana-time-zone/bab5d12b40894ac1/out/libiana_time_zone-bab5d12b40894ac1.rlib" "/opt/rustwide/target/debug/build/num-traits/3a2b08a4728dfda7/out/libnum_traits-3a2b08a4728dfda7.rlib" "/opt/rustwide/target/debug/build/slog2-types/2a534846e92adbc7/out/libslog2_types-2a534846e92adbc7.rlib" "/opt/rustwide/target/debug/build/bitflags/7f84f37ac731566a/out/libbitflags-7f84f37ac731566a.rlib" "<sysroot>/lib/rustlib/x86_64-unknown-linux-gnu/lib/{libstd-*,libpanic_unwind-*,libobject-*,libmemchr-*,libaddr2line-*,libgimli-*,libcfg_if-*,librustc_demangle-*,libstd_detect-*,libhashbrown-*,librustc_std_workspace_alloc-*,libminiz_oxide-*,libadler2-*,libunwind-*,liblibc-*,librustc_std_workspace_core-*,liballoc-*,libcore-*,libcompiler_builtins-*}.rlib" "-Wl,-Bdynamic" "-lslog2parse" "-lgcc_s" "-lutil" "-lrt" "-lpthread" "-lm" "-ldl" "-lc" "-L" "/opt/rustwide/target/debug/build/slog2-parse/2678f2503edc2124/out/rustcsqXojQ/raw-dylibs" "-B<sysroot>/lib/rustlib/x86_64-unknown-linux-gnu/bin/gcc-ld" "-fuse-ld=lld" "-Wl,--eh-frame-hdr" "-Wl,-z,noexecstack" "-L" "<sysroot>/lib/rustlib/x86_64-unknown-linux-gnu/lib" "-o" "/opt/rustwide/target/debug/build/slog2-parse/2678f2503edc2124/out/parse_all" "-Wl,--gc-sections" "-pie" "-Wl,-z,relro,-z,now" "-nodefaultlibs"
[INFO] [stdout]   = note: some arguments are omitted. use `--verbose` to show all linker arguments
[INFO] [stdout]   = note: rust-lld: error: unable to find library -lslog2parse
[INFO] [stdout]           collect2: error: ld returned 1 exit status
[INFO] [stdout]           
[INFO] [stdout] 
[INFO] [stdout] 
[INFO] [stderr] warning: build failed, waiting for other jobs to finish...
[INFO] [stdout] error: linking with `cc` failed: exit status: 1
[INFO] [stdout]   |
[INFO] [stdout]   = note:  "cc" "-m64" "/opt/rustwide/target/debug/build/slog2-parse/81f0294a4f62cbd1/out/rustc7D6kkz/symbols.o" "<2 object files omitted>" "-Wl,--as-needed" "-Wl,-Bstatic" "/opt/rustwide/target/debug/build/slog2-parse/1e77925554b1400f/out/libslog2_parse-1e77925554b1400f.rlib" "/opt/rustwide/target/debug/build/chrono/699df00f1249b600/out/libchrono-699df00f1249b600.rlib" "/opt/rustwide/target/debug/build/iana-time-zone/bab5d12b40894ac1/out/libiana_time_zone-bab5d12b40894ac1.rlib" "/opt/rustwide/target/debug/build/num-traits/3a2b08a4728dfda7/out/libnum_traits-3a2b08a4728dfda7.rlib" "/opt/rustwide/target/debug/build/slog2-types/2a534846e92adbc7/out/libslog2_types-2a534846e92adbc7.rlib" "/opt/rustwide/target/debug/build/bitflags/7f84f37ac731566a/out/libbitflags-7f84f37ac731566a.rlib" "<sysroot>/lib/rustlib/x86_64-unknown-linux-gnu/lib/{libstd-*,libpanic_unwind-*,libobject-*,libmemchr-*,libaddr2line-*,libgimli-*,libcfg_if-*,librustc_demangle-*,libstd_detect-*,libhashbrown-*,librustc_std_workspace_alloc-*,libminiz_oxide-*,libadler2-*,libunwind-*,liblibc-*,librustc_std_workspace_core-*,liballoc-*,libcore-*,libcompiler_builtins-*}.rlib" "-Wl,-Bdynamic" "-lslog2parse" "-lgcc_s" "-lutil" "-lrt" "-lpthread" "-lm" "-ldl" "-lc" "-L" "/opt/rustwide/target/debug/build/slog2-parse/81f0294a4f62cbd1/out/rustc7D6kkz/raw-dylibs" "-B<sysroot>/lib/rustlib/x86_64-unknown-linux-gnu/bin/gcc-ld" "-fuse-ld=lld" "-Wl,--eh-frame-hdr" "-Wl,-z,noexecstack" "-L" "<sysroot>/lib/rustlib/x86_64-unknown-linux-gnu/lib" "-o" "/opt/rustwide/target/debug/build/slog2-parse/81f0294a4f62cbd1/out/parse_log" "-Wl,--gc-sections" "-pie" "-Wl,-z,relro,-z,now" "-nodefaultlibs"
[INFO] [stdout]   = note: some arguments are omitted. use `--verbose` to show all linker arguments
[INFO] [stdout]   = note: rust-lld: error: unable to find library -lslog2parse
[INFO] [stdout]           collect2: error: ld returned 1 exit status
[INFO] [stdout]           
[INFO] [stdout] 
[INFO] [stdout] 
[INFO] [stderr] error: could not compile `slog2-parse` (example "parse_log") due to 1 previous error
[INFO] [stdout] error: linking with `cc` failed: exit status: 1
[INFO] [stdout]   |
[INFO] [stdout]   = note:  "cc" "-m64" "/opt/rustwide/target/debug/build/slog2-parse/504524a62e92768a/out/rustcTCB0Kg/symbols.o" "<2 object files omitted>" "-Wl,--as-needed" "-Wl,-Bdynamic" "-lslog2parse" "-Wl,-Bstatic" "/opt/rustwide/target/debug/build/chrono/699df00f1249b600/out/libchrono-699df00f1249b600.rlib" "/opt/rustwide/target/debug/build/iana-time-zone/bab5d12b40894ac1/out/libiana_time_zone-bab5d12b40894ac1.rlib" "/opt/rustwide/target/debug/build/num-traits/3a2b08a4728dfda7/out/libnum_traits-3a2b08a4728dfda7.rlib" "<sysroot>/lib/rustlib/x86_64-unknown-linux-gnu/lib/{libtest-*,libgetopts-*,librustc_std_workspace_std-*}.rlib" "/opt/rustwide/target/debug/build/slog2-types/2a534846e92adbc7/out/libslog2_types-2a534846e92adbc7.rlib" "/opt/rustwide/target/debug/build/bitflags/7f84f37ac731566a/out/libbitflags-7f84f37ac731566a.rlib" "<sysroot>/lib/rustlib/x86_64-unknown-linux-gnu/lib/{libstd-*,libpanic_unwind-*,libobject-*,libmemchr-*,libaddr2line-*,libgimli-*,libcfg_if-*,librustc_demangle-*,libstd_detect-*,libhashbrown-*,librustc_std_workspace_alloc-*,libminiz_oxide-*,libadler2-*,libunwind-*,liblibc-*,librustc_std_workspace_core-*,liballoc-*,libcore-*,libcompiler_builtins-*}.rlib" "-Wl,-Bdynamic" "-lgcc_s" "-lutil" "-lrt" "-lpthread" "-lm" "-ldl" "-lc" "-L" "/opt/rustwide/target/debug/build/slog2-parse/504524a62e92768a/out/rustcTCB0Kg/raw-dylibs" "-B<sysroot>/lib/rustlib/x86_64-unknown-linux-gnu/bin/gcc-ld" "-fuse-ld=lld" "-Wl,--eh-frame-hdr" "-Wl,-z,noexecstack" "-L" "<sysroot>/lib/rustlib/x86_64-unknown-linux-gnu/lib" "-o" "/opt/rustwide/target/debug/build/slog2-parse/504524a62e92768a/out/slog2_parse-504524a62e92768a" "-Wl,--gc-sections" "-pie" "-Wl,-z,relro,-z,now" "-nodefaultlibs"
[INFO] [stdout]   = note: some arguments are omitted. use `--verbose` to show all linker arguments
[INFO] [stdout]   = note: rust-lld: error: unable to find library -lslog2parse
[INFO] [stdout]           collect2: error: ld returned 1 exit status
[INFO] [stdout]           
[INFO] [stdout] 
[INFO] [stdout] 
[INFO] [stderr] error: could not compile `slog2-parse` (lib test) due to 1 previous error
[INFO] running `Command { std: "docker" "inspect" "0d610cac997c7366090d574b2aa7c906292ce7f520c281b27fef57aa537c2b43", kill_on_drop: false }`
[INFO] running `Command { std: "docker" "rm" "-f" "0d610cac997c7366090d574b2aa7c906292ce7f520c281b27fef57aa537c2b43", kill_on_drop: false }`
[INFO] [stdout] 0d610cac997c7366090d574b2aa7c906292ce7f520c281b27fef57aa537c2b43
