[INFO] fetching crate skp-validator-rules 0.1.0...
[INFO] testing skp-validator-rules-0.1.0 against 1.100.0-beta.1 for beta-1.100-2
[INFO] extracting crate skp-validator-rules 0.1.0 into /workspace/builds/worker-2-tc2/source
[INFO] started tweaking crates.io crate skp-validator-rules 0.1.0
[INFO] finished tweaking crates.io crate skp-validator-rules 0.1.0
[INFO] tweaked toml for crates.io crate skp-validator-rules 0.1.0 written to /workspace/builds/worker-2-tc2/source/Cargo.toml
[INFO] validating manifest of crates.io crate skp-validator-rules 0.1.0 on toolchain 1.100.0-beta.1
[INFO] running `Command { std: CARGO_HOME="/workspace/cargo-home" RUSTUP_HOME="/workspace/rustup-home" "/workspace/cargo-home/bin/cargo" "+1.100.0-beta.1" "metadata" "--manifest-path" "Cargo.toml" "--no-deps", kill_on_drop: false }`
[INFO] crate crates.io crate skp-validator-rules 0.1.0 already has a lockfile, it will not be regenerated
[INFO] running `Command { std: CARGO_HOME="/workspace/cargo-home" RUSTUP_HOME="/workspace/rustup-home" "/workspace/cargo-home/bin/cargo" "+1.100.0-beta.1" "fetch" "--manifest-path" "Cargo.toml", kill_on_drop: false }`
[INFO] running `Command { std: "docker" "create" "-v" "/var/lib/crater-agent-workspace/builds/worker-2-tc2/source:/opt/rustwide/workdir:ro,Z" "-v" "/var/lib/crater-agent-workspace/builds/worker-2-tc2/target:/opt/rustwide/target:rw,Z" "-v" "/var/lib/crater-agent-workspace/cargo-home:/opt/rustwide/cargo-home:ro,Z" "-v" "/var/lib/crater-agent-workspace/rustup-home:/opt/rustwide/rustup-home:ro,Z" "-m" "1610612736" "--network" "none" "ghcr.io/rust-lang/crates-build-env/linux@sha256:3111399a4047eeb3a02b7a90e478d715f38a8c6669b5c4b49d30a17385265909" "sleep" "infinity", kill_on_drop: false }`
[INFO] [stdout] cedb82f0428a104580c19ae9b3ee3cdb9a3f0e22e54c1928fb05ade5862ea586
[INFO] running `Command { std: "docker" "start" "cedb82f0428a104580c19ae9b3ee3cdb9a3f0e22e54c1928fb05ade5862ea586", kill_on_drop: false }`
[INFO] running `Command { std: "docker" "inspect" "cedb82f0428a104580c19ae9b3ee3cdb9a3f0e22e54c1928fb05ade5862ea586", kill_on_drop: false }`
[INFO] running `Command { std: "docker" "exec" "-e" "SOURCE_DIR=/opt/rustwide/workdir" "-e" "CARGO_HOME=/opt/rustwide/cargo-home" "-e" "RUSTUP_HOME=/opt/rustwide/rustup-home" "-e" "CARGO_TARGET_DIR=/opt/rustwide/target" "-w" "/opt/rustwide/workdir" "--user" "0:0" "cedb82f0428a104580c19ae9b3ee3cdb9a3f0e22e54c1928fb05ade5862ea586" "/opt/rustwide/cargo-home/bin/cargo" "+1.100.0-beta.1" "metadata" "--no-deps" "--format-version=1", kill_on_drop: false }`
[INFO] running `Command { std: "docker" "inspect" "cedb82f0428a104580c19ae9b3ee3cdb9a3f0e22e54c1928fb05ade5862ea586", kill_on_drop: false }`
[INFO] running `Command { std: "docker" "exec" "-e" "SOURCE_DIR=/opt/rustwide/workdir" "-e" "CARGO_HOME=/opt/rustwide/cargo-home" "-e" "RUSTUP_HOME=/opt/rustwide/rustup-home" "-e" "CARGO_TARGET_DIR=/opt/rustwide/target" "-e" "CARGO_INCREMENTAL=0" "-e" "RUST_BACKTRACE=full" "-e" "RUSTFLAGS=--cap-lints=warn" "-e" "RUSTDOCFLAGS=--cap-lints=warn" "-w" "/opt/rustwide/workdir" "--user" "0:0" "cedb82f0428a104580c19ae9b3ee3cdb9a3f0e22e54c1928fb05ade5862ea586" "/opt/rustwide/cargo-home/bin/cargo" "+1.100.0-beta.1" "build" "--frozen" "--message-format=json", kill_on_drop: false }`
[INFO] [stderr]    Compiling proc-macro2 v1.0.105
[INFO] [stderr]    Compiling quote v1.0.43
[INFO] [stderr]    Compiling unicode-ident v1.0.22
[INFO] [stderr]    Compiling thiserror v2.0.17
[INFO] [stderr]    Compiling once_cell v1.21.3
[INFO] [stderr]    Compiling syn v2.0.114
[INFO] [stderr]    Compiling thiserror-impl v2.0.17
[INFO] [stderr]    Compiling skp-validator-core v0.1.0
[INFO] [stderr]    Compiling skp-validator-rules v0.1.0 (/opt/rustwide/workdir)
[INFO] [stderr] warning: unused dependency `once_cell`
[INFO] [stderr]  --> Cargo.toml:7:15
[INFO] [stderr]   |
[INFO] [stderr] 7 | [dependencies.once_cell]
[INFO] [stderr]   |               ^^^^^^^^^^
[INFO] [stderr]   |
[INFO] [stderr]   = note: `cargo::unused_dependencies` is set to `warn` by default
[INFO] [stderr] help: consider removing the dependency on `once_cell`
[INFO] [stderr] warning: `skp-validator-rules` (manifest) generated 1 warning
[INFO] [stderr]     Finished `dev` profile [unoptimized + debuginfo] target(s) in 5.16s
[INFO] running `Command { std: "docker" "inspect" "cedb82f0428a104580c19ae9b3ee3cdb9a3f0e22e54c1928fb05ade5862ea586", kill_on_drop: false }`
[INFO] running `Command { std: "docker" "exec" "-e" "SOURCE_DIR=/opt/rustwide/workdir" "-e" "CARGO_HOME=/opt/rustwide/cargo-home" "-e" "RUSTUP_HOME=/opt/rustwide/rustup-home" "-e" "CARGO_TARGET_DIR=/opt/rustwide/target" "-e" "CARGO_INCREMENTAL=0" "-e" "RUST_BACKTRACE=full" "-e" "RUSTFLAGS=--cap-lints=warn" "-e" "RUSTDOCFLAGS=--cap-lints=warn" "-w" "/opt/rustwide/workdir" "--user" "0:0" "cedb82f0428a104580c19ae9b3ee3cdb9a3f0e22e54c1928fb05ade5862ea586" "/opt/rustwide/cargo-home/bin/cargo" "+1.100.0-beta.1" "test" "--frozen" "--no-run" "--message-format=json", kill_on_drop: false }`
[INFO] [stderr]    Compiling serde_core v1.0.228
[INFO] [stderr]    Compiling zmij v1.0.14
[INFO] [stderr]    Compiling memchr v2.7.6
[INFO] [stderr]    Compiling itoa v1.0.17
[INFO] [stderr]    Compiling serde_derive v1.0.228
[INFO] [stderr]    Compiling serde v1.0.228
[INFO] [stderr]    Compiling serde_json v1.0.149
[INFO] [stderr]    Compiling skp-validator-rules v0.1.0 (/opt/rustwide/workdir)
[INFO] [stdout] error[E0599]: no method named `with_field` found for struct `skp_validator_core::ValidationContext` in the current scope
[INFO] [stdout]    --> src/custom/dependency.rs:227:14
[INFO] [stdout]     |
[INFO] [stdout] 226 |         let delivery_ctx = ValidationContext::new()
[INFO] [stdout] 227 |             .with_field("shipping_method", "delivery");
[INFO] [stdout]     |              ^^^^^^^^^^
[INFO] [stdout]     |
[INFO] [stdout] help: there is a method `set_field` with a similar name
[INFO] [stdout]     |
[INFO] [stdout] 227 -             .with_field("shipping_method", "delivery");
[INFO] [stdout] 227 +             .set_field("shipping_method", "delivery");
[INFO] [stdout]     |
[INFO] [stdout] 
[INFO] [stdout] 
[INFO] [stdout] error[E0599]: no method named `with_field` found for struct `skp_validator_core::ValidationContext` in the current scope
[INFO] [stdout]    --> src/custom/dependency.rs:234:14
[INFO] [stdout]     |
[INFO] [stdout] 233 |         let pickup_ctx = ValidationContext::new()
[INFO] [stdout] 234 |             .with_field("shipping_method", "pickup");
[INFO] [stdout]     |              ^^^^^^^^^^
[INFO] [stdout]     |
[INFO] [stdout] help: there is a method `set_field` with a similar name
[INFO] [stdout]     |
[INFO] [stdout] 234 -             .with_field("shipping_method", "pickup");
[INFO] [stdout] 234 +             .set_field("shipping_method", "pickup");
[INFO] [stdout]     |
[INFO] [stdout] 
[INFO] [stdout] 
[INFO] [stdout] error[E0599]: no method named `with_field` found for struct `skp_validator_core::ValidationContext` in the current scope
[INFO] [stdout]    --> src/custom/dependency.rs:246:14
[INFO] [stdout]     |
[INFO] [stdout] 245 |         let with_country = ValidationContext::new()
[INFO] [stdout] 246 |             .with_field("country", "US");
[INFO] [stdout]     |              ^^^^^^^^^^
[INFO] [stdout]     |
[INFO] [stdout] help: there is a method `set_field` with a similar name
[INFO] [stdout]     |
[INFO] [stdout] 246 -             .with_field("country", "US");
[INFO] [stdout] 246 +             .set_field("country", "US");
[INFO] [stdout]     |
[INFO] [stdout] 
[INFO] [stdout] 
[INFO] [stdout] error[E0599]: no method named `with_field` found for struct `skp_validator_core::ValidationContext` in the current scope
[INFO] [stdout]    --> src/custom/dependency.rs:260:47
[INFO] [stdout]     |
[INFO] [stdout] 260 |         let us_ctx = ValidationContext::new().with_field("country", "US");
[INFO] [stdout]     |                                               ^^^^^^^^^^
[INFO] [stdout]     |
[INFO] [stdout] help: there is a method `set_field` with a similar name
[INFO] [stdout]     |
[INFO] [stdout] 260 -         let us_ctx = ValidationContext::new().with_field("country", "US");
[INFO] [stdout] 260 +         let us_ctx = ValidationContext::new().set_field("country", "US");
[INFO] [stdout]     |
[INFO] [stdout] 
[INFO] [stdout] 
[INFO] [stdout] error[E0599]: no method named `with_field` found for struct `skp_validator_core::ValidationContext` in the current scope
[INFO] [stdout]    --> src/custom/dependency.rs:263:47
[INFO] [stdout]     |
[INFO] [stdout] 263 |         let uk_ctx = ValidationContext::new().with_field("country", "UK");
[INFO] [stdout]     |                                               ^^^^^^^^^^
[INFO] [stdout]     |
[INFO] [stdout] help: there is a method `set_field` with a similar name
[INFO] [stdout]     |
[INFO] [stdout] 263 -         let uk_ctx = ValidationContext::new().with_field("country", "UK");
[INFO] [stdout] 263 +         let uk_ctx = ValidationContext::new().set_field("country", "UK");
[INFO] [stdout]     |
[INFO] [stdout] 
[INFO] [stdout] 
[INFO] [stdout] For more information about this error, try `rustc --explain E0599`.
[INFO] [stdout] 
[INFO] [stderr] error: could not compile `skp-validator-rules` (lib test) due to 5 previous errors
[INFO] [stderr] warning: unused dependency `once_cell`
[INFO] [stderr]  --> Cargo.toml:7:15
[INFO] [stderr]   |
[INFO] [stderr] 7 | [dependencies.once_cell]
[INFO] [stderr]   |               ^^^^^^^^^^
[INFO] [stderr]   |
[INFO] [stderr]   = note: `cargo::unused_dependencies` is set to `warn` by default
[INFO] [stderr] help: consider removing the dependency on `once_cell`
[INFO] [stderr] warning: `skp-validator-rules` (manifest) generated 1 warning
[INFO] running `Command { std: "docker" "inspect" "cedb82f0428a104580c19ae9b3ee3cdb9a3f0e22e54c1928fb05ade5862ea586", kill_on_drop: false }`
[INFO] running `Command { std: "docker" "rm" "-f" "cedb82f0428a104580c19ae9b3ee3cdb9a3f0e22e54c1928fb05ade5862ea586", kill_on_drop: false }`
[INFO] [stdout] cedb82f0428a104580c19ae9b3ee3cdb9a3f0e22e54c1928fb05ade5862ea586
