[INFO] fetching crate skilj 0.0.9...
[INFO] testing skilj-0.0.9 against 1.99.0-beta.8 for beta-1.100-2
[INFO] extracting crate skilj 0.0.9 into /workspace/builds/worker-7-tc1/source
[INFO] started tweaking crates.io crate skilj 0.0.9
[INFO] removed 0 missing tests
[INFO] finished tweaking crates.io crate skilj 0.0.9
[INFO] tweaked toml for crates.io crate skilj 0.0.9 written to /workspace/builds/worker-7-tc1/source/Cargo.toml
[INFO] validating manifest of crates.io crate skilj 0.0.9 on toolchain 1.99.0-beta.8
[INFO] running `Command { std: CARGO_HOME="/workspace/cargo-home" RUSTUP_HOME="/workspace/rustup-home" "/workspace/cargo-home/bin/cargo" "+1.99.0-beta.8" "metadata" "--manifest-path" "Cargo.toml" "--no-deps", kill_on_drop: false }`
[INFO] crate crates.io crate skilj 0.0.9 already has a lockfile, it will not be regenerated
[INFO] running `Command { std: CARGO_HOME="/workspace/cargo-home" RUSTUP_HOME="/workspace/rustup-home" "/workspace/cargo-home/bin/cargo" "+1.99.0-beta.8" "fetch" "--manifest-path" "Cargo.toml", kill_on_drop: false }`
[INFO] [stderr]     Updating crates.io index
[INFO] [stderr]  Downloading crates ...
[INFO] [stderr]   Downloaded tokio-tungstenite v0.30.0
[INFO] [stderr]   Downloaded skilj-retry v0.0.9
[INFO] [stderr]   Downloaded skilj-rest v0.0.9
[INFO] [stderr]   Downloaded tracing-opentelemetry v0.34.0
[INFO] [stderr]   Downloaded opentelemetry v0.33.0
[INFO] [stderr]   Downloaded skilj-macros v0.0.9
[INFO] [stderr]   Downloaded jsonwebtoken v11.1.0
[INFO] [stderr]   Downloaded skilj-core v0.0.9
[INFO] [stderr]   Downloaded referencing v0.58.1
[INFO] [stderr]   Downloaded cron v0.17.0
[INFO] [stderr]   Downloaded serde_html_form v0.2.8
[INFO] [stderr]   Downloaded jsonschema-regex v0.58.1
[INFO] [stderr]   Downloaded jsonschema v0.58.1
[INFO] [stderr]   Downloaded opentelemetry-http v0.33.0
[INFO] [stderr]   Downloaded jsonschema-value v0.58.1
[INFO] [stderr]   Downloaded fraction v0.17.0
[INFO] [stderr]   Downloaded fancy-regex v0.19.2
[INFO] [stderr]   Downloaded asynk-strim v0.1.5
[INFO] [stderr]   Downloaded axum-extra v0.12.6
[INFO] [stderr]   Downloaded skilj-graphql v0.0.9
[INFO] [stderr]   Downloaded async-graphql-axum v7.2.1
[INFO] [stderr]   Downloaded multer v3.1.0
[INFO] [stderr]   Downloaded async-graphql v7.2.1
[INFO] [stderr]   Downloaded static_assertions_next v1.1.2
[INFO] [stderr]   Downloaded handlebars v6.4.4
[INFO] [stderr]   Downloaded fast_chemail v0.9.6
[INFO] [stderr]   Downloaded ascii_utils v0.9.3
[INFO] [stderr]   Downloaded num-modular v0.6.5
[INFO] [stderr]   Downloaded async-graphql-value v7.2.1
[INFO] [stderr]   Downloaded async-graphql-derive v7.2.1
[INFO] [stderr]   Downloaded async-graphql-parser v7.2.1
[INFO] [stderr]   Downloaded opentelemetry_sdk v0.33.0
[INFO] running `Command { std: "docker" "create" "-v" "/var/lib/crater-agent-workspace/builds/worker-7-tc1/source:/opt/rustwide/workdir:ro,Z" "-v" "/var/lib/crater-agent-workspace/builds/worker-7-tc1/target:/opt/rustwide/target:rw,Z" "-v" "/var/lib/crater-agent-workspace/cargo-home:/opt/rustwide/cargo-home:ro,Z" "-v" "/var/lib/crater-agent-workspace/rustup-home:/opt/rustwide/rustup-home:ro,Z" "-m" "1610612736" "--network" "none" "ghcr.io/rust-lang/crates-build-env/linux@sha256:3111399a4047eeb3a02b7a90e478d715f38a8c6669b5c4b49d30a17385265909" "sleep" "infinity", kill_on_drop: false }`
[INFO] [stdout] 6e3803bf34a465e2077d24e2531b32410f01f6eaa3660f5abbfd880c5e84de41
[INFO] running `Command { std: "docker" "start" "6e3803bf34a465e2077d24e2531b32410f01f6eaa3660f5abbfd880c5e84de41", kill_on_drop: false }`
[INFO] running `Command { std: "docker" "inspect" "6e3803bf34a465e2077d24e2531b32410f01f6eaa3660f5abbfd880c5e84de41", kill_on_drop: false }`
[INFO] running `Command { std: "docker" "exec" "-e" "SOURCE_DIR=/opt/rustwide/workdir" "-e" "CARGO_HOME=/opt/rustwide/cargo-home" "-e" "RUSTUP_HOME=/opt/rustwide/rustup-home" "-e" "CARGO_TARGET_DIR=/opt/rustwide/target" "-w" "/opt/rustwide/workdir" "--user" "0:0" "6e3803bf34a465e2077d24e2531b32410f01f6eaa3660f5abbfd880c5e84de41" "/opt/rustwide/cargo-home/bin/cargo" "+1.99.0-beta.8" "metadata" "--no-deps" "--format-version=1", kill_on_drop: false }`
[INFO] running `Command { std: "docker" "inspect" "6e3803bf34a465e2077d24e2531b32410f01f6eaa3660f5abbfd880c5e84de41", kill_on_drop: false }`
[INFO] running `Command { std: "docker" "exec" "-e" "SOURCE_DIR=/opt/rustwide/workdir" "-e" "CARGO_HOME=/opt/rustwide/cargo-home" "-e" "RUSTUP_HOME=/opt/rustwide/rustup-home" "-e" "CARGO_TARGET_DIR=/opt/rustwide/target" "-e" "CARGO_INCREMENTAL=0" "-e" "RUST_BACKTRACE=full" "-e" "RUSTFLAGS=--cap-lints=warn" "-e" "RUSTDOCFLAGS=--cap-lints=warn" "-w" "/opt/rustwide/workdir" "--user" "0:0" "6e3803bf34a465e2077d24e2531b32410f01f6eaa3660f5abbfd880c5e84de41" "/opt/rustwide/cargo-home/bin/cargo" "+1.99.0-beta.8" "build" "--frozen" "--message-format=json", kill_on_drop: false }`
[INFO] [stderr]    Compiling syn v3.0.6
[INFO] [stderr]    Compiling serde v1.0.229
[INFO] [stderr]    Compiling syn v2.0.119
[INFO] [stderr]    Compiling serde_core v1.0.229
[INFO] [stderr]    Compiling find-msvc-tools v0.1.14
[INFO] [stderr]    Compiling futures-io v0.3.34
[INFO] [stderr]    Compiling pkg-config v0.3.34
[INFO] [stderr]    Compiling mio v1.2.3
[INFO] [stderr]    Compiling cc v1.5.1
[INFO] [stderr]    Compiling thiserror v2.0.21
[INFO] [stderr]    Compiling litemap v0.8.3
[INFO] [stderr]    Compiling writeable v0.6.4
[INFO] [stderr]    Compiling futures-channel v0.3.34
[INFO] [stderr]    Compiling icu_normalizer_data v2.3.0
[INFO] [stderr]    Compiling icu_properties_data v2.3.0
[INFO] [stderr]    Compiling serde_json v1.0.151
[INFO] [stderr]    Compiling futures-task v0.3.34
[INFO] [stderr]    Compiling crypto-common v0.1.7
[INFO] [stderr]    Compiling rustls v0.23.45
[INFO] [stderr]    Compiling digest v0.10.7
[INFO] [stderr]    Compiling zerocopy v0.8.59
[INFO] [stderr]    Compiling crossbeam-utils v0.8.23
[INFO] [stderr]    Compiling aws-lc-rs v1.18.1
[INFO] [stderr]    Compiling getrandom v0.4.3
[INFO] [stderr]    Compiling cmake v0.1.58
[INFO] [stderr]    Compiling getrandom v0.3.4
[INFO] [stderr]    Compiling hashbrown v0.17.1
[INFO] [stderr]    Compiling aws-lc-sys v0.45.0
[INFO] [stderr]    Compiling cmov v0.5.4
[INFO] [stderr]    Compiling untrusted v0.7.1
[INFO] [stderr]    Compiling ctutils v0.4.2
[INFO] [stderr]    Compiling crypto-common v0.2.2
[INFO] [stderr]    Compiling bitflags v2.13.2
[INFO] [stderr]    Compiling indexmap v2.14.2
[INFO] [stderr]    Compiling zeroize v1.9.0
[INFO] [stderr]    Compiling digest v0.11.3
[INFO] [stderr]    Compiling num-integer v0.1.47
[INFO] [stderr]    Compiling num-traits v0.2.19
[INFO] [stderr]    Compiling synstructure v0.14.0
[INFO] [stderr]    Compiling rustls-pki-types v1.15.1
[INFO] [stderr]    Compiling ucd-trie v0.1.7
[INFO] [stderr]    Compiling crc-catalog v2.5.0
[INFO] [stderr]    Compiling crc v3.4.0
[INFO] [stderr]    Compiling pest v2.9.2
[INFO] [stderr]    Compiling hashlink v0.11.1
[INFO] [stderr]    Compiling num-bigint v0.4.8
[INFO] [stderr]    Compiling crossbeam-queue v0.3.14
[INFO] [stderr]    Compiling sync_wrapper v1.0.2
[INFO] [stderr]    Compiling futures-sink v0.3.34
[INFO] [stderr]    Compiling darling_core v0.20.11
[INFO] [stderr]    Compiling ppv-lite86 v0.2.21
[INFO] [stderr]    Compiling tracing-attributes v0.1.31
[INFO] [stderr]    Compiling zeroize_derive v1.5.0
[INFO] [stderr]    Compiling chacha20 v0.10.2
[INFO] [stderr]    Compiling hmac v0.13.0
[INFO] [stderr]    Compiling rand_core v0.9.5
[INFO] [stderr]    Compiling serde_derive v1.0.229
[INFO] [stderr]    Compiling zerofrom-derive v0.1.8
[INFO] [stderr]    Compiling yoke-derive v0.8.4
[INFO] [stderr]    Compiling zerovec-derive v0.11.6
[INFO] [stderr]    Compiling displaydoc v0.2.7
[INFO] [stderr]    Compiling thiserror-impl v2.0.21
[INFO] [stderr]    Compiling futures-macro v0.3.34
[INFO] [stderr]    Compiling tracing v0.1.44
[INFO] [stderr]    Compiling zerofrom v0.1.8
[INFO] [stderr]    Compiling yoke v0.8.3
[INFO] [stderr]    Compiling tokio-macros v2.7.2
[INFO] [stderr]    Compiling form_urlencoded v1.2.2
[INFO] [stderr]    Compiling tracing-core v0.1.36
[INFO] [stderr]    Compiling zerovec v0.11.8
[INFO] [stderr]    Compiling zerotrie v0.2.5
[INFO] [stderr]    Compiling futures-util v0.3.34
[INFO] [stderr]    Compiling aho-corasick v1.1.5
[INFO] [stderr]    Compiling slab v0.4.12
[INFO] [stderr]    Compiling data-encoding v2.11.1
[INFO] [stderr]    Compiling unicode-properties v0.1.4
[INFO] [stderr]    Compiling tinystr v0.8.4
[INFO] [stderr]    Compiling potential_utf v0.1.6
[INFO] [stderr]    Compiling ipnet v2.12.2
[INFO] [stderr]    Compiling icu_locale_core v2.3.0
[INFO] [stderr]    Compiling icu_collections v2.3.0
[INFO] [stderr]    Compiling bytes v1.12.1
[INFO] [stderr]    Compiling smallvec v1.16.2
[INFO] [stderr]    Compiling parking_lot_core v0.9.12
[INFO] [stderr]    Compiling parking_lot v0.12.5
[INFO] [stderr]    Compiling icu_provider v2.3.1
[INFO] [stderr]    Compiling http v1.5.0
[INFO] [stderr]    Compiling tokio v1.53.1
[INFO] [stderr]    Compiling icu_properties v2.3.0
[INFO] [stderr]    Compiling http-body v1.1.0
[INFO] [stderr]    Compiling icu_normalizer v2.3.0
[INFO] [stderr]    Compiling chrono v0.4.45
[INFO] [stderr]    Compiling siphasher v1.0.4
[INFO] [stderr]    Compiling base64 v0.23.1
[INFO] [stderr]    Compiling ref-cast v1.0.27
[INFO] [stderr]    Compiling idna_adapter v1.2.2
[INFO] [stderr]    Compiling idna v1.1.0
[INFO] [stderr]    Compiling url v2.5.8
[INFO] [stderr]    Compiling http-body-util v0.1.5
[INFO] [stderr]    Compiling futures-intrusive v0.5.0
[INFO] [stderr]    Compiling regex-automata v0.4.18
[INFO] [stderr]    Compiling either v1.18.0
[INFO] [stderr]    Compiling stringprep v0.1.5
[INFO] [stderr]    Compiling darling_macro v0.20.11
[INFO] [stderr]    Compiling ref-cast-impl v1.0.27
[INFO] [stderr]    Compiling rand_chacha v0.9.0
[INFO] [stderr]    Compiling hkdf v0.13.0
[INFO] [stderr]    Compiling rand v0.10.3
[INFO] [stderr]    Compiling webpki-roots v1.0.9
[INFO] [stderr]    Compiling sha2 v0.11.0
[INFO] [stderr]    Compiling md-5 v0.11.0
[INFO] [stderr]    Compiling sha2 v0.10.9
[INFO] [stderr]    Compiling rustix v1.1.5
[INFO] [stderr]    Compiling tokio-stream v0.1.19
[INFO] [stderr]    Compiling base64 v0.22.1
[INFO] [stderr]    Compiling whoami v2.1.3
[INFO] [stderr]    Compiling hyper v1.11.1
[INFO] [stderr]    Compiling tower v0.5.3
[INFO] [stderr]    Compiling rand v0.8.8
[INFO] [stderr]    Compiling rand v0.9.5
[INFO] [stderr]    Compiling darling v0.20.11
[INFO] [stderr]    Compiling phf_shared v0.11.3
[INFO] [stderr]    Compiling num-rational v0.4.2
[INFO] [stderr]    Compiling atoi v2.0.0
[INFO] [stderr]    Compiling hyper-util v0.1.21
[INFO] [stderr]    Compiling num-iter v0.1.46
[INFO] [stderr]    Compiling sha1 v0.10.7
[INFO] [stderr]    Compiling num-complex v0.4.6
[INFO] [stderr]    Compiling winnow v1.0.4
[INFO] [stderr]    Compiling linux-raw-sys v0.12.1
[INFO] [stderr]    Compiling num v0.4.3
[INFO] [stderr]    Compiling tungstenite v0.29.0
[INFO] [stderr]    Compiling time-macros v0.2.32
[INFO] [stderr]    Compiling phf_generator v0.11.3
[INFO] [stderr]    Compiling toml_parser v1.1.3+spec-1.1.0
[INFO] [stderr]    Compiling derive_builder_core v0.20.2
[INFO] [stderr]    Compiling ahash v0.8.12
[INFO] [stderr]    Compiling regex v1.13.1
[INFO] [stderr]    Compiling serde_urlencoded v0.7.1
[INFO] [stderr]    Compiling pest_meta v2.9.2
[INFO] [stderr]    Compiling encoding_rs v0.8.42
[INFO] [stderr]    Compiling darling_core v0.23.0
[INFO] [stderr]    Compiling borrow-or-share v0.2.4
[INFO] [stderr]    Compiling jsonschema-value v0.58.1
[INFO] [stderr]    Compiling time v0.3.55
[INFO] [stderr]    Compiling toml_edit v0.25.15+spec-1.1.0
[INFO] [stderr]    Compiling derive_builder_macro v0.20.2
[INFO] [stderr]    Compiling fluent-uri v0.4.1
[INFO] [stderr]    Compiling rustls-native-certs v0.8.4
[INFO] [stderr]    Compiling pest_generator v2.9.2
[INFO] [stderr]    Compiling phf_macros v0.11.3
[INFO] [stderr]    Compiling tokio-tungstenite v0.29.0
[INFO] [stderr]    Compiling fraction v0.17.0
[INFO] [stderr]    Compiling axum-core v0.5.6
[INFO] [stderr]    Compiling futures-executor v0.3.34
[INFO] [stderr]    Compiling async-graphql-value v7.2.1
[INFO] [stderr]    Compiling opentelemetry v0.33.0
[INFO] [stderr]    Compiling async-trait v0.1.92
[INFO] [stderr]    Compiling strum_macros v0.28.0
[INFO] [stderr]    Compiling pin-project-internal v1.1.13
[INFO] [stderr]    Compiling strum_macros v0.27.2
[INFO] [stderr]    Compiling darling_macro v0.23.0
[INFO] [stderr]    Compiling serde_derive_internals v0.30.0
[INFO] [stderr]    Compiling serde_path_to_error v0.1.20
[INFO] [stderr]    Compiling ring v0.17.14
[INFO] [stderr]    Compiling multer v3.1.0
[INFO] [stderr]    Compiling simdutf8 v0.1.5
[INFO] [stderr]    Compiling bytecount v0.6.9
[INFO] [stderr]    Compiling outref v0.5.2
[INFO] [stderr]    Compiling num-modular v0.6.5
[INFO] [stderr]    Compiling micromap v0.3.0
[INFO] [stderr]    Compiling multiversion_no_op v1.0.0
[INFO] [stderr]    Compiling num-cmp v0.1.0
[INFO] [stderr]    Compiling core_detect v1.0.0
[INFO] [stderr]    Compiling referencing v0.58.1
[INFO] [stderr]    Compiling schemars_derive v1.2.2
[INFO] [stderr]    Compiling strum v0.28.0
[INFO] [stderr]    Compiling uuid-simd v0.8.0
[INFO] [stderr]    Compiling num-order v1.2.0
[INFO] [stderr]    Compiling axum v0.8.9
[INFO] [stderr]    Compiling pin-project v1.1.13
[INFO] [stderr]    Compiling strum v0.27.2
[INFO] [stderr]    Compiling polling v3.11.0
[INFO] [stderr]    Compiling darling v0.23.0
[INFO] [stderr]    Compiling simple_asn1 v0.6.4
[INFO] [stderr]    Compiling async-graphql-parser v7.2.1
[INFO] [stderr]    Compiling futures v0.3.34
[INFO] [stderr]    Compiling phf v0.11.3
[INFO] [stderr]    Compiling pest_derive v2.9.2
[INFO] [stderr]    Compiling proc-macro-crate v3.5.0
[INFO] [stderr]    Compiling derive_builder v0.20.2
[INFO] [stderr]    Compiling fancy-regex v0.19.2
[INFO] [stderr]    Compiling unicode-general-category v1.1.0
[INFO] [stderr]    Compiling tower-http v0.6.11
[INFO] [stderr]    Compiling email_address v0.2.9
[INFO] [stderr]    Compiling jsonschema-regex v0.58.1
[INFO] [stderr]    Compiling pem v3.0.6
[INFO] [stderr]    Compiling uuid v1.26.1
[INFO] [stderr]    Compiling concurrent-queue v2.5.0
[INFO] [stderr]    Compiling getrandom v0.2.17
[INFO] [stderr]    Compiling futures-lite v2.6.1
[INFO] [stderr]    Compiling thread_local v1.1.10
[INFO] [stderr]    Compiling ascii_utils v0.9.3
[INFO] [stderr]    Compiling Inflector v0.11.4
[INFO] [stderr]    Compiling spin v0.9.9
[INFO] [stderr]    Compiling schemars v1.2.2
[INFO] [stderr]    Compiling tempfile v3.27.0
[INFO] [stderr]    Compiling async-io v2.6.0
[INFO] [stderr]    Compiling async-graphql-derive v7.2.1
[INFO] [stderr]    Compiling tracing-subscriber v0.3.23
[INFO] [stderr]    Compiling fast_chemail v0.9.6
[INFO] [stderr]    Compiling cron v0.17.0
[INFO] [stderr]    Compiling jsonschema v0.58.1
[INFO] [stderr]    Compiling handlebars v6.4.4
[INFO] [stderr]    Compiling tracing-futures v0.2.5
[INFO] [stderr]    Compiling skilj-retry v0.0.9
[INFO] [stderr]    Compiling skilj-macros v0.0.9
[INFO] [stderr]    Compiling arc-swap v1.9.2
[INFO] [stderr]    Compiling tracing-log v0.2.0
[INFO] [stderr]    Compiling asynk-strim v0.1.5
[INFO] [stderr]    Compiling static_assertions_next v1.1.2
[INFO] [stderr]    Compiling tracing-opentelemetry v0.34.0
[INFO] [stderr]    Compiling opentelemetry-http v0.33.0
[INFO] [stderr]    Compiling serde_html_form v0.2.8
[INFO] [stderr]    Compiling tokio-util v0.7.19
[INFO] [stderr]    Compiling axum-extra v0.12.6
[INFO] [stderr]    Compiling inventory v0.3.24
[INFO] [stderr]    Compiling async-graphql v7.2.1
[INFO] [stderr]    Compiling async-graphql-axum v7.2.1
[INFO] [stderr]    Compiling rustls-webpki v0.103.15
[INFO] [stderr]    Compiling jsonwebtoken v11.1.0
[INFO] [stderr]    Compiling sqlx-core v0.9.0
[INFO] [stderr]    Compiling tokio-rustls v0.26.5
[INFO] [stderr]    Compiling rustls-platform-verifier v0.7.1
[INFO] [stderr]    Compiling hyper-rustls v0.27.10
[INFO] [stderr]    Compiling reqwest v0.13.5
[INFO] [stderr]    Compiling sqlx-postgres v0.9.0
[INFO] [stderr]    Compiling sqlx-macros-core v0.9.0
[INFO] [stderr]    Compiling sqlx-macros v0.9.0
[INFO] [stderr]    Compiling sqlx v0.9.0
[INFO] [stderr]    Compiling skilj-core v0.0.9
[INFO] [stderr]    Compiling skilj-rest v0.0.9
[INFO] [stderr]    Compiling skilj-graphql v0.0.9
[INFO] [stderr]    Compiling skilj v0.0.9 (/opt/rustwide/workdir)
[INFO] [stderr]     Finished `dev` profile [unoptimized + debuginfo] target(s) in 6m 04s
[INFO] running `Command { std: "docker" "inspect" "6e3803bf34a465e2077d24e2531b32410f01f6eaa3660f5abbfd880c5e84de41", kill_on_drop: false }`
[INFO] running `Command { std: "docker" "exec" "-e" "SOURCE_DIR=/opt/rustwide/workdir" "-e" "CARGO_HOME=/opt/rustwide/cargo-home" "-e" "RUSTUP_HOME=/opt/rustwide/rustup-home" "-e" "CARGO_TARGET_DIR=/opt/rustwide/target" "-e" "CARGO_INCREMENTAL=0" "-e" "RUST_BACKTRACE=full" "-e" "RUSTFLAGS=--cap-lints=warn" "-e" "RUSTDOCFLAGS=--cap-lints=warn" "-w" "/opt/rustwide/workdir" "--user" "0:0" "6e3803bf34a465e2077d24e2531b32410f01f6eaa3660f5abbfd880c5e84de41" "/opt/rustwide/cargo-home/bin/cargo" "+1.99.0-beta.8" "test" "--frozen" "--no-run" "--message-format=json", kill_on_drop: false }`
[INFO] [stderr]    Compiling tracing v0.1.44
[INFO] [stderr]    Compiling digest v0.11.3
[INFO] [stderr]    Compiling regex-automata v0.4.18
[INFO] [stderr]    Compiling log v0.4.34
[INFO] [stderr]    Compiling rand v0.10.3
[INFO] [stderr]    Compiling tungstenite v0.29.0
[INFO] [stderr]    Compiling hmac v0.13.0
[INFO] [stderr]    Compiling md-5 v0.11.0
[INFO] [stderr]    Compiling hyper-util v0.1.21
[INFO] [stderr]    Compiling tower v0.5.3
[INFO] [stderr]    Compiling hkdf v0.13.0
[INFO] [stderr]    Compiling sqlx-core v0.9.0
[INFO] [stderr]    Compiling sha2 v0.11.0
[INFO] [stderr]    Compiling opentelemetry v0.33.0
[INFO] [stderr]    Compiling futures-executor v0.3.34
[INFO] [stderr]    Compiling tokio-tungstenite v0.29.0
[INFO] [stderr]    Compiling axum-core v0.5.6
[INFO] [stderr]    Compiling hyper-rustls v0.27.10
[INFO] [stderr]    Compiling futures v0.3.34
[INFO] [stderr]    Compiling rustls-platform-verifier v0.7.1
[INFO] [stderr]    Compiling tower-http v0.6.11
[INFO] [stderr]    Compiling tracing-log v0.2.0
[INFO] [stderr]    Compiling reqwest v0.13.5
[INFO] [stderr]    Compiling tracing-futures v0.2.5
[INFO] [stderr]    Compiling handlebars v6.4.4
[INFO] [stderr]    Compiling opentelemetry-http v0.33.0
[INFO] [stderr]    Compiling sha1 v0.11.0
[INFO] [stderr]    Compiling tungstenite v0.30.0
[INFO] [stderr]    Compiling opentelemetry_sdk v0.33.0
[INFO] [stderr]    Compiling regex v1.13.1
[INFO] [stderr]    Compiling sqlx-postgres v0.9.0
[INFO] [stderr]    Compiling matchers v0.2.0
[INFO] [stderr]    Compiling fancy-regex v0.19.2
[INFO] [stderr]    Compiling axum v0.8.9
[INFO] [stderr]    Compiling jsonschema v0.58.1
[INFO] [stderr]    Compiling tracing-subscriber v0.3.23
[INFO] [stderr]    Compiling async-graphql v7.2.1
[INFO] [stderr]    Compiling tokio-tungstenite v0.30.0
[INFO] [stderr]    Compiling tracing-opentelemetry v0.34.0
[INFO] [stderr]    Compiling sqlx-macros-core v0.9.0
[INFO] [stderr]    Compiling axum-extra v0.12.6
[INFO] [stderr]    Compiling sqlx-macros v0.9.0
[INFO] [stderr]    Compiling sqlx v0.9.0
[INFO] [stderr]    Compiling skilj-core v0.0.9
[INFO] [stderr]    Compiling async-graphql-axum v7.2.1
[INFO] [stderr]    Compiling skilj-rest v0.0.9
[INFO] [stderr]    Compiling skilj-graphql v0.0.9
[INFO] [stderr]    Compiling skilj v0.0.9 (/opt/rustwide/workdir)
[INFO] [stdout] error[E0433]: cannot find module or crate `skilj_test_support` in this scope
[INFO] [stdout]   --> tests/metrics_background_tasks.rs:19:5
[INFO] [stdout]    |
[INFO] [stdout] 19 |     skilj_test_support::database_url("skilj_metrics_background_tasks_test").await
[INFO] [stdout]    |     ^^^^^^^^^^^^^^^^^^ use of unresolved module or unlinked crate `skilj_test_support`
[INFO] [stdout]    |
[INFO] [stdout]    = help: if you wanted to use a crate named `skilj_test_support`, use `cargo add skilj_test_support` to add it to your `Cargo.toml`
[INFO] [stdout] 
[INFO] [stdout] 
[INFO] [stdout] error[E0433]: cannot find module or crate `skilj_test_support` in this scope
[INFO] [stdout]   --> tests/tracing_background_tasks.rs:50:5
[INFO] [stdout]    |
[INFO] [stdout] 50 |     skilj_test_support::database_url("skilj_tracing_background_tasks_test").await
[INFO] [stdout]    |     ^^^^^^^^^^^^^^^^^^ use of unresolved module or unlinked crate `skilj_test_support`
[INFO] [stdout]    |
[INFO] [stdout]    = help: if you wanted to use a crate named `skilj_test_support`, use `cargo add skilj_test_support` to add it to your `Cargo.toml`
[INFO] [stdout] 
[INFO] [stdout] 
[INFO] [stdout] error[E0433]: cannot find module or crate `skilj_test_support` in this scope
[INFO] [stdout]   --> tests/startup_bounded_contexts.rs:27:9
[INFO] [stdout]    |
[INFO] [stdout] 27 |         skilj_test_support::embedded_database_url("skilj_startup_bounded_contexts_test").await?;
[INFO] [stdout]    |         ^^^^^^^^^^^^^^^^^^ use of unresolved module or unlinked crate `skilj_test_support`
[INFO] [stdout]    |
[INFO] [stdout]    = help: if you wanted to use a crate named `skilj_test_support`, use `cargo add skilj_test_support` to add it to your `Cargo.toml`
[INFO] [stdout] 
[INFO] [stdout] 
[INFO] [stdout] error[E0433]: cannot find module or crate `skilj_test_support` in this scope
[INFO] [stdout]   --> tests/event_fetch_rest.rs:89:19
[INFO] [stdout]    |
[INFO] [stdout] 89 |         let url = skilj_test_support::database_url("skilj_event_fetch_rest_test").await?;
[INFO] [stdout]    |                   ^^^^^^^^^^^^^^^^^^ use of unresolved module or unlinked crate `skilj_test_support`
[INFO] [stdout]    |
[INFO] [stdout]    = help: if you wanted to use a crate named `skilj_test_support`, use `cargo add skilj_test_support` to add it to your `Cargo.toml`
[INFO] [stdout] 
[INFO] [stdout] 
[INFO] [stdout] error[E0433]: cannot find module or crate `skilj_test_support` in this scope
[INFO] [stdout]    --> tests/cross_instance.rs:175:15
[INFO] [stdout]     |
[INFO] [stdout] 175 |     let url = skilj_test_support::database_url("skilj_cross_instance_test").await?;
[INFO] [stdout]     |               ^^^^^^^^^^^^^^^^^^ use of unresolved module or unlinked crate `skilj_test_support`
[INFO] [stdout]     |
[INFO] [stdout]     = help: if you wanted to use a crate named `skilj_test_support`, use `cargo add skilj_test_support` to add it to your `Cargo.toml`
[INFO] [stdout] 
[INFO] [stdout] 
[INFO] [stdout] error[E0433]: cannot find module or crate `skilj_test_support` in this scope
[INFO] [stdout]    --> tests/event_subscription.rs:180:15
[INFO] [stdout]     |
[INFO] [stdout] 180 |     let url = skilj_test_support::database_url("skilj_event_subscription_test").await?;
[INFO] [stdout]     |               ^^^^^^^^^^^^^^^^^^ use of unresolved module or unlinked crate `skilj_test_support`
[INFO] [stdout]     |
[INFO] [stdout]     = help: if you wanted to use a crate named `skilj_test_support`, use `cargo add skilj_test_support` to add it to your `Cargo.toml`
[INFO] [stdout] 
[INFO] [stdout] 
[INFO] [stdout] error[E0433]: cannot find module or crate `skilj_test_support` in this scope
[INFO] [stdout]    --> tests/idempotency_key_retention.rs:122:19
[INFO] [stdout]     |
[INFO] [stdout] 122 |         let url = skilj_test_support::database_url("skilj_idempotency_key_retention_test").await?;
[INFO] [stdout]     |                   ^^^^^^^^^^^^^^^^^^ use of unresolved module or unlinked crate `skilj_test_support`
[INFO] [stdout]     |
[INFO] [stdout]     = help: if you wanted to use a crate named `skilj_test_support`, use `cargo add skilj_test_support` to add it to your `Cargo.toml`
[INFO] [stdout] 
[INFO] [stdout] 
[INFO] [stdout] error[E0433]: cannot find module or crate `skilj_test_support` in this scope
[INFO] [stdout]    --> tests/scheduled_events.rs:150:19
[INFO] [stdout]     |
[INFO] [stdout] 150 |         let url = skilj_test_support::database_url("skilj_scheduled_events_e2e_test").await?;
[INFO] [stdout]     |                   ^^^^^^^^^^^^^^^^^^ use of unresolved module or unlinked crate `skilj_test_support`
[INFO] [stdout]     |
[INFO] [stdout]     = help: if you wanted to use a crate named `skilj_test_support`, use `cargo add skilj_test_support` to add it to your `Cargo.toml`
[INFO] [stdout] 
[INFO] [stdout] 
[INFO] [stdout] error[E0277]: the size for values of type `str` cannot be known at compilation time
[INFO] [stdout]    --> tests/event_subscription.rs:180:9
[INFO] [stdout]     |
[INFO] [stdout] 180 |     let url = skilj_test_support::database_url("skilj_event_subscription_test").await?;
[INFO] [stdout]     |         ^^^ doesn't have a size known at compile-time
[INFO] [stdout]     |
[INFO] [stdout]     = help: the trait `Sized` is not implemented for `str`
[INFO] [stdout]     = note: all local variables must have a statically known size
[INFO] [stdout] 
[INFO] [stdout] 
[INFO] [stdout] error[E0277]: the size for values of type `str` cannot be known at compilation time
[INFO] [stdout]    --> tests/cross_instance.rs:175:9
[INFO] [stdout]     |
[INFO] [stdout] 175 |     let url = skilj_test_support::database_url("skilj_cross_instance_test").await?;
[INFO] [stdout]     |         ^^^ doesn't have a size known at compile-time
[INFO] [stdout]     |
[INFO] [stdout]     = help: the trait `Sized` is not implemented for `str`
[INFO] [stdout]     = note: all local variables must have a statically known size
[INFO] [stdout] 
[INFO] [stdout] 
[INFO] [stdout] error[E0277]: the size for values of type `str` cannot be known at compilation time
[INFO] [stdout]    --> tests/cross_instance.rs:175:15
[INFO] [stdout]     |
[INFO] [stdout] 175 |     let url = skilj_test_support::database_url("skilj_cross_instance_test").await?;
[INFO] [stdout]     |               ^^^^^^^^^^^^^^^^^^^^^^^^^^^^^^^^^^^^^^^^^^^^^^^^^^^^^^^^^^^^^^^^^^^^ doesn't have a size known at compile-time
[INFO] [stdout]     |
[INFO] [stdout]     = help: the trait `Sized` is not implemented for `str`
[INFO] [stdout]     = note: all local variables must have a statically known size
[INFO] [stdout] 
[INFO] [stdout] 
[INFO] [stdout] error[E0277]: the size for values of type `str` cannot be known at compilation time
[INFO] [stdout]    --> tests/cross_instance.rs:175:82
[INFO] [stdout]     |
[INFO] [stdout] 175 |     let url = skilj_test_support::database_url("skilj_cross_instance_test").await?;
[INFO] [stdout]     |                                                                                  ^ doesn't have a size known at compile-time
[INFO] [stdout]     |
[INFO] [stdout]     = help: the trait `Sized` is not implemented for `str`
[INFO] [stdout] note: required by an implicit `Sized` bound in `ControlFlow`
[INFO] [stdout]    --> /rustc/dfb0accb7f508ae8be965d8629557221c889dd98/library/core/src/ops/control_flow.rs:89:0
[INFO] [stdout] 
[INFO] [stdout] 
[INFO] [stdout] error[E0277]: the size for values of type `str` cannot be known at compilation time
[INFO] [stdout]    --> tests/event_subscription.rs:180:15
[INFO] [stdout]     |
[INFO] [stdout] 180 |     let url = skilj_test_support::database_url("skilj_event_subscription_test").await?;
[INFO] [stdout]     |               ^^^^^^^^^^^^^^^^^^^^^^^^^^^^^^^^^^^^^^^^^^^^^^^^^^^^^^^^^^^^^^^^^^^^^^^^ doesn't have a size known at compile-time
[INFO] [stdout]     |
[INFO] [stdout]     = help: the trait `Sized` is not implemented for `str`
[INFO] [stdout]     = note: all local variables must have a statically known size
[INFO] [stdout] 
[INFO] [stdout] 
[INFO] [stdout] error[E0277]: the size for values of type `str` cannot be known at compilation time
[INFO] [stdout]    --> tests/event_subscription.rs:180:86
[INFO] [stdout]     |
[INFO] [stdout] 180 |     let url = skilj_test_support::database_url("skilj_event_subscription_test").await?;
[INFO] [stdout]     |                                                                                      ^ doesn't have a size known at compile-time
[INFO] [stdout]     |
[INFO] [stdout]     = help: the trait `Sized` is not implemented for `str`
[INFO] [stdout] note: required by an implicit `Sized` bound in `ControlFlow`
[INFO] [stdout]    --> /rustc/dfb0accb7f508ae8be965d8629557221c889dd98/library/core/src/ops/control_flow.rs:89:0
[INFO] [stdout] 
[INFO] [stdout] 
[INFO] [stdout] error[E0277]: the size for values of type `str` cannot be known at compilation time
[INFO] [stdout]   --> tests/event_fetch_rest.rs:89:13
[INFO] [stdout]    |
[INFO] [stdout] 89 |         let url = skilj_test_support::database_url("skilj_event_fetch_rest_test").await?;
[INFO] [stdout]    |             ^^^ doesn't have a size known at compile-time
[INFO] [stdout]    |
[INFO] [stdout]    = help: the trait `Sized` is not implemented for `str`
[INFO] [stdout]    = note: all local variables must have a statically known size
[INFO] [stdout] 
[INFO] [stdout] 
[INFO] [stdout] error[E0277]: the size for values of type `str` cannot be known at compilation time
[INFO] [stdout]   --> tests/startup_bounded_contexts.rs:26:9
[INFO] [stdout]    |
[INFO] [stdout] 26 |     let url =
[INFO] [stdout]    |         ^^^ doesn't have a size known at compile-time
[INFO] [stdout]    |
[INFO] [stdout]    = help: the trait `Sized` is not implemented for `str`
[INFO] [stdout]    = note: all local variables must have a statically known size
[INFO] [stdout] 
[INFO] [stdout] 
[INFO] [stdout] error[E0277]: the size for values of type `str` cannot be known at compilation time
[INFO] [stdout]    --> tests/idempotency_key_retention.rs:122:13
[INFO] [stdout]     |
[INFO] [stdout] 122 |         let url = skilj_test_support::database_url("skilj_idempotency_key_retention_test").await?;
[INFO] [stdout]     |             ^^^ doesn't have a size known at compile-time
[INFO] [stdout]     |
[INFO] [stdout]     = help: the trait `Sized` is not implemented for `str`
[INFO] [stdout]     = note: all local variables must have a statically known size
[INFO] [stdout] 
[INFO] [stdout] 
[INFO] [stdout] error[E0277]: the size for values of type `str` cannot be known at compilation time
[INFO] [stdout]    --> tests/scheduled_events.rs:150:13
[INFO] [stdout]     |
[INFO] [stdout] 150 |         let url = skilj_test_support::database_url("skilj_scheduled_events_e2e_test").await?;
[INFO] [stdout]     |             ^^^ doesn't have a size known at compile-time
[INFO] [stdout]     |
[INFO] [stdout]     = help: the trait `Sized` is not implemented for `str`
[INFO] [stdout]     = note: all local variables must have a statically known size
[INFO] [stdout] 
[INFO] [stdout] 
[INFO] [stdout] error[E0277]: the size for values of type `str` cannot be known at compilation time
[INFO] [stdout]   --> tests/startup_bounded_contexts.rs:27:9
[INFO] [stdout]    |
[INFO] [stdout] 27 |         skilj_test_support::embedded_database_url("skilj_startup_bounded_contexts_test").await?;
[INFO] [stdout]    |         ^^^^^^^^^^^^^^^^^^^^^^^^^^^^^^^^^^^^^^^^^^^^^^^^^^^^^^^^^^^^^^^^^^^^^^^^^^^^^^^^^^^^^^^ doesn't have a size known at compile-time
[INFO] [stdout]    |
[INFO] [stdout]    = help: the trait `Sized` is not implemented for `str`
[INFO] [stdout]    = note: all local variables must have a statically known size
[INFO] [stdout] 
[INFO] [stdout] 
[INFO] [stdout] error[E0277]: the size for values of type `str` cannot be known at compilation time
[INFO] [stdout]    --> tests/scheduled_events.rs:150:19
[INFO] [stdout]     |
[INFO] [stdout] 150 |         let url = skilj_test_support::database_url("skilj_scheduled_events_e2e_test").await?;
[INFO] [stdout]     |                   ^^^^^^^^^^^^^^^^^^^^^^^^^^^^^^^^^^^^^^^^^^^^^^^^^^^^^^^^^^^^^^^^^^^^^^^^^^ doesn't have a size known at compile-time
[INFO] [stdout]     |
[INFO] [stdout]     = help: the trait `Sized` is not implemented for `str`
[INFO] [stdout]     = note: all local variables must have a statically known size
[INFO] [stdout] 
[INFO] [stdout] 
[INFO] [stdout] error[E0277]: the size for values of type `str` cannot be known at compilation time
[INFO] [stdout]    --> tests/idempotency_key_retention.rs:122:19
[INFO] [stdout]     |
[INFO] [stdout] 122 |         let url = skilj_test_support::database_url("skilj_idempotency_key_retention_test").await?;
[INFO] [stdout]     |                   ^^^^^^^^^^^^^^^^^^^^^^^^^^^^^^^^^^^^^^^^^^^^^^^^^^^^^^^^^^^^^^^^^^^^^^^^^^^^^^^ doesn't have a size known at compile-time
[INFO] [stdout]     |
[INFO] [stdout]     = help: the trait `Sized` is not implemented for `str`
[INFO] [stdout]     = note: all local variables must have a statically known size
[INFO] [stdout] 
[INFO] [stdout] 
[INFO] [stdout] error[E0277]: the size for values of type `str` cannot be known at compilation time
[INFO] [stdout]   --> tests/startup_bounded_contexts.rs:27:95
[INFO] [stdout]    |
[INFO] [stdout] 27 |         skilj_test_support::embedded_database_url("skilj_startup_bounded_contexts_test").await?;
[INFO] [stdout]    |                                                                                               ^ doesn't have a size known at compile-time
[INFO] [stdout]    |
[INFO] [stdout]    = help: the trait `Sized` is not implemented for `str`
[INFO] [stdout] note: required by an implicit `Sized` bound in `ControlFlow`
[INFO] [stdout]   --> /rustc/dfb0accb7f508ae8be965d8629557221c889dd98/library/core/src/ops/control_flow.rs:89:0
[INFO] [stdout] 
[INFO] [stdout] 
[INFO] [stdout] error[E0277]: the size for values of type `str` cannot be known at compilation time
[INFO] [stdout]   --> tests/event_fetch_rest.rs:89:19
[INFO] [stdout]    |
[INFO] [stdout] 89 |         let url = skilj_test_support::database_url("skilj_event_fetch_rest_test").await?;
[INFO] [stdout]    |                   ^^^^^^^^^^^^^^^^^^^^^^^^^^^^^^^^^^^^^^^^^^^^^^^^^^^^^^^^^^^^^^^^^^^^^^ doesn't have a size known at compile-time
[INFO] [stdout]    |
[INFO] [stdout]    = help: the trait `Sized` is not implemented for `str`
[INFO] [stdout]    = note: all local variables must have a statically known size
[INFO] [stdout] 
[INFO] [stdout] 
[INFO] [stdout] error[E0277]: the size for values of type `str` cannot be known at compilation time
[INFO] [stdout]   --> tests/event_fetch_rest.rs:89:88
[INFO] [stdout]    |
[INFO] [stdout] 89 |         let url = skilj_test_support::database_url("skilj_event_fetch_rest_test").await?;
[INFO] [stdout]    |                                                                                        ^ doesn't have a size known at compile-time
[INFO] [stdout]    |
[INFO] [stdout]    = help: the trait `Sized` is not implemented for `str`
[INFO] [stdout] note: required by an implicit `Sized` bound in `ControlFlow`
[INFO] [stdout]   --> /rustc/dfb0accb7f508ae8be965d8629557221c889dd98/library/core/src/ops/control_flow.rs:89:0
[INFO] [stdout] 
[INFO] [stdout] 
[INFO] [stdout] error[E0277]: the size for values of type `str` cannot be known at compilation time
[INFO] [stdout]    --> tests/scheduled_events.rs:150:92
[INFO] [stdout]     |
[INFO] [stdout] 150 |         let url = skilj_test_support::database_url("skilj_scheduled_events_e2e_test").await?;
[INFO] [stdout]     |                                                                                            ^ doesn't have a size known at compile-time
[INFO] [stdout]     |
[INFO] [stdout]     = help: the trait `Sized` is not implemented for `str`
[INFO] [stdout] note: required by an implicit `Sized` bound in `ControlFlow`
[INFO] [stdout]    --> /rustc/dfb0accb7f508ae8be965d8629557221c889dd98/library/core/src/ops/control_flow.rs:89:0
[INFO] [stdout] 
[INFO] [stdout] 
[INFO] [stdout] error[E0277]: the size for values of type `str` cannot be known at compilation time
[INFO] [stdout]    --> tests/idempotency_key_retention.rs:122:97
[INFO] [stdout]     |
[INFO] [stdout] 122 |         let url = skilj_test_support::database_url("skilj_idempotency_key_retention_test").await?;
[INFO] [stdout]     |                                                                                                 ^ doesn't have a size known at compile-time
[INFO] [stdout]     |
[INFO] [stdout]     = help: the trait `Sized` is not implemented for `str`
[INFO] [stdout] note: required by an implicit `Sized` bound in `ControlFlow`
[INFO] [stdout]    --> /rustc/dfb0accb7f508ae8be965d8629557221c889dd98/library/core/src/ops/control_flow.rs:89:0
[INFO] [stdout] 
[INFO] [stdout] 
[INFO] [stdout] For more information about this error, try `rustc --explain E0433`.
[INFO] [stdout] 
[INFO] [stdout] For more information about this error, try `rustc --explain E0433`.
[INFO] [stdout] 
[INFO] [stderr] error: could not compile `skilj` (test "metrics_background_tasks") due to 1 previous error
[INFO] [stderr] warning: build failed, waiting for other jobs to finish...
[INFO] [stderr] error: could not compile `skilj` (test "tracing_background_tasks") due to 1 previous error
[INFO] [stdout] error[E0308]: mismatched types
[INFO] [stdout]    --> tests/idempotency_key_retention.rs:125:27
[INFO] [stdout]     |
[INFO] [stdout] 125 |             database_url: url,
[INFO] [stdout]     |                           ^^^ expected `String`, found `str`
[INFO] [stdout]     |
[INFO] [stdout] help: try using a conversion method
[INFO] [stdout]     |
[INFO] [stdout] 125 |             database_url: url.to_string(),
[INFO] [stdout]     |                              ++++++++++++
[INFO] [stdout] 
[INFO] [stdout] 
[INFO] [stdout] error[E0308]: mismatched types
[INFO] [stdout]    --> tests/cross_instance.rs:179:33
[INFO] [stdout]     |
[INFO] [stdout] 179 |     Some(TestDb { database_url: url })
[INFO] [stdout]     |                                 ^^^ expected `String`, found `str`
[INFO] [stdout]     |
[INFO] [stdout] help: try using a conversion method
[INFO] [stdout]     |
[INFO] [stdout] 179 |     Some(TestDb { database_url: url.to_string() })
[INFO] [stdout]     |                                    ++++++++++++
[INFO] [stdout] 
[INFO] [stdout] 
[INFO] [stdout] error[E0308]: mismatched types
[INFO] [stdout]   --> tests/event_fetch_rest.rs:91:44
[INFO] [stdout]    |
[INFO] [stdout] 91 |         return Some(TestDb { database_url: url });
[INFO] [stdout]    |                                            ^^^ expected `String`, found `str`
[INFO] [stdout]    |
[INFO] [stdout] help: try using a conversion method
[INFO] [stdout]    |
[INFO] [stdout] 91 |         return Some(TestDb { database_url: url.to_string() });
[INFO] [stdout]    |                                               ++++++++++++
[INFO] [stdout] 
[INFO] [stdout] 
[INFO] [stdout] error[E0308]: mismatched types
[INFO] [stdout]    --> tests/event_subscription.rs:184:33
[INFO] [stdout]     |
[INFO] [stdout] 184 |     Some(TestDb { database_url: url })
[INFO] [stdout]     |                                 ^^^ expected `String`, found `str`
[INFO] [stdout]     |
[INFO] [stdout] help: try using a conversion method
[INFO] [stdout]     |
[INFO] [stdout] 184 |     Some(TestDb { database_url: url.to_string() })
[INFO] [stdout]     |                                    ++++++++++++
[INFO] [stdout] 
[INFO] [stdout] 
[INFO] [stdout] error[E0308]: mismatched types
[INFO] [stdout]   --> tests/startup_bounded_contexts.rs:39:11
[INFO] [stdout]    |
[INFO] [stdout] 39 |     Some((url, pool))
[INFO] [stdout]    |           ^^^ expected `String`, found `str`
[INFO] [stdout]    |
[INFO] [stdout] help: try using a conversion method
[INFO] [stdout]    |
[INFO] [stdout] 39 |     Some((url.to_string(), pool))
[INFO] [stdout]    |              ++++++++++++
[INFO] [stdout] 
[INFO] [stdout] 
[INFO] [stdout] error[E0308]: mismatched types
[INFO] [stdout]    --> tests/scheduled_events.rs:153:27
[INFO] [stdout]     |
[INFO] [stdout] 153 |             database_url: url,
[INFO] [stdout]     |                           ^^^ expected `String`, found `str`
[INFO] [stdout]     |
[INFO] [stdout] help: try using a conversion method
[INFO] [stdout]     |
[INFO] [stdout] 153 |             database_url: url.to_string(),
[INFO] [stdout]     |                              ++++++++++++
[INFO] [stdout] 
[INFO] [stdout] 
[INFO] [stdout] Some errors have detailed explanations: E0277, E0308, E0433.
[INFO] [stdout] 
[INFO] [stdout] For more information about an error, try `rustc --explain E0277`.
[INFO] [stdout] 
[INFO] [stderr] error: could not compile `skilj` (test "idempotency_key_retention") due to 5 previous errors
[INFO] [stdout] error[E0433]: cannot find module or crate `skilj_test_support` in this scope
[INFO] [stdout]     --> tests/event_fetch_rest.rs:1485:13
[INFO] [stdout]      |
[INFO] [stdout] 1485 |             skilj_test_support::embedded_database_url("skilj_event_fetch_rest_refused_read").await
[INFO] [stdout]      |             ^^^^^^^^^^^^^^^^^^ use of unresolved module or unlinked crate `skilj_test_support`
[INFO] [stdout]      |
[INFO] [stdout]      = help: if you wanted to use a crate named `skilj_test_support`, use `cargo add skilj_test_support` to add it to your `Cargo.toml`
[INFO] [stdout] 
[INFO] [stdout] 
[INFO] [stdout] error[E0277]: the size for values of type `str` cannot be known at compilation time
[INFO] [stdout]     --> tests/event_fetch_rest.rs:1484:18
[INFO] [stdout]      |
[INFO] [stdout] 1484 |         let Some(database_url) =
[INFO] [stdout]      |                  ^^^^^^^^^^^^ doesn't have a size known at compile-time
[INFO] [stdout]      |
[INFO] [stdout]      = help: the trait `Sized` is not implemented for `str`
[INFO] [stdout]      = note: all local variables must have a statically known size
[INFO] [stdout] 
[INFO] [stdout] 
[INFO] [stdout] error[E0277]: the size for values of type `str` cannot be known at compilation time
[INFO] [stdout]     --> tests/event_fetch_rest.rs:1484:13
[INFO] [stdout]      |
[INFO] [stdout] 1484 |         let Some(database_url) =
[INFO] [stdout]      |             ^^^^^^^^^^^^^^^^^^ doesn't have a size known at compile-time
[INFO] [stdout]      |
[INFO] [stdout]      = help: the trait `Sized` is not implemented for `str`
[INFO] [stdout] note: required by a bound in `Some`
[INFO] [stdout]     --> /rustc/dfb0accb7f508ae8be965d8629557221c889dd98/library/core/src/option.rs:606:4
[INFO] [stdout] 
[INFO] [stdout] 
[INFO] [stdout] error[E0277]: the size for values of type `str` cannot be known at compilation time
[INFO] [stdout]     --> tests/event_fetch_rest.rs:1485:94
[INFO] [stdout]      |
[INFO] [stdout] 1485 |             skilj_test_support::embedded_database_url("skilj_event_fetch_rest_refused_read").await
[INFO] [stdout]      |                                                                                              ^^^^^ doesn't have a size known at compile-time
[INFO] [stdout]      |
[INFO] [stdout]      = help: the trait `Sized` is not implemented for `str`
[INFO] [stdout] note: required by an implicit `Sized` bound in `std::option::Option`
[INFO] [stdout]     --> /rustc/dfb0accb7f508ae8be965d8629557221c889dd98/library/core/src/option.rs:598:0
[INFO] [stdout] 
[INFO] [stdout] 
[INFO] [stdout] Some errors have detailed explanations: E0277, E0308, E0433.
[INFO] [stdout] 
[INFO] [stdout] For more information about an error, try `rustc --explain E0277`.
[INFO] [stdout] 
[INFO] [stderr] error: could not compile `skilj` (test "scheduled_events") due to 5 previous errors
[INFO] [stdout] error[E0599]: no method named `clone` found for type `str` in the current scope
[INFO] [stdout]     --> tests/event_fetch_rest.rs:1496:26
[INFO] [stdout]      |
[INFO] [stdout] 1496 |             database_url.clone(),
[INFO] [stdout]      |                          ^^^^^
[INFO] [stdout]      |
[INFO] [stdout] help: there is a method `clone_into` with a similar name, but with different arguments
[INFO] [stdout]     --> /rustc/dfb0accb7f508ae8be965d8629557221c889dd98/library/alloc/src/borrow.rs:66:4
[INFO] [stdout] 
[INFO] [stdout] 
[INFO] [stdout] Some errors have detailed explanations: E0277, E0308, E0433.
[INFO] [stdout] 
[INFO] [stdout] For more information about an error, try `rustc --explain E0277`.
[INFO] [stdout] 
[INFO] [stderr] error: could not compile `skilj` (test "cross_instance") due to 5 previous errors
[INFO] [stdout] Some errors have detailed explanations: E0277, E0308, E0433.
[INFO] [stdout] 
[INFO] [stdout] For more information about an error, try `rustc --explain E0277`.
[INFO] [stdout] 
[INFO] [stderr] error: could not compile `skilj` (test "startup_bounded_contexts") due to 5 previous errors
[INFO] [stdout] Some errors have detailed explanations: E0277, E0308, E0433, E0599.
[INFO] [stdout] 
[INFO] [stdout] For more information about an error, try `rustc --explain E0277`.
[INFO] [stdout] 
[INFO] [stderr] error: could not compile `skilj` (test "event_fetch_rest") due to 10 previous errors
[INFO] [stdout] Some errors have detailed explanations: E0277, E0308, E0433.
[INFO] [stdout] 
[INFO] [stdout] For more information about an error, try `rustc --explain E0277`.
[INFO] [stdout] 
[INFO] [stderr] error: could not compile `skilj` (test "event_subscription") due to 5 previous errors
[INFO] running `Command { std: "docker" "inspect" "6e3803bf34a465e2077d24e2531b32410f01f6eaa3660f5abbfd880c5e84de41", kill_on_drop: false }`
[INFO] running `Command { std: "docker" "rm" "-f" "6e3803bf34a465e2077d24e2531b32410f01f6eaa3660f5abbfd880c5e84de41", kill_on_drop: false }`
[INFO] [stdout] 6e3803bf34a465e2077d24e2531b32410f01f6eaa3660f5abbfd880c5e84de41
