[INFO] fetching crate sk-ctrl 2.7.0...
[INFO] testing sk-ctrl-2.7.0 against 1.99.0-beta.8 for beta-1.100-2
[INFO] extracting crate sk-ctrl 2.7.0 into /workspace/builds/worker-4-tc1/source
[INFO] started tweaking crates.io crate sk-ctrl 2.7.0
[INFO] finished tweaking crates.io crate sk-ctrl 2.7.0
[INFO] tweaked toml for crates.io crate sk-ctrl 2.7.0 written to /workspace/builds/worker-4-tc1/source/Cargo.toml
[INFO] validating manifest of crates.io crate sk-ctrl 2.7.0 on toolchain 1.99.0-beta.8
[INFO] running `Command { std: CARGO_HOME="/workspace/cargo-home" RUSTUP_HOME="/workspace/rustup-home" "/workspace/cargo-home/bin/cargo" "+1.99.0-beta.8" "metadata" "--manifest-path" "Cargo.toml" "--no-deps", kill_on_drop: false }`
[INFO] crate crates.io crate sk-ctrl 2.7.0 already has a lockfile, it will not be regenerated
[INFO] running `Command { std: CARGO_HOME="/workspace/cargo-home" RUSTUP_HOME="/workspace/rustup-home" "/workspace/cargo-home/bin/cargo" "+1.99.0-beta.8" "fetch" "--manifest-path" "Cargo.toml", kill_on_drop: false }`
[INFO] [stderr]     Updating crates.io index
[INFO] [stderr]  Downloading crates ...
[INFO] [stderr]   Downloaded icu_properties v2.2.0
[INFO] [stderr]   Downloaded icu_provider v2.2.0
[INFO] [stderr]   Downloaded serde-value v0.7.0
[INFO] [stderr]   Downloaded hostname v0.4.2
[INFO] [stderr]   Downloaded async-stream-impl v0.3.6
[INFO] [stderr]   Downloaded event-listener-strategy v0.5.4
[INFO] [stderr]   Downloaded parking v2.2.1
[INFO] [stderr]   Downloaded predicates-tree v1.0.13
[INFO] [stderr]   Downloaded predicates-core v1.0.10
[INFO] [stderr]   Downloaded async-recursion v1.1.1
[INFO] [stderr]   Downloaded sk-core v2.7.0
[INFO] [stderr]   Downloaded sk-api v2.7.0
[INFO] [stderr]   Downloaded wasm-bindgen-macro v0.2.118
[INFO] [stderr]   Downloaded ordered-float v2.10.1
[INFO] [stderr]   Downloaded home v0.5.12
[INFO] [stderr]   Downloaded enum-ordinalize v4.3.2
[INFO] [stderr]   Downloaded gloo-timers v0.3.0
[INFO] [stderr]   Downloaded wasm-bindgen-shared v0.2.118
[INFO] [stderr]   Downloaded kube v2.0.1
[INFO] [stderr]   Downloaded pem v3.0.6
[INFO] [stderr]   Downloaded json-patch v4.1.0
[INFO] [stderr]   Downloaded hyper-timeout v0.5.2
[INFO] [stderr]   Downloaded enum-ordinalize-derive v4.3.2
[INFO] [stderr]   Downloaded async-stream v0.3.6
[INFO] [stderr]   Downloaded wasm-bindgen-futures v0.4.68
[INFO] [stderr]   Downloaded termtree v0.5.1
[INFO] [stderr]   Downloaded downcast v0.11.0
[INFO] [stderr]   Downloaded schemars_derive v1.2.1
[INFO] [stderr]   Downloaded serde_derive_internals v0.29.1
[INFO] [stderr]   Downloaded pin-project-internal v1.1.11
[INFO] [stderr]   Downloaded concurrent-queue v2.5.0
[INFO] [stderr]   Downloaded clockabilly v0.2.2
[INFO] [stderr]   Downloaded predicates v3.1.4
[INFO] [stderr]   Downloaded educe v0.6.0
[INFO] [stderr]   Downloaded backon v1.6.0
[INFO] [stderr]   Downloaded async-broadcast v0.7.2
[INFO] [stderr]   Downloaded event-listener v5.4.1
[INFO] [stderr]   Downloaded wasm-streams v0.4.2
[INFO] [stderr]   Downloaded mockall v0.14.0
[INFO] [stderr]   Downloaded fragile v2.1.0
[INFO] [stderr]   Downloaded bitflags v2.11.1
[INFO] [stderr]   Downloaded jsonpath-rust v0.7.5
[INFO] [stderr]   Downloaded pest_generator v2.8.6
[INFO] [stderr]   Downloaded pest_derive v2.8.6
[INFO] [stderr]   Downloaded ahash v0.8.12
[INFO] [stderr]   Downloaded kube-derive v2.0.1
[INFO] [stderr]   Downloaded parse_datetime v0.9.0
[INFO] [stderr]   Downloaded icu_locale_core v2.2.0
[INFO] [stderr]   Downloaded icu_normalizer v2.2.0
[INFO] [stderr]   Downloaded icu_normalizer_data v2.2.0
[INFO] [stderr]   Downloaded wasm-bindgen v0.2.118
[INFO] [stderr]   Downloaded wasm-bindgen-macro-support v0.2.118
[INFO] [stderr]   Downloaded pin-project v1.1.11
[INFO] [stderr]   Downloaded jsonptr v0.7.1
[INFO] [stderr]   Downloaded ucd-trie v0.1.7
[INFO] [stderr]   Downloaded allocator-api2 v0.2.21
[INFO] [stderr]   Downloaded mockall_derive v0.14.0
[INFO] [stderr]   Downloaded icu_collections v2.2.0
[INFO] [stderr]   Downloaded kube-core v2.0.1
[INFO] [stderr]   Downloaded pest_meta v2.8.6
[INFO] [stderr]   Downloaded js-sys v0.3.95
[INFO] [stderr]   Downloaded kube-runtime v2.0.1
[INFO] [stderr]   Downloaded wit-bindgen v0.57.1
[INFO] [stderr]   Downloaded kube-client v2.0.1
[INFO] [stderr]   Downloaded pest v2.8.6
[INFO] [stderr]   Downloaded wasip2 v1.0.3+wasi-0.2.9
[INFO] [stderr]   Downloaded icu_properties_data v2.2.0
[INFO] [stderr]   Downloaded hashbrown v0.17.0
[INFO] [stderr]   Downloaded itertools v0.14.0
[INFO] [stderr]   Downloaded quick-xml v0.38.4
[INFO] [stderr]   Downloaded object_store v0.12.5
[INFO] [stderr]   Downloaded rustls v0.23.38
[INFO] [stderr]   Downloaded web-sys v0.3.95
[INFO] [stderr]   Downloaded libc v0.2.185
[INFO] [stderr]   Downloaded tokio v1.52.1
[INFO] [stderr]   Downloaded k8s-openapi v0.26.1
[INFO] running `Command { std: "docker" "create" "-v" "/var/lib/crater-agent-workspace/builds/worker-4-tc1/source:/opt/rustwide/workdir:ro,Z" "-v" "/var/lib/crater-agent-workspace/builds/worker-4-tc1/target:/opt/rustwide/target:rw,Z" "-v" "/var/lib/crater-agent-workspace/cargo-home:/opt/rustwide/cargo-home:ro,Z" "-v" "/var/lib/crater-agent-workspace/rustup-home:/opt/rustwide/rustup-home:ro,Z" "-m" "1610612736" "--network" "none" "ghcr.io/rust-lang/crates-build-env/linux@sha256:3111399a4047eeb3a02b7a90e478d715f38a8c6669b5c4b49d30a17385265909" "sleep" "infinity", kill_on_drop: false }`
[INFO] [stdout] 258bc4d4e43a10bf3c30f1ee757f8e1de896929fbe2c9bc36e6a307250d603af
[INFO] running `Command { std: "docker" "start" "258bc4d4e43a10bf3c30f1ee757f8e1de896929fbe2c9bc36e6a307250d603af", kill_on_drop: false }`
[INFO] running `Command { std: "docker" "inspect" "258bc4d4e43a10bf3c30f1ee757f8e1de896929fbe2c9bc36e6a307250d603af", kill_on_drop: false }`
[INFO] running `Command { std: "docker" "exec" "-e" "SOURCE_DIR=/opt/rustwide/workdir" "-e" "CARGO_HOME=/opt/rustwide/cargo-home" "-e" "RUSTUP_HOME=/opt/rustwide/rustup-home" "-e" "CARGO_TARGET_DIR=/opt/rustwide/target" "-w" "/opt/rustwide/workdir" "--user" "0:0" "258bc4d4e43a10bf3c30f1ee757f8e1de896929fbe2c9bc36e6a307250d603af" "/opt/rustwide/cargo-home/bin/cargo" "+1.99.0-beta.8" "metadata" "--no-deps" "--format-version=1", kill_on_drop: false }`
[INFO] running `Command { std: "docker" "inspect" "258bc4d4e43a10bf3c30f1ee757f8e1de896929fbe2c9bc36e6a307250d603af", kill_on_drop: false }`
[INFO] running `Command { std: "docker" "exec" "-e" "SOURCE_DIR=/opt/rustwide/workdir" "-e" "CARGO_HOME=/opt/rustwide/cargo-home" "-e" "RUSTUP_HOME=/opt/rustwide/rustup-home" "-e" "CARGO_TARGET_DIR=/opt/rustwide/target" "-e" "CARGO_INCREMENTAL=0" "-e" "RUST_BACKTRACE=full" "-e" "RUSTFLAGS=--cap-lints=warn" "-e" "RUSTDOCFLAGS=--cap-lints=warn" "-w" "/opt/rustwide/workdir" "--user" "0:0" "258bc4d4e43a10bf3c30f1ee757f8e1de896929fbe2c9bc36e6a307250d603af" "/opt/rustwide/cargo-home/bin/cargo" "+1.99.0-beta.8" "build" "--frozen" "--message-format=json", kill_on_drop: false }`
[INFO] [stderr]    Compiling quote v1.0.45
[INFO] [stderr]    Compiling libc v0.2.185
[INFO] [stderr]    Compiling memchr v2.8.0
[INFO] [stderr]    Compiling serde_core v1.0.228
[INFO] [stderr]    Compiling bytes v1.11.1
[INFO] [stderr]    Compiling serde v1.0.228
[INFO] [stderr]    Compiling log v0.4.29
[INFO] [stderr]    Compiling slab v0.4.12
[INFO] [stderr]    Compiling smallvec v1.15.1
[INFO] [stderr]    Compiling autocfg v1.5.0
[INFO] [stderr]    Compiling equivalent v1.0.2
[INFO] [stderr]    Compiling cc v1.2.60
[INFO] [stderr]    Compiling syn v2.0.117
[INFO] [stderr]    Compiling serde_json v1.0.149
[INFO] [stderr]    Compiling zeroize v1.8.2
[INFO] [stderr]    Compiling hashbrown v0.17.0
[INFO] [stderr]    Compiling num-traits v0.2.19
[INFO] [stderr]    Compiling http v1.4.0
[INFO] [stderr]    Compiling rustls-pki-types v1.14.0
[INFO] [stderr]    Compiling errno v0.3.14
[INFO] [stderr]    Compiling signal-hook-registry v1.4.8
[INFO] [stderr]    Compiling mio v1.2.0
[INFO] [stderr]    Compiling socket2 v0.6.3
[INFO] [stderr]    Compiling indexmap v2.14.0
[INFO] [stderr]    Compiling http-body v1.0.1
[INFO] [stderr]    Compiling getrandom v0.2.17
[INFO] [stderr]    Compiling aho-corasick v1.1.4
[INFO] [stderr]    Compiling zerocopy v0.8.48
[INFO] [stderr]    Compiling ring v0.17.14
[INFO] [stderr]    Compiling rustls v0.23.38
[INFO] [stderr]    Compiling regex-syntax v0.8.10
[INFO] [stderr]    Compiling crossbeam-utils v0.8.21
[INFO] [stderr]    Compiling icu_normalizer_data v2.2.0
[INFO] [stderr]    Compiling ucd-trie v0.1.7
[INFO] [stderr]    Compiling icu_properties_data v2.2.0
[INFO] [stderr]    Compiling pest v2.8.6
[INFO] [stderr]    Compiling getrandom v0.3.4
[INFO] [stderr]    Compiling thiserror v1.0.69
[INFO] [stderr]    Compiling iri-string v0.7.12
[INFO] [stderr]    Compiling bitflags v2.11.1
[INFO] [stderr]    Compiling regex-automata v0.4.14
[INFO] [stderr]    Compiling unicode-segmentation v1.13.2
[INFO] [stderr]    Compiling ref-cast v1.0.25
[INFO] [stderr]    Compiling synstructure v0.13.2
[INFO] [stderr]    Compiling convert_case v0.10.0
[INFO] [stderr]    Compiling serde_derive_internals v0.29.1
[INFO] [stderr]    Compiling pest_meta v2.8.6
[INFO] [stderr]    Compiling rustls-native-certs v0.8.3
[INFO] [stderr]    Compiling http-body-util v0.1.3
[INFO] [stderr]    Compiling k8s-openapi v0.26.1
[INFO] [stderr]    Compiling unicode-xid v0.2.6
[INFO] [stderr]    Compiling concurrent-queue v2.5.0
[INFO] [stderr]    Compiling ordered-float v2.10.1
[INFO] [stderr]    Compiling dyn-clone v1.0.20
[INFO] [stderr]    Compiling either v1.15.0
[INFO] [stderr]    Compiling parking v2.2.1
[INFO] [stderr]    Compiling pest_generator v2.8.6
[INFO] [stderr]    Compiling ident_case v1.0.1
[INFO] [stderr]    Compiling rustls-webpki v0.103.13
[INFO] [stderr]    Compiling typenum v1.20.0
[INFO] [stderr]    Compiling serde_derive v1.0.228
[INFO] [stderr]    Compiling tokio-macros v2.7.0
[INFO] [stderr]    Compiling tokio v1.52.1
[INFO] [stderr]    Compiling zerofrom-derive v0.1.7
[INFO] [stderr]    Compiling tracing-attributes v0.1.31
[INFO] [stderr]    Compiling yoke-derive v0.8.2
[INFO] [stderr]    Compiling futures-macro v0.3.32
[INFO] [stderr]    Compiling zerovec-derive v0.11.3
[INFO] [stderr]    Compiling futures-util v0.3.32
[INFO] [stderr]    Compiling zerofrom v0.1.7
[INFO] [stderr]    Compiling displaydoc v0.2.5
[INFO] [stderr]    Compiling yoke v0.8.2
[INFO] [stderr]    Compiling tracing v0.1.44
[INFO] [stderr]    Compiling zerovec v0.11.6
[INFO] [stderr]    Compiling thiserror-impl v2.0.18
[INFO] [stderr]    Compiling zerotrie v0.2.4
[INFO] [stderr]    Compiling thiserror-impl v1.0.69
[INFO] [stderr]    Compiling tinystr v0.8.3
[INFO] [stderr]    Compiling icu_locale_core v2.2.0
[INFO] [stderr]    Compiling potential_utf v0.1.5
[INFO] [stderr]    Compiling icu_collections v2.2.0
[INFO] [stderr]    Compiling thiserror v2.0.18
[INFO] [stderr]    Compiling icu_provider v2.2.0
[INFO] [stderr]    Compiling ref-cast-impl v1.0.25
[INFO] [stderr]    Compiling icu_properties v2.2.0
[INFO] [stderr]    Compiling chrono v0.4.44
[INFO] [stderr]    Compiling jsonptr v0.7.1
[INFO] [stderr]    Compiling icu_normalizer v2.2.0
[INFO] [stderr]    Compiling regex v1.12.3
[INFO] [stderr]    Compiling futures-executor v0.3.32
[INFO] [stderr]    Compiling schemars_derive v1.2.1
[INFO] [stderr]    Compiling derive_more-impl v2.1.1
[INFO] [stderr]    Compiling futures v0.3.32
[INFO] [stderr]    Compiling json-patch v4.1.0
[INFO] [stderr]    Compiling serde-value v0.7.0
[INFO] [stderr]    Compiling pest_derive v2.8.6
[INFO] [stderr]    Compiling generic-array v0.14.7
[INFO] [stderr]    Compiling idna_adapter v1.2.1
[INFO] [stderr]    Compiling enum-ordinalize-derive v4.3.2
[INFO] [stderr]    Compiling tokio-util v0.7.18
[INFO] [stderr]    Compiling tokio-rustls v0.26.4
[INFO] [stderr]    Compiling darling_core v0.21.3
[INFO] [stderr]    Compiling event-listener v5.4.1
[INFO] [stderr]    Compiling schemars v1.2.1
[INFO] [stderr]    Compiling h2 v0.4.13
[INFO] [stderr]    Compiling tower v0.5.3
[INFO] [stderr]    Compiling parking_lot_core v0.9.12
[INFO] [stderr]    Compiling ahash v0.8.12
[INFO] [stderr]    Compiling unsafe-libyaml v0.2.11
[INFO] [stderr]    Compiling tower-http v0.6.8
[INFO] [stderr]    Compiling darling_macro v0.21.3
[INFO] [stderr]    Compiling parking_lot v0.12.5
[INFO] [stderr]    Compiling event-listener-strategy v0.5.4
[INFO] [stderr]    Compiling enum-ordinalize v4.3.2
[INFO] [stderr]    Compiling idna v1.1.0
[INFO] [stderr]    Compiling jsonpath-rust v0.7.5
[INFO] [stderr]    Compiling serde_yaml v0.9.34+deprecated
[INFO] [stderr]    Compiling async-stream-impl v0.3.6
[INFO] [stderr]    Compiling pin-project-internal v1.1.11
[INFO] [stderr]    Compiling secrecy v0.10.3
[INFO] [stderr]    Compiling pem v3.0.6
[INFO] [stderr]    Compiling allocator-api2 v0.2.21
[INFO] [stderr]    Compiling derive_more v2.1.1
[INFO] [stderr]    Compiling home v0.5.12
[INFO] [stderr]    Compiling foldhash v0.1.5
[INFO] [stderr]    Compiling fastrand v2.4.1
[INFO] [stderr]    Compiling async-stream v0.3.6
[INFO] [stderr]    Compiling hashbrown v0.15.5
[INFO] [stderr]    Compiling url v2.5.8
[INFO] [stderr]    Compiling backon v1.6.0
[INFO] [stderr]    Compiling pin-project v1.1.11
[INFO] [stderr]    Compiling educe v0.6.0
[INFO] [stderr]    Compiling async-broadcast v0.7.2
[INFO] [stderr]    Compiling darling v0.21.3
[INFO] [stderr]    Compiling hyper v1.9.0
[INFO] [stderr]    Compiling crypto-common v0.1.7
[INFO] [stderr]    Compiling block-buffer v0.10.4
[INFO] [stderr]    Compiling async-trait v0.1.89
[INFO] [stderr]    Compiling ppv-lite86 v0.2.21
[INFO] [stderr]    Compiling rand_core v0.9.5
[INFO] [stderr]    Compiling hostname v0.4.2
[INFO] [stderr]    Compiling mockall_derive v0.14.0
[INFO] [stderr]    Compiling predicates-core v1.0.10
[INFO] [stderr]    Compiling digest v0.10.7
[INFO] [stderr]    Compiling rand_chacha v0.9.0
[INFO] [stderr]    Compiling serde_urlencoded v0.7.1
[INFO] [stderr]    Compiling same-file v1.0.6
[INFO] [stderr]    Compiling kube-derive v2.0.1
[INFO] [stderr]    Compiling paste v1.0.15
[INFO] [stderr]    Compiling hyper-util v0.1.20
[INFO] [stderr]    Compiling termtree v0.5.1
[INFO] [stderr]    Compiling anyhow v1.0.102
[INFO] [stderr]    Compiling mockall v0.14.0
[INFO] [stderr]    Compiling clockabilly v0.2.2
[INFO] [stderr]    Compiling predicates-tree v1.0.13
[INFO] [stderr]    Compiling rand v0.9.4
[INFO] [stderr]    Compiling walkdir v2.5.0
[INFO] [stderr]    Compiling md-5 v0.10.6
[INFO] [stderr]    Compiling predicates v3.1.4
[INFO] [stderr]    Compiling quick-xml v0.38.4
[INFO] [stderr]    Compiling matchers v0.2.0
[INFO] [stderr]    Compiling itertools v0.14.0
[INFO] [stderr]    Compiling rustls-pemfile v2.2.0
[INFO] [stderr]    Compiling nom v8.0.0
[INFO] [stderr]    Compiling tracing-log v0.2.0
[INFO] [stderr]    Compiling fragile v2.1.0
[INFO] [stderr]    Compiling humantime v2.3.0
[INFO] [stderr]    Compiling downcast v0.11.0
[INFO] [stderr]    Compiling tracing-subscriber v0.3.23
[INFO] [stderr]    Compiling clap_builder v4.6.0
[INFO] [stderr]    Compiling hyper-rustls v0.27.9
[INFO] [stderr]    Compiling hyper-timeout v0.5.2
[INFO] [stderr]    Compiling reqwest v0.12.28
[INFO] [stderr]    Compiling reqwest v0.13.2
[INFO] [stderr]    Compiling clap_derive v4.6.1
[INFO] [stderr]    Compiling parse_datetime v0.9.0
[INFO] [stderr]    Compiling async-recursion v1.1.1
[INFO] [stderr]    Compiling object_store v0.12.5
[INFO] [stderr]    Compiling kube-core v2.0.1
[INFO] [stderr]    Compiling clap v4.6.1
[INFO] [stderr]    Compiling kube-client v2.0.1
[INFO] [stderr]    Compiling kube-runtime v2.0.1
[INFO] [stderr]    Compiling kube v2.0.1
[INFO] [stderr]    Compiling sk-api v2.7.0
[INFO] [stderr]    Compiling sk-core v2.7.0
[INFO] [stderr]    Compiling sk-ctrl v2.7.0 (/opt/rustwide/workdir)
[INFO] [stderr]     Finished `dev` profile [unoptimized + debuginfo] target(s) in 4m 08s
[INFO] running `Command { std: "docker" "inspect" "258bc4d4e43a10bf3c30f1ee757f8e1de896929fbe2c9bc36e6a307250d603af", kill_on_drop: false }`
[INFO] running `Command { std: "docker" "exec" "-e" "SOURCE_DIR=/opt/rustwide/workdir" "-e" "CARGO_HOME=/opt/rustwide/cargo-home" "-e" "RUSTUP_HOME=/opt/rustwide/rustup-home" "-e" "CARGO_TARGET_DIR=/opt/rustwide/target" "-e" "CARGO_INCREMENTAL=0" "-e" "RUST_BACKTRACE=full" "-e" "RUSTFLAGS=--cap-lints=warn" "-e" "RUSTDOCFLAGS=--cap-lints=warn" "-w" "/opt/rustwide/workdir" "--user" "0:0" "258bc4d4e43a10bf3c30f1ee757f8e1de896929fbe2c9bc36e6a307250d603af" "/opt/rustwide/cargo-home/bin/cargo" "+1.99.0-beta.8" "test" "--frozen" "--no-run" "--message-format=json", kill_on_drop: false }`
[INFO] [stderr]    Compiling sk-ctrl v2.7.0 (/opt/rustwide/workdir)
[INFO] [stdout] error[E0433]: cannot find module or crate `httpmock` in this scope
[INFO] [stdout]  --> src/tests/controller_test.rs:5:5
[INFO] [stdout]   |
[INFO] [stdout] 5 | use httpmock::prelude::*;
[INFO] [stdout]   |     ^^^^^^^^ use of unresolved module or unlinked crate `httpmock`
[INFO] [stdout]   |
[INFO] [stdout]   = help: if you wanted to use a crate named `httpmock`, use `cargo add httpmock` to add it to your `Cargo.toml`
[INFO] [stdout] 
[INFO] [stdout] 
[INFO] [stdout] error[E0432]: unresolved import `sk_testutils`
[INFO] [stdout]  --> src/tests/mod.rs:5:5
[INFO] [stdout]   |
[INFO] [stdout] 5 | use sk_testutils::*;
[INFO] [stdout]   |     ^^^^^^^^^^^^ use of unresolved module or unlinked crate `sk_testutils`
[INFO] [stdout]   |
[INFO] [stdout]   = help: if you wanted to use a crate named `sk_testutils`, use `cargo add sk_testutils` to add it to your `Cargo.toml`
[INFO] [stdout] 
[INFO] [stdout] 
[INFO] [stdout] error[E0432]: unresolved import `tracing_test`
[INFO] [stdout]   --> src/tests/controller_test.rs:12:5
[INFO] [stdout]    |
[INFO] [stdout] 12 | use tracing_test::traced_test;
[INFO] [stdout]    |     ^^^^^^^^^^^^ use of unresolved module or unlinked crate `tracing_test`
[INFO] [stdout]    |
[INFO] [stdout]    = help: if you wanted to use a crate named `tracing_test`, use `cargo add tracing_test` to add it to your `Cargo.toml`
[INFO] [stdout] 
[INFO] [stdout] 
[INFO] [stdout] error[E0432]: unresolved import `assertables`
[INFO] [stdout]  --> src/tests/objects_test.rs:3:5
[INFO] [stdout]   |
[INFO] [stdout] 3 | use assertables::*;
[INFO] [stdout]   |     ^^^^^^^^^^^ use of unresolved module or unlinked crate `assertables`
[INFO] [stdout]   |
[INFO] [stdout]   = help: if you wanted to use a crate named `assertables`, use `cargo add assertables` to add it to your `Cargo.toml`
[INFO] [stdout] 
[INFO] [stdout] 
[INFO] [stdout] error[E0432]: unresolved import `tracing_test`
[INFO] [stdout]  --> src/tests/objects_test.rs:4:5
[INFO] [stdout]   |
[INFO] [stdout] 4 | use tracing_test::traced_test;
[INFO] [stdout]   |     ^^^^^^^^^^^^ use of unresolved module or unlinked crate `tracing_test`
[INFO] [stdout]   |
[INFO] [stdout]   = help: if you wanted to use a crate named `tracing_test`, use `cargo add tracing_test` to add it to your `Cargo.toml`
[INFO] [stdout] 
[INFO] [stdout] 
[INFO] [stdout] error[E0433]: cannot find module or crate `case` in this scope
[INFO] [stdout]    --> src/tests/controller_test.rs:104:3
[INFO] [stdout]     |
[INFO] [stdout] 104 | #[case::complete(JOB_STATUS_CONDITION_COMPLETE)]
[INFO] [stdout]     |   ^^^^ use of unresolved module or unlinked crate `case`
[INFO] [stdout] 
[INFO] [stdout] 
[INFO] [stdout] error[E0433]: cannot find module or crate `case` in this scope
[INFO] [stdout]    --> src/tests/controller_test.rs:105:3
[INFO] [stdout]     |
[INFO] [stdout] 105 | #[case::failed(JOB_STATUS_CONDITION_FAILED)]
[INFO] [stdout]     |   ^^^^ use of unresolved module or unlinked crate `case`
[INFO] [stdout] 
[INFO] [stdout] 
[INFO] [stdout] error[E0433]: cannot find module or crate `case` in this scope
[INFO] [stdout]    --> src/tests/controller_test.rs:250:3
[INFO] [stdout]     |
[INFO] [stdout] 250 | #[case::ready(true, false, WebhookState::ReadyWithCaBundle)]
[INFO] [stdout]     |   ^^^^ use of unresolved module or unlinked crate `case`
[INFO] [stdout] 
[INFO] [stdout] 
[INFO] [stdout] error[E0433]: cannot find module or crate `case` in this scope
[INFO] [stdout]    --> src/tests/controller_test.rs:251:3
[INFO] [stdout]     |
[INFO] [stdout] 251 | #[case::not_ready(false, false, WebhookState::ReadyWithCaBundle)]
[INFO] [stdout]     |   ^^^^ use of unresolved module or unlinked crate `case`
[INFO] [stdout] 
[INFO] [stdout] 
[INFO] [stdout] error[E0433]: cannot find module or crate `case` in this scope
[INFO] [stdout]    --> src/tests/controller_test.rs:252:3
[INFO] [stdout]     |
[INFO] [stdout] 252 | #[case::disabled(true, true, WebhookState::ReadyWithCaBundle)]
[INFO] [stdout]     |   ^^^^ use of unresolved module or unlinked crate `case`
[INFO] [stdout] 
[INFO] [stdout] 
[INFO] [stdout] error[E0433]: cannot find module or crate `case` in this scope
[INFO] [stdout]    --> src/tests/controller_test.rs:253:3
[INFO] [stdout]     |
[INFO] [stdout] 253 | #[case::webhook_not_created(true, false, WebhookState::NotCreated)]
[INFO] [stdout]     |   ^^^^ use of unresolved module or unlinked crate `case`
[INFO] [stdout] 
[INFO] [stdout] 
[INFO] [stdout] error[E0433]: cannot find module or crate `case` in this scope
[INFO] [stdout]    --> src/tests/controller_test.rs:254:3
[INFO] [stdout]     |
[INFO] [stdout] 254 | #[case::webhook_ca_bundle_none(true, false, WebhookState::CaBundleNone)]
[INFO] [stdout]     |   ^^^^ use of unresolved module or unlinked crate `case`
[INFO] [stdout] 
[INFO] [stdout] 
[INFO] [stdout] error[E0433]: cannot find module or crate `case` in this scope
[INFO] [stdout]    --> src/tests/controller_test.rs:255:3
[INFO] [stdout]     |
[INFO] [stdout] 255 | #[case::webhook_ca_bundle_empty(true, false, WebhookState::CaBundleEmpty)]
[INFO] [stdout]     |   ^^^^ use of unresolved module or unlinked crate `case`
[INFO] [stdout] 
[INFO] [stdout] 
[INFO] [stdout] error: cannot find attribute `rstest` in this scope
[INFO] [stdout]   --> src/tests/controller_test.rs:30:3
[INFO] [stdout]    |
[INFO] [stdout] 30 | #[rstest(tokio::test)]
[INFO] [stdout]    |   ^^^^^^
[INFO] [stdout]    |
[INFO] [stdout]   --> /rustc/dfb0accb7f508ae8be965d8629557221c889dd98/library/core/src/macros/mod.rs:1801:4
[INFO] [stdout]    |
[INFO] [stdout]    = note: similarly named attribute macro `test` defined here
[INFO] [stdout] help: an attribute macro with a similar name exists
[INFO] [stdout]    |
[INFO] [stdout] 30 - #[rstest(tokio::test)]
[INFO] [stdout] 30 + #[test(tokio::test)]
[INFO] [stdout]    |
[INFO] [stdout] 
[INFO] [stdout] 
[INFO] [stdout] error: cannot find attribute `rstest` in this scope
[INFO] [stdout]   --> src/tests/controller_test.rs:51:3
[INFO] [stdout]    |
[INFO] [stdout] 51 | #[rstest(tokio::test)]
[INFO] [stdout]    |   ^^^^^^
[INFO] [stdout]    |
[INFO] [stdout]   --> /rustc/dfb0accb7f508ae8be965d8629557221c889dd98/library/core/src/macros/mod.rs:1801:4
[INFO] [stdout]    |
[INFO] [stdout]    = note: similarly named attribute macro `test` defined here
[INFO] [stdout] help: an attribute macro with a similar name exists
[INFO] [stdout]    |
[INFO] [stdout] 51 - #[rstest(tokio::test)]
[INFO] [stdout] 51 + #[test(tokio::test)]
[INFO] [stdout]    |
[INFO] [stdout] 
[INFO] [stdout] 
[INFO] [stdout] error: cannot find attribute `rstest` in this scope
[INFO] [stdout]   --> src/tests/controller_test.rs:75:3
[INFO] [stdout]    |
[INFO] [stdout] 75 | #[rstest(tokio::test)]
[INFO] [stdout]    |   ^^^^^^
[INFO] [stdout]    |
[INFO] [stdout]   --> /rustc/dfb0accb7f508ae8be965d8629557221c889dd98/library/core/src/macros/mod.rs:1801:4
[INFO] [stdout]    |
[INFO] [stdout]    = note: similarly named attribute macro `test` defined here
[INFO] [stdout] help: an attribute macro with a similar name exists
[INFO] [stdout]    |
[INFO] [stdout] 75 - #[rstest(tokio::test)]
[INFO] [stdout] 75 + #[test(tokio::test)]
[INFO] [stdout]    |
[INFO] [stdout] 
[INFO] [stdout] 
[INFO] [stdout] error: cannot find attribute `rstest` in this scope
[INFO] [stdout]    --> src/tests/controller_test.rs:103:3
[INFO] [stdout]     |
[INFO] [stdout] 103 | #[rstest(tokio::test)]
[INFO] [stdout]     |   ^^^^^^
[INFO] [stdout]     |
[INFO] [stdout]    --> /rustc/dfb0accb7f508ae8be965d8629557221c889dd98/library/core/src/macros/mod.rs:1801:4
[INFO] [stdout]     |
[INFO] [stdout]     = note: similarly named attribute macro `test` defined here
[INFO] [stdout] help: an attribute macro with a similar name exists
[INFO] [stdout]     |
[INFO] [stdout] 103 - #[rstest(tokio::test)]
[INFO] [stdout] 103 + #[test(tokio::test)]
[INFO] [stdout]     |
[INFO] [stdout] 
[INFO] [stdout] 
[INFO] [stdout] error: cannot find attribute `case` in this scope
[INFO] [stdout]    --> src/tests/controller_test.rs:109:7
[INFO] [stdout]     |
[INFO] [stdout] 109 |     #[case] status: &'static str,
[INFO] [stdout]     |       ^^^^
[INFO] [stdout] 
[INFO] [stdout] 
[INFO] [stdout] error: cannot find attribute `rstest` in this scope
[INFO] [stdout]    --> src/tests/controller_test.rs:138:3
[INFO] [stdout]     |
[INFO] [stdout] 138 | #[rstest(tokio::test)]
[INFO] [stdout]     |   ^^^^^^
[INFO] [stdout]     |
[INFO] [stdout]    --> /rustc/dfb0accb7f508ae8be965d8629557221c889dd98/library/core/src/macros/mod.rs:1801:4
[INFO] [stdout]     |
[INFO] [stdout]     = note: similarly named attribute macro `test` defined here
[INFO] [stdout] help: an attribute macro with a similar name exists
[INFO] [stdout]     |
[INFO] [stdout] 138 - #[rstest(tokio::test)]
[INFO] [stdout] 138 + #[test(tokio::test)]
[INFO] [stdout]     |
[INFO] [stdout] 
[INFO] [stdout] 
[INFO] [stdout] error: cannot find attribute `rstest` in this scope
[INFO] [stdout]    --> src/tests/controller_test.rs:162:3
[INFO] [stdout]     |
[INFO] [stdout] 162 | #[rstest(tokio::test)]
[INFO] [stdout]     |   ^^^^^^
[INFO] [stdout]     |
[INFO] [stdout]    --> /rustc/dfb0accb7f508ae8be965d8629557221c889dd98/library/core/src/macros/mod.rs:1801:4
[INFO] [stdout]     |
[INFO] [stdout]     = note: similarly named attribute macro `test` defined here
[INFO] [stdout] help: an attribute macro with a similar name exists
[INFO] [stdout]     |
[INFO] [stdout] 162 - #[rstest(tokio::test)]
[INFO] [stdout] 162 + #[test(tokio::test)]
[INFO] [stdout]     |
[INFO] [stdout] 
[INFO] [stdout] 
[INFO] [stdout] error: cannot find attribute `rstest` in this scope
[INFO] [stdout]    --> src/tests/controller_test.rs:195:3
[INFO] [stdout]     |
[INFO] [stdout] 195 | #[rstest(tokio::test)]
[INFO] [stdout]     |   ^^^^^^
[INFO] [stdout]     |
[INFO] [stdout]    --> /rustc/dfb0accb7f508ae8be965d8629557221c889dd98/library/core/src/macros/mod.rs:1801:4
[INFO] [stdout]     |
[INFO] [stdout]     = note: similarly named attribute macro `test` defined here
[INFO] [stdout] help: an attribute macro with a similar name exists
[INFO] [stdout]     |
[INFO] [stdout] 195 - #[rstest(tokio::test)]
[INFO] [stdout] 195 + #[test(tokio::test)]
[INFO] [stdout]     |
[INFO] [stdout] 
[INFO] [stdout] 
[INFO] [stdout] error: cannot find attribute `rstest` in this scope
[INFO] [stdout]    --> src/tests/controller_test.rs:212:3
[INFO] [stdout]     |
[INFO] [stdout] 212 | #[rstest(tokio::test)]
[INFO] [stdout]     |   ^^^^^^
[INFO] [stdout]     |
[INFO] [stdout]    --> /rustc/dfb0accb7f508ae8be965d8629557221c889dd98/library/core/src/macros/mod.rs:1801:4
[INFO] [stdout]     |
[INFO] [stdout]     = note: similarly named attribute macro `test` defined here
[INFO] [stdout] help: an attribute macro with a similar name exists
[INFO] [stdout]     |
[INFO] [stdout] 212 - #[rstest(tokio::test)]
[INFO] [stdout] 212 + #[test(tokio::test)]
[INFO] [stdout]     |
[INFO] [stdout] 
[INFO] [stdout] 
[INFO] [stdout] error: cannot find attribute `rstest` in this scope
[INFO] [stdout]    --> src/tests/controller_test.rs:249:3
[INFO] [stdout]     |
[INFO] [stdout] 249 | #[rstest(tokio::test)]
[INFO] [stdout]     |   ^^^^^^
[INFO] [stdout]     |
[INFO] [stdout]    --> /rustc/dfb0accb7f508ae8be965d8629557221c889dd98/library/core/src/macros/mod.rs:1801:4
[INFO] [stdout]     |
[INFO] [stdout]     = note: similarly named attribute macro `test` defined here
[INFO] [stdout] help: an attribute macro with a similar name exists
[INFO] [stdout]     |
[INFO] [stdout] 249 - #[rstest(tokio::test)]
[INFO] [stdout] 249 + #[test(tokio::test)]
[INFO] [stdout]     |
[INFO] [stdout] 
[INFO] [stdout] 
[INFO] [stdout] error: cannot find attribute `case` in this scope
[INFO] [stdout]    --> src/tests/controller_test.rs:259:7
[INFO] [stdout]     |
[INFO] [stdout] 259 |     #[case] ready_to_create_webhook: bool,
[INFO] [stdout]     |       ^^^^
[INFO] [stdout] 
[INFO] [stdout] 
[INFO] [stdout] error: cannot find attribute `case` in this scope
[INFO] [stdout]    --> src/tests/controller_test.rs:260:7
[INFO] [stdout]     |
[INFO] [stdout] 260 |     #[case] disabled: bool,
[INFO] [stdout]     |       ^^^^
[INFO] [stdout] 
[INFO] [stdout] 
[INFO] [stdout] error: cannot find attribute `case` in this scope
[INFO] [stdout]    --> src/tests/controller_test.rs:261:7
[INFO] [stdout]     |
[INFO] [stdout] 261 |     #[case] initial_webhook_state: WebhookState,
[INFO] [stdout]     |       ^^^^
[INFO] [stdout] 
[INFO] [stdout] 
[INFO] [stdout] error: cannot find attribute `rstest` in this scope
[INFO] [stdout]    --> src/tests/controller_test.rs:397:3
[INFO] [stdout]     |
[INFO] [stdout] 397 | #[rstest(tokio::test)]
[INFO] [stdout]     |   ^^^^^^
[INFO] [stdout]     |
[INFO] [stdout]    --> /rustc/dfb0accb7f508ae8be965d8629557221c889dd98/library/core/src/macros/mod.rs:1801:4
[INFO] [stdout]     |
[INFO] [stdout]     = note: similarly named attribute macro `test` defined here
[INFO] [stdout] help: an attribute macro with a similar name exists
[INFO] [stdout]     |
[INFO] [stdout] 397 - #[rstest(tokio::test)]
[INFO] [stdout] 397 + #[test(tokio::test)]
[INFO] [stdout]     |
[INFO] [stdout] 
[INFO] [stdout] 
[INFO] [stdout] error: cannot find attribute `rstest` in this scope
[INFO] [stdout]   --> src/tests/objects_test.rs:14:3
[INFO] [stdout]    |
[INFO] [stdout] 14 | #[rstest(tokio::test)]
[INFO] [stdout]    |   ^^^^^^
[INFO] [stdout]    |
[INFO] [stdout]   --> /rustc/dfb0accb7f508ae8be965d8629557221c889dd98/library/core/src/macros/mod.rs:1801:4
[INFO] [stdout]    |
[INFO] [stdout]    = note: similarly named attribute macro `test` defined here
[INFO] [stdout] help: an attribute macro with a similar name exists
[INFO] [stdout]    |
[INFO] [stdout] 14 - #[rstest(tokio::test)]
[INFO] [stdout] 14 + #[test(tokio::test)]
[INFO] [stdout]    |
[INFO] [stdout] 
[INFO] [stdout] 
[INFO] [stdout] error: cannot find macro `assert_iter_eq` in this scope
[INFO] [stdout]   --> src/tests/objects_test.rs:50:5
[INFO] [stdout]    |
[INFO] [stdout] 50 |     assert_iter_eq!(container.args.as_ref().unwrap(), expected_args);
[INFO] [stdout]    |     ^^^^^^^^^^^^^^
[INFO] [stdout] 
[INFO] [stdout] 
[INFO] [stdout] error: cannot find macro `assert_iter_eq` in this scope
[INFO] [stdout]   --> src/tests/objects_test.rs:51:5
[INFO] [stdout]    |
[INFO] [stdout] 51 |     assert_iter_eq!(container.env_from.as_ref().unwrap(), expected_secrets);
[INFO] [stdout]    |     ^^^^^^^^^^^^^^
[INFO] [stdout] 
[INFO] [stdout] 
[INFO] [stdout] error: cannot find attribute `rstest` in this scope
[INFO] [stdout]   --> src/tests/objects_test.rs:54:3
[INFO] [stdout]    |
[INFO] [stdout] 54 | #[rstest]
[INFO] [stdout]    |   ^^^^^^
[INFO] [stdout]    |
[INFO] [stdout]   --> /rustc/dfb0accb7f508ae8be965d8629557221c889dd98/library/core/src/macros/mod.rs:1801:4
[INFO] [stdout]    |
[INFO] [stdout]    = note: similarly named attribute macro `test` defined here
[INFO] [stdout] help: an attribute macro with a similar name exists
[INFO] [stdout]    |
[INFO] [stdout] 54 - #[rstest]
[INFO] [stdout] 54 + #[test]
[INFO] [stdout]    |
[INFO] [stdout] 
[INFO] [stdout] 
[INFO] [stdout] error: cannot find macro `assert_none` in this scope
[INFO] [stdout]   --> src/tests/objects_test.rs:58:5
[INFO] [stdout]    |
[INFO] [stdout] 58 |     assert_none!(res);
[INFO] [stdout]    |     ^^^^^^^^^^^
[INFO] [stdout]    |
[INFO] [stdout]   --> /rustc/dfb0accb7f508ae8be965d8629557221c889dd98/library/core/src/macros/mod.rs:100:0
[INFO] [stdout]    |
[INFO] [stdout]    = note: similarly named macro `assert_ne` defined here
[INFO] [stdout] help: a macro with a similar name exists
[INFO] [stdout]    |
[INFO] [stdout] 58 -     assert_none!(res);
[INFO] [stdout] 58 +     assert_ne!(res);
[INFO] [stdout]    |
[INFO] [stdout] 
[INFO] [stdout] 
[INFO] [stdout] error: cannot find attribute `rstest` in this scope
[INFO] [stdout]   --> src/tests/objects_test.rs:61:3
[INFO] [stdout]    |
[INFO] [stdout] 61 | #[rstest]
[INFO] [stdout]    |   ^^^^^^
[INFO] [stdout]    |
[INFO] [stdout]   --> /rustc/dfb0accb7f508ae8be965d8629557221c889dd98/library/core/src/macros/mod.rs:1801:4
[INFO] [stdout]    |
[INFO] [stdout]    = note: similarly named attribute macro `test` defined here
[INFO] [stdout] help: an attribute macro with a similar name exists
[INFO] [stdout]    |
[INFO] [stdout] 61 - #[rstest]
[INFO] [stdout] 61 + #[test]
[INFO] [stdout]    |
[INFO] [stdout] 
[INFO] [stdout] 
[INFO] [stdout] error: cannot find macro `assert_none` in this scope
[INFO] [stdout]   --> src/tests/objects_test.rs:67:5
[INFO] [stdout]    |
[INFO] [stdout] 67 |     assert_none!(res);
[INFO] [stdout]    |     ^^^^^^^^^^^
[INFO] [stdout]    |
[INFO] [stdout]   --> /rustc/dfb0accb7f508ae8be965d8629557221c889dd98/library/core/src/macros/mod.rs:100:0
[INFO] [stdout]    |
[INFO] [stdout]    = note: similarly named macro `assert_ne` defined here
[INFO] [stdout] help: a macro with a similar name exists
[INFO] [stdout]    |
[INFO] [stdout] 67 -     assert_none!(res);
[INFO] [stdout] 67 +     assert_ne!(res);
[INFO] [stdout]    |
[INFO] [stdout] 
[INFO] [stdout] 
[INFO] [stdout] error: cannot find attribute `rstest` in this scope
[INFO] [stdout]   --> src/tests/objects_test.rs:70:3
[INFO] [stdout]    |
[INFO] [stdout] 70 | #[rstest]
[INFO] [stdout]    |   ^^^^^^
[INFO] [stdout]    |
[INFO] [stdout]   --> /rustc/dfb0accb7f508ae8be965d8629557221c889dd98/library/core/src/macros/mod.rs:1801:4
[INFO] [stdout]    |
[INFO] [stdout]    = note: similarly named attribute macro `test` defined here
[INFO] [stdout] help: an attribute macro with a similar name exists
[INFO] [stdout]    |
[INFO] [stdout] 70 - #[rstest]
[INFO] [stdout] 70 + #[test]
[INFO] [stdout]    |
[INFO] [stdout] 
[INFO] [stdout] 
[INFO] [stdout] error: cannot find macro `assert_none` in this scope
[INFO] [stdout]   --> src/tests/objects_test.rs:78:5
[INFO] [stdout]    |
[INFO] [stdout] 78 |     assert_none!(res);
[INFO] [stdout]    |     ^^^^^^^^^^^
[INFO] [stdout]    |
[INFO] [stdout]   --> /rustc/dfb0accb7f508ae8be965d8629557221c889dd98/library/core/src/macros/mod.rs:100:0
[INFO] [stdout]    |
[INFO] [stdout]    = note: similarly named macro `assert_ne` defined here
[INFO] [stdout] help: a macro with a similar name exists
[INFO] [stdout]    |
[INFO] [stdout] 78 -     assert_none!(res);
[INFO] [stdout] 78 +     assert_ne!(res);
[INFO] [stdout]    |
[INFO] [stdout] 
[INFO] [stdout] 
[INFO] [stdout] error: cannot find attribute `rstest` in this scope
[INFO] [stdout]   --> src/tests/objects_test.rs:82:3
[INFO] [stdout]    |
[INFO] [stdout] 82 | #[rstest]
[INFO] [stdout]    |   ^^^^^^
[INFO] [stdout]    |
[INFO] [stdout]   --> /rustc/dfb0accb7f508ae8be965d8629557221c889dd98/library/core/src/macros/mod.rs:1801:4
[INFO] [stdout]    |
[INFO] [stdout]    = note: similarly named attribute macro `test` defined here
[INFO] [stdout] help: an attribute macro with a similar name exists
[INFO] [stdout]    |
[INFO] [stdout] 82 - #[rstest]
[INFO] [stdout] 82 + #[test]
[INFO] [stdout]    |
[INFO] [stdout] 
[INFO] [stdout] 
[INFO] [stdout] warning: unused import: `sk_core::prelude::*`
[INFO] [stdout]  --> src/tests/mod.rs:4:5
[INFO] [stdout]   |
[INFO] [stdout] 4 | use sk_core::prelude::*;
[INFO] [stdout]   |     ^^^^^^^^^^^^^^^^^^^
[INFO] [stdout]   |
[INFO] [stdout]   = note: `#[warn(unused_imports)]` (part of `#[warn(unused)]`) on by default
[INFO] [stdout] 
[INFO] [stdout] 
[INFO] [stdout] error[E0599]: no associated function or constant named `mock` found for struct `sk_core::events::SkEventRecorder` in the current scope
[INFO] [stdout]   --> src/tests/objects_test.rs:23:90
[INFO] [stdout]    |
[INFO] [stdout] 23 |     let ctx = Arc::new(ReconcileContext::new(&test_sim, client.clone(), SkEventRecorder::mock()));
[INFO] [stdout]    |                                                                                          ^^^^ associated function or constant not found in `sk_core::events::SkEventRecorder`
[INFO] [stdout]    |
[INFO] [stdout] note: if you're trying to build a new `sk_core::events::SkEventRecorder`, consider using `sk_core::events::SkEventRecorder::new` which returns `sk_core::events::SkEventRecorder`
[INFO] [stdout]   --> /opt/rustwide/cargo-home/registry/src/index.crates.io-1949cf8c6b5b557f/sk-core-2.7.0/src/events.rs:43:5
[INFO] [stdout]    |
[INFO] [stdout] 43 |     pub fn new(client: kube::Client, controller: String) -> SkEventRecorder {
[INFO] [stdout]    |     ^^^^^^^^^^^^^^^^^^^^^^^^^^^^^^^^^^^^^^^^^^^^^^^^^^^^^^^^^^^^^^^^^^^^^^^
[INFO] [stdout] 
[INFO] [stdout] 
[INFO] [stdout] error[E0599]: no associated function or constant named `mock` found for struct `sk_core::events::SkEventRecorder` in the current scope
[INFO] [stdout]   --> src/tests/controller_test.rs:27:79
[INFO] [stdout]    |
[INFO] [stdout] 27 |     Arc::new(ReconcileContext::new(test_sim, client.clone(), SkEventRecorder::mock()))
[INFO] [stdout]    |                                                                               ^^^^ associated function or constant not found in `sk_core::events::SkEventRecorder`
[INFO] [stdout]    |
[INFO] [stdout] note: if you're trying to build a new `sk_core::events::SkEventRecorder`, consider using `sk_core::events::SkEventRecorder::new` which returns `sk_core::events::SkEventRecorder`
[INFO] [stdout]   --> /opt/rustwide/cargo-home/registry/src/index.crates.io-1949cf8c6b5b557f/sk-core-2.7.0/src/events.rs:43:5
[INFO] [stdout]    |
[INFO] [stdout] 43 |     pub fn new(client: kube::Client, controller: String) -> SkEventRecorder {
[INFO] [stdout]    |     ^^^^^^^^^^^^^^^^^^^^^^^^^^^^^^^^^^^^^^^^^^^^^^^^^^^^^^^^^^^^^^^^^^^^^^^
[INFO] [stdout] 
[INFO] [stdout] 
[INFO] [stdout] Some errors have detailed explanations: E0432, E0433, E0599.
[INFO] [stdout] 
[INFO] [stdout] For more information about an error, try `rustc --explain E0432`.
[INFO] [stdout] 
[INFO] [stderr] error: could not compile `sk-ctrl` (bin "sk-ctrl" test) due to 39 previous errors; 1 warning emitted
[INFO] running `Command { std: "docker" "inspect" "258bc4d4e43a10bf3c30f1ee757f8e1de896929fbe2c9bc36e6a307250d603af", kill_on_drop: false }`
[INFO] running `Command { std: "docker" "rm" "-f" "258bc4d4e43a10bf3c30f1ee757f8e1de896929fbe2c9bc36e6a307250d603af", kill_on_drop: false }`
[INFO] [stdout] 258bc4d4e43a10bf3c30f1ee757f8e1de896929fbe2c9bc36e6a307250d603af
