[INFO] fetching crate sizeof 0.16.0-rc.1...
[INFO] testing sizeof-0.16.0-rc.1 against 1.99.0-beta.8 for beta-1.100-2
[INFO] extracting crate sizeof 0.16.0-rc.1 into /workspace/builds/worker-2-tc1/source
[INFO] started tweaking crates.io crate sizeof 0.16.0-rc.1
[INFO] finished tweaking crates.io crate sizeof 0.16.0-rc.1
[INFO] tweaked toml for crates.io crate sizeof 0.16.0-rc.1 written to /workspace/builds/worker-2-tc1/source/Cargo.toml
[INFO] validating manifest of crates.io crate sizeof 0.16.0-rc.1 on toolchain 1.99.0-beta.8
[INFO] running `Command { std: CARGO_HOME="/workspace/cargo-home" RUSTUP_HOME="/workspace/rustup-home" "/workspace/cargo-home/bin/cargo" "+1.99.0-beta.8" "metadata" "--manifest-path" "Cargo.toml" "--no-deps", kill_on_drop: false }`
[INFO] crate crates.io crate sizeof 0.16.0-rc.1 already has a lockfile, it will not be regenerated
[INFO] running `Command { std: CARGO_HOME="/workspace/cargo-home" RUSTUP_HOME="/workspace/rustup-home" "/workspace/cargo-home/bin/cargo" "+1.99.0-beta.8" "fetch" "--manifest-path" "Cargo.toml", kill_on_drop: false }`
[INFO] [stderr] warning: Cargo.toml: `lints.rust.future-incompatible` is deprecated in favor of `lints.rust.future_incompatible` and will not work in a future edition
[INFO] [stderr] warning: Cargo.toml: `lints.rust.nonstandard-style` is deprecated in favor of `lints.rust.nonstandard_style` and will not work in a future edition
[INFO] [stderr] warning: Cargo.toml: `lints.rust.rust-2018-idioms` is deprecated in favor of `lints.rust.rust_2018_idioms` and will not work in a future edition
[INFO] [stderr] warning: `sizeof` (manifest) generated 3 warnings
[INFO] [stderr]     Updating crates.io index
[INFO] [stderr]  Downloading crates ...
[INFO] [stderr]   Downloaded serde_spanned v1.0.0
[INFO] [stderr]   Downloaded toml_writer v1.0.2
[INFO] [stderr]   Downloaded trybuild v1.0.106
[INFO] [stderr]   Downloaded toml v0.9.2
[INFO] [stderr]   Downloaded toml_datetime v0.7.0
[INFO] [stderr]   Downloaded target-triple v0.1.4
[INFO] [stderr]   Downloaded sizeof_macro v0.16.0-rc.1
[INFO] [stderr]   Downloaded winapi-util v0.1.10
[INFO] [stderr]   Downloaded size-of-derive v0.1.2
[INFO] [stderr]   Downloaded sizeof_internal v0.16.0-rc.1
[INFO] [stderr]   Downloaded size-of v0.1.5
[INFO] [stderr]   Downloaded starknet-types-core v0.2.3
[INFO] [stderr]   Downloaded lambdaworks-crypto v0.13.0
[INFO] [stderr]   Downloaded lambdaworks-math v0.13.0
[INFO] running `Command { std: "docker" "create" "-v" "/var/lib/crater-agent-workspace/builds/worker-2-tc1/source:/opt/rustwide/workdir:ro,Z" "-v" "/var/lib/crater-agent-workspace/builds/worker-2-tc1/target:/opt/rustwide/target:rw,Z" "-v" "/var/lib/crater-agent-workspace/cargo-home:/opt/rustwide/cargo-home:ro,Z" "-v" "/var/lib/crater-agent-workspace/rustup-home:/opt/rustwide/rustup-home:ro,Z" "-m" "1610612736" "--network" "none" "ghcr.io/rust-lang/crates-build-env/linux@sha256:3111399a4047eeb3a02b7a90e478d715f38a8c6669b5c4b49d30a17385265909" "sleep" "infinity", kill_on_drop: false }`
[INFO] [stdout] 5778cae1db9f9c296cddd4cf45fbd5a5c581a7aff6c4e1bec68a494fc1e91541
[INFO] running `Command { std: "docker" "start" "5778cae1db9f9c296cddd4cf45fbd5a5c581a7aff6c4e1bec68a494fc1e91541", kill_on_drop: false }`
[INFO] running `Command { std: "docker" "inspect" "5778cae1db9f9c296cddd4cf45fbd5a5c581a7aff6c4e1bec68a494fc1e91541", kill_on_drop: false }`
[INFO] running `Command { std: "docker" "exec" "-e" "SOURCE_DIR=/opt/rustwide/workdir" "-e" "CARGO_HOME=/opt/rustwide/cargo-home" "-e" "RUSTUP_HOME=/opt/rustwide/rustup-home" "-e" "CARGO_TARGET_DIR=/opt/rustwide/target" "-w" "/opt/rustwide/workdir" "--user" "0:0" "5778cae1db9f9c296cddd4cf45fbd5a5c581a7aff6c4e1bec68a494fc1e91541" "/opt/rustwide/cargo-home/bin/cargo" "+1.99.0-beta.8" "metadata" "--no-deps" "--format-version=1", kill_on_drop: false }`
[INFO] running `Command { std: "docker" "inspect" "5778cae1db9f9c296cddd4cf45fbd5a5c581a7aff6c4e1bec68a494fc1e91541", kill_on_drop: false }`
[INFO] running `Command { std: "docker" "exec" "-e" "SOURCE_DIR=/opt/rustwide/workdir" "-e" "CARGO_HOME=/opt/rustwide/cargo-home" "-e" "RUSTUP_HOME=/opt/rustwide/rustup-home" "-e" "CARGO_TARGET_DIR=/opt/rustwide/target" "-e" "CARGO_INCREMENTAL=0" "-e" "RUST_BACKTRACE=full" "-e" "RUSTFLAGS=--cap-lints=warn" "-e" "RUSTDOCFLAGS=--cap-lints=warn" "-w" "/opt/rustwide/workdir" "--user" "0:0" "5778cae1db9f9c296cddd4cf45fbd5a5c581a7aff6c4e1bec68a494fc1e91541" "/opt/rustwide/cargo-home/bin/cargo" "+1.99.0-beta.8" "build" "--frozen" "--message-format=json", kill_on_drop: false }`
[INFO] [stderr] warning: Cargo.toml: `lints.rust.future-incompatible` is deprecated in favor of `lints.rust.future_incompatible` and will not work in a future edition
[INFO] [stderr] warning: Cargo.toml: `lints.rust.nonstandard-style` is deprecated in favor of `lints.rust.nonstandard_style` and will not work in a future edition
[INFO] [stderr] warning: Cargo.toml: `lints.rust.rust-2018-idioms` is deprecated in favor of `lints.rust.rust_2018_idioms` and will not work in a future edition
[INFO] [stderr] warning: `sizeof` (manifest) generated 3 warnings
[INFO] [stderr]    Compiling rand_core v0.6.4
[INFO] [stderr]    Compiling serde v1.0.219
[INFO] [stderr]    Compiling size-of v0.1.5
[INFO] [stderr]    Compiling syn v2.0.106
[INFO] [stderr]    Compiling num-integer v0.1.46
[INFO] [stdout] error[E0570]: "aapcs" is not a supported ABI for the current target
[INFO] [stdout]    --> /opt/rustwide/cargo-home/registry/src/index.crates.io-1949cf8c6b5b557f/size-of-0.1.5/src/macros.rs:66:56
[INFO] [stdout]     |
[INFO] [stdout]  66 |               impl<$($ty,)* U> $crate::SizeOf for extern $cconv fn($($ty),*) -> U {
[INFO] [stdout]     |                                                          ^^^^^^
[INFO] [stdout]     |
[INFO] [stdout]    ::: /opt/rustwide/cargo-home/registry/src/index.crates.io-1949cf8c6b5b557f/size-of-0.1.5/src/core_impls.rs:294:1
[INFO] [stdout]     |
[INFO] [stdout] 294 | / impl_function_ptrs! {
[INFO] [stdout] 295 | |     "C",
[INFO] [stdout] 296 | |     "Rust",
[INFO] [stdout] 297 | |     "aapcs",
[INFO] [stdout] ...   |
[INFO] [stdout] 303 | |     "fastcall",
[INFO] [stdout] 304 | | }
[INFO] [stdout]     | |_- in this macro invocation
[INFO] [stdout]     |
[INFO] [stdout]     = note: this error originates in the macro `impl_function_ptrs` (in Nightly builds, run with -Z macro-backtrace for more info)
[INFO] [stdout] 
[INFO] [stdout] 
[INFO] [stdout] error[E0570]: "stdcall" is not a supported ABI for the current target
[INFO] [stdout]    --> /opt/rustwide/cargo-home/registry/src/index.crates.io-1949cf8c6b5b557f/size-of-0.1.5/src/macros.rs:66:56
[INFO] [stdout]     |
[INFO] [stdout]  66 |               impl<$($ty,)* U> $crate::SizeOf for extern $cconv fn($($ty),*) -> U {
[INFO] [stdout]     |                                                          ^^^^^^
[INFO] [stdout]     |
[INFO] [stdout]    ::: /opt/rustwide/cargo-home/registry/src/index.crates.io-1949cf8c6b5b557f/size-of-0.1.5/src/core_impls.rs:294:1
[INFO] [stdout]     |
[INFO] [stdout] 294 | / impl_function_ptrs! {
[INFO] [stdout] 295 | |     "C",
[INFO] [stdout] 296 | |     "Rust",
[INFO] [stdout] 297 | |     "aapcs",
[INFO] [stdout] ...   |
[INFO] [stdout] 303 | |     "fastcall",
[INFO] [stdout] 304 | | }
[INFO] [stdout]     | |_- in this macro invocation
[INFO] [stdout]     |
[INFO] [stdout]     = help: if you need `extern "stdcall"` on win32 and `extern "C"` everywhere else, use `extern "system"`
[INFO] [stdout]     = note: this error originates in the macro `impl_function_ptrs` (in Nightly builds, run with -Z macro-backtrace for more info)
[INFO] [stdout] 
[INFO] [stdout] 
[INFO] [stdout] error[E0570]: "fastcall" is not a supported ABI for the current target
[INFO] [stdout]    --> /opt/rustwide/cargo-home/registry/src/index.crates.io-1949cf8c6b5b557f/size-of-0.1.5/src/macros.rs:66:56
[INFO] [stdout]     |
[INFO] [stdout]  66 |               impl<$($ty,)* U> $crate::SizeOf for extern $cconv fn($($ty),*) -> U {
[INFO] [stdout]     |                                                          ^^^^^^
[INFO] [stdout]     |
[INFO] [stdout]    ::: /opt/rustwide/cargo-home/registry/src/index.crates.io-1949cf8c6b5b557f/size-of-0.1.5/src/core_impls.rs:294:1
[INFO] [stdout]     |
[INFO] [stdout] 294 | / impl_function_ptrs! {
[INFO] [stdout] 295 | |     "C",
[INFO] [stdout] 296 | |     "Rust",
[INFO] [stdout] 297 | |     "aapcs",
[INFO] [stdout] ...   |
[INFO] [stdout] 303 | |     "fastcall",
[INFO] [stdout] 304 | | }
[INFO] [stdout]     | |_- in this macro invocation
[INFO] [stdout]     |
[INFO] [stdout]     = note: this error originates in the macro `impl_function_ptrs` (in Nightly builds, run with -Z macro-backtrace for more info)
[INFO] [stdout] 
[INFO] [stdout] 
[INFO] [stderr]    Compiling rand v0.8.5
[INFO] [stdout] For more information about this error, try `rustc --explain E0570`.
[INFO] [stdout] 
[INFO] [stderr] error: could not compile `size-of` (lib) due to 3 previous errors
[INFO] [stderr] warning: build failed, waiting for other jobs to finish...
[INFO] running `Command { std: "docker" "inspect" "5778cae1db9f9c296cddd4cf45fbd5a5c581a7aff6c4e1bec68a494fc1e91541", kill_on_drop: false }`
[INFO] running `Command { std: "docker" "rm" "-f" "5778cae1db9f9c296cddd4cf45fbd5a5c581a7aff6c4e1bec68a494fc1e91541", kill_on_drop: false }`
[INFO] [stdout] 5778cae1db9f9c296cddd4cf45fbd5a5c581a7aff6c4e1bec68a494fc1e91541
