[INFO] fetching crate singe-cutensor 0.1.0-alpha.7...
[INFO] testing singe-cutensor-0.1.0-alpha.7 against 1.100.0-beta.1 for beta-1.100-2
[INFO] extracting crate singe-cutensor 0.1.0-alpha.7 into /workspace/builds/worker-5-tc2/source
[INFO] started tweaking crates.io crate singe-cutensor 0.1.0-alpha.7
[INFO] removed 0 missing examples
[INFO] finished tweaking crates.io crate singe-cutensor 0.1.0-alpha.7
[INFO] tweaked toml for crates.io crate singe-cutensor 0.1.0-alpha.7 written to /workspace/builds/worker-5-tc2/source/Cargo.toml
[INFO] validating manifest of crates.io crate singe-cutensor 0.1.0-alpha.7 on toolchain 1.100.0-beta.1
[INFO] running `Command { std: CARGO_HOME="/workspace/cargo-home" RUSTUP_HOME="/workspace/rustup-home" "/workspace/cargo-home/bin/cargo" "+1.100.0-beta.1" "metadata" "--manifest-path" "Cargo.toml" "--no-deps", kill_on_drop: false }`
[INFO] crate crates.io crate singe-cutensor 0.1.0-alpha.7 already has a lockfile, it will not be regenerated
[INFO] running `Command { std: CARGO_HOME="/workspace/cargo-home" RUSTUP_HOME="/workspace/rustup-home" "/workspace/cargo-home/bin/cargo" "+1.100.0-beta.1" "fetch" "--manifest-path" "Cargo.toml", kill_on_drop: false }`
[INFO] running `Command { std: "docker" "create" "-v" "/var/lib/crater-agent-workspace/builds/worker-5-tc2/source:/opt/rustwide/workdir:ro,Z" "-v" "/var/lib/crater-agent-workspace/builds/worker-5-tc2/target:/opt/rustwide/target:rw,Z" "-v" "/var/lib/crater-agent-workspace/cargo-home:/opt/rustwide/cargo-home:ro,Z" "-v" "/var/lib/crater-agent-workspace/rustup-home:/opt/rustwide/rustup-home:ro,Z" "-m" "1610612736" "--network" "none" "ghcr.io/rust-lang/crates-build-env/linux@sha256:3111399a4047eeb3a02b7a90e478d715f38a8c6669b5c4b49d30a17385265909" "sleep" "infinity", kill_on_drop: false }`
[INFO] [stdout] dd95b8daad4a87fa11ab5a88a118c1b53bc953c14b935b36be71b826f8ddbafd
[INFO] running `Command { std: "docker" "start" "dd95b8daad4a87fa11ab5a88a118c1b53bc953c14b935b36be71b826f8ddbafd", kill_on_drop: false }`
[INFO] running `Command { std: "docker" "inspect" "dd95b8daad4a87fa11ab5a88a118c1b53bc953c14b935b36be71b826f8ddbafd", kill_on_drop: false }`
[INFO] running `Command { std: "docker" "exec" "-e" "SOURCE_DIR=/opt/rustwide/workdir" "-e" "CARGO_HOME=/opt/rustwide/cargo-home" "-e" "RUSTUP_HOME=/opt/rustwide/rustup-home" "-e" "CARGO_TARGET_DIR=/opt/rustwide/target" "-w" "/opt/rustwide/workdir" "--user" "0:0" "dd95b8daad4a87fa11ab5a88a118c1b53bc953c14b935b36be71b826f8ddbafd" "/opt/rustwide/cargo-home/bin/cargo" "+1.100.0-beta.1" "metadata" "--no-deps" "--format-version=1", kill_on_drop: false }`
[INFO] running `Command { std: "docker" "inspect" "dd95b8daad4a87fa11ab5a88a118c1b53bc953c14b935b36be71b826f8ddbafd", kill_on_drop: false }`
[INFO] running `Command { std: "docker" "exec" "-e" "SOURCE_DIR=/opt/rustwide/workdir" "-e" "CARGO_HOME=/opt/rustwide/cargo-home" "-e" "RUSTUP_HOME=/opt/rustwide/rustup-home" "-e" "CARGO_TARGET_DIR=/opt/rustwide/target" "-e" "CARGO_INCREMENTAL=0" "-e" "RUST_BACKTRACE=full" "-e" "RUSTFLAGS=--cap-lints=warn" "-e" "RUSTDOCFLAGS=--cap-lints=warn" "-w" "/opt/rustwide/workdir" "--user" "0:0" "dd95b8daad4a87fa11ab5a88a118c1b53bc953c14b935b36be71b826f8ddbafd" "/opt/rustwide/cargo-home/bin/cargo" "+1.100.0-beta.1" "build" "--frozen" "--message-format=json", kill_on_drop: false }`
[INFO] [stderr]    Compiling memchr v2.8.2
[INFO] [stderr]    Compiling regex-syntax v0.8.11
[INFO] [stderr]    Compiling anyhow v1.0.102
[INFO] [stderr]    Compiling glob v0.3.3
[INFO] [stderr]    Compiling winnow v1.0.3
[INFO] [stderr]    Compiling serde_core v1.0.228
[INFO] [stderr]    Compiling tree-sitter-language v0.1.7
[INFO] [stderr]    Compiling indexmap v2.14.0
[INFO] [stderr]    Compiling cc v1.2.64
[INFO] [stderr]    Compiling zmij v1.0.21
[INFO] [stderr]    Compiling typenum v1.20.1
[INFO] [stderr]    Compiling rustversion v1.0.22
[INFO] [stderr]    Compiling serde_json v1.0.150
[INFO] [stderr]    Compiling itoa v1.0.18
[INFO] [stderr]    Compiling syn v2.0.118
[INFO] [stderr]    Compiling autocfg v1.5.1
[INFO] [stderr]    Compiling const-oid v0.10.2
[INFO] [stderr]    Compiling zerocopy v0.8.52
[INFO] [stderr]    Compiling thiserror v2.0.18
[INFO] [stderr]    Compiling cpufeatures v0.3.0
[INFO] [stderr]    Compiling streaming-iterator v0.1.9
[INFO] [stderr]    Compiling hex v0.4.3
[INFO] [stderr]    Compiling bitflags v2.13.0
[INFO] [stderr]    Compiling num-traits v0.2.19
[INFO] [stderr]    Compiling aho-corasick v1.1.4
[INFO] [stderr]    Compiling hybrid-array v0.4.12
[INFO] [stderr]    Compiling tree-sitter-c v0.24.2
[INFO] [stderr]    Compiling toml_parser v1.1.2+spec-1.1.0
[INFO] [stderr]    Compiling num-complex v0.4.6
[INFO] [stderr]    Compiling toml_edit v0.25.12+spec-1.1.0
[INFO] [stderr]    Compiling crypto-common v0.2.2
[INFO] [stderr]    Compiling block-buffer v0.12.1
[INFO] [stderr]    Compiling regex-automata v0.4.14
[INFO] [stderr]    Compiling proc-macro-crate v3.5.0
[INFO] [stderr]    Compiling digest v0.11.3
[INFO] [stderr]    Compiling sha2 v0.11.0
[INFO] [stderr]    Compiling tree-sitter v0.26.9
[INFO] [stderr]    Compiling num_enum_derive v0.7.6
[INFO] [stderr]    Compiling zerocopy-derive v0.8.52
[INFO] [stderr]    Compiling serde_derive v1.0.228
[INFO] [stderr]    Compiling thiserror-impl v2.0.18
[INFO] [stderr]    Compiling regex v1.12.4
[INFO] [stderr]    Compiling num_enum v0.7.6
[INFO] [stderr]    Compiling singe-cuda-find v0.1.0-alpha.8
[INFO] [stderr]    Compiling singe-cuda-sys v0.1.0-alpha.8
[INFO] [stderr]    Compiling singe-nccl-sys v0.1.0-alpha.7
[INFO] [stderr]    Compiling singe-cutensor-sys v0.1.0-alpha.7
[INFO] [stderr]    Compiling singe-cuda-macros v0.1.0-alpha.9
[INFO] [stderr]    Compiling serde v1.0.228
[INFO] [stderr]    Compiling singe-core v0.1.0-alpha.7
[INFO] [stderr]    Compiling half v2.7.1
[INFO] [stderr]    Compiling singe-cuda v0.1.0-alpha.9
[INFO] [stderr]    Compiling singe-nccl v0.1.0-alpha.8
[INFO] [stderr]    Compiling singe-cutensor v0.1.0-alpha.7 (/opt/rustwide/workdir)
[INFO] [stderr]     Finished `dev` profile [unoptimized + debuginfo] target(s) in 16.85s
[INFO] running `Command { std: "docker" "inspect" "dd95b8daad4a87fa11ab5a88a118c1b53bc953c14b935b36be71b826f8ddbafd", kill_on_drop: false }`
[INFO] running `Command { std: "docker" "exec" "-e" "SOURCE_DIR=/opt/rustwide/workdir" "-e" "CARGO_HOME=/opt/rustwide/cargo-home" "-e" "RUSTUP_HOME=/opt/rustwide/rustup-home" "-e" "CARGO_TARGET_DIR=/opt/rustwide/target" "-e" "CARGO_INCREMENTAL=0" "-e" "RUST_BACKTRACE=full" "-e" "RUSTFLAGS=--cap-lints=warn" "-e" "RUSTDOCFLAGS=--cap-lints=warn" "-w" "/opt/rustwide/workdir" "--user" "0:0" "dd95b8daad4a87fa11ab5a88a118c1b53bc953c14b935b36be71b826f8ddbafd" "/opt/rustwide/cargo-home/bin/cargo" "+1.100.0-beta.1" "test" "--frozen" "--no-run" "--message-format=json", kill_on_drop: false }`
[INFO] [stderr]    Compiling cpufeatures v0.3.0
[INFO] [stderr]    Compiling libc v0.2.186
[INFO] [stderr]    Compiling rand_core v0.10.1
[INFO] [stderr]    Compiling getrandom v0.4.2
[INFO] [stderr]    Compiling sha2 v0.11.0
[INFO] [stderr]    Compiling chacha20 v0.10.0
[INFO] [stderr]    Compiling singe-cuda-macros v0.1.0-alpha.9
[INFO] [stderr]    Compiling rand v0.10.1
[INFO] [stderr]    Compiling singe-cuda v0.1.0-alpha.9
[INFO] [stderr]    Compiling singe-nccl v0.1.0-alpha.8
[INFO] [stderr]    Compiling singe-cutensor v0.1.0-alpha.7 (/opt/rustwide/workdir)
[INFO] [stdout] error: linking with `cc` failed: exit status: 1
[INFO] [stdout]   |
[INFO] [stdout]   = note:  "cc" "-m64" "/opt/rustwide/target/debug/build/singe-cutensor/e41cb25ea3d6dffb/out/rustcQSbl1p/symbols.o" "<3 object files omitted>" "-Wl,--as-needed" "-Wl,-Bstatic" "/opt/rustwide/target/debug/build/singe-cutensor/62b0f25c4d94fd84/out/libsinge_cutensor-62b0f25c4d94fd84.rlib" "/opt/rustwide/target/debug/build/singe-cutensor-sys/224b7ff6c78d1779/out/libsinge_cutensor_sys-224b7ff6c78d1779.rlib" "/opt/rustwide/target/debug/build/singe-nccl/2044ba8b3e705fbb/out/libsinge_nccl-2044ba8b3e705fbb.rlib" "/opt/rustwide/target/debug/build/singe-nccl-sys/c01da011823e37e3/out/libsinge_nccl_sys-c01da011823e37e3.rlib" "/opt/rustwide/target/debug/build/singe-cuda/8e1f1a7d46aeed08/out/libsinge_cuda-8e1f1a7d46aeed08.rlib" "/opt/rustwide/target/debug/build/bitflags/c11c4f5488569199/out/libbitflags-c11c4f5488569199.rlib" "/opt/rustwide/target/debug/build/half/5fcd82a8c29d4ae8/out/libhalf-5fcd82a8c29d4ae8.rlib" "/opt/rustwide/target/debug/build/cfg-if/83060ec5685761ae/out/libcfg_if-83060ec5685761ae.rlib" "/opt/rustwide/target/debug/build/zerocopy/eb35aedb38cbd4b6/out/libzerocopy-eb35aedb38cbd4b6.rlib" "/opt/rustwide/target/debug/build/num-complex/7fde6cee17bf2151/out/libnum_complex-7fde6cee17bf2151.rlib" "/opt/rustwide/target/debug/build/num-traits/c2765a255388353b/out/libnum_traits-c2765a255388353b.rlib" "/opt/rustwide/target/debug/build/thiserror/a77deb6f2da9bbd9/out/libthiserror-a77deb6f2da9bbd9.rlib" "/opt/rustwide/target/debug/build/singe-core/561bf59c6e23a8db/out/libsinge_core-561bf59c6e23a8db.rlib" "/opt/rustwide/target/debug/build/serde/e9c634bbe919bade/out/libserde-e9c634bbe919bade.rlib" "/opt/rustwide/target/debug/build/serde_core/2c928ee17a7447a4/out/libserde_core-2c928ee17a7447a4.rlib" "/opt/rustwide/target/debug/build/singe-cuda-sys/29f8da4450db4535/out/libsinge_cuda_sys-29f8da4450db4535.rlib" "/opt/rustwide/target/debug/build/num_enum/64a98df1e659a46b/out/libnum_enum-64a98df1e659a46b.rlib" "<sysroot>/lib/rustlib/x86_64-unknown-linux-gnu/lib/{libstd-*,libpanic_unwind-*,libobject-*,libmemchr-*,libaddr2line-*,libgimli-*,libcfg_if-*,librustc_demangle-*,libstd_detect-*,libhashbrown-*,librustc_std_workspace_alloc-*,libminiz_oxide-*,libadler2-*,libunwind-*,liblibc-*,librustc_std_workspace_core-*,liballoc-*,libcore-*,libcompiler_builtins-*}.rlib" "-Wl,-Bdynamic" "-lgcc_s" "-lutil" "-lrt" "-lpthread" "-lm" "-ldl" "-lc" "-L" "/opt/rustwide/target/debug/build/singe-cutensor/e41cb25ea3d6dffb/out/rustcQSbl1p/raw-dylibs" "-B<sysroot>/lib/rustlib/x86_64-unknown-linux-gnu/bin/gcc-ld" "-fuse-ld=lld" "-Wl,--eh-frame-hdr" "-Wl,-z,noexecstack" "-L" "<sysroot>/lib/rustlib/x86_64-unknown-linux-gnu/lib" "-o" "/opt/rustwide/target/debug/build/singe-cutensor/e41cb25ea3d6dffb/out/blocksparse" "-Wl,--gc-sections" "-pie" "-Wl,-z,relro,-z,now" "-nodefaultlibs"
[INFO] [stdout]   = note: some arguments are omitted. use `--verbose` to show all linker arguments
[INFO] [stdout]   = note: rust-lld: error: undefined symbol: cutensorBlockSparseContract
[INFO] [stdout]           >>> referenced by execution.rs:398 (src/execution.rs:398)
[INFO] [stdout]           >>>               /opt/rustwide/target/debug/build/singe-cutensor/e41cb25ea3d6dffb/out/blocksparse.blocksparse.3b2a16f19c078fa5-cgu.1.rcgu.o:(<singe_cutensor::plan::Plan>::block_sparse_contract::<f32>)
[INFO] [stdout]           
[INFO] [stdout]           rust-lld: error: undefined symbol: cudaMemcpy
[INFO] [stdout]           >>> referenced by memory.rs:765 (/opt/rustwide/cargo-home/registry/src/index.crates.io-1949cf8c6b5b557f/singe-cuda-0.1.0-alpha.9/src/memory.rs:765)
[INFO] [stdout]           >>>               /opt/rustwide/target/debug/build/singe-cutensor/e41cb25ea3d6dffb/out/blocksparse.blocksparse.3b2a16f19c078fa5-cgu.1.rcgu.o:(<singe_cuda::memory::DeviceMemory<f32>>::copy)
[INFO] [stdout]           
[INFO] [stdout]           rust-lld: error: undefined symbol: cudaFree
[INFO] [stdout]           >>> referenced by memory.rs:728 (/opt/rustwide/cargo-home/registry/src/index.crates.io-1949cf8c6b5b557f/singe-cuda-0.1.0-alpha.9/src/memory.rs:728)
[INFO] [stdout]           >>>               /opt/rustwide/target/debug/build/singe-cutensor/e41cb25ea3d6dffb/out/blocksparse.blocksparse.3b2a16f19c078fa5-cgu.1.rcgu.o:(<singe_cuda::memory::DeviceMemory<f32>>::free)
[INFO] [stdout]           >>> referenced by memory.rs:728 (/opt/rustwide/cargo-home/registry/src/index.crates.io-1949cf8c6b5b557f/singe-cuda-0.1.0-alpha.9/src/memory.rs:728)
[INFO] [stdout]           >>>               singe_cutensor-62b0f25c4d94fd84.singe_cutensor.6308712836e82262-cgu.5.rcgu.o:(<singe_cuda::memory::DeviceMemory<u8>>::free) in archive /opt/rustwide/target/debug/build/singe-cutensor/62b0f25c4d94fd84/out/libsinge_cutensor-62b0f25c4d94fd84.rlib
[INFO] [stdout]           
[INFO] [stdout]           rust-lld: error: undefined symbol: cudaMalloc
[INFO] [stdout]           >>> referenced by memory.rs:680 (/opt/rustwide/cargo-home/registry/src/index.crates.io-1949cf8c6b5b557f/singe-cuda-0.1.0-alpha.9/src/memory.rs:680)
[INFO] [stdout]           >>>               /opt/rustwide/target/debug/build/singe-cutensor/e41cb25ea3d6dffb/out/blocksparse.blocksparse.3b2a16f19c078fa5-cgu.1.rcgu.o:(<singe_cuda::memory::DeviceMemory<f32>>::alloc)
[INFO] [stdout]           >>> referenced by memory.rs:680 (/opt/rustwide/cargo-home/registry/src/index.crates.io-1949cf8c6b5b557f/singe-cuda-0.1.0-alpha.9/src/memory.rs:680)
[INFO] [stdout]           >>>               singe_cutensor-62b0f25c4d94fd84.singe_cutensor.6308712836e82262-cgu.5.rcgu.o:(<singe_cuda::memory::DeviceMemory<u8>>::alloc) in archive /opt/rustwide/target/debug/build/singe-cutensor/62b0f25c4d94fd84/out/libsinge_cutensor-62b0f25c4d94fd84.rlib
[INFO] [stdout]           
[INFO] [stdout]           rust-lld: error: undefined symbol: CUTENSOR_COMPUTE_DESC_32F
[INFO] [stdout]           >>> referenced by operation.rs:44 (src/operation.rs:44)
[INFO] [stdout]           >>>               singe_cutensor-62b0f25c4d94fd84.singe_cutensor.6308712836e82262-cgu.2.rcgu.o:(<singe_cutensor::operation::ComputeDescriptor>::f32) in archive /opt/rustwide/target/debug/build/singe-cutensor/62b0f25c4d94fd84/out/libsinge_cutensor-62b0f25c4d94fd84.rlib
[INFO] [stdout]           >>> referenced by operation.rs:44 (src/operation.rs:44)
[INFO] [stdout]           >>>               singe_cutensor-62b0f25c4d94fd84.singe_cutensor.6308712836e82262-cgu.2.rcgu.o:(<singe_cutensor::operation::ComputeDescriptor>::f32) in archive /opt/rustwide/target/debug/build/singe-cutensor/62b0f25c4d94fd84/out/libsinge_cutensor-62b0f25c4d94fd84.rlib
[INFO] [stdout]           
[INFO] [stdout]           rust-lld: error: undefined symbol: cutensorCreateBlockSparseContraction
[INFO] [stdout]           >>> referenced by operation.rs:958 (src/operation.rs:958)
[INFO] [stdout]           >>>               singe_cutensor-62b0f25c4d94fd84.singe_cutensor.6308712836e82262-cgu.2.rcgu.o:(<singe_cutensor::operation::OperationDescriptor>::block_sparse_contraction) in archive /opt/rustwide/target/debug/build/singe-cutensor/62b0f25c4d94fd84/out/libsinge_cutensor-62b0f25c4d94fd84.rlib
[INFO] [stdout]           
[INFO] [stdout]           rust-lld: error: undefined symbol: cutensorCreatePlanPreference
[INFO] [stdout]           >>> referenced by plan.rs:42 (src/plan.rs:42)
[INFO] [stdout]           >>>               singe_cutensor-62b0f25c4d94fd84.singe_cutensor.6308712836e82262-cgu.3.rcgu.o:(<singe_cutensor::plan::PlanPreference>::create) in archive /opt/rustwide/target/debug/build/singe-cutensor/62b0f25c4d94fd84/out/libsinge_cutensor-62b0f25c4d94fd84.rlib
[INFO] [stdout]           
[INFO] [stdout]           rust-lld: error: undefined symbol: cutensorOperationDescriptorGetAttribute
[INFO] [stdout]           >>> referenced by operation.rs:1122 (src/operation.rs:1122)
[INFO] [stdout]           >>>               singe_cutensor-62b0f25c4d94fd84.singe_cutensor.6308712836e82262-cgu.2.rcgu.o:(<singe_cutensor::operation::OperationDescriptor>::from_raw) in archive /opt/rustwide/target/debug/build/singe-cutensor/62b0f25c4d94fd84/out/libsinge_cutensor-62b0f25c4d94fd84.rlib
[INFO] [stdout]           
[INFO] [stdout]           rust-lld: error: undefined symbol: cutensorEstimateWorkspaceSize
[INFO] [stdout]           >>> referenced by plan.rs:239 (src/plan.rs:239)
[INFO] [stdout]           >>>               singe_cutensor-62b0f25c4d94fd84.singe_cutensor.6308712836e82262-cgu.3.rcgu.o:(<singe_cutensor::plan::Plan>::estimate_workspace_size) in archive /opt/rustwide/target/debug/build/singe-cutensor/62b0f25c4d94fd84/out/libsinge_cutensor-62b0f25c4d94fd84.rlib
[INFO] [stdout]           
[INFO] [stdout]           rust-lld: error: undefined symbol: cutensorCreatePlan
[INFO] [stdout]           >>> referenced by plan.rs:260 (src/plan.rs:260)
[INFO] [stdout]           >>>               singe_cutensor-62b0f25c4d94fd84.singe_cutensor.6308712836e82262-cgu.3.rcgu.o:(<singe_cutensor::plan::Plan>::create) in archive /opt/rustwide/target/debug/build/singe-cutensor/62b0f25c4d94fd84/out/libsinge_cutensor-62b0f25c4d94fd84.rlib
[INFO] [stdout]           
[INFO] [stdout]           rust-lld: error: undefined symbol: cutensorPlanGetAttribute
[INFO] [stdout]           >>> referenced by plan.rs:275 (src/plan.rs:275)
[INFO] [stdout]           >>>               singe_cutensor-62b0f25c4d94fd84.singe_cutensor.6308712836e82262-cgu.3.rcgu.o:(<singe_cutensor::plan::Plan>::create) in archive /opt/rustwide/target/debug/build/singe-cutensor/62b0f25c4d94fd84/out/libsinge_cutensor-62b0f25c4d94fd84.rlib
[INFO] [stdout]           
[INFO] [stdout]           rust-lld: error: undefined symbol: cutensorDestroyOperationDescriptor
[INFO] [stdout]           >>> referenced by operation.rs:1206 (src/operation.rs:1206)
[INFO] [stdout]           >>>               singe_cutensor-62b0f25c4d94fd84.singe_cutensor.6308712836e82262-cgu.2.rcgu.o:(<singe_cutensor::operation::OperationDescriptor as core::ops::drop::Drop>::drop) in archive /opt/rustwide/target/debug/build/singe-cutensor/62b0f25c4d94fd84/out/libsinge_cutensor-62b0f25c4d94fd84.rlib
[INFO] [stdout]           
[INFO] [stdout]           rust-lld: error: undefined symbol: cutensorDestroyPlan
[INFO] [stdout]           >>> referenced by plan.rs:354 (src/plan.rs:354)
[INFO] [stdout]           >>>               singe_cutensor-62b0f25c4d94fd84.singe_cutensor.6308712836e82262-cgu.3.rcgu.o:(<singe_cutensor::plan::Plan as core::ops::drop::Drop>::drop) in archive /opt/rustwide/target/debug/build/singe-cutensor/62b0f25c4d94fd84/out/libsinge_cutensor-62b0f25c4d94fd84.rlib
[INFO] [stdout]           
[INFO] [stdout]           rust-lld: error: undefined symbol: cutensorDestroyPlanPreference
[INFO] [stdout]           >>> referenced by plan.rs:203 (src/plan.rs:203)
[INFO] [stdout]           >>>               singe_cutensor-62b0f25c4d94fd84.singe_cutensor.6308712836e82262-cgu.3.rcgu.o:(<singe_cutensor::plan::PlanPreference as core::ops::drop::Drop>::drop) in archive /opt/rustwide/target/debug/build/singe-cutensor/62b0f25c4d94fd84/out/libsinge_cutensor-62b0f25c4d94fd84.rlib
[INFO] [stdout]           
[INFO] [stdout]           rust-lld: error: undefined symbol: cutensorGetErrorString
[INFO] [stdout]           >>> referenced by error.rs:203 (src/error.rs:203)
[INFO] [stdout]           >>>               singe_cutensor-62b0f25c4d94fd84.singe_cutensor.6308712836e82262-cgu.5.rcgu.o:(singe_cutensor::error::cutensor_error_string) in archive /opt/rustwide/target/debug/build/singe-cutensor/62b0f25c4d94fd84/out/libsinge_cutensor-62b0f25c4d94fd84.rlib
[INFO] [stdout]           
[INFO] [stdout]           rust-lld: error: undefined symbol: cutensorCreateBlockSparseTensorDescriptor
[INFO] [stdout]           >>> referenced by tensor.rs:309 (src/tensor.rs:309)
[INFO] [stdout]           >>>               singe_cutensor-62b0f25c4d94fd84.singe_cutensor.6308712836e82262-cgu.4.rcgu.o:(<singe_cutensor::tensor::BlockSparseTensorDescriptor>::create) in archive /opt/rustwide/target/debug/build/singe-cutensor/62b0f25c4d94fd84/out/libsinge_cutensor-62b0f25c4d94fd84.rlib
[INFO] [stdout]           
[INFO] [stdout]           rust-lld: error: undefined symbol: cutensorDestroyBlockSparseTensorDescriptor
[INFO] [stdout]           >>> referenced by tensor.rs:402 (src/tensor.rs:402)
[INFO] [stdout]           >>>               singe_cutensor-62b0f25c4d94fd84.singe_cutensor.6308712836e82262-cgu.4.rcgu.o:(<singe_cutensor::tensor::BlockSparseTensorDescriptor as core::ops::drop::Drop>::drop) in archive /opt/rustwide/target/debug/build/singe-cutensor/62b0f25c4d94fd84/out/libsinge_cutensor-62b0f25c4d94fd84.rlib
[INFO] [stdout]           
[INFO] [stdout]           rust-lld: error: undefined symbol: cutensorCreate
[INFO] [stdout]           >>> referenced by context.rs:62 (src/context.rs:62)
[INFO] [stdout]           >>>               singe_cutensor-62b0f25c4d94fd84.singe_cutensor.6308712836e82262-cgu.6.rcgu.o:(<singe_cutensor::context::Context>::create) in archive /opt/rustwide/target/debug/build/singe-cutensor/62b0f25c4d94fd84/out/libsinge_cutensor-62b0f25c4d94fd84.rlib
[INFO] [stdout]           
[INFO] [stdout]           rust-lld: error: undefined symbol: cutensorDestroy
[INFO] [stdout]           >>> referenced by context.rs:407 (src/context.rs:407)
[INFO] [stdout]           >>>               singe_cutensor-62b0f25c4d94fd84.singe_cutensor.6308712836e82262-cgu.6.rcgu.o:(<singe_cutensor::context::Handle as core::ops::drop::Drop>::drop) in archive /opt/rustwide/target/debug/build/singe-cutensor/62b0f25c4d94fd84/out/libsinge_cutensor-62b0f25c4d94fd84.rlib
[INFO] [stdout]           
[INFO] [stdout]           rust-lld: error: undefined symbol: cuInit
[INFO] [stdout]           >>> referenced by context.rs:101 (src/context.rs:101)
[INFO] [stdout]           >>>               singe_cuda-8e1f1a7d46aeed08.singe_cuda.fe0b5a6038dc18b8-cgu.03.rcgu.o:(<singe_cuda::context::Context>::create_for_device_with_flags) in archive /opt/rustwide/target/debug/build/singe-cuda/8e1f1a7d46aeed08/out/libsinge_cuda-8e1f1a7d46aeed08.rlib
[INFO] [stdout]           
[INFO] [stdout]           rust-lld: error: too many errors emitted, stopping now (use --error-limit=0 to see all errors)
[INFO] [stdout]           collect2: error: ld returned 1 exit status
[INFO] [stdout]           
[INFO] [stdout] 
[INFO] [stdout] 
[INFO] [stderr] error: could not compile `singe-cutensor` (example "blocksparse") due to 1 previous error
[INFO] [stderr] warning: build failed, waiting for other jobs to finish...
[INFO] [stdout] error: linking with `cc` failed: exit status: 1
[INFO] [stdout]   |
[INFO] [stdout]   = note:  "cc" "-m64" "/opt/rustwide/target/debug/build/singe-cutensor/dc69c11b7aa6a7e0/out/rustcan2ZtI/symbols.o" "<2 object files omitted>" "-Wl,--as-needed" "-Wl,-Bstatic" "/opt/rustwide/target/debug/build/singe-cutensor/62b0f25c4d94fd84/out/libsinge_cutensor-62b0f25c4d94fd84.rlib" "/opt/rustwide/target/debug/build/singe-cutensor-sys/224b7ff6c78d1779/out/libsinge_cutensor_sys-224b7ff6c78d1779.rlib" "/opt/rustwide/target/debug/build/singe-nccl/2044ba8b3e705fbb/out/libsinge_nccl-2044ba8b3e705fbb.rlib" "/opt/rustwide/target/debug/build/singe-nccl-sys/c01da011823e37e3/out/libsinge_nccl_sys-c01da011823e37e3.rlib" "/opt/rustwide/target/debug/build/singe-cuda/8e1f1a7d46aeed08/out/libsinge_cuda-8e1f1a7d46aeed08.rlib" "/opt/rustwide/target/debug/build/bitflags/c11c4f5488569199/out/libbitflags-c11c4f5488569199.rlib" "/opt/rustwide/target/debug/build/half/5fcd82a8c29d4ae8/out/libhalf-5fcd82a8c29d4ae8.rlib" "/opt/rustwide/target/debug/build/cfg-if/83060ec5685761ae/out/libcfg_if-83060ec5685761ae.rlib" "/opt/rustwide/target/debug/build/zerocopy/eb35aedb38cbd4b6/out/libzerocopy-eb35aedb38cbd4b6.rlib" "/opt/rustwide/target/debug/build/num-complex/7fde6cee17bf2151/out/libnum_complex-7fde6cee17bf2151.rlib" "/opt/rustwide/target/debug/build/num-traits/c2765a255388353b/out/libnum_traits-c2765a255388353b.rlib" "/opt/rustwide/target/debug/build/thiserror/a77deb6f2da9bbd9/out/libthiserror-a77deb6f2da9bbd9.rlib" "/opt/rustwide/target/debug/build/singe-core/561bf59c6e23a8db/out/libsinge_core-561bf59c6e23a8db.rlib" "/opt/rustwide/target/debug/build/serde/e9c634bbe919bade/out/libserde-e9c634bbe919bade.rlib" "/opt/rustwide/target/debug/build/serde_core/2c928ee17a7447a4/out/libserde_core-2c928ee17a7447a4.rlib" "/opt/rustwide/target/debug/build/singe-cuda-sys/29f8da4450db4535/out/libsinge_cuda_sys-29f8da4450db4535.rlib" "/opt/rustwide/target/debug/build/num_enum/64a98df1e659a46b/out/libnum_enum-64a98df1e659a46b.rlib" "<sysroot>/lib/rustlib/x86_64-unknown-linux-gnu/lib/{libstd-*,libpanic_unwind-*,libobject-*,libmemchr-*,libaddr2line-*,libgimli-*,libcfg_if-*,librustc_demangle-*,libstd_detect-*,libhashbrown-*,librustc_std_workspace_alloc-*,libminiz_oxide-*,libadler2-*,libunwind-*,liblibc-*,librustc_std_workspace_core-*,liballoc-*,libcore-*,libcompiler_builtins-*}.rlib" "-Wl,-Bdynamic" "-lgcc_s" "-lutil" "-lrt" "-lpthread" "-lm" "-ldl" "-lc" "-L" "/opt/rustwide/target/debug/build/singe-cutensor/dc69c11b7aa6a7e0/out/rustcan2ZtI/raw-dylibs" "-B<sysroot>/lib/rustlib/x86_64-unknown-linux-gnu/bin/gcc-ld" "-fuse-ld=lld" "-Wl,--eh-frame-hdr" "-Wl,-z,noexecstack" "-L" "<sysroot>/lib/rustlib/x86_64-unknown-linux-gnu/lib" "-o" "/opt/rustwide/target/debug/build/singe-cutensor/dc69c11b7aa6a7e0/out/contraction_jit" "-Wl,--gc-sections" "-pie" "-Wl,-z,relro,-z,now" "-nodefaultlibs"
[INFO] [stdout]   = note: some arguments are omitted. use `--verbose` to show all linker arguments
[INFO] [stdout]   = note: rust-lld: error: undefined symbol: cutensorContract
[INFO] [stdout]           >>> referenced by execution.rs:213 (src/execution.rs:213)
[INFO] [stdout]           >>>               /opt/rustwide/target/debug/build/singe-cutensor/dc69c11b7aa6a7e0/out/contraction_jit.contraction_jit.f7982242d9474d2a-cgu.0.rcgu.o:(<singe_cutensor::plan::Plan>::contract::<num_complex::Complex<f32>, num_complex::Complex<f32>, num_complex::Complex<f32>, num_complex::Complex<f32>, num_complex::Complex<f32>>)
[INFO] [stdout]           
[INFO] [stdout]           rust-lld: error: undefined symbol: cutensorWriteKernelCacheToFile
[INFO] [stdout]           >>> referenced by context.rs:211 (src/context.rs:211)
[INFO] [stdout]           >>>               /opt/rustwide/target/debug/build/singe-cutensor/dc69c11b7aa6a7e0/out/contraction_jit.contraction_jit.f7982242d9474d2a-cgu.0.rcgu.o:(<singe_cutensor::context::Context>::write_kernel_cache_to_file::<&std::path::PathBuf>)
[INFO] [stdout]           
[INFO] [stdout]           rust-lld: error: undefined symbol: cutensorReadKernelCacheFromFile
[INFO] [stdout]           >>> referenced by context.rs:238 (src/context.rs:238)
[INFO] [stdout]           >>>               /opt/rustwide/target/debug/build/singe-cutensor/dc69c11b7aa6a7e0/out/contraction_jit.contraction_jit.f7982242d9474d2a-cgu.0.rcgu.o:(<singe_cutensor::context::Context>::read_kernel_cache_from_file::<&std::path::PathBuf>)
[INFO] [stdout]           
[INFO] [stdout]           rust-lld: error: undefined symbol: cudaMemcpy
[INFO] [stdout]           >>> referenced by memory.rs:765 (/opt/rustwide/cargo-home/registry/src/index.crates.io-1949cf8c6b5b557f/singe-cuda-0.1.0-alpha.9/src/memory.rs:765)
[INFO] [stdout]           >>>               /opt/rustwide/target/debug/build/singe-cutensor/dc69c11b7aa6a7e0/out/contraction_jit.contraction_jit.f7982242d9474d2a-cgu.0.rcgu.o:(<singe_cuda::memory::DeviceMemory<num_complex::Complex<f32>>>::copy)
[INFO] [stdout]           
[INFO] [stdout]           rust-lld: error: undefined symbol: cudaFree
[INFO] [stdout]           >>> referenced by memory.rs:728 (/opt/rustwide/cargo-home/registry/src/index.crates.io-1949cf8c6b5b557f/singe-cuda-0.1.0-alpha.9/src/memory.rs:728)
[INFO] [stdout]           >>>               /opt/rustwide/target/debug/build/singe-cutensor/dc69c11b7aa6a7e0/out/contraction_jit.contraction_jit.f7982242d9474d2a-cgu.0.rcgu.o:(<singe_cuda::memory::DeviceMemory<num_complex::Complex<f32>>>::free)
[INFO] [stdout]           >>> referenced by memory.rs:728 (/opt/rustwide/cargo-home/registry/src/index.crates.io-1949cf8c6b5b557f/singe-cuda-0.1.0-alpha.9/src/memory.rs:728)
[INFO] [stdout]           >>>               singe_cutensor-62b0f25c4d94fd84.singe_cutensor.6308712836e82262-cgu.5.rcgu.o:(<singe_cuda::memory::DeviceMemory<u8>>::free) in archive /opt/rustwide/target/debug/build/singe-cutensor/62b0f25c4d94fd84/out/libsinge_cutensor-62b0f25c4d94fd84.rlib
[INFO] [stdout]           
[INFO] [stdout]           rust-lld: error: undefined symbol: cudaMalloc
[INFO] [stdout]           >>> referenced by memory.rs:680 (/opt/rustwide/cargo-home/registry/src/index.crates.io-1949cf8c6b5b557f/singe-cuda-0.1.0-alpha.9/src/memory.rs:680)
[INFO] [stdout]           >>>               /opt/rustwide/target/debug/build/singe-cutensor/dc69c11b7aa6a7e0/out/contraction_jit.contraction_jit.f7982242d9474d2a-cgu.0.rcgu.o:(<singe_cuda::memory::DeviceMemory<num_complex::Complex<f32>>>::alloc)
[INFO] [stdout]           >>> referenced by memory.rs:680 (/opt/rustwide/cargo-home/registry/src/index.crates.io-1949cf8c6b5b557f/singe-cuda-0.1.0-alpha.9/src/memory.rs:680)
[INFO] [stdout]           >>>               singe_cutensor-62b0f25c4d94fd84.singe_cutensor.6308712836e82262-cgu.5.rcgu.o:(<singe_cuda::memory::DeviceMemory<u8>>::alloc) in archive /opt/rustwide/target/debug/build/singe-cutensor/62b0f25c4d94fd84/out/libsinge_cutensor-62b0f25c4d94fd84.rlib
[INFO] [stdout]           
[INFO] [stdout]           rust-lld: error: undefined symbol: CUTENSOR_COMPUTE_DESC_3XTF32
[INFO] [stdout]           >>> referenced by operation.rs:40 (src/operation.rs:40)
[INFO] [stdout]           >>>               singe_cutensor-62b0f25c4d94fd84.singe_cutensor.6308712836e82262-cgu.2.rcgu.o:(<singe_cutensor::operation::ComputeDescriptor>::tf32x3) in archive /opt/rustwide/target/debug/build/singe-cutensor/62b0f25c4d94fd84/out/libsinge_cutensor-62b0f25c4d94fd84.rlib
[INFO] [stdout]           >>> referenced by operation.rs:40 (src/operation.rs:40)
[INFO] [stdout]           >>>               singe_cutensor-62b0f25c4d94fd84.singe_cutensor.6308712836e82262-cgu.2.rcgu.o:(<singe_cutensor::operation::ComputeDescriptor>::tf32x3) in archive /opt/rustwide/target/debug/build/singe-cutensor/62b0f25c4d94fd84/out/libsinge_cutensor-62b0f25c4d94fd84.rlib
[INFO] [stdout]           
[INFO] [stdout]           rust-lld: error: undefined symbol: cutensorCreateContraction
[INFO] [stdout]           >>> referenced by operation.rs:658 (src/operation.rs:658)
[INFO] [stdout]           >>>               singe_cutensor-62b0f25c4d94fd84.singe_cutensor.6308712836e82262-cgu.2.rcgu.o:(<singe_cutensor::operation::OperationDescriptor>::contraction) in archive /opt/rustwide/target/debug/build/singe-cutensor/62b0f25c4d94fd84/out/libsinge_cutensor-62b0f25c4d94fd84.rlib
[INFO] [stdout]           
[INFO] [stdout]           rust-lld: error: undefined symbol: cutensorOperationDescriptorGetAttribute
[INFO] [stdout]           >>> referenced by operation.rs:1122 (src/operation.rs:1122)
[INFO] [stdout]           >>>               singe_cutensor-62b0f25c4d94fd84.singe_cutensor.6308712836e82262-cgu.2.rcgu.o:(<singe_cutensor::operation::OperationDescriptor>::from_raw) in archive /opt/rustwide/target/debug/build/singe-cutensor/62b0f25c4d94fd84/out/libsinge_cutensor-62b0f25c4d94fd84.rlib
[INFO] [stdout]           
[INFO] [stdout]           rust-lld: error: undefined symbol: cutensorDestroyOperationDescriptor
[INFO] [stdout]           >>> referenced by operation.rs:1206 (src/operation.rs:1206)
[INFO] [stdout]           >>>               singe_cutensor-62b0f25c4d94fd84.singe_cutensor.6308712836e82262-cgu.2.rcgu.o:(<singe_cutensor::operation::OperationDescriptor as core::ops::drop::Drop>::drop) in archive /opt/rustwide/target/debug/build/singe-cutensor/62b0f25c4d94fd84/out/libsinge_cutensor-62b0f25c4d94fd84.rlib
[INFO] [stdout]           
[INFO] [stdout]           rust-lld: error: undefined symbol: cutensorCreatePlanPreference
[INFO] [stdout]           >>> referenced by plan.rs:42 (src/plan.rs:42)
[INFO] [stdout]           >>>               singe_cutensor-62b0f25c4d94fd84.singe_cutensor.6308712836e82262-cgu.3.rcgu.o:(<singe_cutensor::plan::PlanPreference>::create) in archive /opt/rustwide/target/debug/build/singe-cutensor/62b0f25c4d94fd84/out/libsinge_cutensor-62b0f25c4d94fd84.rlib
[INFO] [stdout]           
[INFO] [stdout]           rust-lld: error: undefined symbol: cutensorEstimateWorkspaceSize
[INFO] [stdout]           >>> referenced by plan.rs:239 (src/plan.rs:239)
[INFO] [stdout]           >>>               singe_cutensor-62b0f25c4d94fd84.singe_cutensor.6308712836e82262-cgu.3.rcgu.o:(<singe_cutensor::plan::Plan>::estimate_workspace_size) in archive /opt/rustwide/target/debug/build/singe-cutensor/62b0f25c4d94fd84/out/libsinge_cutensor-62b0f25c4d94fd84.rlib
[INFO] [stdout]           
[INFO] [stdout]           rust-lld: error: undefined symbol: cutensorCreatePlan
[INFO] [stdout]           >>> referenced by plan.rs:260 (src/plan.rs:260)
[INFO] [stdout]           >>>               singe_cutensor-62b0f25c4d94fd84.singe_cutensor.6308712836e82262-cgu.3.rcgu.o:(<singe_cutensor::plan::Plan>::create) in archive /opt/rustwide/target/debug/build/singe-cutensor/62b0f25c4d94fd84/out/libsinge_cutensor-62b0f25c4d94fd84.rlib
[INFO] [stdout]           
[INFO] [stdout]           rust-lld: error: undefined symbol: cutensorPlanGetAttribute
[INFO] [stdout]           >>> referenced by plan.rs:275 (src/plan.rs:275)
[INFO] [stdout]           >>>               singe_cutensor-62b0f25c4d94fd84.singe_cutensor.6308712836e82262-cgu.3.rcgu.o:(<singe_cutensor::plan::Plan>::create) in archive /opt/rustwide/target/debug/build/singe-cutensor/62b0f25c4d94fd84/out/libsinge_cutensor-62b0f25c4d94fd84.rlib
[INFO] [stdout]           
[INFO] [stdout]           rust-lld: error: undefined symbol: cutensorDestroyPlan
[INFO] [stdout]           >>> referenced by plan.rs:354 (src/plan.rs:354)
[INFO] [stdout]           >>>               singe_cutensor-62b0f25c4d94fd84.singe_cutensor.6308712836e82262-cgu.3.rcgu.o:(<singe_cutensor::plan::Plan as core::ops::drop::Drop>::drop) in archive /opt/rustwide/target/debug/build/singe-cutensor/62b0f25c4d94fd84/out/libsinge_cutensor-62b0f25c4d94fd84.rlib
[INFO] [stdout]           
[INFO] [stdout]           rust-lld: error: undefined symbol: cutensorDestroyPlanPreference
[INFO] [stdout]           >>> referenced by plan.rs:203 (src/plan.rs:203)
[INFO] [stdout]           >>>               singe_cutensor-62b0f25c4d94fd84.singe_cutensor.6308712836e82262-cgu.3.rcgu.o:(<singe_cutensor::plan::PlanPreference as core::ops::drop::Drop>::drop) in archive /opt/rustwide/target/debug/build/singe-cutensor/62b0f25c4d94fd84/out/libsinge_cutensor-62b0f25c4d94fd84.rlib
[INFO] [stdout]           
[INFO] [stdout]           rust-lld: error: undefined symbol: cutensorCreateTensorDescriptor
[INFO] [stdout]           >>> referenced by tensor.rs:82 (src/tensor.rs:82)
[INFO] [stdout]           >>>               singe_cutensor-62b0f25c4d94fd84.singe_cutensor.6308712836e82262-cgu.4.rcgu.o:(<singe_cutensor::tensor::TensorDescriptor>::create_with_strides) in archive /opt/rustwide/target/debug/build/singe-cutensor/62b0f25c4d94fd84/out/libsinge_cutensor-62b0f25c4d94fd84.rlib
[INFO] [stdout]           
[INFO] [stdout]           rust-lld: error: undefined symbol: cutensorDestroyTensorDescriptor
[INFO] [stdout]           >>> referenced by tensor.rs:190 (src/tensor.rs:190)
[INFO] [stdout]           >>>               singe_cutensor-62b0f25c4d94fd84.singe_cutensor.6308712836e82262-cgu.4.rcgu.o:(<singe_cutensor::tensor::TensorDescriptor as core::ops::drop::Drop>::drop) in archive /opt/rustwide/target/debug/build/singe-cutensor/62b0f25c4d94fd84/out/libsinge_cutensor-62b0f25c4d94fd84.rlib
[INFO] [stdout]           
[INFO] [stdout]           rust-lld: error: undefined symbol: cutensorGetErrorString
[INFO] [stdout]           >>> referenced by error.rs:203 (src/error.rs:203)
[INFO] [stdout]           >>>               singe_cutensor-62b0f25c4d94fd84.singe_cutensor.6308712836e82262-cgu.5.rcgu.o:(singe_cutensor::error::cutensor_error_string) in archive /opt/rustwide/target/debug/build/singe-cutensor/62b0f25c4d94fd84/out/libsinge_cutensor-62b0f25c4d94fd84.rlib
[INFO] [stdout]           
[INFO] [stdout]           rust-lld: error: undefined symbol: cutensorCreate
[INFO] [stdout]           >>> referenced by context.rs:62 (src/context.rs:62)
[INFO] [stdout]           >>>               singe_cutensor-62b0f25c4d94fd84.singe_cutensor.6308712836e82262-cgu.6.rcgu.o:(<singe_cutensor::context::Context>::create) in archive /opt/rustwide/target/debug/build/singe-cutensor/62b0f25c4d94fd84/out/libsinge_cutensor-62b0f25c4d94fd84.rlib
[INFO] [stdout]           
[INFO] [stdout]           rust-lld: error: too many errors emitted, stopping now (use --error-limit=0 to see all errors)
[INFO] [stdout]           collect2: error: ld returned 1 exit status
[INFO] [stdout]           
[INFO] [stdout] 
[INFO] [stdout] 
[INFO] [stdout] error: linking with `cc` failed: exit status: 1
[INFO] [stdout]   |
[INFO] [stdout]   = note:  "cc" "-m64" "/opt/rustwide/target/debug/build/singe-cutensor/85eba0758a6dc516/out/rustcIa8TBj/symbols.o" "<2 object files omitted>" "-Wl,--as-needed" "-Wl,-Bstatic" "/opt/rustwide/target/debug/build/singe-cutensor/62b0f25c4d94fd84/out/libsinge_cutensor-62b0f25c4d94fd84.rlib" "/opt/rustwide/target/debug/build/singe-cutensor-sys/224b7ff6c78d1779/out/libsinge_cutensor_sys-224b7ff6c78d1779.rlib" "/opt/rustwide/target/debug/build/singe-nccl/2044ba8b3e705fbb/out/libsinge_nccl-2044ba8b3e705fbb.rlib" "/opt/rustwide/target/debug/build/singe-nccl-sys/c01da011823e37e3/out/libsinge_nccl_sys-c01da011823e37e3.rlib" "/opt/rustwide/target/debug/build/singe-cuda/8e1f1a7d46aeed08/out/libsinge_cuda-8e1f1a7d46aeed08.rlib" "/opt/rustwide/target/debug/build/bitflags/c11c4f5488569199/out/libbitflags-c11c4f5488569199.rlib" "/opt/rustwide/target/debug/build/half/5fcd82a8c29d4ae8/out/libhalf-5fcd82a8c29d4ae8.rlib" "/opt/rustwide/target/debug/build/cfg-if/83060ec5685761ae/out/libcfg_if-83060ec5685761ae.rlib" "/opt/rustwide/target/debug/build/zerocopy/eb35aedb38cbd4b6/out/libzerocopy-eb35aedb38cbd4b6.rlib" "/opt/rustwide/target/debug/build/num-complex/7fde6cee17bf2151/out/libnum_complex-7fde6cee17bf2151.rlib" "/opt/rustwide/target/debug/build/num-traits/c2765a255388353b/out/libnum_traits-c2765a255388353b.rlib" "/opt/rustwide/target/debug/build/thiserror/a77deb6f2da9bbd9/out/libthiserror-a77deb6f2da9bbd9.rlib" "/opt/rustwide/target/debug/build/singe-core/561bf59c6e23a8db/out/libsinge_core-561bf59c6e23a8db.rlib" "/opt/rustwide/target/debug/build/serde/e9c634bbe919bade/out/libserde-e9c634bbe919bade.rlib" "/opt/rustwide/target/debug/build/serde_core/2c928ee17a7447a4/out/libserde_core-2c928ee17a7447a4.rlib" "/opt/rustwide/target/debug/build/singe-cuda-sys/29f8da4450db4535/out/libsinge_cuda_sys-29f8da4450db4535.rlib" "/opt/rustwide/target/debug/build/num_enum/64a98df1e659a46b/out/libnum_enum-64a98df1e659a46b.rlib" "<sysroot>/lib/rustlib/x86_64-unknown-linux-gnu/lib/{libstd-*,libpanic_unwind-*,libobject-*,libmemchr-*,libaddr2line-*,libgimli-*,libcfg_if-*,librustc_demangle-*,libstd_detect-*,libhashbrown-*,librustc_std_workspace_alloc-*,libminiz_oxide-*,libadler2-*,libunwind-*,liblibc-*,librustc_std_workspace_core-*,liballoc-*,libcore-*,libcompiler_builtins-*}.rlib" "-Wl,-Bdynamic" "-lgcc_s" "-lutil" "-lrt" "-lpthread" "-lm" "-ldl" "-lc" "-L" "/opt/rustwide/target/debug/build/singe-cutensor/85eba0758a6dc516/out/rustcIa8TBj/raw-dylibs" "-B<sysroot>/lib/rustlib/x86_64-unknown-linux-gnu/bin/gcc-ld" "-fuse-ld=lld" "-Wl,--eh-frame-hdr" "-Wl,-z,noexecstack" "-L" "<sysroot>/lib/rustlib/x86_64-unknown-linux-gnu/lib" "-o" "/opt/rustwide/target/debug/build/singe-cutensor/85eba0758a6dc516/out/contraction_trinary" "-Wl,--gc-sections" "-pie" "-Wl,-z,relro,-z,now" "-nodefaultlibs"
[INFO] [stdout]   = note: some arguments are omitted. use `--verbose` to show all linker arguments
[INFO] [stdout]   = note: rust-lld: error: undefined symbol: cutensorContractTrinary
[INFO] [stdout]           >>> referenced by execution.rs:325 (src/execution.rs:325)
[INFO] [stdout]           >>>               /opt/rustwide/target/debug/build/singe-cutensor/85eba0758a6dc516/out/contraction_trinary.contraction_trinary.d212321c3cb6cc9b-cgu.0.rcgu.o:(<singe_cutensor::plan::Plan>::contract_trinary::<f32, f32, f32, f32, f32, f32>)
[INFO] [stdout]           
[INFO] [stdout]           rust-lld: error: undefined symbol: cudaMemcpy
[INFO] [stdout]           >>> referenced by memory.rs:765 (/opt/rustwide/cargo-home/registry/src/index.crates.io-1949cf8c6b5b557f/singe-cuda-0.1.0-alpha.9/src/memory.rs:765)
[INFO] [stdout]           >>>               /opt/rustwide/target/debug/build/singe-cutensor/85eba0758a6dc516/out/contraction_trinary.contraction_trinary.d212321c3cb6cc9b-cgu.0.rcgu.o:(<singe_cuda::memory::DeviceMemory<f32>>::copy)
[INFO] [stdout]           
[INFO] [stdout]           rust-lld: error: undefined symbol: cudaFree
[INFO] [stdout]           >>> referenced by memory.rs:728 (/opt/rustwide/cargo-home/registry/src/index.crates.io-1949cf8c6b5b557f/singe-cuda-0.1.0-alpha.9/src/memory.rs:728)
[INFO] [stdout]           >>>               /opt/rustwide/target/debug/build/singe-cutensor/85eba0758a6dc516/out/contraction_trinary.contraction_trinary.d212321c3cb6cc9b-cgu.0.rcgu.o:(<singe_cuda::memory::DeviceMemory<f32>>::free)
[INFO] [stdout]           >>> referenced by memory.rs:728 (/opt/rustwide/cargo-home/registry/src/index.crates.io-1949cf8c6b5b557f/singe-cuda-0.1.0-alpha.9/src/memory.rs:728)
[INFO] [stdout]           >>>               singe_cutensor-62b0f25c4d94fd84.singe_cutensor.6308712836e82262-cgu.5.rcgu.o:(<singe_cuda::memory::DeviceMemory<u8>>::free) in archive /opt/rustwide/target/debug/build/singe-cutensor/62b0f25c4d94fd84/out/libsinge_cutensor-62b0f25c4d94fd84.rlib
[INFO] [stdout]           
[INFO] [stdout]           rust-lld: error: undefined symbol: cudaMalloc
[INFO] [stdout]           >>> referenced by memory.rs:680 (/opt/rustwide/cargo-home/registry/src/index.crates.io-1949cf8c6b5b557f/singe-cuda-0.1.0-alpha.9/src/memory.rs:680)
[INFO] [stdout]           >>>               /opt/rustwide/target/debug/build/singe-cutensor/85eba0758a6dc516/out/contraction_trinary.contraction_trinary.d212321c3cb6cc9b-cgu.0.rcgu.o:(<singe_cuda::memory::DeviceMemory<f32>>::alloc)
[INFO] [stdout]           >>> referenced by memory.rs:680 (/opt/rustwide/cargo-home/registry/src/index.crates.io-1949cf8c6b5b557f/singe-cuda-0.1.0-alpha.9/src/memory.rs:680)
[INFO] [stdout]           >>>               singe_cutensor-62b0f25c4d94fd84.singe_cutensor.6308712836e82262-cgu.5.rcgu.o:(<singe_cuda::memory::DeviceMemory<u8>>::alloc) in archive /opt/rustwide/target/debug/build/singe-cutensor/62b0f25c4d94fd84/out/libsinge_cutensor-62b0f25c4d94fd84.rlib
[INFO] [stdout]           
[INFO] [stdout]           rust-lld: error: undefined symbol: CUTENSOR_COMPUTE_DESC_32F
[INFO] [stdout]           >>> referenced by operation.rs:44 (src/operation.rs:44)
[INFO] [stdout]           >>>               singe_cutensor-62b0f25c4d94fd84.singe_cutensor.6308712836e82262-cgu.2.rcgu.o:(<singe_cutensor::operation::ComputeDescriptor>::f32) in archive /opt/rustwide/target/debug/build/singe-cutensor/62b0f25c4d94fd84/out/libsinge_cutensor-62b0f25c4d94fd84.rlib
[INFO] [stdout]           >>> referenced by operation.rs:44 (src/operation.rs:44)
[INFO] [stdout]           >>>               singe_cutensor-62b0f25c4d94fd84.singe_cutensor.6308712836e82262-cgu.2.rcgu.o:(<singe_cutensor::operation::ComputeDescriptor>::f32) in archive /opt/rustwide/target/debug/build/singe-cutensor/62b0f25c4d94fd84/out/libsinge_cutensor-62b0f25c4d94fd84.rlib
[INFO] [stdout]           
[INFO] [stdout]           rust-lld: error: undefined symbol: cutensorCreateContractionTrinary
[INFO] [stdout]           >>> referenced by operation.rs:851 (src/operation.rs:851)
[INFO] [stdout]           >>>               singe_cutensor-62b0f25c4d94fd84.singe_cutensor.6308712836e82262-cgu.2.rcgu.o:(<singe_cutensor::operation::OperationDescriptor>::contraction_trinary) in archive /opt/rustwide/target/debug/build/singe-cutensor/62b0f25c4d94fd84/out/libsinge_cutensor-62b0f25c4d94fd84.rlib
[INFO] [stdout]           
[INFO] [stdout]           rust-lld: error: undefined symbol: cutensorOperationDescriptorGetAttribute
[INFO] [stdout]           >>> referenced by operation.rs:1122 (src/operation.rs:1122)
[INFO] [stdout]           >>>               singe_cutensor-62b0f25c4d94fd84.singe_cutensor.6308712836e82262-cgu.2.rcgu.o:(<singe_cutensor::operation::OperationDescriptor>::from_raw) in archive /opt/rustwide/target/debug/build/singe-cutensor/62b0f25c4d94fd84/out/libsinge_cutensor-62b0f25c4d94fd84.rlib
[INFO] [stdout]           
[INFO] [stdout]           rust-lld: error: undefined symbol: cutensorDestroyOperationDescriptor
[INFO] [stdout]           >>> referenced by operation.rs:1206 (src/operation.rs:1206)
[INFO] [stdout]           >>>               singe_cutensor-62b0f25c4d94fd84.singe_cutensor.6308712836e82262-cgu.2.rcgu.o:(<singe_cutensor::operation::OperationDescriptor as core::ops::drop::Drop>::drop) in archive /opt/rustwide/target/debug/build/singe-cutensor/62b0f25c4d94fd84/out/libsinge_cutensor-62b0f25c4d94fd84.rlib
[INFO] [stdout]           
[INFO] [stdout]           rust-lld: error: undefined symbol: cutensorCreatePlanPreference
[INFO] [stdout]           >>> referenced by plan.rs:42 (src/plan.rs:42)
[INFO] [stdout]           >>>               singe_cutensor-62b0f25c4d94fd84.singe_cutensor.6308712836e82262-cgu.3.rcgu.o:(<singe_cutensor::plan::PlanPreference>::create) in archive /opt/rustwide/target/debug/build/singe-cutensor/62b0f25c4d94fd84/out/libsinge_cutensor-62b0f25c4d94fd84.rlib
[INFO] [stdout]           
[INFO] [stdout]           rust-lld: error: undefined symbol: cutensorEstimateWorkspaceSize
[INFO] [stdout]           >>> referenced by plan.rs:239 (src/plan.rs:239)
[INFO] [stdout]           >>>               singe_cutensor-62b0f25c4d94fd84.singe_cutensor.6308712836e82262-cgu.3.rcgu.o:(<singe_cutensor::plan::Plan>::estimate_workspace_size) in archive /opt/rustwide/target/debug/build/singe-cutensor/62b0f25c4d94fd84/out/libsinge_cutensor-62b0f25c4d94fd84.rlib
[INFO] [stdout]           
[INFO] [stdout]           rust-lld: error: undefined symbol: cutensorCreatePlan
[INFO] [stdout]           >>> referenced by plan.rs:260 (src/plan.rs:260)
[INFO] [stdout]           >>>               singe_cutensor-62b0f25c4d94fd84.singe_cutensor.6308712836e82262-cgu.3.rcgu.o:(<singe_cutensor::plan::Plan>::create) in archive /opt/rustwide/target/debug/build/singe-cutensor/62b0f25c4d94fd84/out/libsinge_cutensor-62b0f25c4d94fd84.rlib
[INFO] [stdout]           
[INFO] [stdout]           rust-lld: error: undefined symbol: cutensorPlanGetAttribute
[INFO] [stdout]           >>> referenced by plan.rs:275 (src/plan.rs:275)
[INFO] [stdout]           >>>               singe_cutensor-62b0f25c4d94fd84.singe_cutensor.6308712836e82262-cgu.3.rcgu.o:(<singe_cutensor::plan::Plan>::create) in archive /opt/rustwide/target/debug/build/singe-cutensor/62b0f25c4d94fd84/out/libsinge_cutensor-62b0f25c4d94fd84.rlib
[INFO] [stdout]           
[INFO] [stdout]           rust-lld: error: undefined symbol: cutensorDestroyPlan
[INFO] [stdout]           >>> referenced by plan.rs:354 (src/plan.rs:354)
[INFO] [stdout]           >>>               singe_cutensor-62b0f25c4d94fd84.singe_cutensor.6308712836e82262-cgu.3.rcgu.o:(<singe_cutensor::plan::Plan as core::ops::drop::Drop>::drop) in archive /opt/rustwide/target/debug/build/singe-cutensor/62b0f25c4d94fd84/out/libsinge_cutensor-62b0f25c4d94fd84.rlib
[INFO] [stdout]           
[INFO] [stdout]           rust-lld: error: undefined symbol: cutensorDestroyPlanPreference
[INFO] [stdout]           >>> referenced by plan.rs:203 (src/plan.rs:203)
[INFO] [stdout]           >>>               singe_cutensor-62b0f25c4d94fd84.singe_cutensor.6308712836e82262-cgu.3.rcgu.o:(<singe_cutensor::plan::PlanPreference as core::ops::drop::Drop>::drop) in archive /opt/rustwide/target/debug/build/singe-cutensor/62b0f25c4d94fd84/out/libsinge_cutensor-62b0f25c4d94fd84.rlib
[INFO] [stdout]           
[INFO] [stdout]           rust-lld: error: undefined symbol: cutensorCreateTensorDescriptor
[INFO] [stdout]           >>> referenced by tensor.rs:82 (src/tensor.rs:82)
[INFO] [stdout]           >>>               singe_cutensor-62b0f25c4d94fd84.singe_cutensor.6308712836e82262-cgu.4.rcgu.o:(<singe_cutensor::tensor::TensorDescriptor>::create_with_strides) in archive /opt/rustwide/target/debug/build/singe-cutensor/62b0f25c4d94fd84/out/libsinge_cutensor-62b0f25c4d94fd84.rlib
[INFO] [stdout]           
[INFO] [stdout]           rust-lld: error: undefined symbol: cutensorDestroyTensorDescriptor
[INFO] [stdout]           >>> referenced by tensor.rs:190 (src/tensor.rs:190)
[INFO] [stdout]           >>>               singe_cutensor-62b0f25c4d94fd84.singe_cutensor.6308712836e82262-cgu.4.rcgu.o:(<singe_cutensor::tensor::TensorDescriptor as core::ops::drop::Drop>::drop) in archive /opt/rustwide/target/debug/build/singe-cutensor/62b0f25c4d94fd84/out/libsinge_cutensor-62b0f25c4d94fd84.rlib
[INFO] [stdout]           
[INFO] [stdout]           rust-lld: error: undefined symbol: cutensorGetErrorString
[INFO] [stdout]           >>> referenced by error.rs:203 (src/error.rs:203)
[INFO] [stdout]           >>>               singe_cutensor-62b0f25c4d94fd84.singe_cutensor.6308712836e82262-cgu.5.rcgu.o:(singe_cutensor::error::cutensor_error_string) in archive /opt/rustwide/target/debug/build/singe-cutensor/62b0f25c4d94fd84/out/libsinge_cutensor-62b0f25c4d94fd84.rlib
[INFO] [stdout]           
[INFO] [stdout]           rust-lld: error: undefined symbol: cutensorCreate
[INFO] [stdout]           >>> referenced by context.rs:62 (src/context.rs:62)
[INFO] [stdout]           >>>               singe_cutensor-62b0f25c4d94fd84.singe_cutensor.6308712836e82262-cgu.6.rcgu.o:(<singe_cutensor::context::Context>::create) in archive /opt/rustwide/target/debug/build/singe-cutensor/62b0f25c4d94fd84/out/libsinge_cutensor-62b0f25c4d94fd84.rlib
[INFO] [stdout]           
[INFO] [stdout]           rust-lld: error: undefined symbol: cutensorDestroy
[INFO] [stdout]           >>> referenced by context.rs:407 (src/context.rs:407)
[INFO] [stdout]           >>>               singe_cutensor-62b0f25c4d94fd84.singe_cutensor.6308712836e82262-cgu.6.rcgu.o:(<singe_cutensor::context::Handle as core::ops::drop::Drop>::drop) in archive /opt/rustwide/target/debug/build/singe-cutensor/62b0f25c4d94fd84/out/libsinge_cutensor-62b0f25c4d94fd84.rlib
[INFO] [stdout]           
[INFO] [stdout]           rust-lld: error: undefined symbol: cuInit
[INFO] [stdout]           >>> referenced by context.rs:101 (src/context.rs:101)
[INFO] [stdout]           >>>               singe_cuda-8e1f1a7d46aeed08.singe_cuda.fe0b5a6038dc18b8-cgu.03.rcgu.o:(<singe_cuda::context::Context>::create_for_device_with_flags) in archive /opt/rustwide/target/debug/build/singe-cuda/8e1f1a7d46aeed08/out/libsinge_cuda-8e1f1a7d46aeed08.rlib
[INFO] [stdout]           
[INFO] [stdout]           rust-lld: error: too many errors emitted, stopping now (use --error-limit=0 to see all errors)
[INFO] [stdout]           collect2: error: ld returned 1 exit status
[INFO] [stdout]           
[INFO] [stdout] 
[INFO] [stdout] 
[INFO] [stderr] error: could not compile `singe-cutensor` (example "contraction_jit") due to 1 previous error
[INFO] [stderr] error: could not compile `singe-cutensor` (example "contraction_trinary") due to 1 previous error
[INFO] [stdout] error: linking with `cc` failed: exit status: 1
[INFO] [stdout]   |
[INFO] [stdout]   = note:  "cc" "-m64" "/opt/rustwide/target/debug/build/singe-cutensor/4c98f5e823dda9ea/out/rustcNhXP1q/symbols.o" "<2 object files omitted>" "-Wl,--as-needed" "-Wl,-Bstatic" "/opt/rustwide/target/debug/build/singe-cutensor/62b0f25c4d94fd84/out/libsinge_cutensor-62b0f25c4d94fd84.rlib" "/opt/rustwide/target/debug/build/singe-cutensor-sys/224b7ff6c78d1779/out/libsinge_cutensor_sys-224b7ff6c78d1779.rlib" "/opt/rustwide/target/debug/build/singe-nccl/2044ba8b3e705fbb/out/libsinge_nccl-2044ba8b3e705fbb.rlib" "/opt/rustwide/target/debug/build/singe-nccl-sys/c01da011823e37e3/out/libsinge_nccl_sys-c01da011823e37e3.rlib" "/opt/rustwide/target/debug/build/singe-cuda/8e1f1a7d46aeed08/out/libsinge_cuda-8e1f1a7d46aeed08.rlib" "/opt/rustwide/target/debug/build/bitflags/c11c4f5488569199/out/libbitflags-c11c4f5488569199.rlib" "/opt/rustwide/target/debug/build/half/5fcd82a8c29d4ae8/out/libhalf-5fcd82a8c29d4ae8.rlib" "/opt/rustwide/target/debug/build/cfg-if/83060ec5685761ae/out/libcfg_if-83060ec5685761ae.rlib" "/opt/rustwide/target/debug/build/zerocopy/eb35aedb38cbd4b6/out/libzerocopy-eb35aedb38cbd4b6.rlib" "/opt/rustwide/target/debug/build/num-complex/7fde6cee17bf2151/out/libnum_complex-7fde6cee17bf2151.rlib" "/opt/rustwide/target/debug/build/num-traits/c2765a255388353b/out/libnum_traits-c2765a255388353b.rlib" "/opt/rustwide/target/debug/build/thiserror/a77deb6f2da9bbd9/out/libthiserror-a77deb6f2da9bbd9.rlib" "/opt/rustwide/target/debug/build/singe-core/561bf59c6e23a8db/out/libsinge_core-561bf59c6e23a8db.rlib" "/opt/rustwide/target/debug/build/serde/e9c634bbe919bade/out/libserde-e9c634bbe919bade.rlib" "/opt/rustwide/target/debug/build/serde_core/2c928ee17a7447a4/out/libserde_core-2c928ee17a7447a4.rlib" "/opt/rustwide/target/debug/build/singe-cuda-sys/29f8da4450db4535/out/libsinge_cuda_sys-29f8da4450db4535.rlib" "/opt/rustwide/target/debug/build/num_enum/64a98df1e659a46b/out/libnum_enum-64a98df1e659a46b.rlib" "<sysroot>/lib/rustlib/x86_64-unknown-linux-gnu/lib/{libstd-*,libpanic_unwind-*,libobject-*,libmemchr-*,libaddr2line-*,libgimli-*,libcfg_if-*,librustc_demangle-*,libstd_detect-*,libhashbrown-*,librustc_std_workspace_alloc-*,libminiz_oxide-*,libadler2-*,libunwind-*,liblibc-*,librustc_std_workspace_core-*,liballoc-*,libcore-*,libcompiler_builtins-*}.rlib" "-Wl,-Bdynamic" "-lgcc_s" "-lutil" "-lrt" "-lpthread" "-lm" "-ldl" "-lc" "-L" "/opt/rustwide/target/debug/build/singe-cutensor/4c98f5e823dda9ea/out/rustcNhXP1q/raw-dylibs" "-B<sysroot>/lib/rustlib/x86_64-unknown-linux-gnu/bin/gcc-ld" "-fuse-ld=lld" "-Wl,--eh-frame-hdr" "-Wl,-z,noexecstack" "-L" "<sysroot>/lib/rustlib/x86_64-unknown-linux-gnu/lib" "-o" "/opt/rustwide/target/debug/build/singe-cutensor/4c98f5e823dda9ea/out/elementwise_permute_padding" "-Wl,--gc-sections" "-pie" "-Wl,-z,relro,-z,now" "-nodefaultlibs"
[INFO] [stdout]   = note: some arguments are omitted. use `--verbose` to show all linker arguments
[INFO] [stdout]   = note: rust-lld: error: undefined symbol: cutensorPermute
[INFO] [stdout]           >>> referenced by execution.rs:160 (src/execution.rs:160)
[INFO] [stdout]           >>>               /opt/rustwide/target/debug/build/singe-cutensor/4c98f5e823dda9ea/out/elementwise_permute_padding.elementwise_permute_padding.fc68aa69dc68ebec-cgu.0.rcgu.o:(<singe_cutensor::plan::Plan>::permute::<f32, f32, f32>)
[INFO] [stdout]           
[INFO] [stdout]           rust-lld: error: undefined symbol: cutensorOperationDescriptorSetAttribute
[INFO] [stdout]           >>> referenced by operation.rs:1069 (src/operation.rs:1069)
[INFO] [stdout]           >>>               /opt/rustwide/target/debug/build/singe-cutensor/4c98f5e823dda9ea/out/elementwise_permute_padding.elementwise_permute_padding.fc68aa69dc68ebec-cgu.0.rcgu.o:(<singe_cutensor::operation::OperationDescriptor>::set_padding_value::<f32>)
[INFO] [stdout]           >>> referenced by operation.rs:1184 (src/operation.rs:1184)
[INFO] [stdout]           >>>               singe_cutensor-62b0f25c4d94fd84.singe_cutensor.6308712836e82262-cgu.2.rcgu.o:(<singe_cutensor::operation::OperationDescriptor>::set_padding) in archive /opt/rustwide/target/debug/build/singe-cutensor/62b0f25c4d94fd84/out/libsinge_cutensor-62b0f25c4d94fd84.rlib
[INFO] [stdout]           
[INFO] [stdout]           rust-lld: error: undefined symbol: cudaMemcpy
[INFO] [stdout]           >>> referenced by memory.rs:765 (/opt/rustwide/cargo-home/registry/src/index.crates.io-1949cf8c6b5b557f/singe-cuda-0.1.0-alpha.9/src/memory.rs:765)
[INFO] [stdout]           >>>               /opt/rustwide/target/debug/build/singe-cutensor/4c98f5e823dda9ea/out/elementwise_permute_padding.elementwise_permute_padding.fc68aa69dc68ebec-cgu.0.rcgu.o:(<singe_cuda::memory::DeviceMemory<f32>>::copy)
[INFO] [stdout]           
[INFO] [stdout]           rust-lld: error: undefined symbol: cudaFree
[INFO] [stdout]           >>> referenced by memory.rs:728 (/opt/rustwide/cargo-home/registry/src/index.crates.io-1949cf8c6b5b557f/singe-cuda-0.1.0-alpha.9/src/memory.rs:728)
[INFO] [stdout]           >>>               /opt/rustwide/target/debug/build/singe-cutensor/4c98f5e823dda9ea/out/elementwise_permute_padding.elementwise_permute_padding.fc68aa69dc68ebec-cgu.0.rcgu.o:(<singe_cuda::memory::DeviceMemory<f32>>::free)
[INFO] [stdout]           
[INFO] [stdout]           rust-lld: error: undefined symbol: cudaMalloc
[INFO] [stdout]           >>> referenced by memory.rs:680 (/opt/rustwide/cargo-home/registry/src/index.crates.io-1949cf8c6b5b557f/singe-cuda-0.1.0-alpha.9/src/memory.rs:680)
[INFO] [stdout]           >>>               /opt/rustwide/target/debug/build/singe-cutensor/4c98f5e823dda9ea/out/elementwise_permute_padding.elementwise_permute_padding.fc68aa69dc68ebec-cgu.0.rcgu.o:(<singe_cuda::memory::DeviceMemory<f32>>::alloc)
[INFO] [stdout]           
[INFO] [stdout]           rust-lld: error: undefined symbol: CUTENSOR_COMPUTE_DESC_32F
[INFO] [stdout]           >>> referenced by operation.rs:44 (src/operation.rs:44)
[INFO] [stdout]           >>>               singe_cutensor-62b0f25c4d94fd84.singe_cutensor.6308712836e82262-cgu.2.rcgu.o:(<singe_cutensor::operation::ComputeDescriptor>::f32) in archive /opt/rustwide/target/debug/build/singe-cutensor/62b0f25c4d94fd84/out/libsinge_cutensor-62b0f25c4d94fd84.rlib
[INFO] [stdout]           >>> referenced by operation.rs:44 (src/operation.rs:44)
[INFO] [stdout]           >>>               singe_cutensor-62b0f25c4d94fd84.singe_cutensor.6308712836e82262-cgu.2.rcgu.o:(<singe_cutensor::operation::ComputeDescriptor>::f32) in archive /opt/rustwide/target/debug/build/singe-cutensor/62b0f25c4d94fd84/out/libsinge_cutensor-62b0f25c4d94fd84.rlib
[INFO] [stdout]           
[INFO] [stdout]           rust-lld: error: undefined symbol: cutensorCreatePermutation
[INFO] [stdout]           >>> referenced by operation.rs:563 (src/operation.rs:563)
[INFO] [stdout]           >>>               singe_cutensor-62b0f25c4d94fd84.singe_cutensor.6308712836e82262-cgu.2.rcgu.o:(<singe_cutensor::operation::OperationDescriptor>::permutation) in archive /opt/rustwide/target/debug/build/singe-cutensor/62b0f25c4d94fd84/out/libsinge_cutensor-62b0f25c4d94fd84.rlib
[INFO] [stdout]           
[INFO] [stdout]           rust-lld: error: undefined symbol: cutensorOperationDescriptorGetAttribute
[INFO] [stdout]           >>> referenced by operation.rs:1152 (src/operation.rs:1152)
[INFO] [stdout]           >>>               singe_cutensor-62b0f25c4d94fd84.singe_cutensor.6308712836e82262-cgu.2.rcgu.o:(<singe_cutensor::operation::OperationDescriptor>::padding) in archive /opt/rustwide/target/debug/build/singe-cutensor/62b0f25c4d94fd84/out/libsinge_cutensor-62b0f25c4d94fd84.rlib
[INFO] [stdout]           >>> referenced by operation.rs:1122 (src/operation.rs:1122)
[INFO] [stdout]           >>>               singe_cutensor-62b0f25c4d94fd84.singe_cutensor.6308712836e82262-cgu.2.rcgu.o:(<singe_cutensor::operation::OperationDescriptor>::from_raw) in archive /opt/rustwide/target/debug/build/singe-cutensor/62b0f25c4d94fd84/out/libsinge_cutensor-62b0f25c4d94fd84.rlib
[INFO] [stdout]           
[INFO] [stdout]           rust-lld: error: undefined symbol: cutensorDestroyOperationDescriptor
[INFO] [stdout]           >>> referenced by operation.rs:1206 (src/operation.rs:1206)
[INFO] [stdout]           >>>               singe_cutensor-62b0f25c4d94fd84.singe_cutensor.6308712836e82262-cgu.2.rcgu.o:(<singe_cutensor::operation::OperationDescriptor as core::ops::drop::Drop>::drop) in archive /opt/rustwide/target/debug/build/singe-cutensor/62b0f25c4d94fd84/out/libsinge_cutensor-62b0f25c4d94fd84.rlib
[INFO] [stdout]           
[INFO] [stdout]           rust-lld: error: undefined symbol: cutensorCreatePlanPreference
[INFO] [stdout]           >>> referenced by plan.rs:42 (src/plan.rs:42)
[INFO] [stdout]           >>>               singe_cutensor-62b0f25c4d94fd84.singe_cutensor.6308712836e82262-cgu.3.rcgu.o:(<singe_cutensor::plan::PlanPreference>::create) in archive /opt/rustwide/target/debug/build/singe-cutensor/62b0f25c4d94fd84/out/libsinge_cutensor-62b0f25c4d94fd84.rlib
[INFO] [stdout]           
[INFO] [stdout]           rust-lld: error: undefined symbol: cutensorEstimateWorkspaceSize
[INFO] [stdout]           >>> referenced by plan.rs:239 (src/plan.rs:239)
[INFO] [stdout]           >>>               singe_cutensor-62b0f25c4d94fd84.singe_cutensor.6308712836e82262-cgu.3.rcgu.o:(<singe_cutensor::plan::Plan>::estimate_workspace_size) in archive /opt/rustwide/target/debug/build/singe-cutensor/62b0f25c4d94fd84/out/libsinge_cutensor-62b0f25c4d94fd84.rlib
[INFO] [stdout]           
[INFO] [stdout]           rust-lld: error: undefined symbol: cutensorCreatePlan
[INFO] [stdout]           >>> referenced by plan.rs:260 (src/plan.rs:260)
[INFO] [stdout]           >>>               singe_cutensor-62b0f25c4d94fd84.singe_cutensor.6308712836e82262-cgu.3.rcgu.o:(<singe_cutensor::plan::Plan>::create) in archive /opt/rustwide/target/debug/build/singe-cutensor/62b0f25c4d94fd84/out/libsinge_cutensor-62b0f25c4d94fd84.rlib
[INFO] [stdout]           
[INFO] [stdout]           rust-lld: error: undefined symbol: cutensorPlanGetAttribute
[INFO] [stdout]           >>> referenced by plan.rs:275 (src/plan.rs:275)
[INFO] [stdout]           >>>               singe_cutensor-62b0f25c4d94fd84.singe_cutensor.6308712836e82262-cgu.3.rcgu.o:(<singe_cutensor::plan::Plan>::create) in archive /opt/rustwide/target/debug/build/singe-cutensor/62b0f25c4d94fd84/out/libsinge_cutensor-62b0f25c4d94fd84.rlib
[INFO] [stdout]           
[INFO] [stdout]           rust-lld: error: undefined symbol: cutensorDestroyPlan
[INFO] [stdout]           >>> referenced by plan.rs:354 (src/plan.rs:354)
[INFO] [stdout]           >>>               singe_cutensor-62b0f25c4d94fd84.singe_cutensor.6308712836e82262-cgu.3.rcgu.o:(<singe_cutensor::plan::Plan as core::ops::drop::Drop>::drop) in archive /opt/rustwide/target/debug/build/singe-cutensor/62b0f25c4d94fd84/out/libsinge_cutensor-62b0f25c4d94fd84.rlib
[INFO] [stdout]           
[INFO] [stdout]           rust-lld: error: undefined symbol: cutensorDestroyPlanPreference
[INFO] [stdout]           >>> referenced by plan.rs:203 (src/plan.rs:203)
[INFO] [stdout]           >>>               singe_cutensor-62b0f25c4d94fd84.singe_cutensor.6308712836e82262-cgu.3.rcgu.o:(<singe_cutensor::plan::PlanPreference as core::ops::drop::Drop>::drop) in archive /opt/rustwide/target/debug/build/singe-cutensor/62b0f25c4d94fd84/out/libsinge_cutensor-62b0f25c4d94fd84.rlib
[INFO] [stdout]           
[INFO] [stdout]           rust-lld: error: undefined symbol: cutensorCreateTensorDescriptor
[INFO] [stdout]           >>> referenced by tensor.rs:82 (src/tensor.rs:82)
[INFO] [stdout]           >>>               singe_cutensor-62b0f25c4d94fd84.singe_cutensor.6308712836e82262-cgu.4.rcgu.o:(<singe_cutensor::tensor::TensorDescriptor>::create_with_strides) in archive /opt/rustwide/target/debug/build/singe-cutensor/62b0f25c4d94fd84/out/libsinge_cutensor-62b0f25c4d94fd84.rlib
[INFO] [stdout]           
[INFO] [stdout]           rust-lld: error: undefined symbol: cutensorDestroyTensorDescriptor
[INFO] [stdout]           >>> referenced by tensor.rs:190 (src/tensor.rs:190)
[INFO] [stdout]           >>>               singe_cutensor-62b0f25c4d94fd84.singe_cutensor.6308712836e82262-cgu.4.rcgu.o:(<singe_cutensor::tensor::TensorDescriptor as core::ops::drop::Drop>::drop) in archive /opt/rustwide/target/debug/build/singe-cutensor/62b0f25c4d94fd84/out/libsinge_cutensor-62b0f25c4d94fd84.rlib
[INFO] [stdout]           
[INFO] [stdout]           rust-lld: error: undefined symbol: cutensorGetErrorString
[INFO] [stdout]           >>> referenced by error.rs:203 (src/error.rs:203)
[INFO] [stdout]           >>>               singe_cutensor-62b0f25c4d94fd84.singe_cutensor.6308712836e82262-cgu.5.rcgu.o:(singe_cutensor::error::cutensor_error_string) in archive /opt/rustwide/target/debug/build/singe-cutensor/62b0f25c4d94fd84/out/libsinge_cutensor-62b0f25c4d94fd84.rlib
[INFO] [stdout]           
[INFO] [stdout]           rust-lld: error: undefined symbol: cutensorCreate
[INFO] [stdout]           >>> referenced by context.rs:62 (src/context.rs:62)
[INFO] [stdout]           >>>               singe_cutensor-62b0f25c4d94fd84.singe_cutensor.6308712836e82262-cgu.6.rcgu.o:(<singe_cutensor::context::Context>::create) in archive /opt/rustwide/target/debug/build/singe-cutensor/62b0f25c4d94fd84/out/libsinge_cutensor-62b0f25c4d94fd84.rlib
[INFO] [stdout]           
[INFO] [stdout]           rust-lld: error: undefined symbol: cutensorDestroy
[INFO] [stdout]           >>> referenced by context.rs:407 (src/context.rs:407)
[INFO] [stdout]           >>>               singe_cutensor-62b0f25c4d94fd84.singe_cutensor.6308712836e82262-cgu.6.rcgu.o:(<singe_cutensor::context::Handle as core::ops::drop::Drop>::drop) in archive /opt/rustwide/target/debug/build/singe-cutensor/62b0f25c4d94fd84/out/libsinge_cutensor-62b0f25c4d94fd84.rlib
[INFO] [stdout]           
[INFO] [stdout]           rust-lld: error: too many errors emitted, stopping now (use --error-limit=0 to see all errors)
[INFO] [stdout]           collect2: error: ld returned 1 exit status
[INFO] [stdout]           
[INFO] [stdout] 
[INFO] [stdout] 
[INFO] [stdout] error: linking with `cc` failed: exit status: 1
[INFO] [stdout]   |
[INFO] [stdout]   = note:  "cc" "-m64" "/opt/rustwide/target/debug/build/singe-cutensor/fab707dbe5a3a434/out/rustcZY4kWQ/symbols.o" "<2 object files omitted>" "-Wl,--as-needed" "-Wl,-Bstatic" "/opt/rustwide/target/debug/build/singe-cutensor/62b0f25c4d94fd84/out/libsinge_cutensor-62b0f25c4d94fd84.rlib" "/opt/rustwide/target/debug/build/singe-cutensor-sys/224b7ff6c78d1779/out/libsinge_cutensor_sys-224b7ff6c78d1779.rlib" "/opt/rustwide/target/debug/build/singe-nccl/2044ba8b3e705fbb/out/libsinge_nccl-2044ba8b3e705fbb.rlib" "/opt/rustwide/target/debug/build/singe-nccl-sys/c01da011823e37e3/out/libsinge_nccl_sys-c01da011823e37e3.rlib" "/opt/rustwide/target/debug/build/singe-cuda/8e1f1a7d46aeed08/out/libsinge_cuda-8e1f1a7d46aeed08.rlib" "/opt/rustwide/target/debug/build/bitflags/c11c4f5488569199/out/libbitflags-c11c4f5488569199.rlib" "/opt/rustwide/target/debug/build/half/5fcd82a8c29d4ae8/out/libhalf-5fcd82a8c29d4ae8.rlib" "/opt/rustwide/target/debug/build/cfg-if/83060ec5685761ae/out/libcfg_if-83060ec5685761ae.rlib" "/opt/rustwide/target/debug/build/zerocopy/eb35aedb38cbd4b6/out/libzerocopy-eb35aedb38cbd4b6.rlib" "/opt/rustwide/target/debug/build/num-complex/7fde6cee17bf2151/out/libnum_complex-7fde6cee17bf2151.rlib" "/opt/rustwide/target/debug/build/num-traits/c2765a255388353b/out/libnum_traits-c2765a255388353b.rlib" "/opt/rustwide/target/debug/build/thiserror/a77deb6f2da9bbd9/out/libthiserror-a77deb6f2da9bbd9.rlib" "/opt/rustwide/target/debug/build/singe-core/561bf59c6e23a8db/out/libsinge_core-561bf59c6e23a8db.rlib" "/opt/rustwide/target/debug/build/serde/e9c634bbe919bade/out/libserde-e9c634bbe919bade.rlib" "/opt/rustwide/target/debug/build/serde_core/2c928ee17a7447a4/out/libserde_core-2c928ee17a7447a4.rlib" "/opt/rustwide/target/debug/build/singe-cuda-sys/29f8da4450db4535/out/libsinge_cuda_sys-29f8da4450db4535.rlib" "/opt/rustwide/target/debug/build/num_enum/64a98df1e659a46b/out/libnum_enum-64a98df1e659a46b.rlib" "<sysroot>/lib/rustlib/x86_64-unknown-linux-gnu/lib/{libstd-*,libpanic_unwind-*,libobject-*,libmemchr-*,libaddr2line-*,libgimli-*,libcfg_if-*,librustc_demangle-*,libstd_detect-*,libhashbrown-*,librustc_std_workspace_alloc-*,libminiz_oxide-*,libadler2-*,libunwind-*,liblibc-*,librustc_std_workspace_core-*,liballoc-*,libcore-*,libcompiler_builtins-*}.rlib" "-Wl,-Bdynamic" "-lgcc_s" "-lutil" "-lrt" "-lpthread" "-lm" "-ldl" "-lc" "-L" "/opt/rustwide/target/debug/build/singe-cutensor/fab707dbe5a3a434/out/rustcZY4kWQ/raw-dylibs" "-B<sysroot>/lib/rustlib/x86_64-unknown-linux-gnu/bin/gcc-ld" "-fuse-ld=lld" "-Wl,--eh-frame-hdr" "-Wl,-z,noexecstack" "-L" "<sysroot>/lib/rustlib/x86_64-unknown-linux-gnu/lib" "-o" "/opt/rustwide/target/debug/build/singe-cutensor/fab707dbe5a3a434/out/elementwise_binary" "-Wl,--gc-sections" "-pie" "-Wl,-z,relro,-z,now" "-nodefaultlibs"
[INFO] [stdout]   = note: some arguments are omitted. use `--verbose` to show all linker arguments
[INFO] [stdout]   = note: rust-lld: error: undefined symbol: cutensorElementwiseBinaryExecute
[INFO] [stdout]           >>> referenced by execution.rs:105 (src/execution.rs:105)
[INFO] [stdout]           >>>               /opt/rustwide/target/debug/build/singe-cutensor/fab707dbe5a3a434/out/elementwise_binary.elementwise_binary.ecb907334dd4afd5-cgu.0.rcgu.o:(<singe_cutensor::plan::Plan>::elementwise_binary::<f32, f32, f32, f32>)
[INFO] [stdout]           
[INFO] [stdout]           rust-lld: error: undefined symbol: cudaMemcpy
[INFO] [stdout]           >>> referenced by memory.rs:765 (/opt/rustwide/cargo-home/registry/src/index.crates.io-1949cf8c6b5b557f/singe-cuda-0.1.0-alpha.9/src/memory.rs:765)
[INFO] [stdout]           >>>               /opt/rustwide/target/debug/build/singe-cutensor/fab707dbe5a3a434/out/elementwise_binary.elementwise_binary.ecb907334dd4afd5-cgu.0.rcgu.o:(<singe_cuda::memory::DeviceMemory<f32>>::copy)
[INFO] [stdout]           
[INFO] [stdout]           rust-lld: error: undefined symbol: cudaFree
[INFO] [stdout]           >>> referenced by memory.rs:728 (/opt/rustwide/cargo-home/registry/src/index.crates.io-1949cf8c6b5b557f/singe-cuda-0.1.0-alpha.9/src/memory.rs:728)
[INFO] [stdout]           >>>               /opt/rustwide/target/debug/build/singe-cutensor/fab707dbe5a3a434/out/elementwise_binary.elementwise_binary.ecb907334dd4afd5-cgu.0.rcgu.o:(<singe_cuda::memory::DeviceMemory<f32>>::free)
[INFO] [stdout]           
[INFO] [stdout]           rust-lld: error: undefined symbol: cudaMalloc
[INFO] [stdout]           >>> referenced by memory.rs:680 (/opt/rustwide/cargo-home/registry/src/index.crates.io-1949cf8c6b5b557f/singe-cuda-0.1.0-alpha.9/src/memory.rs:680)
[INFO] [stdout]           >>>               /opt/rustwide/target/debug/build/singe-cutensor/fab707dbe5a3a434/out/elementwise_binary.elementwise_binary.ecb907334dd4afd5-cgu.0.rcgu.o:(<singe_cuda::memory::DeviceMemory<f32>>::alloc)
[INFO] [stdout]           
[INFO] [stdout]           rust-lld: error: undefined symbol: CUTENSOR_COMPUTE_DESC_32F
[INFO] [stdout]           >>> referenced by operation.rs:44 (src/operation.rs:44)
[INFO] [stdout]           >>>               singe_cutensor-62b0f25c4d94fd84.singe_cutensor.6308712836e82262-cgu.2.rcgu.o:(<singe_cutensor::operation::ComputeDescriptor>::f32) in archive /opt/rustwide/target/debug/build/singe-cutensor/62b0f25c4d94fd84/out/libsinge_cutensor-62b0f25c4d94fd84.rlib
[INFO] [stdout]           >>> referenced by operation.rs:44 (src/operation.rs:44)
[INFO] [stdout]           >>>               singe_cutensor-62b0f25c4d94fd84.singe_cutensor.6308712836e82262-cgu.2.rcgu.o:(<singe_cutensor::operation::ComputeDescriptor>::f32) in archive /opt/rustwide/target/debug/build/singe-cutensor/62b0f25c4d94fd84/out/libsinge_cutensor-62b0f25c4d94fd84.rlib
[INFO] [stdout]           
[INFO] [stdout]           rust-lld: error: undefined symbol: cutensorCreateElementwiseBinary
[INFO] [stdout]           >>> referenced by operation.rs:466 (src/operation.rs:466)
[INFO] [stdout]           >>>               singe_cutensor-62b0f25c4d94fd84.singe_cutensor.6308712836e82262-cgu.2.rcgu.o:(<singe_cutensor::operation::OperationDescriptor>::elementwise_binary) in archive /opt/rustwide/target/debug/build/singe-cutensor/62b0f25c4d94fd84/out/libsinge_cutensor-62b0f25c4d94fd84.rlib
[INFO] [stdout]           
[INFO] [stdout]           rust-lld: error: undefined symbol: cutensorOperationDescriptorGetAttribute
[INFO] [stdout]           >>> referenced by operation.rs:1122 (src/operation.rs:1122)
[INFO] [stdout]           >>>               singe_cutensor-62b0f25c4d94fd84.singe_cutensor.6308712836e82262-cgu.2.rcgu.o:(<singe_cutensor::operation::OperationDescriptor>::from_raw) in archive /opt/rustwide/target/debug/build/singe-cutensor/62b0f25c4d94fd84/out/libsinge_cutensor-62b0f25c4d94fd84.rlib
[INFO] [stdout]           
[INFO] [stdout]           rust-lld: error: undefined symbol: cutensorDestroyOperationDescriptor
[INFO] [stdout]           >>> referenced by operation.rs:1206 (src/operation.rs:1206)
[INFO] [stdout]           >>>               singe_cutensor-62b0f25c4d94fd84.singe_cutensor.6308712836e82262-cgu.2.rcgu.o:(<singe_cutensor::operation::OperationDescriptor as core::ops::drop::Drop>::drop) in archive /opt/rustwide/target/debug/build/singe-cutensor/62b0f25c4d94fd84/out/libsinge_cutensor-62b0f25c4d94fd84.rlib
[INFO] [stdout]           
[INFO] [stdout]           rust-lld: error: undefined symbol: cutensorCreatePlanPreference
[INFO] [stdout]           >>> referenced by plan.rs:42 (src/plan.rs:42)
[INFO] [stdout]           >>>               singe_cutensor-62b0f25c4d94fd84.singe_cutensor.6308712836e82262-cgu.3.rcgu.o:(<singe_cutensor::plan::PlanPreference>::create) in archive /opt/rustwide/target/debug/build/singe-cutensor/62b0f25c4d94fd84/out/libsinge_cutensor-62b0f25c4d94fd84.rlib
[INFO] [stdout]           
[INFO] [stdout]           rust-lld: error: undefined symbol: cutensorEstimateWorkspaceSize
[INFO] [stdout]           >>> referenced by plan.rs:239 (src/plan.rs:239)
[INFO] [stdout]           >>>               singe_cutensor-62b0f25c4d94fd84.singe_cutensor.6308712836e82262-cgu.3.rcgu.o:(<singe_cutensor::plan::Plan>::estimate_workspace_size) in archive /opt/rustwide/target/debug/build/singe-cutensor/62b0f25c4d94fd84/out/libsinge_cutensor-62b0f25c4d94fd84.rlib
[INFO] [stdout]           
[INFO] [stdout]           rust-lld: error: undefined symbol: cutensorCreatePlan
[INFO] [stdout]           >>> referenced by plan.rs:260 (src/plan.rs:260)
[INFO] [stdout]           >>>               singe_cutensor-62b0f25c4d94fd84.singe_cutensor.6308712836e82262-cgu.3.rcgu.o:(<singe_cutensor::plan::Plan>::create) in archive /opt/rustwide/target/debug/build/singe-cutensor/62b0f25c4d94fd84/out/libsinge_cutensor-62b0f25c4d94fd84.rlib
[INFO] [stdout]           
[INFO] [stdout]           rust-lld: error: undefined symbol: cutensorPlanGetAttribute
[INFO] [stdout]           >>> referenced by plan.rs:275 (src/plan.rs:275)
[INFO] [stdout]           >>>               singe_cutensor-62b0f25c4d94fd84.singe_cutensor.6308712836e82262-cgu.3.rcgu.o:(<singe_cutensor::plan::Plan>::create) in archive /opt/rustwide/target/debug/build/singe-cutensor/62b0f25c4d94fd84/out/libsinge_cutensor-62b0f25c4d94fd84.rlib
[INFO] [stdout]           
[INFO] [stdout]           rust-lld: error: undefined symbol: cutensorDestroyPlan
[INFO] [stdout]           >>> referenced by plan.rs:354 (src/plan.rs:354)
[INFO] [stdout]           >>>               singe_cutensor-62b0f25c4d94fd84.singe_cutensor.6308712836e82262-cgu.3.rcgu.o:(<singe_cutensor::plan::Plan as core::ops::drop::Drop>::drop) in archive /opt/rustwide/target/debug/build/singe-cutensor/62b0f25c4d94fd84/out/libsinge_cutensor-62b0f25c4d94fd84.rlib
[INFO] [stdout]           
[INFO] [stdout]           rust-lld: error: undefined symbol: cutensorDestroyPlanPreference
[INFO] [stdout]           >>> referenced by plan.rs:203 (src/plan.rs:203)
[INFO] [stdout]           >>>               singe_cutensor-62b0f25c4d94fd84.singe_cutensor.6308712836e82262-cgu.3.rcgu.o:(<singe_cutensor::plan::PlanPreference as core::ops::drop::Drop>::drop) in archive /opt/rustwide/target/debug/build/singe-cutensor/62b0f25c4d94fd84/out/libsinge_cutensor-62b0f25c4d94fd84.rlib
[INFO] [stdout]           
[INFO] [stdout]           rust-lld: error: undefined symbol: cutensorCreateTensorDescriptor
[INFO] [stdout]           >>> referenced by tensor.rs:82 (src/tensor.rs:82)
[INFO] [stdout]           >>>               singe_cutensor-62b0f25c4d94fd84.singe_cutensor.6308712836e82262-cgu.4.rcgu.o:(<singe_cutensor::tensor::TensorDescriptor>::create_with_strides) in archive /opt/rustwide/target/debug/build/singe-cutensor/62b0f25c4d94fd84/out/libsinge_cutensor-62b0f25c4d94fd84.rlib
[INFO] [stdout]           
[INFO] [stdout]           rust-lld: error: undefined symbol: cutensorDestroyTensorDescriptor
[INFO] [stdout]           >>> referenced by tensor.rs:190 (src/tensor.rs:190)
[INFO] [stdout]           >>>               singe_cutensor-62b0f25c4d94fd84.singe_cutensor.6308712836e82262-cgu.4.rcgu.o:(<singe_cutensor::tensor::TensorDescriptor as core::ops::drop::Drop>::drop) in archive /opt/rustwide/target/debug/build/singe-cutensor/62b0f25c4d94fd84/out/libsinge_cutensor-62b0f25c4d94fd84.rlib
[INFO] [stdout]           
[INFO] [stdout]           rust-lld: error: undefined symbol: cutensorGetErrorString
[INFO] [stdout]           >>> referenced by error.rs:203 (src/error.rs:203)
[INFO] [stdout]           >>>               singe_cutensor-62b0f25c4d94fd84.singe_cutensor.6308712836e82262-cgu.5.rcgu.o:(singe_cutensor::error::cutensor_error_string) in archive /opt/rustwide/target/debug/build/singe-cutensor/62b0f25c4d94fd84/out/libsinge_cutensor-62b0f25c4d94fd84.rlib
[INFO] [stdout]           
[INFO] [stdout]           rust-lld: error: undefined symbol: cutensorCreate
[INFO] [stdout]           >>> referenced by context.rs:62 (src/context.rs:62)
[INFO] [stdout]           >>>               singe_cutensor-62b0f25c4d94fd84.singe_cutensor.6308712836e82262-cgu.6.rcgu.o:(<singe_cutensor::context::Context>::create) in archive /opt/rustwide/target/debug/build/singe-cutensor/62b0f25c4d94fd84/out/libsinge_cutensor-62b0f25c4d94fd84.rlib
[INFO] [stdout]           
[INFO] [stdout]           rust-lld: error: undefined symbol: cutensorDestroy
[INFO] [stdout]           >>> referenced by context.rs:407 (src/context.rs:407)
[INFO] [stdout]           >>>               singe_cutensor-62b0f25c4d94fd84.singe_cutensor.6308712836e82262-cgu.6.rcgu.o:(<singe_cutensor::context::Handle as core::ops::drop::Drop>::drop) in archive /opt/rustwide/target/debug/build/singe-cutensor/62b0f25c4d94fd84/out/libsinge_cutensor-62b0f25c4d94fd84.rlib
[INFO] [stdout]           
[INFO] [stdout]           rust-lld: error: undefined symbol: cuInit
[INFO] [stdout]           >>> referenced by context.rs:101 (src/context.rs:101)
[INFO] [stdout]           >>>               singe_cuda-8e1f1a7d46aeed08.singe_cuda.fe0b5a6038dc18b8-cgu.03.rcgu.o:(<singe_cuda::context::Context>::create_for_device_with_flags) in archive /opt/rustwide/target/debug/build/singe-cuda/8e1f1a7d46aeed08/out/libsinge_cuda-8e1f1a7d46aeed08.rlib
[INFO] [stdout]           
[INFO] [stdout]           rust-lld: error: too many errors emitted, stopping now (use --error-limit=0 to see all errors)
[INFO] [stdout]           collect2: error: ld returned 1 exit status
[INFO] [stdout]           
[INFO] [stdout] 
[INFO] [stdout] 
[INFO] [stderr] error: could not compile `singe-cutensor` (example "elementwise_permute_padding") due to 1 previous error
[INFO] [stdout] error: linking with `cc` failed: exit status: 1
[INFO] [stdout]   |
[INFO] [stdout]   = note:  "cc" "-m64" "/opt/rustwide/target/debug/build/singe-cutensor/29168256ae14cec1/out/rustcy0KZpd/symbols.o" "<2 object files omitted>" "-Wl,--as-needed" "-Wl,-Bstatic" "/opt/rustwide/target/debug/build/singe-cutensor/62b0f25c4d94fd84/out/libsinge_cutensor-62b0f25c4d94fd84.rlib" "/opt/rustwide/target/debug/build/singe-cutensor-sys/224b7ff6c78d1779/out/libsinge_cutensor_sys-224b7ff6c78d1779.rlib" "/opt/rustwide/target/debug/build/singe-nccl/2044ba8b3e705fbb/out/libsinge_nccl-2044ba8b3e705fbb.rlib" "/opt/rustwide/target/debug/build/singe-nccl-sys/c01da011823e37e3/out/libsinge_nccl_sys-c01da011823e37e3.rlib" "/opt/rustwide/target/debug/build/singe-cuda/8e1f1a7d46aeed08/out/libsinge_cuda-8e1f1a7d46aeed08.rlib" "/opt/rustwide/target/debug/build/bitflags/c11c4f5488569199/out/libbitflags-c11c4f5488569199.rlib" "/opt/rustwide/target/debug/build/half/5fcd82a8c29d4ae8/out/libhalf-5fcd82a8c29d4ae8.rlib" "/opt/rustwide/target/debug/build/cfg-if/83060ec5685761ae/out/libcfg_if-83060ec5685761ae.rlib" "/opt/rustwide/target/debug/build/zerocopy/eb35aedb38cbd4b6/out/libzerocopy-eb35aedb38cbd4b6.rlib" "/opt/rustwide/target/debug/build/num-complex/7fde6cee17bf2151/out/libnum_complex-7fde6cee17bf2151.rlib" "/opt/rustwide/target/debug/build/num-traits/c2765a255388353b/out/libnum_traits-c2765a255388353b.rlib" "/opt/rustwide/target/debug/build/thiserror/a77deb6f2da9bbd9/out/libthiserror-a77deb6f2da9bbd9.rlib" "/opt/rustwide/target/debug/build/singe-core/561bf59c6e23a8db/out/libsinge_core-561bf59c6e23a8db.rlib" "/opt/rustwide/target/debug/build/serde/e9c634bbe919bade/out/libserde-e9c634bbe919bade.rlib" "/opt/rustwide/target/debug/build/serde_core/2c928ee17a7447a4/out/libserde_core-2c928ee17a7447a4.rlib" "/opt/rustwide/target/debug/build/singe-cuda-sys/29f8da4450db4535/out/libsinge_cuda_sys-29f8da4450db4535.rlib" "/opt/rustwide/target/debug/build/num_enum/64a98df1e659a46b/out/libnum_enum-64a98df1e659a46b.rlib" "<sysroot>/lib/rustlib/x86_64-unknown-linux-gnu/lib/{libstd-*,libpanic_unwind-*,libobject-*,libmemchr-*,libaddr2line-*,libgimli-*,libcfg_if-*,librustc_demangle-*,libstd_detect-*,libhashbrown-*,librustc_std_workspace_alloc-*,libminiz_oxide-*,libadler2-*,libunwind-*,liblibc-*,librustc_std_workspace_core-*,liballoc-*,libcore-*,libcompiler_builtins-*}.rlib" "-Wl,-Bdynamic" "-lgcc_s" "-lutil" "-lrt" "-lpthread" "-lm" "-ldl" "-lc" "-L" "/opt/rustwide/target/debug/build/singe-cutensor/29168256ae14cec1/out/rustcy0KZpd/raw-dylibs" "-B<sysroot>/lib/rustlib/x86_64-unknown-linux-gnu/bin/gcc-ld" "-fuse-ld=lld" "-Wl,--eh-frame-hdr" "-Wl,-z,noexecstack" "-L" "<sysroot>/lib/rustlib/x86_64-unknown-linux-gnu/lib" "-o" "/opt/rustwide/target/debug/build/singe-cutensor/29168256ae14cec1/out/elementwise_permute" "-Wl,--gc-sections" "-pie" "-Wl,-z,relro,-z,now" "-nodefaultlibs"
[INFO] [stdout]   = note: some arguments are omitted. use `--verbose` to show all linker arguments
[INFO] [stdout]   = note: rust-lld: error: undefined symbol: cutensorPermute
[INFO] [stdout]           >>> referenced by execution.rs:160 (src/execution.rs:160)
[INFO] [stdout]           >>>               /opt/rustwide/target/debug/build/singe-cutensor/29168256ae14cec1/out/elementwise_permute.elementwise_permute.82d7445d95369c25-cgu.0.rcgu.o:(<singe_cutensor::plan::Plan>::permute::<f32, f32, f32>)
[INFO] [stdout]           
[INFO] [stdout]           rust-lld: error: undefined symbol: cudaMemcpy
[INFO] [stdout]           >>> referenced by memory.rs:765 (/opt/rustwide/cargo-home/registry/src/index.crates.io-1949cf8c6b5b557f/singe-cuda-0.1.0-alpha.9/src/memory.rs:765)
[INFO] [stdout]           >>>               /opt/rustwide/target/debug/build/singe-cutensor/29168256ae14cec1/out/elementwise_permute.elementwise_permute.82d7445d95369c25-cgu.0.rcgu.o:(<singe_cuda::memory::DeviceMemory<f32>>::copy)
[INFO] [stdout]           
[INFO] [stdout]           rust-lld: error: undefined symbol: cudaFree
[INFO] [stdout]           >>> referenced by memory.rs:728 (/opt/rustwide/cargo-home/registry/src/index.crates.io-1949cf8c6b5b557f/singe-cuda-0.1.0-alpha.9/src/memory.rs:728)
[INFO] [stdout]           >>>               /opt/rustwide/target/debug/build/singe-cutensor/29168256ae14cec1/out/elementwise_permute.elementwise_permute.82d7445d95369c25-cgu.0.rcgu.o:(<singe_cuda::memory::DeviceMemory<f32>>::free)
[INFO] [stdout]           
[INFO] [stdout]           rust-lld: error: undefined symbol: cudaMalloc
[INFO] [stdout]           >>> referenced by memory.rs:680 (/opt/rustwide/cargo-home/registry/src/index.crates.io-1949cf8c6b5b557f/singe-cuda-0.1.0-alpha.9/src/memory.rs:680)
[INFO] [stdout]           >>>               /opt/rustwide/target/debug/build/singe-cutensor/29168256ae14cec1/out/elementwise_permute.elementwise_permute.82d7445d95369c25-cgu.0.rcgu.o:(<singe_cuda::memory::DeviceMemory<f32>>::alloc)
[INFO] [stdout]           
[INFO] [stdout]           rust-lld: error: undefined symbol: CUTENSOR_COMPUTE_DESC_32F
[INFO] [stdout]           >>> referenced by operation.rs:44 (src/operation.rs:44)
[INFO] [stdout]           >>>               singe_cutensor-62b0f25c4d94fd84.singe_cutensor.6308712836e82262-cgu.2.rcgu.o:(<singe_cutensor::operation::ComputeDescriptor>::f32) in archive /opt/rustwide/target/debug/build/singe-cutensor/62b0f25c4d94fd84/out/libsinge_cutensor-62b0f25c4d94fd84.rlib
[INFO] [stdout]           >>> referenced by operation.rs:44 (src/operation.rs:44)
[INFO] [stdout]           >>>               singe_cutensor-62b0f25c4d94fd84.singe_cutensor.6308712836e82262-cgu.2.rcgu.o:(<singe_cutensor::operation::ComputeDescriptor>::f32) in archive /opt/rustwide/target/debug/build/singe-cutensor/62b0f25c4d94fd84/out/libsinge_cutensor-62b0f25c4d94fd84.rlib
[INFO] [stdout]           
[INFO] [stdout]           rust-lld: error: undefined symbol: cutensorCreatePermutation
[INFO] [stdout]           >>> referenced by operation.rs:563 (src/operation.rs:563)
[INFO] [stdout]           >>>               singe_cutensor-62b0f25c4d94fd84.singe_cutensor.6308712836e82262-cgu.2.rcgu.o:(<singe_cutensor::operation::OperationDescriptor>::permutation) in archive /opt/rustwide/target/debug/build/singe-cutensor/62b0f25c4d94fd84/out/libsinge_cutensor-62b0f25c4d94fd84.rlib
[INFO] [stdout]           
[INFO] [stdout]           rust-lld: error: undefined symbol: cutensorOperationDescriptorGetAttribute
[INFO] [stdout]           >>> referenced by operation.rs:1122 (src/operation.rs:1122)
[INFO] [stdout]           >>>               singe_cutensor-62b0f25c4d94fd84.singe_cutensor.6308712836e82262-cgu.2.rcgu.o:(<singe_cutensor::operation::OperationDescriptor>::from_raw) in archive /opt/rustwide/target/debug/build/singe-cutensor/62b0f25c4d94fd84/out/libsinge_cutensor-62b0f25c4d94fd84.rlib
[INFO] [stdout]           
[INFO] [stdout]           rust-lld: error: undefined symbol: cutensorDestroyOperationDescriptor
[INFO] [stdout]           >>> referenced by operation.rs:1206 (src/operation.rs:1206)
[INFO] [stdout]           >>>               singe_cutensor-62b0f25c4d94fd84.singe_cutensor.6308712836e82262-cgu.2.rcgu.o:(<singe_cutensor::operation::OperationDescriptor as core::ops::drop::Drop>::drop) in archive /opt/rustwide/target/debug/build/singe-cutensor/62b0f25c4d94fd84/out/libsinge_cutensor-62b0f25c4d94fd84.rlib
[INFO] [stdout]           
[INFO] [stdout]           rust-lld: error: undefined symbol: cutensorCreatePlanPreference
[INFO] [stdout]           >>> referenced by plan.rs:42 (src/plan.rs:42)
[INFO] [stdout]           >>>               singe_cutensor-62b0f25c4d94fd84.singe_cutensor.6308712836e82262-cgu.3.rcgu.o:(<singe_cutensor::plan::PlanPreference>::create) in archive /opt/rustwide/target/debug/build/singe-cutensor/62b0f25c4d94fd84/out/libsinge_cutensor-62b0f25c4d94fd84.rlib
[INFO] [stdout]           
[INFO] [stdout]           rust-lld: error: undefined symbol: cutensorEstimateWorkspaceSize
[INFO] [stdout]           >>> referenced by plan.rs:239 (src/plan.rs:239)
[INFO] [stdout]           >>>               singe_cutensor-62b0f25c4d94fd84.singe_cutensor.6308712836e82262-cgu.3.rcgu.o:(<singe_cutensor::plan::Plan>::estimate_workspace_size) in archive /opt/rustwide/target/debug/build/singe-cutensor/62b0f25c4d94fd84/out/libsinge_cutensor-62b0f25c4d94fd84.rlib
[INFO] [stdout]           
[INFO] [stdout]           rust-lld: error: undefined symbol: cutensorCreatePlan
[INFO] [stdout]           >>> referenced by plan.rs:260 (src/plan.rs:260)
[INFO] [stdout]           >>>               singe_cutensor-62b0f25c4d94fd84.singe_cutensor.6308712836e82262-cgu.3.rcgu.o:(<singe_cutensor::plan::Plan>::create) in archive /opt/rustwide/target/debug/build/singe-cutensor/62b0f25c4d94fd84/out/libsinge_cutensor-62b0f25c4d94fd84.rlib
[INFO] [stdout]           
[INFO] [stdout]           rust-lld: error: undefined symbol: cutensorPlanGetAttribute
[INFO] [stdout]           >>> referenced by plan.rs:275 (src/plan.rs:275)
[INFO] [stdout]           >>>               singe_cutensor-62b0f25c4d94fd84.singe_cutensor.6308712836e82262-cgu.3.rcgu.o:(<singe_cutensor::plan::Plan>::create) in archive /opt/rustwide/target/debug/build/singe-cutensor/62b0f25c4d94fd84/out/libsinge_cutensor-62b0f25c4d94fd84.rlib
[INFO] [stdout]           
[INFO] [stdout]           rust-lld: error: undefined symbol: cutensorDestroyPlan
[INFO] [stdout]           >>> referenced by plan.rs:354 (src/plan.rs:354)
[INFO] [stdout]           >>>               singe_cutensor-62b0f25c4d94fd84.singe_cutensor.6308712836e82262-cgu.3.rcgu.o:(<singe_cutensor::plan::Plan as core::ops::drop::Drop>::drop) in archive /opt/rustwide/target/debug/build/singe-cutensor/62b0f25c4d94fd84/out/libsinge_cutensor-62b0f25c4d94fd84.rlib
[INFO] [stdout]           
[INFO] [stdout]           rust-lld: error: undefined symbol: cutensorDestroyPlanPreference
[INFO] [stdout]           >>> referenced by plan.rs:203 (src/plan.rs:203)
[INFO] [stdout]           >>>               singe_cutensor-62b0f25c4d94fd84.singe_cutensor.6308712836e82262-cgu.3.rcgu.o:(<singe_cutensor::plan::PlanPreference as core::ops::drop::Drop>::drop) in archive /opt/rustwide/target/debug/build/singe-cutensor/62b0f25c4d94fd84/out/libsinge_cutensor-62b0f25c4d94fd84.rlib
[INFO] [stdout]           
[INFO] [stdout]           rust-lld: error: undefined symbol: cutensorCreateTensorDescriptor
[INFO] [stdout]           >>> referenced by tensor.rs:82 (src/tensor.rs:82)
[INFO] [stdout]           >>>               singe_cutensor-62b0f25c4d94fd84.singe_cutensor.6308712836e82262-cgu.4.rcgu.o:(<singe_cutensor::tensor::TensorDescriptor>::create_with_strides) in archive /opt/rustwide/target/debug/build/singe-cutensor/62b0f25c4d94fd84/out/libsinge_cutensor-62b0f25c4d94fd84.rlib
[INFO] [stdout]           
[INFO] [stdout]           rust-lld: error: undefined symbol: cutensorDestroyTensorDescriptor
[INFO] [stdout]           >>> referenced by tensor.rs:190 (src/tensor.rs:190)
[INFO] [stdout]           >>>               singe_cutensor-62b0f25c4d94fd84.singe_cutensor.6308712836e82262-cgu.4.rcgu.o:(<singe_cutensor::tensor::TensorDescriptor as core::ops::drop::Drop>::drop) in archive /opt/rustwide/target/debug/build/singe-cutensor/62b0f25c4d94fd84/out/libsinge_cutensor-62b0f25c4d94fd84.rlib
[INFO] [stdout]           
[INFO] [stdout]           rust-lld: error: undefined symbol: cutensorGetErrorString
[INFO] [stdout]           >>> referenced by error.rs:203 (src/error.rs:203)
[INFO] [stdout]           >>>               singe_cutensor-62b0f25c4d94fd84.singe_cutensor.6308712836e82262-cgu.5.rcgu.o:(singe_cutensor::error::cutensor_error_string) in archive /opt/rustwide/target/debug/build/singe-cutensor/62b0f25c4d94fd84/out/libsinge_cutensor-62b0f25c4d94fd84.rlib
[INFO] [stdout]           
[INFO] [stdout]           rust-lld: error: undefined symbol: cutensorCreate
[INFO] [stdout]           >>> referenced by context.rs:62 (src/context.rs:62)
[INFO] [stdout]           >>>               singe_cutensor-62b0f25c4d94fd84.singe_cutensor.6308712836e82262-cgu.6.rcgu.o:(<singe_cutensor::context::Context>::create) in archive /opt/rustwide/target/debug/build/singe-cutensor/62b0f25c4d94fd84/out/libsinge_cutensor-62b0f25c4d94fd84.rlib
[INFO] [stdout]           
[INFO] [stdout]           rust-lld: error: undefined symbol: cutensorDestroy
[INFO] [stdout]           >>> referenced by context.rs:407 (src/context.rs:407)
[INFO] [stdout]           >>>               singe_cutensor-62b0f25c4d94fd84.singe_cutensor.6308712836e82262-cgu.6.rcgu.o:(<singe_cutensor::context::Handle as core::ops::drop::Drop>::drop) in archive /opt/rustwide/target/debug/build/singe-cutensor/62b0f25c4d94fd84/out/libsinge_cutensor-62b0f25c4d94fd84.rlib
[INFO] [stdout]           
[INFO] [stdout]           rust-lld: error: undefined symbol: cuInit
[INFO] [stdout]           >>> referenced by context.rs:101 (src/context.rs:101)
[INFO] [stdout]           >>>               singe_cuda-8e1f1a7d46aeed08.singe_cuda.fe0b5a6038dc18b8-cgu.03.rcgu.o:(<singe_cuda::context::Context>::create_for_device_with_flags) in archive /opt/rustwide/target/debug/build/singe-cuda/8e1f1a7d46aeed08/out/libsinge_cuda-8e1f1a7d46aeed08.rlib
[INFO] [stdout]           
[INFO] [stdout]           rust-lld: error: too many errors emitted, stopping now (use --error-limit=0 to see all errors)
[INFO] [stdout]           collect2: error: ld returned 1 exit status
[INFO] [stdout]           
[INFO] [stdout] 
[INFO] [stdout] 
[INFO] [stderr] error: could not compile `singe-cutensor` (example "elementwise_binary") due to 1 previous error
[INFO] [stderr] error: could not compile `singe-cutensor` (example "elementwise_permute") due to 1 previous error
[INFO] [stdout] error: linking with `cc` failed: exit status: 1
[INFO] [stdout]   |
[INFO] [stdout]   = note:  "cc" "-m64" "/opt/rustwide/target/debug/build/singe-cutensor/7ffc3130624f5a7c/out/rustcfl9VbO/symbols.o" "<2 object files omitted>" "-Wl,--as-needed" "-Wl,-Bstatic" "/opt/rustwide/target/debug/build/singe-cutensor/62b0f25c4d94fd84/out/libsinge_cutensor-62b0f25c4d94fd84.rlib" "/opt/rustwide/target/debug/build/singe-cutensor-sys/224b7ff6c78d1779/out/libsinge_cutensor_sys-224b7ff6c78d1779.rlib" "/opt/rustwide/target/debug/build/singe-nccl/2044ba8b3e705fbb/out/libsinge_nccl-2044ba8b3e705fbb.rlib" "/opt/rustwide/target/debug/build/singe-nccl-sys/c01da011823e37e3/out/libsinge_nccl_sys-c01da011823e37e3.rlib" "/opt/rustwide/target/debug/build/singe-cuda/8e1f1a7d46aeed08/out/libsinge_cuda-8e1f1a7d46aeed08.rlib" "/opt/rustwide/target/debug/build/bitflags/c11c4f5488569199/out/libbitflags-c11c4f5488569199.rlib" "/opt/rustwide/target/debug/build/half/5fcd82a8c29d4ae8/out/libhalf-5fcd82a8c29d4ae8.rlib" "/opt/rustwide/target/debug/build/cfg-if/83060ec5685761ae/out/libcfg_if-83060ec5685761ae.rlib" "/opt/rustwide/target/debug/build/zerocopy/eb35aedb38cbd4b6/out/libzerocopy-eb35aedb38cbd4b6.rlib" "/opt/rustwide/target/debug/build/num-complex/7fde6cee17bf2151/out/libnum_complex-7fde6cee17bf2151.rlib" "/opt/rustwide/target/debug/build/num-traits/c2765a255388353b/out/libnum_traits-c2765a255388353b.rlib" "/opt/rustwide/target/debug/build/thiserror/a77deb6f2da9bbd9/out/libthiserror-a77deb6f2da9bbd9.rlib" "/opt/rustwide/target/debug/build/singe-core/561bf59c6e23a8db/out/libsinge_core-561bf59c6e23a8db.rlib" "/opt/rustwide/target/debug/build/serde/e9c634bbe919bade/out/libserde-e9c634bbe919bade.rlib" "/opt/rustwide/target/debug/build/serde_core/2c928ee17a7447a4/out/libserde_core-2c928ee17a7447a4.rlib" "/opt/rustwide/target/debug/build/singe-cuda-sys/29f8da4450db4535/out/libsinge_cuda_sys-29f8da4450db4535.rlib" "/opt/rustwide/target/debug/build/num_enum/64a98df1e659a46b/out/libnum_enum-64a98df1e659a46b.rlib" "<sysroot>/lib/rustlib/x86_64-unknown-linux-gnu/lib/{libstd-*,libpanic_unwind-*,libobject-*,libmemchr-*,libaddr2line-*,libgimli-*,libcfg_if-*,librustc_demangle-*,libstd_detect-*,libhashbrown-*,librustc_std_workspace_alloc-*,libminiz_oxide-*,libadler2-*,libunwind-*,liblibc-*,librustc_std_workspace_core-*,liballoc-*,libcore-*,libcompiler_builtins-*}.rlib" "-Wl,-Bdynamic" "-lgcc_s" "-lutil" "-lrt" "-lpthread" "-lm" "-ldl" "-lc" "-L" "/opt/rustwide/target/debug/build/singe-cutensor/7ffc3130624f5a7c/out/rustcfl9VbO/raw-dylibs" "-B<sysroot>/lib/rustlib/x86_64-unknown-linux-gnu/bin/gcc-ld" "-fuse-ld=lld" "-Wl,--eh-frame-hdr" "-Wl,-z,noexecstack" "-L" "<sysroot>/lib/rustlib/x86_64-unknown-linux-gnu/lib" "-o" "/opt/rustwide/target/debug/build/singe-cutensor/7ffc3130624f5a7c/out/contraction" "-Wl,--gc-sections" "-pie" "-Wl,-z,relro,-z,now" "-nodefaultlibs"
[INFO] [stdout]   = note: some arguments are omitted. use `--verbose` to show all linker arguments
[INFO] [stdout]   = note: rust-lld: error: undefined symbol: cutensorContract
[INFO] [stdout]           >>> referenced by execution.rs:213 (src/execution.rs:213)
[INFO] [stdout]           >>>               /opt/rustwide/target/debug/build/singe-cutensor/7ffc3130624f5a7c/out/contraction.contraction.90c9995b11fab3b9-cgu.0.rcgu.o:(<singe_cutensor::plan::Plan>::contract::<f32, f32, f32, f32, f32>)
[INFO] [stdout]           
[INFO] [stdout]           rust-lld: error: undefined symbol: cudaMemcpy
[INFO] [stdout]           >>> referenced by memory.rs:765 (/opt/rustwide/cargo-home/registry/src/index.crates.io-1949cf8c6b5b557f/singe-cuda-0.1.0-alpha.9/src/memory.rs:765)
[INFO] [stdout]           >>>               /opt/rustwide/target/debug/build/singe-cutensor/7ffc3130624f5a7c/out/contraction.contraction.90c9995b11fab3b9-cgu.0.rcgu.o:(<singe_cuda::memory::DeviceMemory<f32>>::copy)
[INFO] [stdout]           
[INFO] [stdout]           rust-lld: error: undefined symbol: cudaFree
[INFO] [stdout]           >>> referenced by memory.rs:728 (/opt/rustwide/cargo-home/registry/src/index.crates.io-1949cf8c6b5b557f/singe-cuda-0.1.0-alpha.9/src/memory.rs:728)
[INFO] [stdout]           >>>               /opt/rustwide/target/debug/build/singe-cutensor/7ffc3130624f5a7c/out/contraction.contraction.90c9995b11fab3b9-cgu.0.rcgu.o:(<singe_cuda::memory::DeviceMemory<f32>>::free)
[INFO] [stdout]           >>> referenced by memory.rs:728 (/opt/rustwide/cargo-home/registry/src/index.crates.io-1949cf8c6b5b557f/singe-cuda-0.1.0-alpha.9/src/memory.rs:728)
[INFO] [stdout]           >>>               singe_cutensor-62b0f25c4d94fd84.singe_cutensor.6308712836e82262-cgu.5.rcgu.o:(<singe_cuda::memory::DeviceMemory<u8>>::free) in archive /opt/rustwide/target/debug/build/singe-cutensor/62b0f25c4d94fd84/out/libsinge_cutensor-62b0f25c4d94fd84.rlib
[INFO] [stdout]           
[INFO] [stdout]           rust-lld: error: undefined symbol: cudaMalloc
[INFO] [stdout]           >>> referenced by memory.rs:680 (/opt/rustwide/cargo-home/registry/src/index.crates.io-1949cf8c6b5b557f/singe-cuda-0.1.0-alpha.9/src/memory.rs:680)
[INFO] [stdout]           >>>               /opt/rustwide/target/debug/build/singe-cutensor/7ffc3130624f5a7c/out/contraction.contraction.90c9995b11fab3b9-cgu.0.rcgu.o:(<singe_cuda::memory::DeviceMemory<f32>>::alloc)
[INFO] [stdout]           >>> referenced by memory.rs:680 (/opt/rustwide/cargo-home/registry/src/index.crates.io-1949cf8c6b5b557f/singe-cuda-0.1.0-alpha.9/src/memory.rs:680)
[INFO] [stdout]           >>>               singe_cutensor-62b0f25c4d94fd84.singe_cutensor.6308712836e82262-cgu.5.rcgu.o:(<singe_cuda::memory::DeviceMemory<u8>>::alloc) in archive /opt/rustwide/target/debug/build/singe-cutensor/62b0f25c4d94fd84/out/libsinge_cutensor-62b0f25c4d94fd84.rlib
[INFO] [stdout]           
[INFO] [stdout]           rust-lld: error: undefined symbol: CUTENSOR_COMPUTE_DESC_32F
[INFO] [stdout]           >>> referenced by operation.rs:44 (src/operation.rs:44)
[INFO] [stdout]           >>>               singe_cutensor-62b0f25c4d94fd84.singe_cutensor.6308712836e82262-cgu.2.rcgu.o:(<singe_cutensor::operation::ComputeDescriptor>::f32) in archive /opt/rustwide/target/debug/build/singe-cutensor/62b0f25c4d94fd84/out/libsinge_cutensor-62b0f25c4d94fd84.rlib
[INFO] [stdout]           >>> referenced by operation.rs:44 (src/operation.rs:44)
[INFO] [stdout]           >>>               singe_cutensor-62b0f25c4d94fd84.singe_cutensor.6308712836e82262-cgu.2.rcgu.o:(<singe_cutensor::operation::ComputeDescriptor>::f32) in archive /opt/rustwide/target/debug/build/singe-cutensor/62b0f25c4d94fd84/out/libsinge_cutensor-62b0f25c4d94fd84.rlib
[INFO] [stdout]           
[INFO] [stdout]           rust-lld: error: undefined symbol: cutensorCreateContraction
[INFO] [stdout]           >>> referenced by operation.rs:658 (src/operation.rs:658)
[INFO] [stdout]           >>>               singe_cutensor-62b0f25c4d94fd84.singe_cutensor.6308712836e82262-cgu.2.rcgu.o:(<singe_cutensor::operation::OperationDescriptor>::contraction) in archive /opt/rustwide/target/debug/build/singe-cutensor/62b0f25c4d94fd84/out/libsinge_cutensor-62b0f25c4d94fd84.rlib
[INFO] [stdout]           
[INFO] [stdout]           rust-lld: error: undefined symbol: cutensorOperationDescriptorGetAttribute
[INFO] [stdout]           >>> referenced by operation.rs:1122 (src/operation.rs:1122)
[INFO] [stdout]           >>>               singe_cutensor-62b0f25c4d94fd84.singe_cutensor.6308712836e82262-cgu.2.rcgu.o:(<singe_cutensor::operation::OperationDescriptor>::from_raw) in archive /opt/rustwide/target/debug/build/singe-cutensor/62b0f25c4d94fd84/out/libsinge_cutensor-62b0f25c4d94fd84.rlib
[INFO] [stdout]           
[INFO] [stdout]           rust-lld: error: undefined symbol: cutensorDestroyOperationDescriptor
[INFO] [stdout]           >>> referenced by operation.rs:1206 (src/operation.rs:1206)
[INFO] [stdout]           >>>               singe_cutensor-62b0f25c4d94fd84.singe_cutensor.6308712836e82262-cgu.2.rcgu.o:(<singe_cutensor::operation::OperationDescriptor as core::ops::drop::Drop>::drop) in archive /opt/rustwide/target/debug/build/singe-cutensor/62b0f25c4d94fd84/out/libsinge_cutensor-62b0f25c4d94fd84.rlib
[INFO] [stdout]           
[INFO] [stdout]           rust-lld: error: undefined symbol: cutensorCreatePlanPreference
[INFO] [stdout]           >>> referenced by plan.rs:42 (src/plan.rs:42)
[INFO] [stdout]           >>>               singe_cutensor-62b0f25c4d94fd84.singe_cutensor.6308712836e82262-cgu.3.rcgu.o:(<singe_cutensor::plan::PlanPreference>::create) in archive /opt/rustwide/target/debug/build/singe-cutensor/62b0f25c4d94fd84/out/libsinge_cutensor-62b0f25c4d94fd84.rlib
[INFO] [stdout]           
[INFO] [stdout]           rust-lld: error: undefined symbol: cutensorEstimateWorkspaceSize
[INFO] [stdout]           >>> referenced by plan.rs:239 (src/plan.rs:239)
[INFO] [stdout]           >>>               singe_cutensor-62b0f25c4d94fd84.singe_cutensor.6308712836e82262-cgu.3.rcgu.o:(<singe_cutensor::plan::Plan>::estimate_workspace_size) in archive /opt/rustwide/target/debug/build/singe-cutensor/62b0f25c4d94fd84/out/libsinge_cutensor-62b0f25c4d94fd84.rlib
[INFO] [stdout]           
[INFO] [stdout]           rust-lld: error: undefined symbol: cutensorCreatePlan
[INFO] [stdout]           >>> referenced by plan.rs:260 (src/plan.rs:260)
[INFO] [stdout]           >>>               singe_cutensor-62b0f25c4d94fd84.singe_cutensor.6308712836e82262-cgu.3.rcgu.o:(<singe_cutensor::plan::Plan>::create) in archive /opt/rustwide/target/debug/build/singe-cutensor/62b0f25c4d94fd84/out/libsinge_cutensor-62b0f25c4d94fd84.rlib
[INFO] [stdout]           
[INFO] [stdout]           rust-lld: error: undefined symbol: cutensorPlanGetAttribute
[INFO] [stdout]           >>> referenced by plan.rs:275 (src/plan.rs:275)
[INFO] [stdout]           >>>               singe_cutensor-62b0f25c4d94fd84.singe_cutensor.6308712836e82262-cgu.3.rcgu.o:(<singe_cutensor::plan::Plan>::create) in archive /opt/rustwide/target/debug/build/singe-cutensor/62b0f25c4d94fd84/out/libsinge_cutensor-62b0f25c4d94fd84.rlib
[INFO] [stdout]           
[INFO] [stdout]           rust-lld: error: undefined symbol: cutensorDestroyPlan
[INFO] [stdout]           >>> referenced by plan.rs:354 (src/plan.rs:354)
[INFO] [stdout]           >>>               singe_cutensor-62b0f25c4d94fd84.singe_cutensor.6308712836e82262-cgu.3.rcgu.o:(<singe_cutensor::plan::Plan as core::ops::drop::Drop>::drop) in archive /opt/rustwide/target/debug/build/singe-cutensor/62b0f25c4d94fd84/out/libsinge_cutensor-62b0f25c4d94fd84.rlib
[INFO] [stdout]           
[INFO] [stdout]           rust-lld: error: undefined symbol: cutensorDestroyPlanPreference
[INFO] [stdout]           >>> referenced by plan.rs:203 (src/plan.rs:203)
[INFO] [stdout]           >>>               singe_cutensor-62b0f25c4d94fd84.singe_cutensor.6308712836e82262-cgu.3.rcgu.o:(<singe_cutensor::plan::PlanPreference as core::ops::drop::Drop>::drop) in archive /opt/rustwide/target/debug/build/singe-cutensor/62b0f25c4d94fd84/out/libsinge_cutensor-62b0f25c4d94fd84.rlib
[INFO] [stdout]           
[INFO] [stdout]           rust-lld: error: undefined symbol: cutensorCreateTensorDescriptor
[INFO] [stdout]           >>> referenced by tensor.rs:82 (src/tensor.rs:82)
[INFO] [stdout]           >>>               singe_cutensor-62b0f25c4d94fd84.singe_cutensor.6308712836e82262-cgu.4.rcgu.o:(<singe_cutensor::tensor::TensorDescriptor>::create_with_strides) in archive /opt/rustwide/target/debug/build/singe-cutensor/62b0f25c4d94fd84/out/libsinge_cutensor-62b0f25c4d94fd84.rlib
[INFO] [stdout]           
[INFO] [stdout]           rust-lld: error: undefined symbol: cutensorDestroyTensorDescriptor
[INFO] [stdout]           >>> referenced by tensor.rs:190 (src/tensor.rs:190)
[INFO] [stdout]           >>>               singe_cutensor-62b0f25c4d94fd84.singe_cutensor.6308712836e82262-cgu.4.rcgu.o:(<singe_cutensor::tensor::TensorDescriptor as core::ops::drop::Drop>::drop) in archive /opt/rustwide/target/debug/build/singe-cutensor/62b0f25c4d94fd84/out/libsinge_cutensor-62b0f25c4d94fd84.rlib
[INFO] [stdout]           
[INFO] [stdout]           rust-lld: error: undefined symbol: cutensorGetErrorString
[INFO] [stdout]           >>> referenced by error.rs:203 (src/error.rs:203)
[INFO] [stdout]           >>>               singe_cutensor-62b0f25c4d94fd84.singe_cutensor.6308712836e82262-cgu.5.rcgu.o:(singe_cutensor::error::cutensor_error_string) in archive /opt/rustwide/target/debug/build/singe-cutensor/62b0f25c4d94fd84/out/libsinge_cutensor-62b0f25c4d94fd84.rlib
[INFO] [stdout]           
[INFO] [stdout]           rust-lld: error: undefined symbol: cutensorCreate
[INFO] [stdout]           >>> referenced by context.rs:62 (src/context.rs:62)
[INFO] [stdout]           >>>               singe_cutensor-62b0f25c4d94fd84.singe_cutensor.6308712836e82262-cgu.6.rcgu.o:(<singe_cutensor::context::Context>::create) in archive /opt/rustwide/target/debug/build/singe-cutensor/62b0f25c4d94fd84/out/libsinge_cutensor-62b0f25c4d94fd84.rlib
[INFO] [stdout]           
[INFO] [stdout]           rust-lld: error: undefined symbol: cutensorDestroy
[INFO] [stdout]           >>> referenced by context.rs:407 (src/context.rs:407)
[INFO] [stdout]           >>>               singe_cutensor-62b0f25c4d94fd84.singe_cutensor.6308712836e82262-cgu.6.rcgu.o:(<singe_cutensor::context::Handle as core::ops::drop::Drop>::drop) in archive /opt/rustwide/target/debug/build/singe-cutensor/62b0f25c4d94fd84/out/libsinge_cutensor-62b0f25c4d94fd84.rlib
[INFO] [stdout]           
[INFO] [stdout]           rust-lld: error: undefined symbol: cuInit
[INFO] [stdout]           >>> referenced by context.rs:101 (src/context.rs:101)
[INFO] [stdout]           >>>               singe_cuda-8e1f1a7d46aeed08.singe_cuda.fe0b5a6038dc18b8-cgu.03.rcgu.o:(<singe_cuda::context::Context>::create_for_device_with_flags) in archive /opt/rustwide/target/debug/build/singe-cuda/8e1f1a7d46aeed08/out/libsinge_cuda-8e1f1a7d46aeed08.rlib
[INFO] [stdout]           
[INFO] [stdout]           rust-lld: error: too many errors emitted, stopping now (use --error-limit=0 to see all errors)
[INFO] [stdout]           collect2: error: ld returned 1 exit status
[INFO] [stdout]           
[INFO] [stdout] 
[INFO] [stdout] 
[INFO] [stderr] error: could not compile `singe-cutensor` (example "contraction") due to 1 previous error
[INFO] [stdout] error: linking with `cc` failed: exit status: 1
[INFO] [stdout]   |
[INFO] [stdout]   = note:  "cc" "-m64" "/opt/rustwide/target/debug/build/singe-cutensor/abfffcc7b452569b/out/rustcqP1snH/symbols.o" "<2 object files omitted>" "-Wl,--as-needed" "-Wl,-Bstatic" "/opt/rustwide/target/debug/build/singe-cutensor/62b0f25c4d94fd84/out/libsinge_cutensor-62b0f25c4d94fd84.rlib" "/opt/rustwide/target/debug/build/singe-cutensor-sys/224b7ff6c78d1779/out/libsinge_cutensor_sys-224b7ff6c78d1779.rlib" "/opt/rustwide/target/debug/build/singe-nccl/2044ba8b3e705fbb/out/libsinge_nccl-2044ba8b3e705fbb.rlib" "/opt/rustwide/target/debug/build/singe-nccl-sys/c01da011823e37e3/out/libsinge_nccl_sys-c01da011823e37e3.rlib" "/opt/rustwide/target/debug/build/singe-cuda/8e1f1a7d46aeed08/out/libsinge_cuda-8e1f1a7d46aeed08.rlib" "/opt/rustwide/target/debug/build/bitflags/c11c4f5488569199/out/libbitflags-c11c4f5488569199.rlib" "/opt/rustwide/target/debug/build/half/5fcd82a8c29d4ae8/out/libhalf-5fcd82a8c29d4ae8.rlib" "/opt/rustwide/target/debug/build/cfg-if/83060ec5685761ae/out/libcfg_if-83060ec5685761ae.rlib" "/opt/rustwide/target/debug/build/zerocopy/eb35aedb38cbd4b6/out/libzerocopy-eb35aedb38cbd4b6.rlib" "/opt/rustwide/target/debug/build/num-complex/7fde6cee17bf2151/out/libnum_complex-7fde6cee17bf2151.rlib" "/opt/rustwide/target/debug/build/num-traits/c2765a255388353b/out/libnum_traits-c2765a255388353b.rlib" "/opt/rustwide/target/debug/build/thiserror/a77deb6f2da9bbd9/out/libthiserror-a77deb6f2da9bbd9.rlib" "/opt/rustwide/target/debug/build/singe-core/561bf59c6e23a8db/out/libsinge_core-561bf59c6e23a8db.rlib" "/opt/rustwide/target/debug/build/serde/e9c634bbe919bade/out/libserde-e9c634bbe919bade.rlib" "/opt/rustwide/target/debug/build/serde_core/2c928ee17a7447a4/out/libserde_core-2c928ee17a7447a4.rlib" "/opt/rustwide/target/debug/build/singe-cuda-sys/29f8da4450db4535/out/libsinge_cuda_sys-29f8da4450db4535.rlib" "/opt/rustwide/target/debug/build/num_enum/64a98df1e659a46b/out/libnum_enum-64a98df1e659a46b.rlib" "<sysroot>/lib/rustlib/x86_64-unknown-linux-gnu/lib/{libstd-*,libpanic_unwind-*,libobject-*,libmemchr-*,libaddr2line-*,libgimli-*,libcfg_if-*,librustc_demangle-*,libstd_detect-*,libhashbrown-*,librustc_std_workspace_alloc-*,libminiz_oxide-*,libadler2-*,libunwind-*,liblibc-*,librustc_std_workspace_core-*,liballoc-*,libcore-*,libcompiler_builtins-*}.rlib" "-Wl,-Bdynamic" "-lgcc_s" "-lutil" "-lrt" "-lpthread" "-lm" "-ldl" "-lc" "-L" "/opt/rustwide/target/debug/build/singe-cutensor/abfffcc7b452569b/out/rustcqP1snH/raw-dylibs" "-B<sysroot>/lib/rustlib/x86_64-unknown-linux-gnu/bin/gcc-ld" "-fuse-ld=lld" "-Wl,--eh-frame-hdr" "-Wl,-z,noexecstack" "-L" "<sysroot>/lib/rustlib/x86_64-unknown-linux-gnu/lib" "-o" "/opt/rustwide/target/debug/build/singe-cutensor/abfffcc7b452569b/out/elementwise_trinary" "-Wl,--gc-sections" "-pie" "-Wl,-z,relro,-z,now" "-nodefaultlibs"
[INFO] [stdout]   = note: some arguments are omitted. use `--verbose` to show all linker arguments
[INFO] [stdout]   = note: rust-lld: error: undefined symbol: cutensorElementwiseTrinaryExecute
[INFO] [stdout]           >>> referenced by execution.rs:52 (src/execution.rs:52)
[INFO] [stdout]           >>>               /opt/rustwide/target/debug/build/singe-cutensor/abfffcc7b452569b/out/elementwise_trinary.elementwise_trinary.77bdd3d80a7b53d5-cgu.0.rcgu.o:(<singe_cutensor::plan::Plan>::elementwise_trinary::<f32, f32, f32, f32, f32>)
[INFO] [stdout]           
[INFO] [stdout]           rust-lld: error: undefined symbol: cudaMemcpy
[INFO] [stdout]           >>> referenced by memory.rs:765 (/opt/rustwide/cargo-home/registry/src/index.crates.io-1949cf8c6b5b557f/singe-cuda-0.1.0-alpha.9/src/memory.rs:765)
[INFO] [stdout]           >>>               /opt/rustwide/target/debug/build/singe-cutensor/abfffcc7b452569b/out/elementwise_trinary.elementwise_trinary.77bdd3d80a7b53d5-cgu.0.rcgu.o:(<singe_cuda::memory::DeviceMemory<f32>>::copy)
[INFO] [stdout]           
[INFO] [stdout]           rust-lld: error: undefined symbol: cudaFree
[INFO] [stdout]           >>> referenced by memory.rs:728 (/opt/rustwide/cargo-home/registry/src/index.crates.io-1949cf8c6b5b557f/singe-cuda-0.1.0-alpha.9/src/memory.rs:728)
[INFO] [stdout]           >>>               /opt/rustwide/target/debug/build/singe-cutensor/abfffcc7b452569b/out/elementwise_trinary.elementwise_trinary.77bdd3d80a7b53d5-cgu.0.rcgu.o:(<singe_cuda::memory::DeviceMemory<f32>>::free)
[INFO] [stdout]           
[INFO] [stdout]           rust-lld: error: undefined symbol: cudaMalloc
[INFO] [stdout]           >>> referenced by memory.rs:680 (/opt/rustwide/cargo-home/registry/src/index.crates.io-1949cf8c6b5b557f/singe-cuda-0.1.0-alpha.9/src/memory.rs:680)
[INFO] [stdout]           >>>               /opt/rustwide/target/debug/build/singe-cutensor/abfffcc7b452569b/out/elementwise_trinary.elementwise_trinary.77bdd3d80a7b53d5-cgu.0.rcgu.o:(<singe_cuda::memory::DeviceMemory<f32>>::alloc)
[INFO] [stdout]           
[INFO] [stdout]           rust-lld: error: undefined symbol: CUTENSOR_COMPUTE_DESC_32F
[INFO] [stdout]           >>> referenced by operation.rs:44 (src/operation.rs:44)
[INFO] [stdout]           >>>               singe_cutensor-62b0f25c4d94fd84.singe_cutensor.6308712836e82262-cgu.2.rcgu.o:(<singe_cutensor::operation::ComputeDescriptor>::f32) in archive /opt/rustwide/target/debug/build/singe-cutensor/62b0f25c4d94fd84/out/libsinge_cutensor-62b0f25c4d94fd84.rlib
[INFO] [stdout]           >>> referenced by operation.rs:44 (src/operation.rs:44)
[INFO] [stdout]           >>>               singe_cutensor-62b0f25c4d94fd84.singe_cutensor.6308712836e82262-cgu.2.rcgu.o:(<singe_cutensor::operation::ComputeDescriptor>::f32) in archive /opt/rustwide/target/debug/build/singe-cutensor/62b0f25c4d94fd84/out/libsinge_cutensor-62b0f25c4d94fd84.rlib
[INFO] [stdout]           
[INFO] [stdout]           rust-lld: error: undefined symbol: cutensorCreatePlanPreference
[INFO] [stdout]           >>> referenced by plan.rs:42 (src/plan.rs:42)
[INFO] [stdout]           >>>               singe_cutensor-62b0f25c4d94fd84.singe_cutensor.6308712836e82262-cgu.3.rcgu.o:(<singe_cutensor::plan::PlanPreference>::create) in archive /opt/rustwide/target/debug/build/singe-cutensor/62b0f25c4d94fd84/out/libsinge_cutensor-62b0f25c4d94fd84.rlib
[INFO] [stdout]           
[INFO] [stdout]           rust-lld: error: undefined symbol: cutensorCreateElementwiseTrinary
[INFO] [stdout]           >>> referenced by operation.rs:373 (src/operation.rs:373)
[INFO] [stdout]           >>>               singe_cutensor-62b0f25c4d94fd84.singe_cutensor.6308712836e82262-cgu.2.rcgu.o:(<singe_cutensor::operation::OperationDescriptor>::elementwise_trinary) in archive /opt/rustwide/target/debug/build/singe-cutensor/62b0f25c4d94fd84/out/libsinge_cutensor-62b0f25c4d94fd84.rlib
[INFO] [stdout]           
[INFO] [stdout]           rust-lld: error: undefined symbol: cutensorOperationDescriptorGetAttribute
[INFO] [stdout]           >>> referenced by operation.rs:1122 (src/operation.rs:1122)
[INFO] [stdout]           >>>               singe_cutensor-62b0f25c4d94fd84.singe_cutensor.6308712836e82262-cgu.2.rcgu.o:(<singe_cutensor::operation::OperationDescriptor>::from_raw) in archive /opt/rustwide/target/debug/build/singe-cutensor/62b0f25c4d94fd84/out/libsinge_cutensor-62b0f25c4d94fd84.rlib
[INFO] [stdout]           
[INFO] [stdout]           rust-lld: error: undefined symbol: cutensorDestroyOperationDescriptor
[INFO] [stdout]           >>> referenced by operation.rs:1206 (src/operation.rs:1206)
[INFO] [stdout]           >>>               singe_cutensor-62b0f25c4d94fd84.singe_cutensor.6308712836e82262-cgu.2.rcgu.o:(<singe_cutensor::operation::OperationDescriptor as core::ops::drop::Drop>::drop) in archive /opt/rustwide/target/debug/build/singe-cutensor/62b0f25c4d94fd84/out/libsinge_cutensor-62b0f25c4d94fd84.rlib
[INFO] [stdout]           
[INFO] [stdout]           rust-lld: error: undefined symbol: cutensorEstimateWorkspaceSize
[INFO] [stdout]           >>> referenced by plan.rs:239 (src/plan.rs:239)
[INFO] [stdout]           >>>               singe_cutensor-62b0f25c4d94fd84.singe_cutensor.6308712836e82262-cgu.3.rcgu.o:(<singe_cutensor::plan::Plan>::estimate_workspace_size) in archive /opt/rustwide/target/debug/build/singe-cutensor/62b0f25c4d94fd84/out/libsinge_cutensor-62b0f25c4d94fd84.rlib
[INFO] [stdout]           
[INFO] [stdout]           rust-lld: error: undefined symbol: cutensorCreatePlan
[INFO] [stdout]           >>> referenced by plan.rs:260 (src/plan.rs:260)
[INFO] [stdout]           >>>               singe_cutensor-62b0f25c4d94fd84.singe_cutensor.6308712836e82262-cgu.3.rcgu.o:(<singe_cutensor::plan::Plan>::create) in archive /opt/rustwide/target/debug/build/singe-cutensor/62b0f25c4d94fd84/out/libsinge_cutensor-62b0f25c4d94fd84.rlib
[INFO] [stdout]           
[INFO] [stdout]           rust-lld: error: undefined symbol: cutensorPlanGetAttribute
[INFO] [stdout]           >>> referenced by plan.rs:275 (src/plan.rs:275)
[INFO] [stdout]           >>>               singe_cutensor-62b0f25c4d94fd84.singe_cutensor.6308712836e82262-cgu.3.rcgu.o:(<singe_cutensor::plan::Plan>::create) in archive /opt/rustwide/target/debug/build/singe-cutensor/62b0f25c4d94fd84/out/libsinge_cutensor-62b0f25c4d94fd84.rlib
[INFO] [stdout]           
[INFO] [stdout]           rust-lld: error: undefined symbol: cutensorDestroyPlan
[INFO] [stdout]           >>> referenced by plan.rs:354 (src/plan.rs:354)
[INFO] [stdout]           >>>               singe_cutensor-62b0f25c4d94fd84.singe_cutensor.6308712836e82262-cgu.3.rcgu.o:(<singe_cutensor::plan::Plan as core::ops::drop::Drop>::drop) in archive /opt/rustwide/target/debug/build/singe-cutensor/62b0f25c4d94fd84/out/libsinge_cutensor-62b0f25c4d94fd84.rlib
[INFO] [stdout]           
[INFO] [stdout]           rust-lld: error: undefined symbol: cutensorDestroyPlanPreference
[INFO] [stdout]           >>> referenced by plan.rs:203 (src/plan.rs:203)
[INFO] [stdout]           >>>               singe_cutensor-62b0f25c4d94fd84.singe_cutensor.6308712836e82262-cgu.3.rcgu.o:(<singe_cutensor::plan::PlanPreference as core::ops::drop::Drop>::drop) in archive /opt/rustwide/target/debug/build/singe-cutensor/62b0f25c4d94fd84/out/libsinge_cutensor-62b0f25c4d94fd84.rlib
[INFO] [stdout]           
[INFO] [stdout]           rust-lld: error: undefined symbol: cutensorGetErrorString
[INFO] [stdout]           >>> referenced by error.rs:203 (src/error.rs:203)
[INFO] [stdout]           >>>               singe_cutensor-62b0f25c4d94fd84.singe_cutensor.6308712836e82262-cgu.5.rcgu.o:(singe_cutensor::error::cutensor_error_string) in archive /opt/rustwide/target/debug/build/singe-cutensor/62b0f25c4d94fd84/out/libsinge_cutensor-62b0f25c4d94fd84.rlib
[INFO] [stdout]           
[INFO] [stdout]           rust-lld: error: undefined symbol: cutensorCreateTensorDescriptor
[INFO] [stdout]           >>> referenced by tensor.rs:82 (src/tensor.rs:82)
[INFO] [stdout]           >>>               singe_cutensor-62b0f25c4d94fd84.singe_cutensor.6308712836e82262-cgu.4.rcgu.o:(<singe_cutensor::tensor::TensorDescriptor>::create_with_strides) in archive /opt/rustwide/target/debug/build/singe-cutensor/62b0f25c4d94fd84/out/libsinge_cutensor-62b0f25c4d94fd84.rlib
[INFO] [stdout]           
[INFO] [stdout]           rust-lld: error: undefined symbol: cutensorDestroyTensorDescriptor
[INFO] [stdout]           >>> referenced by tensor.rs:190 (src/tensor.rs:190)
[INFO] [stdout]           >>>               singe_cutensor-62b0f25c4d94fd84.singe_cutensor.6308712836e82262-cgu.4.rcgu.o:(<singe_cutensor::tensor::TensorDescriptor as core::ops::drop::Drop>::drop) in archive /opt/rustwide/target/debug/build/singe-cutensor/62b0f25c4d94fd84/out/libsinge_cutensor-62b0f25c4d94fd84.rlib
[INFO] [stdout]           
[INFO] [stdout]           rust-lld: error: undefined symbol: cutensorCreate
[INFO] [stdout]           >>> referenced by context.rs:62 (src/context.rs:62)
[INFO] [stdout]           >>>               singe_cutensor-62b0f25c4d94fd84.singe_cutensor.6308712836e82262-cgu.6.rcgu.o:(<singe_cutensor::context::Context>::create) in archive /opt/rustwide/target/debug/build/singe-cutensor/62b0f25c4d94fd84/out/libsinge_cutensor-62b0f25c4d94fd84.rlib
[INFO] [stdout]           
[INFO] [stdout]           rust-lld: error: undefined symbol: cutensorDestroy
[INFO] [stdout]           >>> referenced by context.rs:407 (src/context.rs:407)
[INFO] [stdout]           >>>               singe_cutensor-62b0f25c4d94fd84.singe_cutensor.6308712836e82262-cgu.6.rcgu.o:(<singe_cutensor::context::Handle as core::ops::drop::Drop>::drop) in archive /opt/rustwide/target/debug/build/singe-cutensor/62b0f25c4d94fd84/out/libsinge_cutensor-62b0f25c4d94fd84.rlib
[INFO] [stdout]           
[INFO] [stdout]           rust-lld: error: undefined symbol: cudaStreamSynchronize
[INFO] [stdout]           >>> referenced by stream.rs:926 (src/stream.rs:926)
[INFO] [stdout]           >>>               singe_cuda-8e1f1a7d46aeed08.singe_cuda.fe0b5a6038dc18b8-cgu.04.rcgu.o:(<singe_cuda::stream::Stream>::destroy_handle::{closure#0}) in archive /opt/rustwide/target/debug/build/singe-cuda/8e1f1a7d46aeed08/out/libsinge_cuda-8e1f1a7d46aeed08.rlib
[INFO] [stdout]           >>> referenced by stream.rs:232 (src/stream.rs:232)
[INFO] [stdout]           >>>               singe_cuda-8e1f1a7d46aeed08.singe_cuda.fe0b5a6038dc18b8-cgu.04.rcgu.o:(<singe_cuda::stream::Stream>::synchronize) in archive /opt/rustwide/target/debug/build/singe-cuda/8e1f1a7d46aeed08/out/libsinge_cuda-8e1f1a7d46aeed08.rlib
[INFO] [stdout]           
[INFO] [stdout]           rust-lld: error: too many errors emitted, stopping now (use --error-limit=0 to see all errors)
[INFO] [stdout]           collect2: error: ld returned 1 exit status
[INFO] [stdout]           
[INFO] [stdout] 
[INFO] [stdout] 
[INFO] [stdout] error: linking with `cc` failed: exit status: 1
[INFO] [stdout]   |
[INFO] [stdout]   = note:  "cc" "-m64" "/opt/rustwide/target/debug/build/singe-cutensor/3c3e33324d6fcdc4/out/rustc5scSsb/symbols.o" "<4 object files omitted>" "-Wl,--as-needed" "-Wl,-Bstatic" "/opt/rustwide/target/debug/build/singe-cutensor/62b0f25c4d94fd84/out/libsinge_cutensor-62b0f25c4d94fd84.rlib" "/opt/rustwide/target/debug/build/singe-cutensor-sys/224b7ff6c78d1779/out/libsinge_cutensor_sys-224b7ff6c78d1779.rlib" "/opt/rustwide/target/debug/build/singe-nccl/2044ba8b3e705fbb/out/libsinge_nccl-2044ba8b3e705fbb.rlib" "/opt/rustwide/target/debug/build/singe-nccl-sys/c01da011823e37e3/out/libsinge_nccl_sys-c01da011823e37e3.rlib" "/opt/rustwide/target/debug/build/singe-cuda/8e1f1a7d46aeed08/out/libsinge_cuda-8e1f1a7d46aeed08.rlib" "/opt/rustwide/target/debug/build/bitflags/c11c4f5488569199/out/libbitflags-c11c4f5488569199.rlib" "/opt/rustwide/target/debug/build/half/5fcd82a8c29d4ae8/out/libhalf-5fcd82a8c29d4ae8.rlib" "/opt/rustwide/target/debug/build/cfg-if/83060ec5685761ae/out/libcfg_if-83060ec5685761ae.rlib" "/opt/rustwide/target/debug/build/zerocopy/eb35aedb38cbd4b6/out/libzerocopy-eb35aedb38cbd4b6.rlib" "/opt/rustwide/target/debug/build/num-complex/7fde6cee17bf2151/out/libnum_complex-7fde6cee17bf2151.rlib" "/opt/rustwide/target/debug/build/num-traits/c2765a255388353b/out/libnum_traits-c2765a255388353b.rlib" "/opt/rustwide/target/debug/build/thiserror/a77deb6f2da9bbd9/out/libthiserror-a77deb6f2da9bbd9.rlib" "/opt/rustwide/target/debug/build/singe-core/561bf59c6e23a8db/out/libsinge_core-561bf59c6e23a8db.rlib" "/opt/rustwide/target/debug/build/serde/e9c634bbe919bade/out/libserde-e9c634bbe919bade.rlib" "/opt/rustwide/target/debug/build/serde_core/2c928ee17a7447a4/out/libserde_core-2c928ee17a7447a4.rlib" "/opt/rustwide/target/debug/build/singe-cuda-sys/29f8da4450db4535/out/libsinge_cuda_sys-29f8da4450db4535.rlib" "/opt/rustwide/target/debug/build/num_enum/64a98df1e659a46b/out/libnum_enum-64a98df1e659a46b.rlib" "<sysroot>/lib/rustlib/x86_64-unknown-linux-gnu/lib/{libstd-*,libpanic_unwind-*,libobject-*,libmemchr-*,libaddr2line-*,libgimli-*,libcfg_if-*,librustc_demangle-*,libstd_detect-*,libhashbrown-*,librustc_std_workspace_alloc-*,libminiz_oxide-*,libadler2-*,libunwind-*,liblibc-*,librustc_std_workspace_core-*,liballoc-*,libcore-*,libcompiler_builtins-*}.rlib" "-Wl,-Bdynamic" "-lgcc_s" "-lutil" "-lrt" "-lpthread" "-lm" "-ldl" "-lc" "-L" "/opt/rustwide/target/debug/build/singe-cutensor/3c3e33324d6fcdc4/out/rustc5scSsb/raw-dylibs" "-B<sysroot>/lib/rustlib/x86_64-unknown-linux-gnu/bin/gcc-ld" "-fuse-ld=lld" "-Wl,--eh-frame-hdr" "-Wl,-z,noexecstack" "-L" "<sysroot>/lib/rustlib/x86_64-unknown-linux-gnu/lib" "-o" "/opt/rustwide/target/debug/build/singe-cutensor/3c3e33324d6fcdc4/out/mg_contraction_multi_gpu" "-Wl,--gc-sections" "-pie" "-Wl,-z,relro,-z,now" "-nodefaultlibs"
[INFO] [stdout]   = note: some arguments are omitted. use `--verbose` to show all linker arguments
[INFO] [stdout]   = note: rust-lld: error: undefined symbol: cudaFree
[INFO] [stdout]           >>> referenced by memory.rs:728 (/opt/rustwide/cargo-home/registry/src/index.crates.io-1949cf8c6b5b557f/singe-cuda-0.1.0-alpha.9/src/memory.rs:728)
[INFO] [stdout]           >>>               /opt/rustwide/target/debug/build/singe-cutensor/3c3e33324d6fcdc4/out/mg_contraction_multi_gpu.mg_contraction_multi_gpu.3a69d7c1c9b279c1-cgu.2.rcgu.o:(<singe_cuda::memory::DeviceMemory<f32>>::free)
[INFO] [stdout]           >>> referenced by memory.rs:728 (/opt/rustwide/cargo-home/registry/src/index.crates.io-1949cf8c6b5b557f/singe-cuda-0.1.0-alpha.9/src/memory.rs:728)
[INFO] [stdout]           >>>               singe_cutensor-62b0f25c4d94fd84.singe_cutensor.6308712836e82262-cgu.5.rcgu.o:(<singe_cuda::memory::DeviceMemory<u8>>::free) in archive /opt/rustwide/target/debug/build/singe-cutensor/62b0f25c4d94fd84/out/libsinge_cutensor-62b0f25c4d94fd84.rlib
[INFO] [stdout]           
[INFO] [stdout]           rust-lld: error: undefined symbol: cudaMalloc
[INFO] [stdout]           >>> referenced by memory.rs:680 (/opt/rustwide/cargo-home/registry/src/index.crates.io-1949cf8c6b5b557f/singe-cuda-0.1.0-alpha.9/src/memory.rs:680)
[INFO] [stdout]           >>>               /opt/rustwide/target/debug/build/singe-cutensor/3c3e33324d6fcdc4/out/mg_contraction_multi_gpu.mg_contraction_multi_gpu.3a69d7c1c9b279c1-cgu.2.rcgu.o:(<singe_cuda::memory::DeviceMemory<f32>>::alloc)
[INFO] [stdout]           >>> referenced by memory.rs:680 (/opt/rustwide/cargo-home/registry/src/index.crates.io-1949cf8c6b5b557f/singe-cuda-0.1.0-alpha.9/src/memory.rs:680)
[INFO] [stdout]           >>>               singe_cutensor-62b0f25c4d94fd84.singe_cutensor.6308712836e82262-cgu.5.rcgu.o:(<singe_cuda::memory::DeviceMemory<u8>>::alloc) in archive /opt/rustwide/target/debug/build/singe-cutensor/62b0f25c4d94fd84/out/libsinge_cutensor-62b0f25c4d94fd84.rlib
[INFO] [stdout]           
[INFO] [stdout]           rust-lld: error: undefined symbol: cudaMallocHost
[INFO] [stdout]           >>> referenced by memory.rs:805 (/opt/rustwide/cargo-home/registry/src/index.crates.io-1949cf8c6b5b557f/singe-cuda-0.1.0-alpha.9/src/memory.rs:805)
[INFO] [stdout]           >>>               singe_cutensor-62b0f25c4d94fd84.singe_cutensor.6308712836e82262-cgu.5.rcgu.o:(<singe_cuda::memory::DeviceMemory<u8>>::alloc_host) in archive /opt/rustwide/target/debug/build/singe-cutensor/62b0f25c4d94fd84/out/libsinge_cutensor-62b0f25c4d94fd84.rlib
[INFO] [stdout]           
[INFO] [stdout]           rust-lld: error: undefined symbol: cudaFreeHost
[INFO] [stdout]           >>> referenced by memory.rs:826 (/opt/rustwide/cargo-home/registry/src/index.crates.io-1949cf8c6b5b557f/singe-cuda-0.1.0-alpha.9/src/memory.rs:826)
[INFO] [stdout]           >>>               singe_cutensor-62b0f25c4d94fd84.singe_cutensor.6308712836e82262-cgu.5.rcgu.o:(<singe_cuda::memory::DeviceMemory<u8>>::free_host) in archive /opt/rustwide/target/debug/build/singe-cutensor/62b0f25c4d94fd84/out/libsinge_cutensor-62b0f25c4d94fd84.rlib
[INFO] [stdout]           
[INFO] [stdout]           rust-lld: error: undefined symbol: cutensorGetErrorString
[INFO] [stdout]           >>> referenced by error.rs:203 (src/error.rs:203)
[INFO] [stdout]           >>>               singe_cutensor-62b0f25c4d94fd84.singe_cutensor.6308712836e82262-cgu.5.rcgu.o:(singe_cutensor::error::cutensor_error_string) in archive /opt/rustwide/target/debug/build/singe-cutensor/62b0f25c4d94fd84/out/libsinge_cutensor-62b0f25c4d94fd84.rlib
[INFO] [stdout]           
[INFO] [stdout]           rust-lld: error: undefined symbol: cutensorMgCreate
[INFO] [stdout]           >>> referenced by context.rs:43 (src/mg/context.rs:43)
[INFO] [stdout]           >>>               singe_cutensor-62b0f25c4d94fd84.singe_cutensor.6308712836e82262-cgu.6.rcgu.o:(<singe_cutensor::mg::context::Context>::create) in archive /opt/rustwide/target/debug/build/singe-cutensor/62b0f25c4d94fd84/out/libsinge_cutensor-62b0f25c4d94fd84.rlib
[INFO] [stdout]           
[INFO] [stdout]           rust-lld: error: undefined symbol: cutensorMgCreateTensorDescriptor
[INFO] [stdout]           >>> referenced by tensor.rs:139 (src/mg/tensor.rs:139)
[INFO] [stdout]           >>>               singe_cutensor-62b0f25c4d94fd84.singe_cutensor.6308712836e82262-cgu.7.rcgu.o:(<singe_cutensor::mg::tensor::TensorDescriptor>::create) in archive /opt/rustwide/target/debug/build/singe-cutensor/62b0f25c4d94fd84/out/libsinge_cutensor-62b0f25c4d94fd84.rlib
[INFO] [stdout]           
[INFO] [stdout]           rust-lld: error: undefined symbol: cutensorMgDestroyTensorDescriptor
[INFO] [stdout]           >>> referenced by tensor.rs:269 (src/mg/tensor.rs:269)
[INFO] [stdout]           >>>               singe_cutensor-62b0f25c4d94fd84.singe_cutensor.6308712836e82262-cgu.7.rcgu.o:(<singe_cutensor::mg::tensor::TensorDescriptor as core::ops::drop::Drop>::drop) in archive /opt/rustwide/target/debug/build/singe-cutensor/62b0f25c4d94fd84/out/libsinge_cutensor-62b0f25c4d94fd84.rlib
[INFO] [stdout]           
[INFO] [stdout]           rust-lld: error: undefined symbol: cutensorMgDestroy
[INFO] [stdout]           >>> referenced by context.rs:134 (src/mg/context.rs:134)
[INFO] [stdout]           >>>               singe_cutensor-62b0f25c4d94fd84.singe_cutensor.6308712836e82262-cgu.6.rcgu.o:(<singe_cutensor::mg::context::Handle as core::ops::drop::Drop>::drop) in archive /opt/rustwide/target/debug/build/singe-cutensor/62b0f25c4d94fd84/out/libsinge_cutensor-62b0f25c4d94fd84.rlib
[INFO] [stdout]           
[INFO] [stdout]           rust-lld: error: undefined symbol: cutensorMgCreateContractionFind
[INFO] [stdout]           >>> referenced by contraction.rs:67 (src/mg/contraction.rs:67)
[INFO] [stdout]           >>>               singe_cutensor-62b0f25c4d94fd84.singe_cutensor.6308712836e82262-cgu.8.rcgu.o:(<singe_cutensor::mg::contraction::ContractionFind>::create) in archive /opt/rustwide/target/debug/build/singe-cutensor/62b0f25c4d94fd84/out/libsinge_cutensor-62b0f25c4d94fd84.rlib
[INFO] [stdout]           
[INFO] [stdout]           rust-lld: error: undefined symbol: cutensorMgContraction
[INFO] [stdout]           >>> referenced by contraction.rs:500 (src/mg/contraction.rs:500)
[INFO] [stdout]           >>>               singe_cutensor-62b0f25c4d94fd84.singe_cutensor.6308712836e82262-cgu.8.rcgu.o:(<singe_cutensor::mg::contraction::ContractionPlan>::contract_raw) in archive /opt/rustwide/target/debug/build/singe-cutensor/62b0f25c4d94fd84/out/libsinge_cutensor-62b0f25c4d94fd84.rlib
[INFO] [stdout]           
[INFO] [stdout]           rust-lld: error: undefined symbol: cutensorMgCreateContractionPlan
[INFO] [stdout]           >>> referenced by contraction.rs:285 (src/mg/contraction.rs:285)
[INFO] [stdout]           >>>               singe_cutensor-62b0f25c4d94fd84.singe_cutensor.6308712836e82262-cgu.8.rcgu.o:(<singe_cutensor::mg::contraction::ContractionPlan>::create) in archive /opt/rustwide/target/debug/build/singe-cutensor/62b0f25c4d94fd84/out/libsinge_cutensor-62b0f25c4d94fd84.rlib
[INFO] [stdout]           
[INFO] [stdout]           rust-lld: error: undefined symbol: cutensorMgCreateContractionDescriptor
[INFO] [stdout]           >>> referenced by contraction.rs:175 (src/mg/contraction.rs:175)
[INFO] [stdout]           >>>               singe_cutensor-62b0f25c4d94fd84.singe_cutensor.6308712836e82262-cgu.8.rcgu.o:(<singe_cutensor::mg::contraction::ContractionDescriptor>::create) in archive /opt/rustwide/target/debug/build/singe-cutensor/62b0f25c4d94fd84/out/libsinge_cutensor-62b0f25c4d94fd84.rlib
[INFO] [stdout]           
[INFO] [stdout]           rust-lld: error: undefined symbol: cutensorMgContractionGetWorkspace
[INFO] [stdout]           >>> referenced by contraction.rs:243 (src/mg/contraction.rs:243)
[INFO] [stdout]           >>>               singe_cutensor-62b0f25c4d94fd84.singe_cutensor.6308712836e82262-cgu.8.rcgu.o:(<singe_cutensor::mg::contraction::ContractionDescriptor>::workspace) in archive /opt/rustwide/target/debug/build/singe-cutensor/62b0f25c4d94fd84/out/libsinge_cutensor-62b0f25c4d94fd84.rlib
[INFO] [stdout]           
[INFO] [stdout]           rust-lld: error: undefined symbol: cutensorMgDestroyContractionFind
[INFO] [stdout]           >>> referenced by contraction.rs:601 (src/mg/contraction.rs:601)
[INFO] [stdout]           >>>               singe_cutensor-62b0f25c4d94fd84.singe_cutensor.6308712836e82262-cgu.8.rcgu.o:(<singe_cutensor::mg::contraction::ContractionFind as core::ops::drop::Drop>::drop) in archive /opt/rustwide/target/debug/build/singe-cutensor/62b0f25c4d94fd84/out/libsinge_cutensor-62b0f25c4d94fd84.rlib
[INFO] [stdout]           
[INFO] [stdout]           rust-lld: error: undefined symbol: cutensorMgDestroyContractionDescriptor
[INFO] [stdout]           >>> referenced by contraction.rs:612 (src/mg/contraction.rs:612)
[INFO] [stdout]           >>>               singe_cutensor-62b0f25c4d94fd84.singe_cutensor.6308712836e82262-cgu.8.rcgu.o:(<singe_cutensor::mg::contraction::ContractionDescriptor as core::ops::drop::Drop>::drop) in archive /opt/rustwide/target/debug/build/singe-cutensor/62b0f25c4d94fd84/out/libsinge_cutensor-62b0f25c4d94fd84.rlib
[INFO] [stdout]           
[INFO] [stdout]           rust-lld: error: undefined symbol: cutensorMgDestroyContractionPlan
[INFO] [stdout]           >>> referenced by contraction.rs:623 (src/mg/contraction.rs:623)
[INFO] [stdout]           >>>               singe_cutensor-62b0f25c4d94fd84.singe_cutensor.6308712836e82262-cgu.8.rcgu.o:(<singe_cutensor::mg::contraction::ContractionPlan as core::ops::drop::Drop>::drop) in archive /opt/rustwide/target/debug/build/singe-cutensor/62b0f25c4d94fd84/out/libsinge_cutensor-62b0f25c4d94fd84.rlib
[INFO] [stdout]           
[INFO] [stdout]           rust-lld: error: undefined symbol: cuInit
[INFO] [stdout]           >>> referenced by context.rs:125 (src/context.rs:125)
[INFO] [stdout]           >>>               singe_cuda-8e1f1a7d46aeed08.singe_cuda.fe0b5a6038dc18b8-cgu.03.rcgu.o:(<singe_cuda::context::Context>::retain_primary_for_device) in archive /opt/rustwide/target/debug/build/singe-cuda/8e1f1a7d46aeed08/out/libsinge_cuda-8e1f1a7d46aeed08.rlib
[INFO] [stdout]           
[INFO] [stdout]           rust-lld: error: undefined symbol: cuDevicePrimaryCtxRetain
[INFO] [stdout]           >>> referenced by context.rs:128 (src/context.rs:128)
[INFO] [stdout]           >>>               singe_cuda-8e1f1a7d46aeed08.singe_cuda.fe0b5a6038dc18b8-cgu.03.rcgu.o:(<singe_cuda::context::Context>::retain_primary_for_device) in archive /opt/rustwide/target/debug/build/singe-cuda/8e1f1a7d46aeed08/out/libsinge_cuda-8e1f1a7d46aeed08.rlib
[INFO] [stdout]           
[INFO] [stdout]           rust-lld: error: undefined symbol: cudaStreamSynchronize
[INFO] [stdout]           >>> referenced by stream.rs:926 (src/stream.rs:926)
[INFO] [stdout]           >>>               singe_cuda-8e1f1a7d46aeed08.singe_cuda.fe0b5a6038dc18b8-cgu.04.rcgu.o:(<singe_cuda::stream::Stream>::destroy_handle::{closure#0}) in archive /opt/rustwide/target/debug/build/singe-cuda/8e1f1a7d46aeed08/out/libsinge_cuda-8e1f1a7d46aeed08.rlib
[INFO] [stdout]           >>> referenced by stream.rs:232 (src/stream.rs:232)
[INFO] [stdout]           >>>               singe_cuda-8e1f1a7d46aeed08.singe_cuda.fe0b5a6038dc18b8-cgu.04.rcgu.o:(<singe_cuda::stream::Stream>::synchronize) in archive /opt/rustwide/target/debug/build/singe-cuda/8e1f1a7d46aeed08/out/libsinge_cuda-8e1f1a7d46aeed08.rlib
[INFO] [stdout]           
[INFO] [stdout]           rust-lld: error: too many errors emitted, stopping now (use --error-limit=0 to see all errors)
[INFO] [stdout]           collect2: error: ld returned 1 exit status
[INFO] [stdout]           
[INFO] [stdout] 
[INFO] [stdout] 
[INFO] [stdout] error: linking with `cc` failed: exit status: 1
[INFO] [stdout]   |
[INFO] [stdout]   = note:  "cc" "-m64" "/opt/rustwide/target/debug/build/singe-cutensor/3039d9fab470a6c2/out/rustcRGfDNZ/symbols.o" "<2 object files omitted>" "-Wl,--as-needed" "-Wl,-Bstatic" "/opt/rustwide/target/debug/build/singe-cutensor/62b0f25c4d94fd84/out/libsinge_cutensor-62b0f25c4d94fd84.rlib" "/opt/rustwide/target/debug/build/singe-cutensor-sys/224b7ff6c78d1779/out/libsinge_cutensor_sys-224b7ff6c78d1779.rlib" "/opt/rustwide/target/debug/build/singe-nccl/2044ba8b3e705fbb/out/libsinge_nccl-2044ba8b3e705fbb.rlib" "/opt/rustwide/target/debug/build/singe-nccl-sys/c01da011823e37e3/out/libsinge_nccl_sys-c01da011823e37e3.rlib" "/opt/rustwide/target/debug/build/singe-cuda/8e1f1a7d46aeed08/out/libsinge_cuda-8e1f1a7d46aeed08.rlib" "/opt/rustwide/target/debug/build/bitflags/c11c4f5488569199/out/libbitflags-c11c4f5488569199.rlib" "/opt/rustwide/target/debug/build/half/5fcd82a8c29d4ae8/out/libhalf-5fcd82a8c29d4ae8.rlib" "/opt/rustwide/target/debug/build/cfg-if/83060ec5685761ae/out/libcfg_if-83060ec5685761ae.rlib" "/opt/rustwide/target/debug/build/zerocopy/eb35aedb38cbd4b6/out/libzerocopy-eb35aedb38cbd4b6.rlib" "/opt/rustwide/target/debug/build/num-complex/7fde6cee17bf2151/out/libnum_complex-7fde6cee17bf2151.rlib" "/opt/rustwide/target/debug/build/num-traits/c2765a255388353b/out/libnum_traits-c2765a255388353b.rlib" "/opt/rustwide/target/debug/build/thiserror/a77deb6f2da9bbd9/out/libthiserror-a77deb6f2da9bbd9.rlib" "/opt/rustwide/target/debug/build/singe-core/561bf59c6e23a8db/out/libsinge_core-561bf59c6e23a8db.rlib" "/opt/rustwide/target/debug/build/serde/e9c634bbe919bade/out/libserde-e9c634bbe919bade.rlib" "/opt/rustwide/target/debug/build/serde_core/2c928ee17a7447a4/out/libserde_core-2c928ee17a7447a4.rlib" "/opt/rustwide/target/debug/build/singe-cuda-sys/29f8da4450db4535/out/libsinge_cuda_sys-29f8da4450db4535.rlib" "/opt/rustwide/target/debug/build/num_enum/64a98df1e659a46b/out/libnum_enum-64a98df1e659a46b.rlib" "<sysroot>/lib/rustlib/x86_64-unknown-linux-gnu/lib/{libstd-*,libpanic_unwind-*,libobject-*,libmemchr-*,libaddr2line-*,libgimli-*,libcfg_if-*,librustc_demangle-*,libstd_detect-*,libhashbrown-*,librustc_std_workspace_alloc-*,libminiz_oxide-*,libadler2-*,libunwind-*,liblibc-*,librustc_std_workspace_core-*,liballoc-*,libcore-*,libcompiler_builtins-*}.rlib" "-Wl,-Bdynamic" "-lgcc_s" "-lutil" "-lrt" "-lpthread" "-lm" "-ldl" "-lc" "-L" "/opt/rustwide/target/debug/build/singe-cutensor/3039d9fab470a6c2/out/rustcRGfDNZ/raw-dylibs" "-B<sysroot>/lib/rustlib/x86_64-unknown-linux-gnu/bin/gcc-ld" "-fuse-ld=lld" "-Wl,--eh-frame-hdr" "-Wl,-z,noexecstack" "-L" "<sysroot>/lib/rustlib/x86_64-unknown-linux-gnu/lib" "-o" "/opt/rustwide/target/debug/build/singe-cutensor/3039d9fab470a6c2/out/reduction" "-Wl,--gc-sections" "-pie" "-Wl,-z,relro,-z,now" "-nodefaultlibs"
[INFO] [stdout]   = note: some arguments are omitted. use `--verbose` to show all linker arguments
[INFO] [stdout]   = note: rust-lld: error: undefined symbol: cutensorReduce
[INFO] [stdout]           >>> referenced by execution.rs:266 (src/execution.rs:266)
[INFO] [stdout]           >>>               /opt/rustwide/target/debug/build/singe-cutensor/3039d9fab470a6c2/out/reduction.reduction.eca72244c7f6d72d-cgu.0.rcgu.o:(<singe_cutensor::plan::Plan>::reduce::<f32, f32, f32, f32>)
[INFO] [stdout]           
[INFO] [stdout]           rust-lld: error: undefined symbol: cudaMemcpy
[INFO] [stdout]           >>> referenced by memory.rs:765 (/opt/rustwide/cargo-home/registry/src/index.crates.io-1949cf8c6b5b557f/singe-cuda-0.1.0-alpha.9/src/memory.rs:765)
[INFO] [stdout]           >>>               /opt/rustwide/target/debug/build/singe-cutensor/3039d9fab470a6c2/out/reduction.reduction.eca72244c7f6d72d-cgu.0.rcgu.o:(<singe_cuda::memory::DeviceMemory<f32>>::copy)
[INFO] [stdout]           
[INFO] [stdout]           rust-lld: error: undefined symbol: cudaFree
[INFO] [stdout]           >>> referenced by memory.rs:728 (/opt/rustwide/cargo-home/registry/src/index.crates.io-1949cf8c6b5b557f/singe-cuda-0.1.0-alpha.9/src/memory.rs:728)
[INFO] [stdout]           >>>               /opt/rustwide/target/debug/build/singe-cutensor/3039d9fab470a6c2/out/reduction.reduction.eca72244c7f6d72d-cgu.0.rcgu.o:(<singe_cuda::memory::DeviceMemory<f32>>::free)
[INFO] [stdout]           >>> referenced by memory.rs:728 (/opt/rustwide/cargo-home/registry/src/index.crates.io-1949cf8c6b5b557f/singe-cuda-0.1.0-alpha.9/src/memory.rs:728)
[INFO] [stdout]           >>>               singe_cutensor-62b0f25c4d94fd84.singe_cutensor.6308712836e82262-cgu.5.rcgu.o:(<singe_cuda::memory::DeviceMemory<u8>>::free) in archive /opt/rustwide/target/debug/build/singe-cutensor/62b0f25c4d94fd84/out/libsinge_cutensor-62b0f25c4d94fd84.rlib
[INFO] [stdout]           
[INFO] [stdout]           rust-lld: error: undefined symbol: cudaMalloc
[INFO] [stdout]           >>> referenced by memory.rs:680 (/opt/rustwide/cargo-home/registry/src/index.crates.io-1949cf8c6b5b557f/singe-cuda-0.1.0-alpha.9/src/memory.rs:680)
[INFO] [stdout]           >>>               /opt/rustwide/target/debug/build/singe-cutensor/3039d9fab470a6c2/out/reduction.reduction.eca72244c7f6d72d-cgu.0.rcgu.o:(<singe_cuda::memory::DeviceMemory<f32>>::alloc)
[INFO] [stdout]           >>> referenced by memory.rs:680 (/opt/rustwide/cargo-home/registry/src/index.crates.io-1949cf8c6b5b557f/singe-cuda-0.1.0-alpha.9/src/memory.rs:680)
[INFO] [stdout]           >>>               singe_cutensor-62b0f25c4d94fd84.singe_cutensor.6308712836e82262-cgu.5.rcgu.o:(<singe_cuda::memory::DeviceMemory<u8>>::alloc) in archive /opt/rustwide/target/debug/build/singe-cutensor/62b0f25c4d94fd84/out/libsinge_cutensor-62b0f25c4d94fd84.rlib
[INFO] [stdout]           
[INFO] [stdout]           rust-lld: error: undefined symbol: CUTENSOR_COMPUTE_DESC_32F
[INFO] [stdout]           >>> referenced by operation.rs:44 (src/operation.rs:44)
[INFO] [stdout]           >>>               singe_cutensor-62b0f25c4d94fd84.singe_cutensor.6308712836e82262-cgu.2.rcgu.o:(<singe_cutensor::operation::ComputeDescriptor>::f32) in archive /opt/rustwide/target/debug/build/singe-cutensor/62b0f25c4d94fd84/out/libsinge_cutensor-62b0f25c4d94fd84.rlib
[INFO] [stdout]           >>> referenced by operation.rs:44 (src/operation.rs:44)
[INFO] [stdout]           >>>               singe_cutensor-62b0f25c4d94fd84.singe_cutensor.6308712836e82262-cgu.2.rcgu.o:(<singe_cutensor::operation::ComputeDescriptor>::f32) in archive /opt/rustwide/target/debug/build/singe-cutensor/62b0f25c4d94fd84/out/libsinge_cutensor-62b0f25c4d94fd84.rlib
[INFO] [stdout]           
[INFO] [stdout]           rust-lld: error: undefined symbol: cutensorOperationDescriptorGetAttribute
[INFO] [stdout]           >>> referenced by operation.rs:1122 (src/operation.rs:1122)
[INFO] [stdout]           >>>               singe_cutensor-62b0f25c4d94fd84.singe_cutensor.6308712836e82262-cgu.2.rcgu.o:(<singe_cutensor::operation::OperationDescriptor>::from_raw) in archive /opt/rustwide/target/debug/build/singe-cutensor/62b0f25c4d94fd84/out/libsinge_cutensor-62b0f25c4d94fd84.rlib
[INFO] [stdout]           
[INFO] [stdout]           rust-lld: error: undefined symbol: cutensorCreateReduction
[INFO] [stdout]           >>> referenced by operation.rs:746 (src/operation.rs:746)
[INFO] [stdout]           >>>               singe_cutensor-62b0f25c4d94fd84.singe_cutensor.6308712836e82262-cgu.2.rcgu.o:(<singe_cutensor::operation::OperationDescriptor>::reduction) in archive /opt/rustwide/target/debug/build/singe-cutensor/62b0f25c4d94fd84/out/libsinge_cutensor-62b0f25c4d94fd84.rlib
[INFO] [stdout]           
[INFO] [stdout]           rust-lld: error: undefined symbol: cutensorDestroyOperationDescriptor
[INFO] [stdout]           >>> referenced by operation.rs:1206 (src/operation.rs:1206)
[INFO] [stdout]           >>>               singe_cutensor-62b0f25c4d94fd84.singe_cutensor.6308712836e82262-cgu.2.rcgu.o:(<singe_cutensor::operation::OperationDescriptor as core::ops::drop::Drop>::drop) in archive /opt/rustwide/target/debug/build/singe-cutensor/62b0f25c4d94fd84/out/libsinge_cutensor-62b0f25c4d94fd84.rlib
[INFO] [stdout]           
[INFO] [stdout]           rust-lld: error: undefined symbol: cutensorCreatePlanPreference
[INFO] [stdout]           >>> referenced by plan.rs:42 (src/plan.rs:42)
[INFO] [stdout]           >>>               singe_cutensor-62b0f25c4d94fd84.singe_cutensor.6308712836e82262-cgu.3.rcgu.o:(<singe_cutensor::plan::PlanPreference>::create) in archive /opt/rustwide/target/debug/build/singe-cutensor/62b0f25c4d94fd84/out/libsinge_cutensor-62b0f25c4d94fd84.rlib
[INFO] [stdout]           
[INFO] [stdout]           rust-lld: error: undefined symbol: cutensorEstimateWorkspaceSize
[INFO] [stdout]           >>> referenced by plan.rs:239 (src/plan.rs:239)
[INFO] [stdout]           >>>               singe_cutensor-62b0f25c4d94fd84.singe_cutensor.6308712836e82262-cgu.3.rcgu.o:(<singe_cutensor::plan::Plan>::estimate_workspace_size) in archive /opt/rustwide/target/debug/build/singe-cutensor/62b0f25c4d94fd84/out/libsinge_cutensor-62b0f25c4d94fd84.rlib
[INFO] [stdout]           
[INFO] [stdout]           rust-lld: error: undefined symbol: cutensorCreatePlan
[INFO] [stdout]           >>> referenced by plan.rs:260 (src/plan.rs:260)
[INFO] [stdout]           >>>               singe_cutensor-62b0f25c4d94fd84.singe_cutensor.6308712836e82262-cgu.3.rcgu.o:(<singe_cutensor::plan::Plan>::create) in archive /opt/rustwide/target/debug/build/singe-cutensor/62b0f25c4d94fd84/out/libsinge_cutensor-62b0f25c4d94fd84.rlib
[INFO] [stdout]           
[INFO] [stdout]           rust-lld: error: undefined symbol: cutensorPlanGetAttribute
[INFO] [stdout]           >>> referenced by plan.rs:275 (src/plan.rs:275)
[INFO] [stdout]           >>>               singe_cutensor-62b0f25c4d94fd84.singe_cutensor.6308712836e82262-cgu.3.rcgu.o:(<singe_cutensor::plan::Plan>::create) in archive /opt/rustwide/target/debug/build/singe-cutensor/62b0f25c4d94fd84/out/libsinge_cutensor-62b0f25c4d94fd84.rlib
[INFO] [stdout]           
[INFO] [stdout]           rust-lld: error: undefined symbol: cutensorDestroyPlan
[INFO] [stdout]           >>> referenced by plan.rs:354 (src/plan.rs:354)
[INFO] [stdout]           >>>               singe_cutensor-62b0f25c4d94fd84.singe_cutensor.6308712836e82262-cgu.3.rcgu.o:(<singe_cutensor::plan::Plan as core::ops::drop::Drop>::drop) in archive /opt/rustwide/target/debug/build/singe-cutensor/62b0f25c4d94fd84/out/libsinge_cutensor-62b0f25c4d94fd84.rlib
[INFO] [stdout]           
[INFO] [stdout]           rust-lld: error: undefined symbol: cutensorDestroyPlanPreference
[INFO] [stdout]           >>> referenced by plan.rs:203 (src/plan.rs:203)
[INFO] [stdout]           >>>               singe_cutensor-62b0f25c4d94fd84.singe_cutensor.6308712836e82262-cgu.3.rcgu.o:(<singe_cutensor::plan::PlanPreference as core::ops::drop::Drop>::drop) in archive /opt/rustwide/target/debug/build/singe-cutensor/62b0f25c4d94fd84/out/libsinge_cutensor-62b0f25c4d94fd84.rlib
[INFO] [stdout]           
[INFO] [stdout]           rust-lld: error: undefined symbol: cutensorCreateTensorDescriptor
[INFO] [stdout]           >>> referenced by tensor.rs:82 (src/tensor.rs:82)
[INFO] [stdout]           >>>               singe_cutensor-62b0f25c4d94fd84.singe_cutensor.6308712836e82262-cgu.4.rcgu.o:(<singe_cutensor::tensor::TensorDescriptor>::create_with_strides) in archive /opt/rustwide/target/debug/build/singe-cutensor/62b0f25c4d94fd84/out/libsinge_cutensor-62b0f25c4d94fd84.rlib
[INFO] [stdout]           
[INFO] [stdout]           rust-lld: error: undefined symbol: cutensorDestroyTensorDescriptor
[INFO] [stdout]           >>> referenced by tensor.rs:190 (src/tensor.rs:190)
[INFO] [stdout]           >>>               singe_cutensor-62b0f25c4d94fd84.singe_cutensor.6308712836e82262-cgu.4.rcgu.o:(<singe_cutensor::tensor::TensorDescriptor as core::ops::drop::Drop>::drop) in archive /opt/rustwide/target/debug/build/singe-cutensor/62b0f25c4d94fd84/out/libsinge_cutensor-62b0f25c4d94fd84.rlib
[INFO] [stdout]           
[INFO] [stdout]           rust-lld: error: undefined symbol: cutensorGetErrorString
[INFO] [stdout]           >>> referenced by error.rs:203 (src/error.rs:203)
[INFO] [stdout]           >>>               singe_cutensor-62b0f25c4d94fd84.singe_cutensor.6308712836e82262-cgu.5.rcgu.o:(singe_cutensor::error::cutensor_error_string) in archive /opt/rustwide/target/debug/build/singe-cutensor/62b0f25c4d94fd84/out/libsinge_cutensor-62b0f25c4d94fd84.rlib
[INFO] [stdout]           
[INFO] [stdout]           rust-lld: error: undefined symbol: cutensorCreate
[INFO] [stdout]           >>> referenced by context.rs:62 (src/context.rs:62)
[INFO] [stdout]           >>>               singe_cutensor-62b0f25c4d94fd84.singe_cutensor.6308712836e82262-cgu.6.rcgu.o:(<singe_cutensor::context::Context>::create) in archive /opt/rustwide/target/debug/build/singe-cutensor/62b0f25c4d94fd84/out/libsinge_cutensor-62b0f25c4d94fd84.rlib
[INFO] [stdout]           
[INFO] [stdout]           rust-lld: error: undefined symbol: cutensorDestroy
[INFO] [stdout]           >>> referenced by context.rs:407 (src/context.rs:407)
[INFO] [stdout]           >>>               singe_cutensor-62b0f25c4d94fd84.singe_cutensor.6308712836e82262-cgu.6.rcgu.o:(<singe_cutensor::context::Handle as core::ops::drop::Drop>::drop) in archive /opt/rustwide/target/debug/build/singe-cutensor/62b0f25c4d94fd84/out/libsinge_cutensor-62b0f25c4d94fd84.rlib
[INFO] [stdout]           
[INFO] [stdout]           rust-lld: error: undefined symbol: cuInit
[INFO] [stdout]           >>> referenced by context.rs:101 (src/context.rs:101)
[INFO] [stdout]           >>>               singe_cuda-8e1f1a7d46aeed08.singe_cuda.fe0b5a6038dc18b8-cgu.03.rcgu.o:(<singe_cuda::context::Context>::create_for_device_with_flags) in archive /opt/rustwide/target/debug/build/singe-cuda/8e1f1a7d46aeed08/out/libsinge_cuda-8e1f1a7d46aeed08.rlib
[INFO] [stdout]           
[INFO] [stdout]           rust-lld: error: too many errors emitted, stopping now (use --error-limit=0 to see all errors)
[INFO] [stdout]           collect2: error: ld returned 1 exit status
[INFO] [stdout]           
[INFO] [stdout] 
[INFO] [stdout] 
[INFO] [stdout] error: linking with `cc` failed: exit status: 1
[INFO] [stdout]   |
[INFO] [stdout]   = note:  "cc" "-m64" "/opt/rustwide/target/debug/build/singe-cutensor/9aacfbb47df0ab82/out/rustc2og7Yx/symbols.o" "<2 object files omitted>" "-Wl,--as-needed" "-Wl,-Bstatic" "/opt/rustwide/target/debug/build/singe-cutensor/62b0f25c4d94fd84/out/libsinge_cutensor-62b0f25c4d94fd84.rlib" "/opt/rustwide/target/debug/build/singe-cutensor-sys/224b7ff6c78d1779/out/libsinge_cutensor_sys-224b7ff6c78d1779.rlib" "/opt/rustwide/target/debug/build/singe-nccl/2044ba8b3e705fbb/out/libsinge_nccl-2044ba8b3e705fbb.rlib" "/opt/rustwide/target/debug/build/singe-nccl-sys/c01da011823e37e3/out/libsinge_nccl_sys-c01da011823e37e3.rlib" "/opt/rustwide/target/debug/build/singe-cuda/8e1f1a7d46aeed08/out/libsinge_cuda-8e1f1a7d46aeed08.rlib" "/opt/rustwide/target/debug/build/bitflags/c11c4f5488569199/out/libbitflags-c11c4f5488569199.rlib" "/opt/rustwide/target/debug/build/half/5fcd82a8c29d4ae8/out/libhalf-5fcd82a8c29d4ae8.rlib" "/opt/rustwide/target/debug/build/cfg-if/83060ec5685761ae/out/libcfg_if-83060ec5685761ae.rlib" "/opt/rustwide/target/debug/build/zerocopy/eb35aedb38cbd4b6/out/libzerocopy-eb35aedb38cbd4b6.rlib" "/opt/rustwide/target/debug/build/num-complex/7fde6cee17bf2151/out/libnum_complex-7fde6cee17bf2151.rlib" "/opt/rustwide/target/debug/build/num-traits/c2765a255388353b/out/libnum_traits-c2765a255388353b.rlib" "/opt/rustwide/target/debug/build/thiserror/a77deb6f2da9bbd9/out/libthiserror-a77deb6f2da9bbd9.rlib" "/opt/rustwide/target/debug/build/singe-core/561bf59c6e23a8db/out/libsinge_core-561bf59c6e23a8db.rlib" "/opt/rustwide/target/debug/build/serde/e9c634bbe919bade/out/libserde-e9c634bbe919bade.rlib" "/opt/rustwide/target/debug/build/serde_core/2c928ee17a7447a4/out/libserde_core-2c928ee17a7447a4.rlib" "/opt/rustwide/target/debug/build/singe-cuda-sys/29f8da4450db4535/out/libsinge_cuda_sys-29f8da4450db4535.rlib" "/opt/rustwide/target/debug/build/num_enum/64a98df1e659a46b/out/libnum_enum-64a98df1e659a46b.rlib" "<sysroot>/lib/rustlib/x86_64-unknown-linux-gnu/lib/{libstd-*,libpanic_unwind-*,libobject-*,libmemchr-*,libaddr2line-*,libgimli-*,libcfg_if-*,librustc_demangle-*,libstd_detect-*,libhashbrown-*,librustc_std_workspace_alloc-*,libminiz_oxide-*,libadler2-*,libunwind-*,liblibc-*,librustc_std_workspace_core-*,liballoc-*,libcore-*,libcompiler_builtins-*}.rlib" "-Wl,-Bdynamic" "-lgcc_s" "-lutil" "-lrt" "-lpthread" "-lm" "-ldl" "-lc" "-L" "/opt/rustwide/target/debug/build/singe-cutensor/9aacfbb47df0ab82/out/rustc2og7Yx/raw-dylibs" "-B<sysroot>/lib/rustlib/x86_64-unknown-linux-gnu/bin/gcc-ld" "-fuse-ld=lld" "-Wl,--eh-frame-hdr" "-Wl,-z,noexecstack" "-L" "<sysroot>/lib/rustlib/x86_64-unknown-linux-gnu/lib" "-o" "/opt/rustwide/target/debug/build/singe-cutensor/9aacfbb47df0ab82/out/contraction_plan_cache" "-Wl,--gc-sections" "-pie" "-Wl,-z,relro,-z,now" "-nodefaultlibs"
[INFO] [stdout]   = note: some arguments are omitted. use `--verbose` to show all linker arguments
[INFO] [stdout]   = note: rust-lld: error: undefined symbol: cutensorContract
[INFO] [stdout]           >>> referenced by execution.rs:213 (src/execution.rs:213)
[INFO] [stdout]           >>>               /opt/rustwide/target/debug/build/singe-cutensor/9aacfbb47df0ab82/out/contraction_plan_cache.contraction_plan_cache.571026ac0aa0a8b5-cgu.0.rcgu.o:(<singe_cutensor::plan::Plan>::contract::<f32, f32, f32, f32, f32>)
[INFO] [stdout]           
[INFO] [stdout]           rust-lld: error: undefined symbol: cutensorHandleWritePlanCacheToFile
[INFO] [stdout]           >>> referenced by context.rs:157 (src/context.rs:157)
[INFO] [stdout]           >>>               /opt/rustwide/target/debug/build/singe-cutensor/9aacfbb47df0ab82/out/contraction_plan_cache.contraction_plan_cache.571026ac0aa0a8b5-cgu.0.rcgu.o:(<singe_cutensor::context::Context>::write_plan_cache_to_file::<&std::path::PathBuf>)
[INFO] [stdout]           
[INFO] [stdout]           rust-lld: error: undefined symbol: cutensorHandleReadPlanCacheFromFile
[INFO] [stdout]           >>> referenced by context.rs:184 (src/context.rs:184)
[INFO] [stdout]           >>>               /opt/rustwide/target/debug/build/singe-cutensor/9aacfbb47df0ab82/out/contraction_plan_cache.contraction_plan_cache.571026ac0aa0a8b5-cgu.0.rcgu.o:(<singe_cutensor::context::Context>::read_plan_cache_from_file::<&std::path::PathBuf>)
[INFO] [stdout]           
[INFO] [stdout]           rust-lld: error: undefined symbol: cudaMemcpy
[INFO] [stdout]           >>> referenced by memory.rs:765 (/opt/rustwide/cargo-home/registry/src/index.crates.io-1949cf8c6b5b557f/singe-cuda-0.1.0-alpha.9/src/memory.rs:765)
[INFO] [stdout]           >>>               /opt/rustwide/target/debug/build/singe-cutensor/9aacfbb47df0ab82/out/contraction_plan_cache.contraction_plan_cache.571026ac0aa0a8b5-cgu.0.rcgu.o:(<singe_cuda::memory::DeviceMemory<f32>>::copy)
[INFO] [stdout]           
[INFO] [stdout]           rust-lld: error: undefined symbol: cudaFree
[INFO] [stdout]           >>> referenced by memory.rs:728 (/opt/rustwide/cargo-home/registry/src/index.crates.io-1949cf8c6b5b557f/singe-cuda-0.1.0-alpha.9/src/memory.rs:728)
[INFO] [stdout]           >>>               /opt/rustwide/target/debug/build/singe-cutensor/9aacfbb47df0ab82/out/contraction_plan_cache.contraction_plan_cache.571026ac0aa0a8b5-cgu.0.rcgu.o:(<singe_cuda::memory::DeviceMemory<f32>>::free)
[INFO] [stdout]           >>> referenced by memory.rs:728 (/opt/rustwide/cargo-home/registry/src/index.crates.io-1949cf8c6b5b557f/singe-cuda-0.1.0-alpha.9/src/memory.rs:728)
[INFO] [stdout]           >>>               singe_cutensor-62b0f25c4d94fd84.singe_cutensor.6308712836e82262-cgu.5.rcgu.o:(<singe_cuda::memory::DeviceMemory<u8>>::free) in archive /opt/rustwide/target/debug/build/singe-cutensor/62b0f25c4d94fd84/out/libsinge_cutensor-62b0f25c4d94fd84.rlib
[INFO] [stdout]           
[INFO] [stdout]           rust-lld: error: undefined symbol: cudaMalloc
[INFO] [stdout]           >>> referenced by memory.rs:680 (/opt/rustwide/cargo-home/registry/src/index.crates.io-1949cf8c6b5b557f/singe-cuda-0.1.0-alpha.9/src/memory.rs:680)
[INFO] [stdout]           >>>               /opt/rustwide/target/debug/build/singe-cutensor/9aacfbb47df0ab82/out/contraction_plan_cache.contraction_plan_cache.571026ac0aa0a8b5-cgu.0.rcgu.o:(<singe_cuda::memory::DeviceMemory<f32>>::alloc)
[INFO] [stdout]           >>> referenced by memory.rs:680 (/opt/rustwide/cargo-home/registry/src/index.crates.io-1949cf8c6b5b557f/singe-cuda-0.1.0-alpha.9/src/memory.rs:680)
[INFO] [stdout]           >>>               singe_cutensor-62b0f25c4d94fd84.singe_cutensor.6308712836e82262-cgu.5.rcgu.o:(<singe_cuda::memory::DeviceMemory<u8>>::alloc) in archive /opt/rustwide/target/debug/build/singe-cutensor/62b0f25c4d94fd84/out/libsinge_cutensor-62b0f25c4d94fd84.rlib
[INFO] [stdout]           
[INFO] [stdout]           rust-lld: error: undefined symbol: CUTENSOR_COMPUTE_DESC_32F
[INFO] [stdout]           >>> referenced by operation.rs:44 (src/operation.rs:44)
[INFO] [stdout]           >>>               singe_cutensor-62b0f25c4d94fd84.singe_cutensor.6308712836e82262-cgu.2.rcgu.o:(<singe_cutensor::operation::ComputeDescriptor>::f32) in archive /opt/rustwide/target/debug/build/singe-cutensor/62b0f25c4d94fd84/out/libsinge_cutensor-62b0f25c4d94fd84.rlib
[INFO] [stdout]           >>> referenced by operation.rs:44 (src/operation.rs:44)
[INFO] [stdout]           >>>               singe_cutensor-62b0f25c4d94fd84.singe_cutensor.6308712836e82262-cgu.2.rcgu.o:(<singe_cutensor::operation::ComputeDescriptor>::f32) in archive /opt/rustwide/target/debug/build/singe-cutensor/62b0f25c4d94fd84/out/libsinge_cutensor-62b0f25c4d94fd84.rlib
[INFO] [stdout]           
[INFO] [stdout]           rust-lld: error: undefined symbol: cutensorCreateContraction
[INFO] [stdout]           >>> referenced by operation.rs:658 (src/operation.rs:658)
[INFO] [stdout]           >>>               singe_cutensor-62b0f25c4d94fd84.singe_cutensor.6308712836e82262-cgu.2.rcgu.o:(<singe_cutensor::operation::OperationDescriptor>::contraction) in archive /opt/rustwide/target/debug/build/singe-cutensor/62b0f25c4d94fd84/out/libsinge_cutensor-62b0f25c4d94fd84.rlib
[INFO] [stdout]           
[INFO] [stdout]           rust-lld: error: undefined symbol: cutensorOperationDescriptorGetAttribute
[INFO] [stdout]           >>> referenced by operation.rs:1122 (src/operation.rs:1122)
[INFO] [stdout]           >>>               singe_cutensor-62b0f25c4d94fd84.singe_cutensor.6308712836e82262-cgu.2.rcgu.o:(<singe_cutensor::operation::OperationDescriptor>::from_raw) in archive /opt/rustwide/target/debug/build/singe-cutensor/62b0f25c4d94fd84/out/libsinge_cutensor-62b0f25c4d94fd84.rlib
[INFO] [stdout]           
[INFO] [stdout]           rust-lld: error: undefined symbol: cutensorDestroyOperationDescriptor
[INFO] [stdout]           >>> referenced by operation.rs:1206 (src/operation.rs:1206)
[INFO] [stdout]           >>>               singe_cutensor-62b0f25c4d94fd84.singe_cutensor.6308712836e82262-cgu.2.rcgu.o:(<singe_cutensor::operation::OperationDescriptor as core::ops::drop::Drop>::drop) in archive /opt/rustwide/target/debug/build/singe-cutensor/62b0f25c4d94fd84/out/libsinge_cutensor-62b0f25c4d94fd84.rlib
[INFO] [stdout]           
[INFO] [stdout]           rust-lld: error: undefined symbol: cutensorPlanPreferenceSetAttribute
[INFO] [stdout]           >>> referenced by plan.rs:84 (src/plan.rs:84)
[INFO] [stdout]           >>>               singe_cutensor-62b0f25c4d94fd84.singe_cutensor.6308712836e82262-cgu.3.rcgu.o:(<singe_cutensor::plan::PlanPreference>::set_attribute::<singe_cutensor::types::AutotuneMode>) in archive /opt/rustwide/target/debug/build/singe-cutensor/62b0f25c4d94fd84/out/libsinge_cutensor-62b0f25c4d94fd84.rlib
[INFO] [stdout]           >>> referenced by plan.rs:84 (src/plan.rs:84)
[INFO] [stdout]           >>>               singe_cutensor-62b0f25c4d94fd84.singe_cutensor.6308712836e82262-cgu.3.rcgu.o:(<singe_cutensor::plan::PlanPreference>::set_attribute::<singe_cutensor::types::CacheMode>) in archive /opt/rustwide/target/debug/build/singe-cutensor/62b0f25c4d94fd84/out/libsinge_cutensor-62b0f25c4d94fd84.rlib
[INFO] [stdout]           >>> referenced by plan.rs:84 (src/plan.rs:84)
[INFO] [stdout]           >>>               singe_cutensor-62b0f25c4d94fd84.singe_cutensor.6308712836e82262-cgu.3.rcgu.o:(<singe_cutensor::plan::PlanPreference>::set_attribute::<i32>) in archive /opt/rustwide/target/debug/build/singe-cutensor/62b0f25c4d94fd84/out/libsinge_cutensor-62b0f25c4d94fd84.rlib
[INFO] [stdout]           
[INFO] [stdout]           rust-lld: error: undefined symbol: cutensorCreatePlanPreference
[INFO] [stdout]           >>> referenced by plan.rs:42 (src/plan.rs:42)
[INFO] [stdout]           >>>               singe_cutensor-62b0f25c4d94fd84.singe_cutensor.6308712836e82262-cgu.3.rcgu.o:(<singe_cutensor::plan::PlanPreference>::create) in archive /opt/rustwide/target/debug/build/singe-cutensor/62b0f25c4d94fd84/out/libsinge_cutensor-62b0f25c4d94fd84.rlib
[INFO] [stdout]           
[INFO] [stdout]           rust-lld: error: undefined symbol: cutensorEstimateWorkspaceSize
[INFO] [stdout]           >>> referenced by plan.rs:239 (src/plan.rs:239)
[INFO] [stdout]           >>>               singe_cutensor-62b0f25c4d94fd84.singe_cutensor.6308712836e82262-cgu.3.rcgu.o:(<singe_cutensor::plan::Plan>::estimate_workspace_size) in archive /opt/rustwide/target/debug/build/singe-cutensor/62b0f25c4d94fd84/out/libsinge_cutensor-62b0f25c4d94fd84.rlib
[INFO] [stdout]           
[INFO] [stdout]           rust-lld: error: undefined symbol: cutensorCreatePlan
[INFO] [stdout]           >>> referenced by plan.rs:260 (src/plan.rs:260)
[INFO] [stdout]           >>>               singe_cutensor-62b0f25c4d94fd84.singe_cutensor.6308712836e82262-cgu.3.rcgu.o:(<singe_cutensor::plan::Plan>::create) in archive /opt/rustwide/target/debug/build/singe-cutensor/62b0f25c4d94fd84/out/libsinge_cutensor-62b0f25c4d94fd84.rlib
[INFO] [stdout]           
[INFO] [stdout]           rust-lld: error: undefined symbol: cutensorPlanGetAttribute
[INFO] [stdout]           >>> referenced by plan.rs:275 (src/plan.rs:275)
[INFO] [stdout]           >>>               singe_cutensor-62b0f25c4d94fd84.singe_cutensor.6308712836e82262-cgu.3.rcgu.o:(<singe_cutensor::plan::Plan>::create) in archive /opt/rustwide/target/debug/build/singe-cutensor/62b0f25c4d94fd84/out/libsinge_cutensor-62b0f25c4d94fd84.rlib
[INFO] [stdout]           
[INFO] [stdout]           rust-lld: error: undefined symbol: cutensorDestroyPlan
[INFO] [stdout]           >>> referenced by plan.rs:354 (src/plan.rs:354)
[INFO] [stdout]           >>>               singe_cutensor-62b0f25c4d94fd84.singe_cutensor.6308712836e82262-cgu.3.rcgu.o:(<singe_cutensor::plan::Plan as core::ops::drop::Drop>::drop) in archive /opt/rustwide/target/debug/build/singe-cutensor/62b0f25c4d94fd84/out/libsinge_cutensor-62b0f25c4d94fd84.rlib
[INFO] [stdout]           
[INFO] [stdout]           rust-lld: error: undefined symbol: cutensorDestroyPlanPreference
[INFO] [stdout]           >>> referenced by plan.rs:203 (src/plan.rs:203)
[INFO] [stdout]           >>>               singe_cutensor-62b0f25c4d94fd84.singe_cutensor.6308712836e82262-cgu.3.rcgu.o:(<singe_cutensor::plan::PlanPreference as core::ops::drop::Drop>::drop) in archive /opt/rustwide/target/debug/build/singe-cutensor/62b0f25c4d94fd84/out/libsinge_cutensor-62b0f25c4d94fd84.rlib
[INFO] [stdout]           
[INFO] [stdout]           rust-lld: error: undefined symbol: cutensorCreateTensorDescriptor
[INFO] [stdout]           >>> referenced by tensor.rs:82 (src/tensor.rs:82)
[INFO] [stdout]           >>>               singe_cutensor-62b0f25c4d94fd84.singe_cutensor.6308712836e82262-cgu.4.rcgu.o:(<singe_cutensor::tensor::TensorDescriptor>::create_with_strides) in archive /opt/rustwide/target/debug/build/singe-cutensor/62b0f25c4d94fd84/out/libsinge_cutensor-62b0f25c4d94fd84.rlib
[INFO] [stdout]           
[INFO] [stdout]           rust-lld: error: undefined symbol: cutensorGetErrorString
[INFO] [stdout]           >>> referenced by error.rs:203 (src/error.rs:203)
[INFO] [stdout]           >>>               singe_cutensor-62b0f25c4d94fd84.singe_cutensor.6308712836e82262-cgu.5.rcgu.o:(singe_cutensor::error::cutensor_error_string) in archive /opt/rustwide/target/debug/build/singe-cutensor/62b0f25c4d94fd84/out/libsinge_cutensor-62b0f25c4d94fd84.rlib
[INFO] [stdout]           
[INFO] [stdout]           rust-lld: error: undefined symbol: cutensorDestroyTensorDescriptor
[INFO] [stdout]           >>> referenced by tensor.rs:190 (src/tensor.rs:190)
[INFO] [stdout]           >>>               singe_cutensor-62b0f25c4d94fd84.singe_cutensor.6308712836e82262-cgu.4.rcgu.o:(<singe_cutensor::tensor::TensorDescriptor as core::ops::drop::Drop>::drop) in archive /opt/rustwide/target/debug/build/singe-cutensor/62b0f25c4d94fd84/out/libsinge_cutensor-62b0f25c4d94fd84.rlib
[INFO] [stdout]           
[INFO] [stdout]           rust-lld: error: too many errors emitted, stopping now (use --error-limit=0 to see all errors)
[INFO] [stdout]           collect2: error: ld returned 1 exit status
[INFO] [stdout]           
[INFO] [stdout] 
[INFO] [stdout] 
[INFO] [stderr] error: could not compile `singe-cutensor` (example "reduction") due to 1 previous error
[INFO] [stderr] error: could not compile `singe-cutensor` (example "mg_contraction_multi_gpu") due to 1 previous error
[INFO] [stderr] error: could not compile `singe-cutensor` (example "contraction_plan_cache") due to 1 previous error
[INFO] [stdout] error: linking with `cc` failed: exit status: 1
[INFO] [stdout]   |
[INFO] [stdout]   = note:  "cc" "-m64" "/opt/rustwide/target/debug/build/singe-cutensor/427512fb42e21c90/out/rustcifgdCo/symbols.o" "<4 object files omitted>" "-Wl,--as-needed" "-Wl,-Bstatic" "/opt/rustwide/target/debug/build/singe-cutensor/62b0f25c4d94fd84/out/libsinge_cutensor-62b0f25c4d94fd84.rlib" "/opt/rustwide/target/debug/build/singe-cutensor-sys/224b7ff6c78d1779/out/libsinge_cutensor_sys-224b7ff6c78d1779.rlib" "/opt/rustwide/target/debug/build/singe-nccl/2044ba8b3e705fbb/out/libsinge_nccl-2044ba8b3e705fbb.rlib" "/opt/rustwide/target/debug/build/singe-nccl-sys/c01da011823e37e3/out/libsinge_nccl_sys-c01da011823e37e3.rlib" "/opt/rustwide/target/debug/build/singe-cuda/8e1f1a7d46aeed08/out/libsinge_cuda-8e1f1a7d46aeed08.rlib" "/opt/rustwide/target/debug/build/bitflags/c11c4f5488569199/out/libbitflags-c11c4f5488569199.rlib" "/opt/rustwide/target/debug/build/half/5fcd82a8c29d4ae8/out/libhalf-5fcd82a8c29d4ae8.rlib" "/opt/rustwide/target/debug/build/cfg-if/83060ec5685761ae/out/libcfg_if-83060ec5685761ae.rlib" "/opt/rustwide/target/debug/build/zerocopy/eb35aedb38cbd4b6/out/libzerocopy-eb35aedb38cbd4b6.rlib" "/opt/rustwide/target/debug/build/num-complex/7fde6cee17bf2151/out/libnum_complex-7fde6cee17bf2151.rlib" "/opt/rustwide/target/debug/build/num-traits/c2765a255388353b/out/libnum_traits-c2765a255388353b.rlib" "/opt/rustwide/target/debug/build/thiserror/a77deb6f2da9bbd9/out/libthiserror-a77deb6f2da9bbd9.rlib" "/opt/rustwide/target/debug/build/singe-core/561bf59c6e23a8db/out/libsinge_core-561bf59c6e23a8db.rlib" "/opt/rustwide/target/debug/build/serde/e9c634bbe919bade/out/libserde-e9c634bbe919bade.rlib" "/opt/rustwide/target/debug/build/serde_core/2c928ee17a7447a4/out/libserde_core-2c928ee17a7447a4.rlib" "/opt/rustwide/target/debug/build/singe-cuda-sys/29f8da4450db4535/out/libsinge_cuda_sys-29f8da4450db4535.rlib" "/opt/rustwide/target/debug/build/num_enum/64a98df1e659a46b/out/libnum_enum-64a98df1e659a46b.rlib" "<sysroot>/lib/rustlib/x86_64-unknown-linux-gnu/lib/{libstd-*,libpanic_unwind-*,libobject-*,libmemchr-*,libaddr2line-*,libgimli-*,libcfg_if-*,librustc_demangle-*,libstd_detect-*,libhashbrown-*,librustc_std_workspace_alloc-*,libminiz_oxide-*,libadler2-*,libunwind-*,liblibc-*,librustc_std_workspace_core-*,liballoc-*,libcore-*,libcompiler_builtins-*}.rlib" "-Wl,-Bdynamic" "-lgcc_s" "-lutil" "-lrt" "-lpthread" "-lm" "-ldl" "-lc" "-L" "/opt/rustwide/target/debug/build/singe-cutensor/427512fb42e21c90/out/rustcifgdCo/raw-dylibs" "-B<sysroot>/lib/rustlib/x86_64-unknown-linux-gnu/bin/gcc-ld" "-fuse-ld=lld" "-Wl,--eh-frame-hdr" "-Wl,-z,noexecstack" "-L" "<sysroot>/lib/rustlib/x86_64-unknown-linux-gnu/lib" "-o" "/opt/rustwide/target/debug/build/singe-cutensor/427512fb42e21c90/out/einsum" "-Wl,--gc-sections" "-pie" "-Wl,-z,relro,-z,now" "-nodefaultlibs"
[INFO] [stdout]   = note: some arguments are omitted. use `--verbose` to show all linker arguments
[INFO] [stdout]   = note: rust-lld: error: undefined symbol: cutensorReduce
[INFO] [stdout]           >>> referenced by execution.rs:266 (src/execution.rs:266)
[INFO] [stdout]           >>>               /opt/rustwide/target/debug/build/singe-cutensor/427512fb42e21c90/out/einsum.einsum.ca7acb74998d70a7-cgu.1.rcgu.o:(<singe_cutensor::plan::Plan>::reduce::<f32, f32, f32, f32>)
[INFO] [stdout]           
[INFO] [stdout]           rust-lld: error: undefined symbol: cutensorPermute
[INFO] [stdout]           >>> referenced by execution.rs:160 (src/execution.rs:160)
[INFO] [stdout]           >>>               /opt/rustwide/target/debug/build/singe-cutensor/427512fb42e21c90/out/einsum.einsum.ca7acb74998d70a7-cgu.1.rcgu.o:(<singe_cutensor::plan::Plan>::permute::<f32, f32, f32>)
[INFO] [stdout]           
[INFO] [stdout]           rust-lld: error: undefined symbol: cutensorContract
[INFO] [stdout]           >>> referenced by execution.rs:213 (src/execution.rs:213)
[INFO] [stdout]           >>>               /opt/rustwide/target/debug/build/singe-cutensor/427512fb42e21c90/out/einsum.einsum.ca7acb74998d70a7-cgu.1.rcgu.o:(<singe_cutensor::plan::Plan>::contract::<f32, f32, f32, f32, f32>)
[INFO] [stdout]           
[INFO] [stdout]           rust-lld: error: undefined symbol: cudaMemcpy
[INFO] [stdout]           >>> referenced by memory.rs:765 (/opt/rustwide/cargo-home/registry/src/index.crates.io-1949cf8c6b5b557f/singe-cuda-0.1.0-alpha.9/src/memory.rs:765)
[INFO] [stdout]           >>>               /opt/rustwide/target/debug/build/singe-cutensor/427512fb42e21c90/out/einsum.einsum.ca7acb74998d70a7-cgu.1.rcgu.o:(<singe_cuda::memory::DeviceMemory<f32>>::copy)
[INFO] [stdout]           
[INFO] [stdout]           rust-lld: error: undefined symbol: cudaFree
[INFO] [stdout]           >>> referenced by memory.rs:728 (/opt/rustwide/cargo-home/registry/src/index.crates.io-1949cf8c6b5b557f/singe-cuda-0.1.0-alpha.9/src/memory.rs:728)
[INFO] [stdout]           >>>               /opt/rustwide/target/debug/build/singe-cutensor/427512fb42e21c90/out/einsum.einsum.ca7acb74998d70a7-cgu.1.rcgu.o:(<singe_cuda::memory::DeviceMemory<f32>>::free)
[INFO] [stdout]           >>> referenced by memory.rs:728 (/opt/rustwide/cargo-home/registry/src/index.crates.io-1949cf8c6b5b557f/singe-cuda-0.1.0-alpha.9/src/memory.rs:728)
[INFO] [stdout]           >>>               singe_cutensor-62b0f25c4d94fd84.singe_cutensor.6308712836e82262-cgu.5.rcgu.o:(<singe_cuda::memory::DeviceMemory<u8>>::free) in archive /opt/rustwide/target/debug/build/singe-cutensor/62b0f25c4d94fd84/out/libsinge_cutensor-62b0f25c4d94fd84.rlib
[INFO] [stdout]           
[INFO] [stdout]           rust-lld: error: undefined symbol: cudaMalloc
[INFO] [stdout]           >>> referenced by memory.rs:680 (/opt/rustwide/cargo-home/registry/src/index.crates.io-1949cf8c6b5b557f/singe-cuda-0.1.0-alpha.9/src/memory.rs:680)
[INFO] [stdout]           >>>               /opt/rustwide/target/debug/build/singe-cutensor/427512fb42e21c90/out/einsum.einsum.ca7acb74998d70a7-cgu.1.rcgu.o:(<singe_cuda::memory::DeviceMemory<f32>>::alloc)
[INFO] [stdout]           >>> referenced by memory.rs:680 (/opt/rustwide/cargo-home/registry/src/index.crates.io-1949cf8c6b5b557f/singe-cuda-0.1.0-alpha.9/src/memory.rs:680)
[INFO] [stdout]           >>>               singe_cutensor-62b0f25c4d94fd84.singe_cutensor.6308712836e82262-cgu.5.rcgu.o:(<singe_cuda::memory::DeviceMemory<u8>>::alloc) in archive /opt/rustwide/target/debug/build/singe-cutensor/62b0f25c4d94fd84/out/libsinge_cutensor-62b0f25c4d94fd84.rlib
[INFO] [stdout]           
[INFO] [stdout]           rust-lld: error: undefined symbol: CUTENSOR_COMPUTE_DESC_32F
[INFO] [stdout]           >>> referenced by operation.rs:44 (src/operation.rs:44)
[INFO] [stdout]           >>>               singe_cutensor-62b0f25c4d94fd84.singe_cutensor.6308712836e82262-cgu.2.rcgu.o:(<singe_cutensor::operation::ComputeDescriptor>::f32) in archive /opt/rustwide/target/debug/build/singe-cutensor/62b0f25c4d94fd84/out/libsinge_cutensor-62b0f25c4d94fd84.rlib
[INFO] [stdout]           >>> referenced by operation.rs:44 (src/operation.rs:44)
[INFO] [stdout]           >>>               singe_cutensor-62b0f25c4d94fd84.singe_cutensor.6308712836e82262-cgu.2.rcgu.o:(<singe_cutensor::operation::ComputeDescriptor>::f32) in archive /opt/rustwide/target/debug/build/singe-cutensor/62b0f25c4d94fd84/out/libsinge_cutensor-62b0f25c4d94fd84.rlib
[INFO] [stdout]           
[INFO] [stdout]           rust-lld: error: undefined symbol: cutensorCreateContraction
[INFO] [stdout]           >>> referenced by operation.rs:658 (src/operation.rs:658)
[INFO] [stdout]           >>>               singe_cutensor-62b0f25c4d94fd84.singe_cutensor.6308712836e82262-cgu.2.rcgu.o:(<singe_cutensor::operation::OperationDescriptor>::contraction) in archive /opt/rustwide/target/debug/build/singe-cutensor/62b0f25c4d94fd84/out/libsinge_cutensor-62b0f25c4d94fd84.rlib
[INFO] [stdout]           
[INFO] [stdout]           rust-lld: error: undefined symbol: cutensorCreatePlanPreference
[INFO] [stdout]           >>> referenced by plan.rs:42 (src/plan.rs:42)
[INFO] [stdout]           >>>               singe_cutensor-62b0f25c4d94fd84.singe_cutensor.6308712836e82262-cgu.3.rcgu.o:(<singe_cutensor::plan::PlanPreference>::create) in archive /opt/rustwide/target/debug/build/singe-cutensor/62b0f25c4d94fd84/out/libsinge_cutensor-62b0f25c4d94fd84.rlib
[INFO] [stdout]           
[INFO] [stdout]           rust-lld: error: undefined symbol: cutensorEstimateWorkspaceSize
[INFO] [stdout]           >>> referenced by plan.rs:239 (src/plan.rs:239)
[INFO] [stdout]           >>>               singe_cutensor-62b0f25c4d94fd84.singe_cutensor.6308712836e82262-cgu.3.rcgu.o:(<singe_cutensor::plan::Plan>::estimate_workspace_size) in archive /opt/rustwide/target/debug/build/singe-cutensor/62b0f25c4d94fd84/out/libsinge_cutensor-62b0f25c4d94fd84.rlib
[INFO] [stdout]           
[INFO] [stdout]           rust-lld: error: undefined symbol: cutensorCreatePlan
[INFO] [stdout]           >>> referenced by plan.rs:260 (src/plan.rs:260)
[INFO] [stdout]           >>>               singe_cutensor-62b0f25c4d94fd84.singe_cutensor.6308712836e82262-cgu.3.rcgu.o:(<singe_cutensor::plan::Plan>::create) in archive /opt/rustwide/target/debug/build/singe-cutensor/62b0f25c4d94fd84/out/libsinge_cutensor-62b0f25c4d94fd84.rlib
[INFO] [stdout]           
[INFO] [stdout]           rust-lld: error: undefined symbol: cutensorCreatePermutation
[INFO] [stdout]           >>> referenced by operation.rs:563 (src/operation.rs:563)
[INFO] [stdout]           >>>               singe_cutensor-62b0f25c4d94fd84.singe_cutensor.6308712836e82262-cgu.2.rcgu.o:(<singe_cutensor::operation::OperationDescriptor>::permutation) in archive /opt/rustwide/target/debug/build/singe-cutensor/62b0f25c4d94fd84/out/libsinge_cutensor-62b0f25c4d94fd84.rlib
[INFO] [stdout]           
[INFO] [stdout]           rust-lld: error: undefined symbol: cutensorPlanGetAttribute
[INFO] [stdout]           >>> referenced by plan.rs:275 (src/plan.rs:275)
[INFO] [stdout]           >>>               singe_cutensor-62b0f25c4d94fd84.singe_cutensor.6308712836e82262-cgu.3.rcgu.o:(<singe_cutensor::plan::Plan>::create) in archive /opt/rustwide/target/debug/build/singe-cutensor/62b0f25c4d94fd84/out/libsinge_cutensor-62b0f25c4d94fd84.rlib
[INFO] [stdout]           
[INFO] [stdout]           rust-lld: error: undefined symbol: cutensorDestroyPlan
[INFO] [stdout]           >>> referenced by plan.rs:354 (src/plan.rs:354)
[INFO] [stdout]           >>>               singe_cutensor-62b0f25c4d94fd84.singe_cutensor.6308712836e82262-cgu.3.rcgu.o:(<singe_cutensor::plan::Plan as core::ops::drop::Drop>::drop) in archive /opt/rustwide/target/debug/build/singe-cutensor/62b0f25c4d94fd84/out/libsinge_cutensor-62b0f25c4d94fd84.rlib
[INFO] [stdout]           
[INFO] [stdout]           rust-lld: error: undefined symbol: cutensorOperationDescriptorGetAttribute
[INFO] [stdout]           >>> referenced by operation.rs:1122 (src/operation.rs:1122)
[INFO] [stdout]           >>>               singe_cutensor-62b0f25c4d94fd84.singe_cutensor.6308712836e82262-cgu.2.rcgu.o:(<singe_cutensor::operation::OperationDescriptor>::from_raw) in archive /opt/rustwide/target/debug/build/singe-cutensor/62b0f25c4d94fd84/out/libsinge_cutensor-62b0f25c4d94fd84.rlib
[INFO] [stdout]           
[INFO] [stdout]           rust-lld: error: undefined symbol: cutensorDestroyPlanPreference
[INFO] [stdout]           >>> referenced by plan.rs:203 (src/plan.rs:203)
[INFO] [stdout]           >>>               singe_cutensor-62b0f25c4d94fd84.singe_cutensor.6308712836e82262-cgu.3.rcgu.o:(<singe_cutensor::plan::PlanPreference as core::ops::drop::Drop>::drop) in archive /opt/rustwide/target/debug/build/singe-cutensor/62b0f25c4d94fd84/out/libsinge_cutensor-62b0f25c4d94fd84.rlib
[INFO] [stdout]           
[INFO] [stdout]           rust-lld: error: undefined symbol: cutensorCreateReduction
[INFO] [stdout]           >>> referenced by operation.rs:746 (src/operation.rs:746)
[INFO] [stdout]           >>>               singe_cutensor-62b0f25c4d94fd84.singe_cutensor.6308712836e82262-cgu.2.rcgu.o:(<singe_cutensor::operation::OperationDescriptor>::reduction) in archive /opt/rustwide/target/debug/build/singe-cutensor/62b0f25c4d94fd84/out/libsinge_cutensor-62b0f25c4d94fd84.rlib
[INFO] [stdout]           
[INFO] [stdout]           rust-lld: error: undefined symbol: cutensorDestroyOperationDescriptor
[INFO] [stdout]           >>> referenced by operation.rs:1206 (src/operation.rs:1206)
[INFO] [stdout]           >>>               singe_cutensor-62b0f25c4d94fd84.singe_cutensor.6308712836e82262-cgu.2.rcgu.o:(<singe_cutensor::operation::OperationDescriptor as core::ops::drop::Drop>::drop) in archive /opt/rustwide/target/debug/build/singe-cutensor/62b0f25c4d94fd84/out/libsinge_cutensor-62b0f25c4d94fd84.rlib
[INFO] [stdout]           
[INFO] [stdout]           rust-lld: error: undefined symbol: cutensorGetErrorString
[INFO] [stdout]           >>> referenced by error.rs:203 (src/error.rs:203)
[INFO] [stdout]           >>>               singe_cutensor-62b0f25c4d94fd84.singe_cutensor.6308712836e82262-cgu.5.rcgu.o:(singe_cutensor::error::cutensor_error_string) in archive /opt/rustwide/target/debug/build/singe-cutensor/62b0f25c4d94fd84/out/libsinge_cutensor-62b0f25c4d94fd84.rlib
[INFO] [stdout]           
[INFO] [stdout]           rust-lld: error: undefined symbol: cutensorCreateTensorDescriptor
[INFO] [stdout]           >>> referenced by tensor.rs:82 (src/tensor.rs:82)
[INFO] [stdout]           >>>               singe_cutensor-62b0f25c4d94fd84.singe_cutensor.6308712836e82262-cgu.4.rcgu.o:(<singe_cutensor::tensor::TensorDescriptor>::create_with_strides) in archive /opt/rustwide/target/debug/build/singe-cutensor/62b0f25c4d94fd84/out/libsinge_cutensor-62b0f25c4d94fd84.rlib
[INFO] [stdout]           
[INFO] [stdout]           rust-lld: error: too many errors emitted, stopping now (use --error-limit=0 to see all errors)
[INFO] [stdout]           collect2: error: ld returned 1 exit status
[INFO] [stdout]           
[INFO] [stdout] 
[INFO] [stdout] 
[INFO] [stderr] error: could not compile `singe-cutensor` (example "einsum") due to 1 previous error
[INFO] [stderr] error: could not compile `singe-cutensor` (example "elementwise_trinary") due to 1 previous error
[INFO] [stdout] error: linking with `cc` failed: exit status: 1
[INFO] [stdout]   |
[INFO] [stdout]   = note:  "cc" "-m64" "/opt/rustwide/target/debug/build/singe-cutensor/8150b1be961e569d/out/rustcWgxHQC/symbols.o" "<4 object files omitted>" "-Wl,--as-needed" "-Wl,-Bstatic" "/opt/rustwide/target/debug/build/singe-cutensor/62b0f25c4d94fd84/out/libsinge_cutensor-62b0f25c4d94fd84.rlib" "/opt/rustwide/target/debug/build/singe-cutensor-sys/224b7ff6c78d1779/out/libsinge_cutensor_sys-224b7ff6c78d1779.rlib" "/opt/rustwide/target/debug/build/singe-nccl/2044ba8b3e705fbb/out/libsinge_nccl-2044ba8b3e705fbb.rlib" "/opt/rustwide/target/debug/build/singe-nccl-sys/c01da011823e37e3/out/libsinge_nccl_sys-c01da011823e37e3.rlib" "/opt/rustwide/target/debug/build/singe-cuda/8e1f1a7d46aeed08/out/libsinge_cuda-8e1f1a7d46aeed08.rlib" "/opt/rustwide/target/debug/build/bitflags/c11c4f5488569199/out/libbitflags-c11c4f5488569199.rlib" "/opt/rustwide/target/debug/build/half/5fcd82a8c29d4ae8/out/libhalf-5fcd82a8c29d4ae8.rlib" "/opt/rustwide/target/debug/build/cfg-if/83060ec5685761ae/out/libcfg_if-83060ec5685761ae.rlib" "/opt/rustwide/target/debug/build/zerocopy/eb35aedb38cbd4b6/out/libzerocopy-eb35aedb38cbd4b6.rlib" "/opt/rustwide/target/debug/build/num-complex/7fde6cee17bf2151/out/libnum_complex-7fde6cee17bf2151.rlib" "/opt/rustwide/target/debug/build/num-traits/c2765a255388353b/out/libnum_traits-c2765a255388353b.rlib" "/opt/rustwide/target/debug/build/thiserror/a77deb6f2da9bbd9/out/libthiserror-a77deb6f2da9bbd9.rlib" "/opt/rustwide/target/debug/build/singe-core/561bf59c6e23a8db/out/libsinge_core-561bf59c6e23a8db.rlib" "/opt/rustwide/target/debug/build/serde/e9c634bbe919bade/out/libserde-e9c634bbe919bade.rlib" "/opt/rustwide/target/debug/build/serde_core/2c928ee17a7447a4/out/libserde_core-2c928ee17a7447a4.rlib" "/opt/rustwide/target/debug/build/singe-cuda-sys/29f8da4450db4535/out/libsinge_cuda_sys-29f8da4450db4535.rlib" "/opt/rustwide/target/debug/build/num_enum/64a98df1e659a46b/out/libnum_enum-64a98df1e659a46b.rlib" "<sysroot>/lib/rustlib/x86_64-unknown-linux-gnu/lib/{libstd-*,libpanic_unwind-*,libobject-*,libmemchr-*,libaddr2line-*,libgimli-*,libcfg_if-*,librustc_demangle-*,libstd_detect-*,libhashbrown-*,librustc_std_workspace_alloc-*,libminiz_oxide-*,libadler2-*,libunwind-*,liblibc-*,librustc_std_workspace_core-*,liballoc-*,libcore-*,libcompiler_builtins-*}.rlib" "-Wl,-Bdynamic" "-lgcc_s" "-lutil" "-lrt" "-lpthread" "-lm" "-ldl" "-lc" "-L" "/opt/rustwide/target/debug/build/singe-cutensor/8150b1be961e569d/out/rustcWgxHQC/raw-dylibs" "-B<sysroot>/lib/rustlib/x86_64-unknown-linux-gnu/bin/gcc-ld" "-fuse-ld=lld" "-Wl,--eh-frame-hdr" "-Wl,-z,noexecstack" "-L" "<sysroot>/lib/rustlib/x86_64-unknown-linux-gnu/lib" "-o" "/opt/rustwide/target/debug/build/singe-cutensor/8150b1be961e569d/out/mg_blog_post" "-Wl,--gc-sections" "-pie" "-Wl,-z,relro,-z,now" "-nodefaultlibs"
[INFO] [stdout]   = note: some arguments are omitted. use `--verbose` to show all linker arguments
[INFO] [stdout]   = note: rust-lld: error: undefined symbol: cudaFree
[INFO] [stdout]           >>> referenced by memory.rs:728 (/opt/rustwide/cargo-home/registry/src/index.crates.io-1949cf8c6b5b557f/singe-cuda-0.1.0-alpha.9/src/memory.rs:728)
[INFO] [stdout]           >>>               /opt/rustwide/target/debug/build/singe-cutensor/8150b1be961e569d/out/mg_blog_post.mg_blog_post.f1ed52f0536da919-cgu.1.rcgu.o:(<singe_cuda::memory::DeviceMemory<f32>>::free)
[INFO] [stdout]           >>> referenced by memory.rs:728 (/opt/rustwide/cargo-home/registry/src/index.crates.io-1949cf8c6b5b557f/singe-cuda-0.1.0-alpha.9/src/memory.rs:728)
[INFO] [stdout]           >>>               singe_cutensor-62b0f25c4d94fd84.singe_cutensor.6308712836e82262-cgu.5.rcgu.o:(<singe_cuda::memory::DeviceMemory<u8>>::free) in archive /opt/rustwide/target/debug/build/singe-cutensor/62b0f25c4d94fd84/out/libsinge_cutensor-62b0f25c4d94fd84.rlib
[INFO] [stdout]           
[INFO] [stdout]           rust-lld: error: undefined symbol: cudaMalloc
[INFO] [stdout]           >>> referenced by memory.rs:680 (/opt/rustwide/cargo-home/registry/src/index.crates.io-1949cf8c6b5b557f/singe-cuda-0.1.0-alpha.9/src/memory.rs:680)
[INFO] [stdout]           >>>               /opt/rustwide/target/debug/build/singe-cutensor/8150b1be961e569d/out/mg_blog_post.mg_blog_post.f1ed52f0536da919-cgu.1.rcgu.o:(<singe_cuda::memory::DeviceMemory<f32>>::alloc)
[INFO] [stdout]           >>> referenced by memory.rs:680 (/opt/rustwide/cargo-home/registry/src/index.crates.io-1949cf8c6b5b557f/singe-cuda-0.1.0-alpha.9/src/memory.rs:680)
[INFO] [stdout]           >>>               singe_cutensor-62b0f25c4d94fd84.singe_cutensor.6308712836e82262-cgu.5.rcgu.o:(<singe_cuda::memory::DeviceMemory<u8>>::alloc) in archive /opt/rustwide/target/debug/build/singe-cutensor/62b0f25c4d94fd84/out/libsinge_cutensor-62b0f25c4d94fd84.rlib
[INFO] [stdout]           
[INFO] [stdout]           rust-lld: error: undefined symbol: cudaMallocHost
[INFO] [stdout]           >>> referenced by memory.rs:805 (/opt/rustwide/cargo-home/registry/src/index.crates.io-1949cf8c6b5b557f/singe-cuda-0.1.0-alpha.9/src/memory.rs:805)
[INFO] [stdout]           >>>               singe_cutensor-62b0f25c4d94fd84.singe_cutensor.6308712836e82262-cgu.5.rcgu.o:(<singe_cuda::memory::DeviceMemory<u8>>::alloc_host) in archive /opt/rustwide/target/debug/build/singe-cutensor/62b0f25c4d94fd84/out/libsinge_cutensor-62b0f25c4d94fd84.rlib
[INFO] [stdout]           
[INFO] [stdout]           rust-lld: error: undefined symbol: cudaFreeHost
[INFO] [stdout]           >>> referenced by memory.rs:826 (/opt/rustwide/cargo-home/registry/src/index.crates.io-1949cf8c6b5b557f/singe-cuda-0.1.0-alpha.9/src/memory.rs:826)
[INFO] [stdout]           >>>               singe_cutensor-62b0f25c4d94fd84.singe_cutensor.6308712836e82262-cgu.5.rcgu.o:(<singe_cuda::memory::DeviceMemory<u8>>::free_host) in archive /opt/rustwide/target/debug/build/singe-cutensor/62b0f25c4d94fd84/out/libsinge_cutensor-62b0f25c4d94fd84.rlib
[INFO] [stdout]           
[INFO] [stdout]           rust-lld: error: undefined symbol: cutensorGetErrorString
[INFO] [stdout]           >>> referenced by error.rs:203 (src/error.rs:203)
[INFO] [stdout]           >>>               singe_cutensor-62b0f25c4d94fd84.singe_cutensor.6308712836e82262-cgu.5.rcgu.o:(singe_cutensor::error::cutensor_error_string) in archive /opt/rustwide/target/debug/build/singe-cutensor/62b0f25c4d94fd84/out/libsinge_cutensor-62b0f25c4d94fd84.rlib
[INFO] [stdout]           
[INFO] [stdout]           rust-lld: error: undefined symbol: cutensorMgCreate
[INFO] [stdout]           >>> referenced by context.rs:43 (src/mg/context.rs:43)
[INFO] [stdout]           >>>               singe_cutensor-62b0f25c4d94fd84.singe_cutensor.6308712836e82262-cgu.6.rcgu.o:(<singe_cutensor::mg::context::Context>::create) in archive /opt/rustwide/target/debug/build/singe-cutensor/62b0f25c4d94fd84/out/libsinge_cutensor-62b0f25c4d94fd84.rlib
[INFO] [stdout]           
[INFO] [stdout]           rust-lld: error: undefined symbol: cutensorMgDestroy
[INFO] [stdout]           >>> referenced by context.rs:134 (src/mg/context.rs:134)
[INFO] [stdout]           >>>               singe_cutensor-62b0f25c4d94fd84.singe_cutensor.6308712836e82262-cgu.6.rcgu.o:(<singe_cutensor::mg::context::Handle as core::ops::drop::Drop>::drop) in archive /opt/rustwide/target/debug/build/singe-cutensor/62b0f25c4d94fd84/out/libsinge_cutensor-62b0f25c4d94fd84.rlib
[INFO] [stdout]           
[INFO] [stdout]           rust-lld: error: undefined symbol: cutensorMgCreateTensorDescriptor
[INFO] [stdout]           >>> referenced by tensor.rs:139 (src/mg/tensor.rs:139)
[INFO] [stdout]           >>>               singe_cutensor-62b0f25c4d94fd84.singe_cutensor.6308712836e82262-cgu.7.rcgu.o:(<singe_cutensor::mg::tensor::TensorDescriptor>::create) in archive /opt/rustwide/target/debug/build/singe-cutensor/62b0f25c4d94fd84/out/libsinge_cutensor-62b0f25c4d94fd84.rlib
[INFO] [stdout]           
[INFO] [stdout]           rust-lld: error: undefined symbol: cutensorMgDestroyTensorDescriptor
[INFO] [stdout]           >>> referenced by tensor.rs:269 (src/mg/tensor.rs:269)
[INFO] [stdout]           >>>               singe_cutensor-62b0f25c4d94fd84.singe_cutensor.6308712836e82262-cgu.7.rcgu.o:(<singe_cutensor::mg::tensor::TensorDescriptor as core::ops::drop::Drop>::drop) in archive /opt/rustwide/target/debug/build/singe-cutensor/62b0f25c4d94fd84/out/libsinge_cutensor-62b0f25c4d94fd84.rlib
[INFO] [stdout]           
[INFO] [stdout]           rust-lld: error: undefined symbol: cutensorMgCreateContractionFind
[INFO] [stdout]           >>> referenced by contraction.rs:67 (src/mg/contraction.rs:67)
[INFO] [stdout]           >>>               singe_cutensor-62b0f25c4d94fd84.singe_cutensor.6308712836e82262-cgu.8.rcgu.o:(<singe_cutensor::mg::contraction::ContractionFind>::create) in archive /opt/rustwide/target/debug/build/singe-cutensor/62b0f25c4d94fd84/out/libsinge_cutensor-62b0f25c4d94fd84.rlib
[INFO] [stdout]           
[INFO] [stdout]           rust-lld: error: undefined symbol: cutensorMgContraction
[INFO] [stdout]           >>> referenced by contraction.rs:500 (src/mg/contraction.rs:500)
[INFO] [stdout]           >>>               singe_cutensor-62b0f25c4d94fd84.singe_cutensor.6308712836e82262-cgu.8.rcgu.o:(<singe_cutensor::mg::contraction::ContractionPlan>::contract_raw) in archive /opt/rustwide/target/debug/build/singe-cutensor/62b0f25c4d94fd84/out/libsinge_cutensor-62b0f25c4d94fd84.rlib
[INFO] [stdout]           
[INFO] [stdout]           rust-lld: error: undefined symbol: cutensorMgCreateContractionPlan
[INFO] [stdout]           >>> referenced by contraction.rs:285 (src/mg/contraction.rs:285)
[INFO] [stdout]           >>>               singe_cutensor-62b0f25c4d94fd84.singe_cutensor.6308712836e82262-cgu.8.rcgu.o:(<singe_cutensor::mg::contraction::ContractionPlan>::create) in archive /opt/rustwide/target/debug/build/singe-cutensor/62b0f25c4d94fd84/out/libsinge_cutensor-62b0f25c4d94fd84.rlib
[INFO] [stdout]           
[INFO] [stdout]           rust-lld: error: undefined symbol: cutensorMgCreateContractionDescriptor
[INFO] [stdout]           >>> referenced by contraction.rs:175 (src/mg/contraction.rs:175)
[INFO] [stdout]           >>>               singe_cutensor-62b0f25c4d94fd84.singe_cutensor.6308712836e82262-cgu.8.rcgu.o:(<singe_cutensor::mg::contraction::ContractionDescriptor>::create) in archive /opt/rustwide/target/debug/build/singe-cutensor/62b0f25c4d94fd84/out/libsinge_cutensor-62b0f25c4d94fd84.rlib
[INFO] [stdout]           
[INFO] [stdout]           rust-lld: error: undefined symbol: cutensorMgContractionGetWorkspace
[INFO] [stdout]           >>> referenced by contraction.rs:243 (src/mg/contraction.rs:243)
[INFO] [stdout]           >>>               singe_cutensor-62b0f25c4d94fd84.singe_cutensor.6308712836e82262-cgu.8.rcgu.o:(<singe_cutensor::mg::contraction::ContractionDescriptor>::workspace) in archive /opt/rustwide/target/debug/build/singe-cutensor/62b0f25c4d94fd84/out/libsinge_cutensor-62b0f25c4d94fd84.rlib
[INFO] [stdout]           
[INFO] [stdout]           rust-lld: error: undefined symbol: cutensorMgDestroyContractionFind
[INFO] [stdout]           >>> referenced by contraction.rs:601 (src/mg/contraction.rs:601)
[INFO] [stdout]           >>>               singe_cutensor-62b0f25c4d94fd84.singe_cutensor.6308712836e82262-cgu.8.rcgu.o:(<singe_cutensor::mg::contraction::ContractionFind as core::ops::drop::Drop>::drop) in archive /opt/rustwide/target/debug/build/singe-cutensor/62b0f25c4d94fd84/out/libsinge_cutensor-62b0f25c4d94fd84.rlib
[INFO] [stdout]           
[INFO] [stdout]           rust-lld: error: undefined symbol: cutensorMgDestroyContractionDescriptor
[INFO] [stdout]           >>> referenced by contraction.rs:612 (src/mg/contraction.rs:612)
[INFO] [stdout]           >>>               singe_cutensor-62b0f25c4d94fd84.singe_cutensor.6308712836e82262-cgu.8.rcgu.o:(<singe_cutensor::mg::contraction::ContractionDescriptor as core::ops::drop::Drop>::drop) in archive /opt/rustwide/target/debug/build/singe-cutensor/62b0f25c4d94fd84/out/libsinge_cutensor-62b0f25c4d94fd84.rlib
[INFO] [stdout]           
[INFO] [stdout]           rust-lld: error: undefined symbol: cutensorMgDestroyContractionPlan
[INFO] [stdout]           >>> referenced by contraction.rs:623 (src/mg/contraction.rs:623)
[INFO] [stdout]           >>>               singe_cutensor-62b0f25c4d94fd84.singe_cutensor.6308712836e82262-cgu.8.rcgu.o:(<singe_cutensor::mg::contraction::ContractionPlan as core::ops::drop::Drop>::drop) in archive /opt/rustwide/target/debug/build/singe-cutensor/62b0f25c4d94fd84/out/libsinge_cutensor-62b0f25c4d94fd84.rlib
[INFO] [stdout]           
[INFO] [stdout]           rust-lld: error: undefined symbol: cuInit
[INFO] [stdout]           >>> referenced by context.rs:125 (src/context.rs:125)
[INFO] [stdout]           >>>               singe_cuda-8e1f1a7d46aeed08.singe_cuda.fe0b5a6038dc18b8-cgu.03.rcgu.o:(<singe_cuda::context::Context>::retain_primary_for_device) in archive /opt/rustwide/target/debug/build/singe-cuda/8e1f1a7d46aeed08/out/libsinge_cuda-8e1f1a7d46aeed08.rlib
[INFO] [stdout]           
[INFO] [stdout]           rust-lld: error: undefined symbol: cuDevicePrimaryCtxRetain
[INFO] [stdout]           >>> referenced by context.rs:128 (src/context.rs:128)
[INFO] [stdout]           >>>               singe_cuda-8e1f1a7d46aeed08.singe_cuda.fe0b5a6038dc18b8-cgu.03.rcgu.o:(<singe_cuda::context::Context>::retain_primary_for_device) in archive /opt/rustwide/target/debug/build/singe-cuda/8e1f1a7d46aeed08/out/libsinge_cuda-8e1f1a7d46aeed08.rlib
[INFO] [stdout]           
[INFO] [stdout]           rust-lld: error: undefined symbol: cuCtxSetCurrent
[INFO] [stdout]           >>> referenced by context.rs:137 (src/context.rs:137)
[INFO] [stdout]           >>>               singe_cuda-8e1f1a7d46aeed08.singe_cuda.fe0b5a6038dc18b8-cgu.03.rcgu.o:(<singe_cuda::context::Context>::retain_primary_for_device) in archive /opt/rustwide/target/debug/build/singe-cuda/8e1f1a7d46aeed08/out/libsinge_cuda-8e1f1a7d46aeed08.rlib
[INFO] [stdout]           >>> referenced by context.rs:164 (src/context.rs:164)
[INFO] [stdout]           >>>               singe_cuda-8e1f1a7d46aeed08.singe_cuda.fe0b5a6038dc18b8-cgu.03.rcgu.o:(<singe_cuda::context::Context>::bind) in archive /opt/rustwide/target/debug/build/singe-cuda/8e1f1a7d46aeed08/out/libsinge_cuda-8e1f1a7d46aeed08.rlib
[INFO] [stdout]           
[INFO] [stdout]           rust-lld: error: too many errors emitted, stopping now (use --error-limit=0 to see all errors)
[INFO] [stdout]           collect2: error: ld returned 1 exit status
[INFO] [stdout]           
[INFO] [stdout] 
[INFO] [stdout] 
[INFO] [stderr] error: could not compile `singe-cutensor` (example "mg_blog_post") due to 1 previous error
[INFO] [stdout] error: linking with `cc` failed: exit status: 1
[INFO] [stdout]   |
[INFO] [stdout]   = note:  "cc" "-m64" "/opt/rustwide/target/debug/build/singe-cutensor/604de59211c0d4f7/out/rustcYRrxSG/symbols.o" "<4 object files omitted>" "-Wl,--as-needed" "-Wl,-Bstatic" "/opt/rustwide/target/debug/build/singe-cutensor/62b0f25c4d94fd84/out/libsinge_cutensor-62b0f25c4d94fd84.rlib" "/opt/rustwide/target/debug/build/singe-cutensor-sys/224b7ff6c78d1779/out/libsinge_cutensor_sys-224b7ff6c78d1779.rlib" "/opt/rustwide/target/debug/build/singe-nccl/2044ba8b3e705fbb/out/libsinge_nccl-2044ba8b3e705fbb.rlib" "/opt/rustwide/target/debug/build/singe-nccl-sys/c01da011823e37e3/out/libsinge_nccl_sys-c01da011823e37e3.rlib" "/opt/rustwide/target/debug/build/singe-cuda/8e1f1a7d46aeed08/out/libsinge_cuda-8e1f1a7d46aeed08.rlib" "/opt/rustwide/target/debug/build/bitflags/c11c4f5488569199/out/libbitflags-c11c4f5488569199.rlib" "/opt/rustwide/target/debug/build/half/5fcd82a8c29d4ae8/out/libhalf-5fcd82a8c29d4ae8.rlib" "/opt/rustwide/target/debug/build/cfg-if/83060ec5685761ae/out/libcfg_if-83060ec5685761ae.rlib" "/opt/rustwide/target/debug/build/zerocopy/eb35aedb38cbd4b6/out/libzerocopy-eb35aedb38cbd4b6.rlib" "/opt/rustwide/target/debug/build/num-complex/7fde6cee17bf2151/out/libnum_complex-7fde6cee17bf2151.rlib" "/opt/rustwide/target/debug/build/num-traits/c2765a255388353b/out/libnum_traits-c2765a255388353b.rlib" "/opt/rustwide/target/debug/build/thiserror/a77deb6f2da9bbd9/out/libthiserror-a77deb6f2da9bbd9.rlib" "/opt/rustwide/target/debug/build/singe-core/561bf59c6e23a8db/out/libsinge_core-561bf59c6e23a8db.rlib" "/opt/rustwide/target/debug/build/serde/e9c634bbe919bade/out/libserde-e9c634bbe919bade.rlib" "/opt/rustwide/target/debug/build/serde_core/2c928ee17a7447a4/out/libserde_core-2c928ee17a7447a4.rlib" "/opt/rustwide/target/debug/build/singe-cuda-sys/29f8da4450db4535/out/libsinge_cuda_sys-29f8da4450db4535.rlib" "/opt/rustwide/target/debug/build/num_enum/64a98df1e659a46b/out/libnum_enum-64a98df1e659a46b.rlib" "<sysroot>/lib/rustlib/x86_64-unknown-linux-gnu/lib/{libstd-*,libpanic_unwind-*,libobject-*,libmemchr-*,libaddr2line-*,libgimli-*,libcfg_if-*,librustc_demangle-*,libstd_detect-*,libhashbrown-*,librustc_std_workspace_alloc-*,libminiz_oxide-*,libadler2-*,libunwind-*,liblibc-*,librustc_std_workspace_core-*,liballoc-*,libcore-*,libcompiler_builtins-*}.rlib" "-Wl,-Bdynamic" "-lgcc_s" "-lutil" "-lrt" "-lpthread" "-lm" "-ldl" "-lc" "-L" "/opt/rustwide/target/debug/build/singe-cutensor/604de59211c0d4f7/out/rustcYRrxSG/raw-dylibs" "-B<sysroot>/lib/rustlib/x86_64-unknown-linux-gnu/bin/gcc-ld" "-fuse-ld=lld" "-Wl,--eh-frame-hdr" "-Wl,-z,noexecstack" "-L" "<sysroot>/lib/rustlib/x86_64-unknown-linux-gnu/lib" "-o" "/opt/rustwide/target/debug/build/singe-cutensor/604de59211c0d4f7/out/cutensor_mp_contraction" "-Wl,--gc-sections" "-pie" "-Wl,-z,relro,-z,now" "-nodefaultlibs"
[INFO] [stdout]   = note: some arguments are omitted. use `--verbose` to show all linker arguments
[INFO] [stdout]   = note: rust-lld: error: undefined symbol: cudaFree
[INFO] [stdout]           >>> referenced by memory.rs:728 (/opt/rustwide/cargo-home/registry/src/index.crates.io-1949cf8c6b5b557f/singe-cuda-0.1.0-alpha.9/src/memory.rs:728)
[INFO] [stdout]           >>>               /opt/rustwide/target/debug/build/singe-cutensor/604de59211c0d4f7/out/cutensor_mp_contraction.cutensor_mp_contraction.4f81be97cb0edae0-cgu.1.rcgu.o:(<singe_cuda::memory::DeviceMemory<num_complex::Complex<f32>>>::free)
[INFO] [stdout]           >>> referenced by memory.rs:728 (/opt/rustwide/cargo-home/registry/src/index.crates.io-1949cf8c6b5b557f/singe-cuda-0.1.0-alpha.9/src/memory.rs:728)
[INFO] [stdout]           >>>               singe_cutensor-62b0f25c4d94fd84.singe_cutensor.6308712836e82262-cgu.5.rcgu.o:(<singe_cuda::memory::DeviceMemory<u8>>::free) in archive /opt/rustwide/target/debug/build/singe-cutensor/62b0f25c4d94fd84/out/libsinge_cutensor-62b0f25c4d94fd84.rlib
[INFO] [stdout]           
[INFO] [stdout]           rust-lld: error: undefined symbol: cudaMalloc
[INFO] [stdout]           >>> referenced by memory.rs:680 (/opt/rustwide/cargo-home/registry/src/index.crates.io-1949cf8c6b5b557f/singe-cuda-0.1.0-alpha.9/src/memory.rs:680)
[INFO] [stdout]           >>>               /opt/rustwide/target/debug/build/singe-cutensor/604de59211c0d4f7/out/cutensor_mp_contraction.cutensor_mp_contraction.4f81be97cb0edae0-cgu.1.rcgu.o:(<singe_cuda::memory::DeviceMemory<num_complex::Complex<f32>>>::alloc)
[INFO] [stdout]           >>> referenced by memory.rs:680 (/opt/rustwide/cargo-home/registry/src/index.crates.io-1949cf8c6b5b557f/singe-cuda-0.1.0-alpha.9/src/memory.rs:680)
[INFO] [stdout]           >>>               singe_cutensor-62b0f25c4d94fd84.singe_cutensor.6308712836e82262-cgu.5.rcgu.o:(<singe_cuda::memory::DeviceMemory<u8>>::alloc) in archive /opt/rustwide/target/debug/build/singe-cutensor/62b0f25c4d94fd84/out/libsinge_cutensor-62b0f25c4d94fd84.rlib
[INFO] [stdout]           
[INFO] [stdout]           rust-lld: error: undefined symbol: cudaMemsetAsync
[INFO] [stdout]           >>> referenced by memory.rs:1119 (/opt/rustwide/cargo-home/registry/src/index.crates.io-1949cf8c6b5b557f/singe-cuda-0.1.0-alpha.9/src/memory.rs:1119)
[INFO] [stdout]           >>>               /opt/rustwide/target/debug/build/singe-cutensor/604de59211c0d4f7/out/cutensor_mp_contraction.cutensor_mp_contraction.4f81be97cb0edae0-cgu.1.rcgu.o:(<singe_cuda::memory::DeviceMemory<num_complex::Complex<f32>>>::set_async)
[INFO] [stdout]           
[INFO] [stdout]           rust-lld: error: undefined symbol: CUTENSOR_COMPUTE_DESC_32F
[INFO] [stdout]           >>> referenced by operation.rs:44 (src/operation.rs:44)
[INFO] [stdout]           >>>               singe_cutensor-62b0f25c4d94fd84.singe_cutensor.6308712836e82262-cgu.2.rcgu.o:(<singe_cutensor::operation::ComputeDescriptor>::f32) in archive /opt/rustwide/target/debug/build/singe-cutensor/62b0f25c4d94fd84/out/libsinge_cutensor-62b0f25c4d94fd84.rlib
[INFO] [stdout]           >>> referenced by operation.rs:44 (src/operation.rs:44)
[INFO] [stdout]           >>>               singe_cutensor-62b0f25c4d94fd84.singe_cutensor.6308712836e82262-cgu.2.rcgu.o:(<singe_cutensor::operation::ComputeDescriptor>::f32) in archive /opt/rustwide/target/debug/build/singe-cutensor/62b0f25c4d94fd84/out/libsinge_cutensor-62b0f25c4d94fd84.rlib
[INFO] [stdout]           
[INFO] [stdout]           rust-lld: error: undefined symbol: cutensorMpPlanGetAttribute
[INFO] [stdout]           >>> referenced by plan.rs:403 (src/mp/plan.rs:403)
[INFO] [stdout]           >>>               singe_cutensor-62b0f25c4d94fd84.singe_cutensor.6308712836e82262-cgu.5.rcgu.o:(<singe_cutensor::mp::plan::Plan>::attribute::<u64>) in archive /opt/rustwide/target/debug/build/singe-cutensor/62b0f25c4d94fd84/out/libsinge_cutensor-62b0f25c4d94fd84.rlib
[INFO] [stdout]           
[INFO] [stdout]           rust-lld: error: undefined symbol: cutensorMpCreateContraction
[INFO] [stdout]           >>> referenced by plan.rs:83 (src/mp/plan.rs:83)
[INFO] [stdout]           >>>               singe_cutensor-62b0f25c4d94fd84.singe_cutensor.6308712836e82262-cgu.5.rcgu.o:(<singe_cutensor::mp::plan::OperationDescriptor>::create_contraction) in archive /opt/rustwide/target/debug/build/singe-cutensor/62b0f25c4d94fd84/out/libsinge_cutensor-62b0f25c4d94fd84.rlib
[INFO] [stdout]           
[INFO] [stdout]           rust-lld: error: undefined symbol: cutensorMpContract
[INFO] [stdout]           >>> referenced by plan.rs:371 (src/mp/plan.rs:371)
[INFO] [stdout]           >>>               singe_cutensor-62b0f25c4d94fd84.singe_cutensor.6308712836e82262-cgu.5.rcgu.o:(<singe_cutensor::mp::plan::Plan>::contract_raw) in archive /opt/rustwide/target/debug/build/singe-cutensor/62b0f25c4d94fd84/out/libsinge_cutensor-62b0f25c4d94fd84.rlib
[INFO] [stdout]           
[INFO] [stdout]           rust-lld: error: undefined symbol: cutensorMpCreatePlan
[INFO] [stdout]           >>> referenced by plan.rs:252 (src/mp/plan.rs:252)
[INFO] [stdout]           >>>               singe_cutensor-62b0f25c4d94fd84.singe_cutensor.6308712836e82262-cgu.5.rcgu.o:(<singe_cutensor::mp::plan::Plan>::create) in archive /opt/rustwide/target/debug/build/singe-cutensor/62b0f25c4d94fd84/out/libsinge_cutensor-62b0f25c4d94fd84.rlib
[INFO] [stdout]           
[INFO] [stdout]           rust-lld: error: undefined symbol: cutensorMpCreatePlanPreference
[INFO] [stdout]           >>> referenced by plan.rs:159 (src/mp/plan.rs:159)
[INFO] [stdout]           >>>               singe_cutensor-62b0f25c4d94fd84.singe_cutensor.6308712836e82262-cgu.5.rcgu.o:(<singe_cutensor::mp::plan::PlanPreference>::create) in archive /opt/rustwide/target/debug/build/singe-cutensor/62b0f25c4d94fd84/out/libsinge_cutensor-62b0f25c4d94fd84.rlib
[INFO] [stdout]           
[INFO] [stdout]           rust-lld: error: undefined symbol: cudaMallocHost
[INFO] [stdout]           >>> referenced by memory.rs:805 (/opt/rustwide/cargo-home/registry/src/index.crates.io-1949cf8c6b5b557f/singe-cuda-0.1.0-alpha.9/src/memory.rs:805)
[INFO] [stdout]           >>>               singe_cutensor-62b0f25c4d94fd84.singe_cutensor.6308712836e82262-cgu.5.rcgu.o:(<singe_cuda::memory::DeviceMemory<u8>>::alloc_host) in archive /opt/rustwide/target/debug/build/singe-cutensor/62b0f25c4d94fd84/out/libsinge_cutensor-62b0f25c4d94fd84.rlib
[INFO] [stdout]           
[INFO] [stdout]           rust-lld: error: undefined symbol: cutensorMpCreate
[INFO] [stdout]           >>> referenced by context.rs:51 (src/mp/context.rs:51)
[INFO] [stdout]           >>>               singe_cutensor-62b0f25c4d94fd84.singe_cutensor.6308712836e82262-cgu.6.rcgu.o:(<singe_cutensor::mp::context::Context>::create) in archive /opt/rustwide/target/debug/build/singe-cutensor/62b0f25c4d94fd84/out/libsinge_cutensor-62b0f25c4d94fd84.rlib
[INFO] [stdout]           
[INFO] [stdout]           rust-lld: error: undefined symbol: cudaFreeHost
[INFO] [stdout]           >>> referenced by memory.rs:826 (/opt/rustwide/cargo-home/registry/src/index.crates.io-1949cf8c6b5b557f/singe-cuda-0.1.0-alpha.9/src/memory.rs:826)
[INFO] [stdout]           >>>               singe_cutensor-62b0f25c4d94fd84.singe_cutensor.6308712836e82262-cgu.5.rcgu.o:(<singe_cuda::memory::DeviceMemory<u8>>::free_host) in archive /opt/rustwide/target/debug/build/singe-cutensor/62b0f25c4d94fd84/out/libsinge_cutensor-62b0f25c4d94fd84.rlib
[INFO] [stdout]           
[INFO] [stdout]           rust-lld: error: undefined symbol: cutensorGetErrorString
[INFO] [stdout]           >>> referenced by error.rs:203 (src/error.rs:203)
[INFO] [stdout]           >>>               singe_cutensor-62b0f25c4d94fd84.singe_cutensor.6308712836e82262-cgu.5.rcgu.o:(singe_cutensor::error::cutensor_error_string) in archive /opt/rustwide/target/debug/build/singe-cutensor/62b0f25c4d94fd84/out/libsinge_cutensor-62b0f25c4d94fd84.rlib
[INFO] [stdout]           
[INFO] [stdout]           rust-lld: error: undefined symbol: cutensorMpDestroy
[INFO] [stdout]           >>> referenced by context.rs:167 (src/mp/context.rs:167)
[INFO] [stdout]           >>>               singe_cutensor-62b0f25c4d94fd84.singe_cutensor.6308712836e82262-cgu.6.rcgu.o:(<singe_cutensor::mp::context::Handle as core::ops::drop::Drop>::drop) in archive /opt/rustwide/target/debug/build/singe-cutensor/62b0f25c4d94fd84/out/libsinge_cutensor-62b0f25c4d94fd84.rlib
[INFO] [stdout]           
[INFO] [stdout]           rust-lld: error: undefined symbol: cutensorMpDestroyOperationDescriptor
[INFO] [stdout]           >>> referenced by plan.rs:435 (src/mp/plan.rs:435)
[INFO] [stdout]           >>>               singe_cutensor-62b0f25c4d94fd84.singe_cutensor.6308712836e82262-cgu.5.rcgu.o:(<singe_cutensor::mp::plan::OperationDescriptor as core::ops::drop::Drop>::drop) in archive /opt/rustwide/target/debug/build/singe-cutensor/62b0f25c4d94fd84/out/libsinge_cutensor-62b0f25c4d94fd84.rlib
[INFO] [stdout]           
[INFO] [stdout]           rust-lld: error: undefined symbol: cutensorMpDestroyPlanPreference
[INFO] [stdout]           >>> referenced by plan.rs:451 (src/mp/plan.rs:451)
[INFO] [stdout]           >>>               singe_cutensor-62b0f25c4d94fd84.singe_cutensor.6308712836e82262-cgu.5.rcgu.o:(<singe_cutensor::mp::plan::PlanPreference as core::ops::drop::Drop>::drop) in archive /opt/rustwide/target/debug/build/singe-cutensor/62b0f25c4d94fd84/out/libsinge_cutensor-62b0f25c4d94fd84.rlib
[INFO] [stdout]           
[INFO] [stdout]           rust-lld: error: undefined symbol: cutensorMpDestroyPlan
[INFO] [stdout]           >>> referenced by plan.rs:467 (src/mp/plan.rs:467)
[INFO] [stdout]           >>>               singe_cutensor-62b0f25c4d94fd84.singe_cutensor.6308712836e82262-cgu.5.rcgu.o:(<singe_cutensor::mp::plan::Plan as core::ops::drop::Drop>::drop) in archive /opt/rustwide/target/debug/build/singe-cutensor/62b0f25c4d94fd84/out/libsinge_cutensor-62b0f25c4d94fd84.rlib
[INFO] [stdout]           
[INFO] [stdout]           rust-lld: error: undefined symbol: cutensorMpCreateTensorDescriptor
[INFO] [stdout]           >>> referenced by tensor.rs:123 (src/mp/tensor.rs:123)
[INFO] [stdout]           >>>               singe_cutensor-62b0f25c4d94fd84.singe_cutensor.6308712836e82262-cgu.7.rcgu.o:(<singe_cutensor::mp::tensor::TensorDescriptor>::create) in archive /opt/rustwide/target/debug/build/singe-cutensor/62b0f25c4d94fd84/out/libsinge_cutensor-62b0f25c4d94fd84.rlib
[INFO] [stdout]           
[INFO] [stdout]           rust-lld: error: undefined symbol: cutensorMpDestroyTensorDescriptor
[INFO] [stdout]           >>> referenced by tensor.rs:278 (src/mp/tensor.rs:278)
[INFO] [stdout]           >>>               singe_cutensor-62b0f25c4d94fd84.singe_cutensor.6308712836e82262-cgu.7.rcgu.o:(<singe_cutensor::mp::tensor::TensorDescriptor as core::ops::drop::Drop>::drop) in archive /opt/rustwide/target/debug/build/singe-cutensor/62b0f25c4d94fd84/out/libsinge_cutensor-62b0f25c4d94fd84.rlib
[INFO] [stdout]           
[INFO] [stdout]           rust-lld: error: undefined symbol: ncclGetErrorString
[INFO] [stdout]           >>> referenced by types.rs:98 (src/types.rs:98)
[INFO] [stdout]           >>>               singe_nccl-2044ba8b3e705fbb.singe_nccl.f365d70f235da7de-cgu.0.rcgu.o:(<singe_nccl::types::Status>::description) in archive /opt/rustwide/target/debug/build/singe-nccl/2044ba8b3e705fbb/out/libsinge_nccl-2044ba8b3e705fbb.rlib
[INFO] [stdout]           
[INFO] [stdout]           rust-lld: error: too many errors emitted, stopping now (use --error-limit=0 to see all errors)
[INFO] [stdout]           collect2: error: ld returned 1 exit status
[INFO] [stdout]           
[INFO] [stdout] 
[INFO] [stdout] 
[INFO] [stderr] error: could not compile `singe-cutensor` (example "cutensor_mp_contraction") due to 1 previous error
[INFO] running `Command { std: "docker" "inspect" "dd95b8daad4a87fa11ab5a88a118c1b53bc953c14b935b36be71b826f8ddbafd", kill_on_drop: false }`
[INFO] running `Command { std: "docker" "rm" "-f" "dd95b8daad4a87fa11ab5a88a118c1b53bc953c14b935b36be71b826f8ddbafd", kill_on_drop: false }`
[INFO] [stdout] dd95b8daad4a87fa11ab5a88a118c1b53bc953c14b935b36be71b826f8ddbafd
