[INFO] fetching crate sid-isnt-done 0.6.0...
[INFO] testing sid-isnt-done-0.6.0 against 1.99.0-beta.8 for beta-1.100-2
[INFO] extracting crate sid-isnt-done 0.6.0 into /workspace/builds/worker-2-tc1/source
[INFO] started tweaking crates.io crate sid-isnt-done 0.6.0
[INFO] removed 0 missing tests
[INFO] finished tweaking crates.io crate sid-isnt-done 0.6.0
[INFO] tweaked toml for crates.io crate sid-isnt-done 0.6.0 written to /workspace/builds/worker-2-tc1/source/Cargo.toml
[INFO] validating manifest of crates.io crate sid-isnt-done 0.6.0 on toolchain 1.99.0-beta.8
[INFO] running `Command { std: CARGO_HOME="/workspace/cargo-home" RUSTUP_HOME="/workspace/rustup-home" "/workspace/cargo-home/bin/cargo" "+1.99.0-beta.8" "metadata" "--manifest-path" "Cargo.toml" "--no-deps", kill_on_drop: false }`
[INFO] crate crates.io crate sid-isnt-done 0.6.0 already has a lockfile, it will not be regenerated
[INFO] running `Command { std: CARGO_HOME="/workspace/cargo-home" RUSTUP_HOME="/workspace/rustup-home" "/workspace/cargo-home/bin/cargo" "+1.99.0-beta.8" "fetch" "--manifest-path" "Cargo.toml", kill_on_drop: false }`
[INFO] [stderr]     Updating crates.io index
[INFO] [stderr]  Downloading crates ...
[INFO] [stderr]   Downloaded utf8path v0.11.0
[INFO] [stderr]   Downloaded shvar v0.10.0
[INFO] [stderr]   Downloaded ctrlc v3.5.2
[INFO] [stderr]   Downloaded biometrics v0.13.0
[INFO] [stderr]   Downloaded biometrics v0.14.0
[INFO] [stderr]   Downloaded arrrg_derive v0.10.0
[INFO] [stderr]   Downloaded arrrg v0.10.0
[INFO] [stderr]   Downloaded setsum v0.9.0
[INFO] [stderr]   Downloaded handled v0.7.0
[INFO] [stderr]   Downloaded derive_util v0.7.0
[INFO] [stderr]   Downloaded rc_conf v0.18.0
[INFO] [stderr]   Downloaded sig_fig_histogram v0.8.0
[INFO] [stderr]   Downloaded sig_fig_histogram v0.7.0
[INFO] [stderr]   Downloaded tree-sitter v0.25.10
[INFO] [stderr]   Downloaded openssl-sys v0.9.114
[INFO] [stderr]   Downloaded rustyline v18.0.0
[INFO] [stderr]   Downloaded claudius v0.33.0
[INFO] [stderr]   Downloaded openssl v0.10.78
[INFO] [stderr]   Downloaded tree-sitter-rust v0.24.2
[INFO] [stderr]   Downloaded nix v0.31.2
[INFO] [stderr]   Downloaded tree-sitter-bash v0.25.1
[INFO] [stderr]   Downloaded mxsh v0.3.0
[INFO] running `Command { std: "docker" "create" "-v" "/var/lib/crater-agent-workspace/builds/worker-2-tc1/source:/opt/rustwide/workdir:ro,Z" "-v" "/var/lib/crater-agent-workspace/builds/worker-2-tc1/target:/opt/rustwide/target:rw,Z" "-v" "/var/lib/crater-agent-workspace/cargo-home:/opt/rustwide/cargo-home:ro,Z" "-v" "/var/lib/crater-agent-workspace/rustup-home:/opt/rustwide/rustup-home:ro,Z" "-m" "1610612736" "--network" "none" "ghcr.io/rust-lang/crates-build-env/linux@sha256:3111399a4047eeb3a02b7a90e478d715f38a8c6669b5c4b49d30a17385265909" "sleep" "infinity", kill_on_drop: false }`
[INFO] [stdout] f7876e94116286dc1c1f324be2e313789263f4202d61ef52d7ade6869cb9cebb
[INFO] running `Command { std: "docker" "start" "f7876e94116286dc1c1f324be2e313789263f4202d61ef52d7ade6869cb9cebb", kill_on_drop: false }`
[INFO] running `Command { std: "docker" "inspect" "f7876e94116286dc1c1f324be2e313789263f4202d61ef52d7ade6869cb9cebb", kill_on_drop: false }`
[INFO] running `Command { std: "docker" "exec" "-e" "SOURCE_DIR=/opt/rustwide/workdir" "-e" "CARGO_HOME=/opt/rustwide/cargo-home" "-e" "RUSTUP_HOME=/opt/rustwide/rustup-home" "-e" "CARGO_TARGET_DIR=/opt/rustwide/target" "-w" "/opt/rustwide/workdir" "--user" "0:0" "f7876e94116286dc1c1f324be2e313789263f4202d61ef52d7ade6869cb9cebb" "/opt/rustwide/cargo-home/bin/cargo" "+1.99.0-beta.8" "metadata" "--no-deps" "--format-version=1", kill_on_drop: false }`
[INFO] running `Command { std: "docker" "inspect" "f7876e94116286dc1c1f324be2e313789263f4202d61ef52d7ade6869cb9cebb", kill_on_drop: false }`
[INFO] running `Command { std: "docker" "exec" "-e" "SOURCE_DIR=/opt/rustwide/workdir" "-e" "CARGO_HOME=/opt/rustwide/cargo-home" "-e" "RUSTUP_HOME=/opt/rustwide/rustup-home" "-e" "CARGO_TARGET_DIR=/opt/rustwide/target" "-e" "CARGO_INCREMENTAL=0" "-e" "RUST_BACKTRACE=full" "-e" "RUSTFLAGS=--cap-lints=warn" "-e" "RUSTDOCFLAGS=--cap-lints=warn" "-w" "/opt/rustwide/workdir" "--user" "0:0" "f7876e94116286dc1c1f324be2e313789263f4202d61ef52d7ade6869cb9cebb" "/opt/rustwide/cargo-home/bin/cargo" "+1.99.0-beta.8" "build" "--frozen" "--message-format=json", kill_on_drop: false }`
[INFO] [stderr]    Compiling libc v0.2.186
[INFO] [stderr]    Compiling cc v1.2.60
[INFO] [stderr]    Compiling unicode-segmentation v1.13.2
[INFO] [stderr]    Compiling tree-sitter-language v0.1.7
[INFO] [stderr]    Compiling serde_json v1.0.150
[INFO] [stderr]    Compiling indexmap v2.14.0
[INFO] [stderr]    Compiling http v1.4.0
[INFO] [stderr]    Compiling displaydoc v0.2.5
[INFO] [stderr]    Compiling futures-util v0.3.32
[INFO] [stderr]    Compiling thiserror v2.0.18
[INFO] [stderr]    Compiling zerofrom v0.1.7
[INFO] [stderr]    Compiling openssl v0.10.78
[INFO] [stderr]    Compiling rustix v1.1.4
[INFO] [stderr]    Compiling darling_core v0.23.0
[INFO] [stderr]    Compiling thiserror-impl v2.0.18
[INFO] [stderr]    Compiling syn v1.0.109
[INFO] [stderr]    Compiling native-tls v0.2.18
[INFO] [stderr]    Compiling yoke v0.8.2
[INFO] [stderr]    Compiling serde_core v1.0.228
[INFO] [stderr]    Compiling linux-raw-sys v0.12.1
[INFO] [stderr]    Compiling strum_macros v0.27.2
[INFO] [stderr]    Compiling convert_case v0.10.0
[INFO] [stderr]    Compiling zerovec v0.11.6
[INFO] [stderr]    Compiling itertools v0.14.0
[INFO] [stderr]    Compiling nix v0.31.2
[INFO] [stderr]    Compiling nibble_vec v0.1.0
[INFO] [stderr]    Compiling instability v0.3.12
[INFO] [stderr]    Compiling num-conv v0.2.1
[INFO] [stderr]    Compiling time-core v0.1.8
[INFO] [stderr]    Compiling compact_str v0.9.1
[INFO] [stderr]    Compiling deranged v0.5.8
[INFO] [stderr]    Compiling time-macros v0.2.27
[INFO] [stderr]    Compiling derive_more-impl v2.1.1
[INFO] [stderr]    Compiling zerotrie v0.2.4
[INFO] [stderr]    Compiling http-body v1.0.1
[INFO] [stderr]    Compiling tracing v0.1.44
[INFO] [stderr]    Compiling tinystr v0.8.3
[INFO] [stderr]    Compiling potential_utf v0.1.5
[INFO] [stderr]    Compiling icu_collections v2.2.0
[INFO] [stderr]    Compiling icu_locale_core v2.2.0
[INFO] [stderr]    Compiling kasuari v0.4.12
[INFO] [stderr]    Compiling lru v0.16.4
[INFO] [stderr]    Compiling num_threads v0.1.7
[INFO] [stderr]    Compiling openssl-sys v0.9.114
[INFO] [stderr]    Compiling unicode-truncate v2.0.1
[INFO] [stderr]    Compiling derive_more v2.1.1
[INFO] [stderr]    Compiling http-body-util v0.1.3
[INFO] [stderr]    Compiling nix v0.30.1
[INFO] [stderr]    Compiling sig_fig_histogram v0.8.0
[INFO] [stderr]    Compiling home v0.5.12
[INFO] [stderr]    Compiling iri-string v0.7.12
[INFO] [stderr]    Compiling endian-type v0.2.0
[INFO] [stderr]    Compiling radix_trie v0.3.0
[INFO] [stderr]    Compiling biometrics v0.14.0
[INFO] [stderr]    Compiling regex-automata v0.4.14
[INFO] [stderr]    Compiling rustls-pki-types v1.14.0
[INFO] [stderr]    Compiling tree-sitter-python v0.25.0
[INFO] [stderr]    Compiling tree-sitter-rust v0.24.2
[INFO] [stderr]    Compiling tree-sitter-bash v0.25.1
[INFO] [stderr]    Compiling getopts v0.2.24
[INFO] [stderr]    Compiling icu_provider v2.2.0
[INFO] [stderr]    Compiling errno v0.3.14
[INFO] [stderr]    Compiling mio v1.2.0
[INFO] [stderr]    Compiling signal-hook-registry v1.4.8
[INFO] [stderr]    Compiling parking_lot_core v0.9.12
[INFO] [stderr]    Compiling parking_lot v0.12.5
[INFO] [stderr]    Compiling socket2 v0.6.3
[INFO] [stderr]    Compiling icu_normalizer v2.2.0
[INFO] [stderr]    Compiling icu_properties v2.2.0
[INFO] [stderr]    Compiling darling_macro v0.23.0
[INFO] [stderr]    Compiling signal-hook v0.3.18
[INFO] [stderr]    Compiling strum v0.27.2
[INFO] [stderr]    Compiling ratatui-core v0.1.0
[INFO] [stderr]    Compiling signal-hook-mio v0.2.5
[INFO] [stderr]    Compiling derive_util v0.7.0
[INFO] [stderr]    Compiling darling v0.23.0
[INFO] [stderr]    Compiling time v0.3.47
[INFO] [stderr]    Compiling tokio v1.52.3
[INFO] [stderr]    Compiling filedescriptor v0.8.3
[INFO] [stderr]    Compiling futures-executor v0.3.32
[INFO] [stderr]    Compiling line-clipping v0.3.7
[INFO] [stderr]    Compiling keccak v0.1.6
[INFO] [stderr]    Compiling crossterm v0.29.0
[INFO] [stderr]    Compiling sig_fig_histogram v0.7.0
[INFO] [stderr]    Compiling utf8path v0.11.0
[INFO] [stderr]    Compiling endian-type v0.1.2
[INFO] [stderr]    Compiling sha3 v0.10.9
[INFO] [stderr]    Compiling biometrics v0.13.0
[INFO] [stderr]    Compiling radix_trie v0.2.1
[INFO] [stderr]    Compiling arrrg_derive v0.10.0
[INFO] [stderr]    Compiling futures v0.3.32
[INFO] [stderr]    Compiling idna_adapter v1.2.1
[INFO] [stderr]    Compiling serde_yaml v0.9.34+deprecated
[INFO] [stderr]    Compiling idna v1.1.0
[INFO] [stderr]    Compiling fd-lock v4.0.4
[INFO] [stderr]    Compiling arrrg v0.10.0
[INFO] [stderr]    Compiling url v2.5.8
[INFO] [stderr]    Compiling regex v1.12.3
[INFO] [stderr]    Compiling ratatui-crossterm v0.1.0
[INFO] [stderr]    Compiling streaming-iterator v0.1.9
[INFO] [stderr]    Compiling shvar v0.10.0
[INFO] [stderr]    Compiling setsum v0.9.0
[INFO] [stderr]    Compiling handled v0.7.0
[INFO] [stderr]    Compiling mxsh v0.3.0
[INFO] [stderr]    Compiling rc_conf v0.18.0
[INFO] [stderr]    Compiling ratatui-widgets v0.3.0
[INFO] [stderr]    Compiling tree-sitter v0.25.10
[INFO] [stderr]    Compiling ctrlc v3.5.2
[INFO] [stderr]    Compiling rustyline v18.0.0
[INFO] [stdout] error[E0308]: mismatched types
[INFO] [stdout]    --> /opt/rustwide/cargo-home/registry/src/index.crates.io-1949cf8c6b5b557f/mxsh-0.3.0/src/runtime/unix/primitive.rs:453:32
[INFO] [stdout]     |
[INFO] [stdout] 450 | pub(crate) fn rlimit_kind(r: crate::runtime::RlimitResource) -> libc::c_int {
[INFO] [stdout]     |                                                                 ----------- expected `i32` because of return type
[INFO] [stdout] ...
[INFO] [stdout] 453 |         RlimitResource::Cpu => libc::RLIMIT_CPU,
[INFO] [stdout]     |                                ^^^^^^^^^^^^^^^^ expected `i32`, found `u32`
[INFO] [stdout]     |
[INFO] [stdout] help: you can convert a `u32` to an `i32` and panic if the converted value doesn't fit
[INFO] [stdout]     |
[INFO] [stdout] 453 |         RlimitResource::Cpu => libc::RLIMIT_CPU.try_into().unwrap(),
[INFO] [stdout]     |                                                ++++++++++++++++++++
[INFO] [stdout] 
[INFO] [stdout] 
[INFO] [stdout] error[E0308]: mismatched types
[INFO] [stdout]    --> /opt/rustwide/cargo-home/registry/src/index.crates.io-1949cf8c6b5b557f/mxsh-0.3.0/src/runtime/unix/primitive.rs:475:39
[INFO] [stdout]     |
[INFO] [stdout] 475 |     let rc = unsafe { libc::getrlimit(rlimit_kind(resource), &mut rl) };
[INFO] [stdout]     |                       --------------- ^^^^^^^^^^^^^^^^^^^^^ expected `u32`, found `i32`
[INFO] [stdout]     |                       |
[INFO] [stdout]     |                       arguments to this function are incorrect
[INFO] [stdout]     |
[INFO] [stdout] note: function defined here
[INFO] [stdout]    --> /opt/rustwide/cargo-home/registry/src/index.crates.io-1949cf8c6b5b557f/libc-0.2.186/src/unix/linux_like/linux/gnu/mod.rs:988:12
[INFO] [stdout]     |
[INFO] [stdout] 988 |     pub fn getrlimit(resource: crate::__rlimit_resource_t, rlim: *mut crate::rlimit) -> c_int;
[INFO] [stdout]     |            ^^^^^^^^^
[INFO] [stdout] help: you can convert an `i32` to a `u32` and panic if the converted value doesn't fit
[INFO] [stdout]     |
[INFO] [stdout] 475 |     let rc = unsafe { libc::getrlimit(rlimit_kind(resource).try_into().unwrap(), &mut rl) };
[INFO] [stdout]     |                                                            ++++++++++++++++++++
[INFO] [stdout] 
[INFO] [stdout] 
[INFO] [stdout] error[E0308]: mismatched types
[INFO] [stdout]    --> /opt/rustwide/cargo-home/registry/src/index.crates.io-1949cf8c6b5b557f/mxsh-0.3.0/src/runtime/unix/primitive.rs:515:39
[INFO] [stdout]     |
[INFO] [stdout] 515 |     let rc = unsafe { libc::setrlimit(rlimit_kind(resource), &rl) };
[INFO] [stdout]     |                       --------------- ^^^^^^^^^^^^^^^^^^^^^ expected `u32`, found `i32`
[INFO] [stdout]     |                       |
[INFO] [stdout]     |                       arguments to this function are incorrect
[INFO] [stdout]     |
[INFO] [stdout] note: function defined here
[INFO] [stdout]    --> /opt/rustwide/cargo-home/registry/src/index.crates.io-1949cf8c6b5b557f/libc-0.2.186/src/unix/linux_like/linux/gnu/mod.rs:990:12
[INFO] [stdout]     |
[INFO] [stdout] 990 |     pub fn setrlimit(resource: crate::__rlimit_resource_t, rlim: *const crate::rlimit) -> c_int;
[INFO] [stdout]     |            ^^^^^^^^^
[INFO] [stdout] help: you can convert an `i32` to a `u32` and panic if the converted value doesn't fit
[INFO] [stdout]     |
[INFO] [stdout] 515 |     let rc = unsafe { libc::setrlimit(rlimit_kind(resource).try_into().unwrap(), &rl) };
[INFO] [stdout]     |                                                            ++++++++++++++++++++
[INFO] [stdout] 
[INFO] [stdout] 
[INFO] [stderr]    Compiling rustyline v17.0.2
[INFO] [stderr]    Compiling ratatui v0.30.0
[INFO] [stdout] For more information about this error, try `rustc --explain E0308`.
[INFO] [stdout] 
[INFO] [stderr] error: could not compile `mxsh` (lib) due to 3 previous errors
[INFO] [stderr] warning: build failed, waiting for other jobs to finish...
[INFO] running `Command { std: "docker" "inspect" "f7876e94116286dc1c1f324be2e313789263f4202d61ef52d7ade6869cb9cebb", kill_on_drop: false }`
[INFO] running `Command { std: "docker" "rm" "-f" "f7876e94116286dc1c1f324be2e313789263f4202d61ef52d7ade6869cb9cebb", kill_on_drop: false }`
[INFO] [stdout] f7876e94116286dc1c1f324be2e313789263f4202d61ef52d7ade6869cb9cebb
