[INFO] fetching crate si-zero-knowledge 0.1.0...
[INFO] testing si-zero-knowledge-0.1.0 against 1.99.0-beta.8 for beta-1.100-2
[INFO] extracting crate si-zero-knowledge 0.1.0 into /workspace/builds/worker-1-tc1/source
[INFO] started tweaking crates.io crate si-zero-knowledge 0.1.0
[INFO] finished tweaking crates.io crate si-zero-knowledge 0.1.0
[INFO] tweaked toml for crates.io crate si-zero-knowledge 0.1.0 written to /workspace/builds/worker-1-tc1/source/Cargo.toml
[INFO] validating manifest of crates.io crate si-zero-knowledge 0.1.0 on toolchain 1.99.0-beta.8
[INFO] running `Command { std: CARGO_HOME="/workspace/cargo-home" RUSTUP_HOME="/workspace/rustup-home" "/workspace/cargo-home/bin/cargo" "+1.99.0-beta.8" "metadata" "--manifest-path" "Cargo.toml" "--no-deps", kill_on_drop: false }`
[INFO] crate crates.io crate si-zero-knowledge 0.1.0 already has a lockfile, it will not be regenerated
[INFO] running `Command { std: CARGO_HOME="/workspace/cargo-home" RUSTUP_HOME="/workspace/rustup-home" "/workspace/cargo-home/bin/cargo" "+1.99.0-beta.8" "fetch" "--manifest-path" "Cargo.toml", kill_on_drop: false }`
[INFO] [stderr]     Blocking waiting for file lock on package cache
[INFO] [stderr]     Updating crates.io index
[INFO] [stderr]     Blocking waiting for file lock on package cache
[INFO] [stderr]  Downloading crates ...
[INFO] [stderr]   Downloaded crypto-common v0.1.7
[INFO] [stderr]   Downloaded sha2 v0.10.9
[INFO] [stderr]   Downloaded cfg-if v1.0.4
[INFO] [stderr]   Downloaded typenum v1.20.1
[INFO] [stderr]   Downloaded rand_chacha v0.3.1
[INFO] [stderr]   Downloaded zeroize v1.8.2
[INFO] [stderr]   Downloaded rustc_version v0.4.1
[INFO] [stderr]   Downloaded curve25519-dalek-derive v0.1.1
[INFO] [stderr]   Downloaded rand_core v0.6.4
[INFO] [stderr]   Downloaded quote v1.0.45
[INFO] [stderr]   Downloaded semver v1.0.28
[INFO] [stderr]   Downloaded getrandom v0.2.17
[INFO] [stderr]   Downloaded unicode-ident v1.0.24
[INFO] [stderr]   Downloaded proc-macro2 v1.0.106
[INFO] [stderr]   Downloaded rand v0.8.6
[INFO] [stderr]   Downloaded zerocopy-derive v0.8.50
[INFO] [stderr]   Downloaded zerocopy v0.8.50
[INFO] [stderr]   Downloaded curve25519-dalek v4.1.3
[INFO] [stderr]   Downloaded syn v2.0.117
[INFO] [stderr]   Downloaded fiat-crypto v0.2.9
[INFO] [stderr]   Downloaded libc v0.2.186
[INFO] running `Command { std: "docker" "create" "-v" "/var/lib/crater-agent-workspace/builds/worker-1-tc1/source:/opt/rustwide/workdir:ro,Z" "-v" "/var/lib/crater-agent-workspace/builds/worker-1-tc1/target:/opt/rustwide/target:rw,Z" "-v" "/var/lib/crater-agent-workspace/cargo-home:/opt/rustwide/cargo-home:ro,Z" "-v" "/var/lib/crater-agent-workspace/rustup-home:/opt/rustwide/rustup-home:ro,Z" "-m" "1610612736" "--network" "none" "ghcr.io/rust-lang/crates-build-env/linux@sha256:3111399a4047eeb3a02b7a90e478d715f38a8c6669b5c4b49d30a17385265909" "sleep" "infinity", kill_on_drop: false }`
[INFO] [stdout] e37b2aa5231ffa5e8414f3899bc2aefe958117649b4fc1e8e89fad4f43ea0b98
[INFO] running `Command { std: "docker" "start" "e37b2aa5231ffa5e8414f3899bc2aefe958117649b4fc1e8e89fad4f43ea0b98", kill_on_drop: false }`
[INFO] running `Command { std: "docker" "inspect" "e37b2aa5231ffa5e8414f3899bc2aefe958117649b4fc1e8e89fad4f43ea0b98", kill_on_drop: false }`
[INFO] running `Command { std: "docker" "exec" "-e" "SOURCE_DIR=/opt/rustwide/workdir" "-e" "CARGO_HOME=/opt/rustwide/cargo-home" "-e" "RUSTUP_HOME=/opt/rustwide/rustup-home" "-e" "CARGO_TARGET_DIR=/opt/rustwide/target" "-w" "/opt/rustwide/workdir" "--user" "0:0" "e37b2aa5231ffa5e8414f3899bc2aefe958117649b4fc1e8e89fad4f43ea0b98" "/opt/rustwide/cargo-home/bin/cargo" "+1.99.0-beta.8" "metadata" "--no-deps" "--format-version=1", kill_on_drop: false }`
[INFO] running `Command { std: "docker" "inspect" "e37b2aa5231ffa5e8414f3899bc2aefe958117649b4fc1e8e89fad4f43ea0b98", kill_on_drop: false }`
[INFO] running `Command { std: "docker" "exec" "-e" "SOURCE_DIR=/opt/rustwide/workdir" "-e" "CARGO_HOME=/opt/rustwide/cargo-home" "-e" "RUSTUP_HOME=/opt/rustwide/rustup-home" "-e" "CARGO_TARGET_DIR=/opt/rustwide/target" "-e" "CARGO_INCREMENTAL=0" "-e" "RUST_BACKTRACE=full" "-e" "RUSTFLAGS=--cap-lints=warn" "-e" "RUSTDOCFLAGS=--cap-lints=warn" "-w" "/opt/rustwide/workdir" "--user" "0:0" "e37b2aa5231ffa5e8414f3899bc2aefe958117649b4fc1e8e89fad4f43ea0b98" "/opt/rustwide/cargo-home/bin/cargo" "+1.99.0-beta.8" "build" "--frozen" "--message-format=json", kill_on_drop: false }`
[INFO] [stderr]    Compiling libc v0.2.186
[INFO] [stderr]    Compiling version_check v0.9.5
[INFO] [stderr]    Compiling cfg-if v1.0.4
[INFO] [stderr]    Compiling proc-macro2 v1.0.106
[INFO] [stderr]    Compiling unicode-ident v1.0.24
[INFO] [stderr]    Compiling zerocopy v0.8.50
[INFO] [stderr]    Compiling quote v1.0.45
[INFO] [stderr]    Compiling typenum v1.20.1
[INFO] [stderr]    Compiling semver v1.0.28
[INFO] [stderr]    Compiling cpufeatures v0.2.17
[INFO] [stderr]    Compiling subtle v2.6.1
[INFO] [stderr]    Compiling zeroize v1.8.2
[INFO] [stderr]    Compiling rustc_version v0.4.1
[INFO] [stderr]    Compiling generic-array v0.14.7
[INFO] [stderr]    Compiling curve25519-dalek v4.1.3
[INFO] [stderr]    Compiling syn v2.0.117
[INFO] [stderr]    Compiling getrandom v0.2.17
[INFO] [stderr]    Compiling rand_core v0.6.4
[INFO] [stderr]    Compiling block-buffer v0.10.4
[INFO] [stderr]    Compiling crypto-common v0.1.7
[INFO] [stderr]    Compiling digest v0.10.7
[INFO] [stderr]    Compiling sha2 v0.10.9
[INFO] [stderr]    Compiling curve25519-dalek-derive v0.1.1
[INFO] [stderr]    Compiling ppv-lite86 v0.2.21
[INFO] [stderr]    Compiling rand_chacha v0.3.1
[INFO] [stderr]    Compiling rand v0.8.6
[INFO] [stderr]    Compiling si-zero-knowledge v0.1.0 (/opt/rustwide/workdir)
[INFO] [stderr]     Finished `dev` profile [unoptimized + debuginfo] target(s) in 12.53s
[INFO] running `Command { std: "docker" "inspect" "e37b2aa5231ffa5e8414f3899bc2aefe958117649b4fc1e8e89fad4f43ea0b98", kill_on_drop: false }`
[INFO] running `Command { std: "docker" "exec" "-e" "SOURCE_DIR=/opt/rustwide/workdir" "-e" "CARGO_HOME=/opt/rustwide/cargo-home" "-e" "RUSTUP_HOME=/opt/rustwide/rustup-home" "-e" "CARGO_TARGET_DIR=/opt/rustwide/target" "-e" "CARGO_INCREMENTAL=0" "-e" "RUST_BACKTRACE=full" "-e" "RUSTFLAGS=--cap-lints=warn" "-e" "RUSTDOCFLAGS=--cap-lints=warn" "-w" "/opt/rustwide/workdir" "--user" "0:0" "e37b2aa5231ffa5e8414f3899bc2aefe958117649b4fc1e8e89fad4f43ea0b98" "/opt/rustwide/cargo-home/bin/cargo" "+1.99.0-beta.8" "test" "--frozen" "--no-run" "--message-format=json", kill_on_drop: false }`
[INFO] [stderr]    Compiling si-zero-knowledge v0.1.0 (/opt/rustwide/workdir)
[INFO] [stdout] error[E0425]: cannot find value `RISTRETTO_BASEPOINT_POINT` in this scope
[INFO] [stdout]    --> src/dleq.rs:103:35
[INFO] [stdout]     |
[INFO] [stdout] 103 |         let hash = Sha256::digest(RISTRETTO_BASEPOINT_POINT.compress().as_bytes());
[INFO] [stdout]     |                                   ^^^^^^^^^^^^^^^^^^^^^^^^^ not found in this scope
[INFO] [stdout] 
[INFO] [stdout] 
[INFO] [stdout] error[E0425]: cannot find value `RISTRETTO_BASEPOINT_POINT` in this scope
[INFO] [stdout]    --> src/dleq.rs:105:18
[INFO] [stdout]     |
[INFO] [stdout] 105 |         scalar * RISTRETTO_BASEPOINT_POINT
[INFO] [stdout]     |                  ^^^^^^^^^^^^^^^^^^^^^^^^^ not found in this scope
[INFO] [stdout] 
[INFO] [stdout] 
[INFO] [stdout] error[E0425]: cannot find value `RISTRETTO_BASEPOINT_POINT` in this scope
[INFO] [stdout]    --> src/dleq.rs:111:18
[INFO] [stdout]     |
[INFO] [stdout] 111 |         let g1 = RISTRETTO_BASEPOINT_POINT;
[INFO] [stdout]     |                  ^^^^^^^^^^^^^^^^^^^^^^^^^ not found in this scope
[INFO] [stdout] 
[INFO] [stdout] 
[INFO] [stdout] error[E0425]: cannot find value `RISTRETTO_BASEPOINT_POINT` in this scope
[INFO] [stdout]    --> src/dleq.rs:120:18
[INFO] [stdout]     |
[INFO] [stdout] 120 |         let g1 = RISTRETTO_BASEPOINT_POINT;
[INFO] [stdout]     |                  ^^^^^^^^^^^^^^^^^^^^^^^^^ not found in this scope
[INFO] [stdout] 
[INFO] [stdout] 
[INFO] [stdout] error[E0425]: cannot find value `RISTRETTO_BASEPOINT_POINT` in this scope
[INFO] [stdout]    --> src/dleq.rs:130:18
[INFO] [stdout]     |
[INFO] [stdout] 130 |         let g1 = RISTRETTO_BASEPOINT_POINT;
[INFO] [stdout]     |                  ^^^^^^^^^^^^^^^^^^^^^^^^^ not found in this scope
[INFO] [stdout] 
[INFO] [stdout] 
[INFO] [stdout] error[E0425]: cannot find value `RISTRETTO_BASEPOINT_POINT` in this scope
[INFO] [stdout]    --> src/dleq.rs:140:18
[INFO] [stdout]     |
[INFO] [stdout] 140 |         let g1 = RISTRETTO_BASEPOINT_POINT;
[INFO] [stdout]     |                  ^^^^^^^^^^^^^^^^^^^^^^^^^ not found in this scope
[INFO] [stdout] 
[INFO] [stdout] 
[INFO] [stdout] error[E0308]: mismatched types
[INFO] [stdout]    --> src/dleq.rs:105:9
[INFO] [stdout]     |
[INFO] [stdout] 102 |     fn second_generator() -> RistrettoPoint {
[INFO] [stdout]     |                              -------------- expected `curve25519_dalek::RistrettoPoint` because of return type
[INFO] [stdout] ...
[INFO] [stdout] 105 |         scalar * RISTRETTO_BASEPOINT_POINT
[INFO] [stdout]     |         ^^^^^^^^^^^^^^^^^^^^^^^^^^^^^^^^^^ expected `RistrettoPoint`, found `Scalar`
[INFO] [stdout] 
[INFO] [stdout] 
[INFO] [stdout] error[E0308]: mismatched types
[INFO] [stdout]    --> src/dleq.rs:124:41
[INFO] [stdout]     |
[INFO] [stdout] 124 |         assert!(!proof.verify(&g1, &g2, &wrong_p1, &p2));
[INFO] [stdout]     |                        ------           ^^^^^^^^^ expected `&RistrettoPoint`, found `&Scalar`
[INFO] [stdout]     |                        |
[INFO] [stdout]     |                        arguments to this method are incorrect
[INFO] [stdout]     |
[INFO] [stdout]     = note: expected reference `&curve25519_dalek::RistrettoPoint`
[INFO] [stdout]                found reference `&curve25519_dalek::Scalar`
[INFO] [stdout] note: method defined here
[INFO] [stdout]    --> src/dleq.rs:55:12
[INFO] [stdout]     |
[INFO] [stdout]  55 |     pub fn verify(
[INFO] [stdout]     |            ^^^^^^
[INFO] [stdout] ...
[INFO] [stdout]  59 |         p1: &RistrettoPoint,
[INFO] [stdout]     |         -------------------
[INFO] [stdout] 
[INFO] [stdout] 
[INFO] [stdout] Some errors have detailed explanations: E0308, E0425.
[INFO] [stdout] 
[INFO] [stdout] For more information about an error, try `rustc --explain E0308`.
[INFO] [stdout] 
[INFO] [stderr] error: could not compile `si-zero-knowledge` (lib test) due to 8 previous errors
[INFO] running `Command { std: "docker" "inspect" "e37b2aa5231ffa5e8414f3899bc2aefe958117649b4fc1e8e89fad4f43ea0b98", kill_on_drop: false }`
[INFO] running `Command { std: "docker" "rm" "-f" "e37b2aa5231ffa5e8414f3899bc2aefe958117649b4fc1e8e89fad4f43ea0b98", kill_on_drop: false }`
[INFO] [stdout] e37b2aa5231ffa5e8414f3899bc2aefe958117649b4fc1e8e89fad4f43ea0b98
