[INFO] fetching crate shvclient 12.0.2...
[INFO] testing shvclient-12.0.2 against 1.99.0-beta.8 for beta-1.100-2
[INFO] extracting crate shvclient 12.0.2 into /workspace/builds/worker-4-tc1/source
[INFO] started tweaking crates.io crate shvclient 12.0.2
[INFO] removed 0 missing examples
[INFO] removed 0 missing tests
[INFO] finished tweaking crates.io crate shvclient 12.0.2
[INFO] tweaked toml for crates.io crate shvclient 12.0.2 written to /workspace/builds/worker-4-tc1/source/Cargo.toml
[INFO] validating manifest of crates.io crate shvclient 12.0.2 on toolchain 1.99.0-beta.8
[INFO] running `Command { std: CARGO_HOME="/workspace/cargo-home" RUSTUP_HOME="/workspace/rustup-home" "/workspace/cargo-home/bin/cargo" "+1.99.0-beta.8" "metadata" "--manifest-path" "Cargo.toml" "--no-deps", kill_on_drop: false }`
[INFO] crate crates.io crate shvclient 12.0.2 already has a lockfile, it will not be regenerated
[INFO] running `Command { std: CARGO_HOME="/workspace/cargo-home" RUSTUP_HOME="/workspace/rustup-home" "/workspace/cargo-home/bin/cargo" "+1.99.0-beta.8" "fetch" "--manifest-path" "Cargo.toml", kill_on_drop: false }`
[INFO] [stderr]     Updating crates.io index
[INFO] [stderr]     Blocking waiting for file lock on package cache
[INFO] [stderr]  Downloading crates ...
[INFO] [stderr]   Downloaded async-signal v0.2.14
[INFO] [stderr]   Downloaded simple_logger v5.2.0
[INFO] [stderr]   Downloaded shvrpc v22.0.0
[INFO] [stderr]   Downloaded shvproto v8.0.2
[INFO] [stderr]   Downloaded futures-time v3.1.0
[INFO] [stderr]   Downloaded duration-str v0.21.0
[INFO] [stderr]   Downloaded stream-cancel v0.8.2
[INFO] [stderr]   Downloaded smol-timeout v0.6.1
[INFO] [stderr]   Downloaded serialport v4.10.1
[INFO] [stderr]   Downloaded unescaper v0.1.10
[INFO] [stderr]   Downloaded smol-macros v0.1.1
[INFO] [stderr]   Downloaded libshvproto-macros v0.2.2
[INFO] [stderr]   Downloaded macro_magic_core v0.6.0
[INFO] [stderr]   Downloaded macro_magic_macros v0.6.0
[INFO] [stderr]   Downloaded rusqlite v0.40.2
[INFO] [stderr]   Downloaded macro_magic v0.6.0
[INFO] [stderr]   Downloaded macro_magic_core_macros v0.6.0
[INFO] [stderr]   Downloaded async-tungstenite v0.35.0
[INFO] [stderr]   Downloaded async-sqlite v0.6.0
[INFO] [stderr]   Downloaded shvbroker v3.32.14
[INFO] running `Command { std: "docker" "create" "-v" "/var/lib/crater-agent-workspace/builds/worker-4-tc1/source:/opt/rustwide/workdir:ro,Z" "-v" "/var/lib/crater-agent-workspace/builds/worker-4-tc1/target:/opt/rustwide/target:rw,Z" "-v" "/var/lib/crater-agent-workspace/cargo-home:/opt/rustwide/cargo-home:ro,Z" "-v" "/var/lib/crater-agent-workspace/rustup-home:/opt/rustwide/rustup-home:ro,Z" "-m" "1610612736" "--network" "none" "ghcr.io/rust-lang/crates-build-env/linux@sha256:3111399a4047eeb3a02b7a90e478d715f38a8c6669b5c4b49d30a17385265909" "sleep" "infinity", kill_on_drop: false }`
[INFO] [stdout] 05e82ec1925278401530ec126e5aac047e4d4357e4529ea6be1225030d55434f
[INFO] running `Command { std: "docker" "start" "05e82ec1925278401530ec126e5aac047e4d4357e4529ea6be1225030d55434f", kill_on_drop: false }`
[INFO] running `Command { std: "docker" "inspect" "05e82ec1925278401530ec126e5aac047e4d4357e4529ea6be1225030d55434f", kill_on_drop: false }`
[INFO] running `Command { std: "docker" "exec" "-e" "SOURCE_DIR=/opt/rustwide/workdir" "-e" "CARGO_HOME=/opt/rustwide/cargo-home" "-e" "RUSTUP_HOME=/opt/rustwide/rustup-home" "-e" "CARGO_TARGET_DIR=/opt/rustwide/target" "-w" "/opt/rustwide/workdir" "--user" "0:0" "05e82ec1925278401530ec126e5aac047e4d4357e4529ea6be1225030d55434f" "/opt/rustwide/cargo-home/bin/cargo" "+1.99.0-beta.8" "metadata" "--no-deps" "--format-version=1", kill_on_drop: false }`
[INFO] running `Command { std: "docker" "inspect" "05e82ec1925278401530ec126e5aac047e4d4357e4529ea6be1225030d55434f", kill_on_drop: false }`
[INFO] running `Command { std: "docker" "exec" "-e" "SOURCE_DIR=/opt/rustwide/workdir" "-e" "CARGO_HOME=/opt/rustwide/cargo-home" "-e" "RUSTUP_HOME=/opt/rustwide/rustup-home" "-e" "CARGO_TARGET_DIR=/opt/rustwide/target" "-e" "CARGO_INCREMENTAL=0" "-e" "RUST_BACKTRACE=full" "-e" "RUSTFLAGS=--cap-lints=warn" "-e" "RUSTDOCFLAGS=--cap-lints=warn" "-w" "/opt/rustwide/workdir" "--user" "0:0" "05e82ec1925278401530ec126e5aac047e4d4357e4529ea6be1225030d55434f" "/opt/rustwide/cargo-home/bin/cargo" "+1.99.0-beta.8" "build" "--frozen" "--message-format=json", kill_on_drop: false }`
[INFO] [stderr]    Compiling find-msvc-tools v0.1.13
[INFO] [stderr]    Compiling libc v0.2.189
[INFO] [stderr]    Compiling num-traits v0.2.19
[INFO] [stderr]    Compiling aws-lc-rs v1.18.1
[INFO] [stderr]    Compiling crossbeam-utils v0.8.23
[INFO] [stderr]    Compiling rustls-pki-types v1.15.1
[INFO] [stderr]    Compiling rustix v1.1.5
[INFO] [stderr]    Compiling syn v3.0.6
[INFO] [stderr]    Compiling linux-raw-sys v0.12.1
[INFO] [stderr]    Compiling smallvec v1.16.1
[INFO] [stderr]    Compiling futures-channel v0.3.34
[INFO] [stderr]    Compiling async-io v2.6.0
[INFO] [stderr]    Compiling rust_decimal v1.43.0
[INFO] [stderr]    Compiling rustls v0.23.45
[INFO] [stderr]    Compiling convert_case v0.11.0
[INFO] [stderr]    Compiling crypto-common v0.2.2
[INFO] [stderr]    Compiling futures-lite v2.6.1
[INFO] [stderr]    Compiling percent-encoding v2.3.2
[INFO] [stderr]    Compiling deranged v0.5.8
[INFO] [stderr]    Compiling event-listener v2.5.3
[INFO] [stderr]    Compiling arrayvec v0.7.8
[INFO] [stderr]    Compiling indexmap v2.14.2
[INFO] [stderr]    Compiling libshvproto-macros v0.2.2
[INFO] [stderr]    Compiling event-listener v5.4.2
[INFO] [stderr]    Compiling crc-catalog v2.5.0
[INFO] [stderr]    Compiling form_urlencoded v1.2.2
[INFO] [stderr]    Compiling rustls-native-certs v0.8.4
[INFO] [stderr]    Compiling crc v3.4.0
[INFO] [stderr]    Compiling glob v0.3.4
[INFO] [stderr]    Compiling event-listener-strategy v0.5.4
[INFO] [stderr]    Compiling rustls-pemfile v2.2.0
[INFO] [stderr]    Compiling concurrent-queue v2.5.0
[INFO] [stderr]    Compiling async-broadcast v0.7.2
[INFO] [stderr]    Compiling chrono v0.4.45
[INFO] [stderr]    Compiling async-channel v1.9.0
[INFO] [stderr]    Compiling digest v0.11.3
[INFO] [stderr]    Compiling sha1 v0.11.0
[INFO] [stderr]    Compiling time v0.3.55
[INFO] [stderr]    Compiling jobserver v0.1.35
[INFO] [stderr]    Compiling cc v1.4.7
[INFO] [stderr]    Compiling shvproto v8.0.2
[INFO] [stderr]    Compiling cmake v0.1.58
[INFO] [stderr]    Compiling aws-lc-sys v0.45.0
[INFO] [stderr]    Compiling synstructure v0.14.0
[INFO] [stderr]    Compiling zerovec-derive v0.11.6
[INFO] [stderr]    Compiling displaydoc v0.2.7
[INFO] [stderr]    Compiling serde_derive v1.0.229
[INFO] [stderr]    Compiling futures-macro v0.3.34
[INFO] [stderr]    Compiling thiserror-impl v2.0.20
[INFO] [stderr]    Compiling async-trait v0.1.92
[INFO] [stderr]    Compiling zerofrom-derive v0.1.8
[INFO] [stderr]    Compiling yoke-derive v0.8.3
[INFO] [stderr]    Compiling futures-util v0.3.34
[INFO] [stderr]    Compiling polling v3.11.0
[INFO] [stderr]    Compiling thiserror v2.0.20
[INFO] [stderr]    Compiling zerofrom v0.1.8
[INFO] [stderr]    Compiling yoke v0.8.3
[INFO] [stderr]    Compiling zerovec v0.11.8
[INFO] [stderr]    Compiling zerotrie v0.2.5
[INFO] [stderr]    Compiling futures-time v3.1.0
[INFO] [stderr]    Compiling tinystr v0.8.4
[INFO] [stderr]    Compiling potential_utf v0.1.6
[INFO] [stderr]    Compiling icu_collections v2.3.0
[INFO] [stderr]    Compiling icu_locale_core v2.3.0
[INFO] [stderr]    Compiling serde v1.0.229
[INFO] [stderr]    Compiling duration-str v0.21.0
[INFO] [stderr]    Compiling serde_yaml v0.9.34+deprecated
[INFO] [stderr]    Compiling futures-executor v0.3.34
[INFO] [stderr]    Compiling futures v0.3.34
[INFO] [stderr]    Compiling icu_provider v2.3.1
[INFO] [stderr]    Compiling icu_normalizer v2.3.0
[INFO] [stderr]    Compiling icu_properties v2.3.0
[INFO] [stderr]    Compiling idna_adapter v1.2.2
[INFO] [stderr]    Compiling idna v1.1.0
[INFO] [stderr]    Compiling url v2.5.8
[INFO] [stderr]    Compiling shvrpc v22.0.0
[INFO] [stderr]    Compiling rustls-webpki v0.103.15
[INFO] [stderr]    Compiling futures-rustls v0.26.0
[INFO] [stderr]    Compiling rustls-platform-verifier v0.7.0
[INFO] [stderr]    Compiling shvclient v12.0.2 (/opt/rustwide/workdir)
[INFO] [stdout] error: No async runtime selected. Exactly one of `tokio` or `smol` features must be enabled.
[INFO] [stdout]  --> src/lib.rs:2:1
[INFO] [stdout]   |
[INFO] [stdout] 2 | compile_error!("No async runtime selected. Exactly one of `tokio` or `smol` features must be enabled.");
[INFO] [stdout]   | ^^^^^^^^^^^^^^^^^^^^^^^^^^^^^^^^^^^^^^^^^^^^^^^^^^^^^^^^^^^^^^^^^^^^^^^^^^^^^^^^^^^^^^^^^^^^^^^^^^^^^^^
[INFO] [stdout] 
[INFO] [stdout] 
[INFO] [stdout] error[E0425]: cannot find value `stream` in this scope
[INFO] [stdout]   --> src/connection.rs:62:43
[INFO] [stdout]    |
[INFO] [stdout] 62 |             .connect(server_name.clone(), stream)
[INFO] [stdout]    |                                           ^^^^^^ not found in this scope
[INFO] [stdout] 
[INFO] [stdout] 
[INFO] [stdout] error[E0425]: cannot find value `stream` in this scope
[INFO] [stdout]   --> src/connection.rs:65:18
[INFO] [stdout]    |
[INFO] [stdout] 65 |         Box::new(stream)
[INFO] [stdout]    |                  ^^^^^^ not found in this scope
[INFO] [stdout] 
[INFO] [stdout] 
[INFO] [stdout] error[E0392]: type parameter `O` is never used
[INFO] [stdout]  --> src/runtime.rs:3:23
[INFO] [stdout]   |
[INFO] [stdout] 3 | pub struct TaskHandle<O: Send + 'static>(
[INFO] [stdout]   |                       ^ unused type parameter
[INFO] [stdout]   |
[INFO] [stdout]   = help: consider removing `O`, referring to it in a field, or using a marker such as `PhantomData`
[INFO] [stdout] 
[INFO] [stdout] 
[INFO] [stdout] error[E0046]: not all trait items implemented, missing: `Output`
[INFO] [stdout]   --> src/runtime.rs:13:1
[INFO] [stdout]    |
[INFO] [stdout] 13 | impl<O: Send + 'static> Future for TaskHandle<O> {
[INFO] [stdout]    | ^^^^^^^^^^^^^^^^^^^^^^^^^^^^^^^^^^^^^^^^^^^^^^^^ missing `Output` in implementation
[INFO] [stdout]    |
[INFO] [stdout]    = help: implement the missing item: `type Output = /* Type */;`
[INFO] [stdout] 
[INFO] [stdout] 
[INFO] [stdout] error[E0283]: type annotations needed
[INFO] [stdout]    --> src/client.rs:487:32
[INFO] [stdout]     |
[INFO] [stdout] 487 | ...                   }).detach();
[INFO] [stdout]     |                          ^^^^^^ cannot infer type for type parameter `O`
[INFO] [stdout]     |
[INFO] [stdout]     = note: the type must implement `std::marker::Send`
[INFO] [stdout] note: required by a bound in `TaskHandle::<O>::detach`
[INFO] [stdout]    --> src/runtime.rs:26:9
[INFO] [stdout]     |
[INFO] [stdout]  26 | impl<O: Send + 'static> TaskHandle<O> {
[INFO] [stdout]     |         ^^^^ required by this bound in `TaskHandle::<O>::detach`
[INFO] [stdout] ...
[INFO] [stdout]  38 |     pub fn detach(self) {
[INFO] [stdout]     |            ------ required by a bound in this associated function
[INFO] [stdout] 
[INFO] [stdout] 
[INFO] [stdout] error[E0283]: type annotations needed
[INFO] [stdout]    --> src/connection.rs:202:8
[INFO] [stdout]     |
[INFO] [stdout] 202 |     }).detach();
[INFO] [stdout]     |        ^^^^^^ cannot infer type for type parameter `O`
[INFO] [stdout]     |
[INFO] [stdout]     = note: the type must implement `std::marker::Send`
[INFO] [stdout] note: required by a bound in `TaskHandle::<O>::detach`
[INFO] [stdout]    --> src/runtime.rs:26:9
[INFO] [stdout]     |
[INFO] [stdout]  26 | impl<O: Send + 'static> TaskHandle<O> {
[INFO] [stdout]     |         ^^^^ required by this bound in `TaskHandle::<O>::detach`
[INFO] [stdout] ...
[INFO] [stdout]  38 |     pub fn detach(self) {
[INFO] [stdout]     |            ------ required by a bound in this associated function
[INFO] [stdout] 
[INFO] [stdout] 
[INFO] [stdout] error[E0609]: no field `0` on type `Pin<&mut TaskHandle<O>>`
[INFO] [stdout]   --> src/runtime.rs:21:38
[INFO] [stdout]    |
[INFO] [stdout] 21 |         std::pin::Pin::new(&mut self.0).poll(cx)
[INFO] [stdout]    |                                      ^ unknown field
[INFO] [stdout] 
[INFO] [stdout] 
[INFO] [stdout] error[E0308]: mismatched types
[INFO] [stdout]   --> src/runtime.rs:44:31
[INFO] [stdout]    |
[INFO] [stdout] 44 | pub fn spawn_task<F>(f: F) -> TaskHandle<F::Output>
[INFO] [stdout]    |        ----------             ^^^^^^^^^^^^^^^^^^^^^ expected `TaskHandle<<F as Future>::Output>`, found `()`
[INFO] [stdout]    |        |
[INFO] [stdout]    |        implicitly returns `()` as its body has no tail or `return` expression
[INFO] [stdout]    |
[INFO] [stdout]    = note: expected struct `TaskHandle<<F as futures::Future>::Output>`
[INFO] [stdout]            found unit type `()`
[INFO] [stdout] 
[INFO] [stdout] 
[INFO] [stdout] error[E0308]: mismatched types
[INFO] [stdout]   --> src/runtime.rs:56:56
[INFO] [stdout]    |
[INFO] [stdout] 56 | pub fn block_on<T>(future: impl Future<Output = T>) -> T {
[INFO] [stdout]    |        -------- -                                      ^ expected type parameter `T`, found `()`
[INFO] [stdout]    |        |        |
[INFO] [stdout]    |        |        expected this type parameter
[INFO] [stdout]    |        implicitly returns `()` as its body has no tail or `return` expression
[INFO] [stdout]    |
[INFO] [stdout]    = note: expected type parameter `T`
[INFO] [stdout]                    found unit type `()`
[INFO] [stdout] 
[INFO] [stdout] 
[INFO] [stdout] error[E0283]: type annotations needed
[INFO] [stdout]    --> src/clientnode.rs:449:16
[INFO] [stdout]     |
[INFO] [stdout] 449 |             }).detach();
[INFO] [stdout]     |                ^^^^^^ cannot infer type for type parameter `O`
[INFO] [stdout]     |
[INFO] [stdout]     = note: the type must implement `std::marker::Send`
[INFO] [stdout] note: required by a bound in `TaskHandle::<O>::detach`
[INFO] [stdout]    --> src/runtime.rs:26:9
[INFO] [stdout]     |
[INFO] [stdout]  26 | impl<O: Send + 'static> TaskHandle<O> {
[INFO] [stdout]     |         ^^^^ required by this bound in `TaskHandle::<O>::detach`
[INFO] [stdout] ...
[INFO] [stdout]  38 |     pub fn detach(self) {
[INFO] [stdout]     |            ------ required by a bound in this associated function
[INFO] [stdout] 
[INFO] [stdout] 
[INFO] [stdout] Some errors have detailed explanations: E0046, E0283, E0308, E0392, E0425, E0609.
[INFO] [stdout] 
[INFO] [stdout] For more information about an error, try `rustc --explain E0046`.
[INFO] [stdout] 
[INFO] [stderr] error: could not compile `shvclient` (lib) due to 11 previous errors
[INFO] [stderr] warning: build failed, waiting for other jobs to finish...
[INFO] running `Command { std: "docker" "inspect" "05e82ec1925278401530ec126e5aac047e4d4357e4529ea6be1225030d55434f", kill_on_drop: false }`
[INFO] running `Command { std: "docker" "rm" "-f" "05e82ec1925278401530ec126e5aac047e4d4357e4529ea6be1225030d55434f", kill_on_drop: false }`
[INFO] [stdout] 05e82ec1925278401530ec126e5aac047e4d4357e4529ea6be1225030d55434f
