[INFO] fetching crate shuru-sdk 0.3.7...
[INFO] testing shuru-sdk-0.3.7 against 1.100.0-beta.1 for beta-1.100-2
[INFO] extracting crate shuru-sdk 0.3.7 into /workspace/builds/worker-6-tc2/source
[INFO] started tweaking crates.io crate shuru-sdk 0.3.7
[INFO] finished tweaking crates.io crate shuru-sdk 0.3.7
[INFO] tweaked toml for crates.io crate shuru-sdk 0.3.7 written to /workspace/builds/worker-6-tc2/source/Cargo.toml
[INFO] validating manifest of crates.io crate shuru-sdk 0.3.7 on toolchain 1.100.0-beta.1
[INFO] running `Command { std: CARGO_HOME="/workspace/cargo-home" RUSTUP_HOME="/workspace/rustup-home" "/workspace/cargo-home/bin/cargo" "+1.100.0-beta.1" "metadata" "--manifest-path" "Cargo.toml" "--no-deps", kill_on_drop: false }`
[INFO] crate crates.io crate shuru-sdk 0.3.7 already has a lockfile, it will not be regenerated
[INFO] running `Command { std: CARGO_HOME="/workspace/cargo-home" RUSTUP_HOME="/workspace/rustup-home" "/workspace/cargo-home/bin/cargo" "+1.100.0-beta.1" "fetch" "--manifest-path" "Cargo.toml", kill_on_drop: false }`
[INFO] running `Command { std: "docker" "create" "-v" "/var/lib/crater-agent-workspace/builds/worker-6-tc2/source:/opt/rustwide/workdir:ro,Z" "-v" "/var/lib/crater-agent-workspace/builds/worker-6-tc2/target:/opt/rustwide/target:rw,Z" "-v" "/var/lib/crater-agent-workspace/cargo-home:/opt/rustwide/cargo-home:ro,Z" "-v" "/var/lib/crater-agent-workspace/rustup-home:/opt/rustwide/rustup-home:ro,Z" "-m" "1610612736" "--network" "none" "ghcr.io/rust-lang/crates-build-env/linux@sha256:3111399a4047eeb3a02b7a90e478d715f38a8c6669b5c4b49d30a17385265909" "sleep" "infinity", kill_on_drop: false }`
[INFO] [stdout] 94e0f0f1bec8259ddc425deb7f65f71a82930b02c9f0628bd831396e54bb2950
[INFO] running `Command { std: "docker" "start" "94e0f0f1bec8259ddc425deb7f65f71a82930b02c9f0628bd831396e54bb2950", kill_on_drop: false }`
[INFO] running `Command { std: "docker" "inspect" "94e0f0f1bec8259ddc425deb7f65f71a82930b02c9f0628bd831396e54bb2950", kill_on_drop: false }`
[INFO] running `Command { std: "docker" "exec" "-e" "SOURCE_DIR=/opt/rustwide/workdir" "-e" "CARGO_HOME=/opt/rustwide/cargo-home" "-e" "RUSTUP_HOME=/opt/rustwide/rustup-home" "-e" "CARGO_TARGET_DIR=/opt/rustwide/target" "-w" "/opt/rustwide/workdir" "--user" "0:0" "94e0f0f1bec8259ddc425deb7f65f71a82930b02c9f0628bd831396e54bb2950" "/opt/rustwide/cargo-home/bin/cargo" "+1.100.0-beta.1" "metadata" "--no-deps" "--format-version=1", kill_on_drop: false }`
[INFO] running `Command { std: "docker" "inspect" "94e0f0f1bec8259ddc425deb7f65f71a82930b02c9f0628bd831396e54bb2950", kill_on_drop: false }`
[INFO] running `Command { std: "docker" "exec" "-e" "SOURCE_DIR=/opt/rustwide/workdir" "-e" "CARGO_HOME=/opt/rustwide/cargo-home" "-e" "RUSTUP_HOME=/opt/rustwide/rustup-home" "-e" "CARGO_TARGET_DIR=/opt/rustwide/target" "-e" "CARGO_INCREMENTAL=0" "-e" "RUST_BACKTRACE=full" "-e" "RUSTFLAGS=--cap-lints=warn" "-e" "RUSTDOCFLAGS=--cap-lints=warn" "-w" "/opt/rustwide/workdir" "--user" "0:0" "94e0f0f1bec8259ddc425deb7f65f71a82930b02c9f0628bd831396e54bb2950" "/opt/rustwide/cargo-home/bin/cargo" "+1.100.0-beta.1" "build" "--frozen" "--message-format=json", kill_on_drop: false }`
[INFO] [stderr]    Compiling glob v0.3.3
[INFO] [stderr]    Compiling regex-syntax v0.8.9
[INFO] [stderr]    Compiling minimal-lexical v0.2.1
[INFO] [stderr]    Compiling bindgen v0.72.1
[INFO] [stderr]    Compiling either v1.15.0
[INFO] [stderr]    Compiling libloading v0.8.9
[INFO] [stderr]    Compiling rustc-hash v2.1.2
[INFO] [stderr]    Compiling aws-lc-rs v1.16.1
[INFO] [stderr]    Compiling fslock v0.2.1
[INFO] [stderr]    Compiling crossbeam-utils v0.8.21
[INFO] [stderr]    Compiling syn v2.0.116
[INFO] [stderr]    Compiling aws-lc-sys v0.38.0
[INFO] [stderr]    Compiling ring v0.17.14
[INFO] [stderr]    Compiling deranged v0.5.7
[INFO] [stderr]    Compiling vmm-sys-util v0.12.1
[INFO] [stderr]    Compiling socket2 v0.6.3
[INFO] [stderr]    Compiling foreign-types-shared v0.3.1
[INFO] [stderr]    Compiling heapless v0.8.0
[INFO] [stderr]    Compiling anyhow v1.0.101
[INFO] [stderr]    Compiling kvm-ioctls v0.18.0
[INFO] [stderr]    Compiling byteorder v1.5.0
[INFO] [stderr]    Compiling rustls v0.23.36
[INFO] [stderr]    Compiling itertools v0.13.0
[INFO] [stderr]    Compiling hash32 v0.3.1
[INFO] [stderr]    Compiling tracing-core v0.1.36
[INFO] [stderr]    Compiling nom v7.1.3
[INFO] [stderr]    Compiling clang-sys v1.8.1
[INFO] [stderr]    Compiling getrandom v0.2.17
[INFO] [stderr]    Compiling smoltcp v0.12.0
[INFO] [stderr]    Compiling log v0.4.29
[INFO] [stderr]    Compiling base64 v0.22.1
[INFO] [stderr]    Compiling kvm-bindings v0.9.1
[INFO] [stderr]    Compiling pem v3.0.6
[INFO] [stderr]    Compiling serde_json v1.0.149
[INFO] [stderr]    Compiling crossbeam-channel v0.5.15
[INFO] [stderr]    Compiling managed v0.8.0
[INFO] [stderr]    Compiling vm-fdt v0.3.0
[INFO] [stderr]    Compiling lru v0.14.0
[INFO] [stderr]    Compiling webpki-roots v1.0.6
[INFO] [stderr]    Compiling simple-dns v0.9.3
[INFO] [stderr]    Compiling socket2 v0.5.10
[INFO] [stderr]    Compiling regex-automata v0.4.14
[INFO] [stderr]    Compiling time v0.3.47
[INFO] [stderr]    Compiling cexpr v0.6.0
[INFO] [stderr]    Compiling yasna v0.5.2
[INFO] [stderr]    Compiling regex v1.12.3
[INFO] [stderr]    Compiling thiserror-impl v1.0.69
[INFO] [stderr]    Compiling foreign-types-macros v0.2.3
[INFO] [stderr]    Compiling tokio-macros v2.6.1
[INFO] [stderr]    Compiling openssl-macros v0.1.1
[INFO] [stderr]    Compiling serde_derive v1.0.228
[INFO] [stderr]    Compiling tracing-attributes v0.1.31
[INFO] [stderr]    Compiling foreign-types v0.5.0
[INFO] [stderr]    Compiling tokio v1.50.0
[INFO] [stderr]    Compiling thiserror v1.0.69
[INFO] [stderr]    Compiling vm-memory v0.15.0
[INFO] [stderr]    Compiling tracing v0.1.44
[INFO] [stderr]    Compiling linux-loader v0.12.0
[INFO] [stderr]    Compiling shuru-linux v0.2.1
[INFO] [stdout] error[E0432]: unresolved import `linux_loader::loader::pe`
[INFO] [stdout]   --> /opt/rustwide/cargo-home/registry/src/index.crates.io-1949cf8c6b5b557f/shuru-linux-0.2.1/src/kvm/mod.rs:15:42
[INFO] [stdout]    |
[INFO] [stdout] 15 | use linux_loader::loader::{KernelLoader, pe::PE};
[INFO] [stdout]    |                                          ^^ could not find `pe` in `loader`
[INFO] [stdout] 
[INFO] [stdout] 
[INFO] [stdout] error[E0432]: unresolved imports `kvm_bindings::KVM_DEV_ARM_VGIC_GRP_ADDR`, `kvm_bindings::KVM_DEV_ARM_VGIC_GRP_CTRL`
[INFO] [stdout]   --> /opt/rustwide/cargo-home/registry/src/index.crates.io-1949cf8c6b5b557f/shuru-linux-0.2.1/src/kvm/mod.rs:23:5
[INFO] [stdout]    |
[INFO] [stdout] 23 |     KVM_DEV_ARM_VGIC_GRP_ADDR,
[INFO] [stdout]    |     ^^^^^^^^^^^^^^^^^^^^^^^^^ no `KVM_DEV_ARM_VGIC_GRP_ADDR` in the root
[INFO] [stdout] 24 |     KVM_DEV_ARM_VGIC_GRP_CTRL,
[INFO] [stdout]    |     ^^^^^^^^^^^^^^^^^^^^^^^^^ no `KVM_DEV_ARM_VGIC_GRP_CTRL` in the root
[INFO] [stdout] 
[INFO] [stdout] 
[INFO] [stdout] error[E0433]: cannot find `kvm_vcpu_init` in `kvm_bindings`
[INFO] [stdout]    --> /opt/rustwide/cargo-home/registry/src/index.crates.io-1949cf8c6b5b557f/shuru-linux-0.2.1/src/kvm/mod.rs:369:33
[INFO] [stdout]     |
[INFO] [stdout] 369 |     let mut kvi = kvm_bindings::kvm_vcpu_init::default();
[INFO] [stdout]     |                                 ^^^^^^^^^^^^^ could not find `kvm_vcpu_init` in `kvm_bindings`
[INFO] [stdout] 
[INFO] [stdout] 
[INFO] [stdout] error[E0425]: cannot find value `KVM_VGIC_V3_ADDR_TYPE_DIST` in crate `kvm_bindings`
[INFO] [stdout]    --> /opt/rustwide/cargo-home/registry/src/index.crates.io-1949cf8c6b5b557f/shuru-linux-0.2.1/src/kvm/mod.rs:318:33
[INFO] [stdout]     |
[INFO] [stdout] 318 |             attr: kvm_bindings::KVM_VGIC_V3_ADDR_TYPE_DIST as u64,
[INFO] [stdout]     |                                 ^^^^^^^^^^^^^^^^^^^^^^^^^^ not found in `kvm_bindings`
[INFO] [stdout] 
[INFO] [stdout] 
[INFO] [stdout] error[E0425]: cannot find value `KVM_VGIC_V3_ADDR_TYPE_REDIST` in crate `kvm_bindings`
[INFO] [stdout]    --> /opt/rustwide/cargo-home/registry/src/index.crates.io-1949cf8c6b5b557f/shuru-linux-0.2.1/src/kvm/mod.rs:328:33
[INFO] [stdout]     |
[INFO] [stdout] 328 |             attr: kvm_bindings::KVM_VGIC_V3_ADDR_TYPE_REDIST as u64,
[INFO] [stdout]     |                                 ^^^^^^^^^^^^^^^^^^^^^^^^^^^^ not found in `kvm_bindings`
[INFO] [stdout] 
[INFO] [stdout] 
[INFO] [stdout] error[E0425]: cannot find value `KVM_DEV_ARM_VGIC_GRP_NR_IRQS` in crate `kvm_bindings`
[INFO] [stdout]    --> /opt/rustwide/cargo-home/registry/src/index.crates.io-1949cf8c6b5b557f/shuru-linux-0.2.1/src/kvm/mod.rs:340:34
[INFO] [stdout]     |
[INFO] [stdout] 340 |             group: kvm_bindings::KVM_DEV_ARM_VGIC_GRP_NR_IRQS,
[INFO] [stdout]     |                                  ^^^^^^^^^^^^^^^^^^^^^^^^^^^^ not found in `kvm_bindings`
[INFO] [stdout] 
[INFO] [stdout] 
[INFO] [stdout] error[E0425]: cannot find value `KVM_DEV_ARM_VGIC_CTRL_INIT` in crate `kvm_bindings`
[INFO] [stdout]    --> /opt/rustwide/cargo-home/registry/src/index.crates.io-1949cf8c6b5b557f/shuru-linux-0.2.1/src/kvm/mod.rs:350:33
[INFO] [stdout]     |
[INFO] [stdout] 350 |             attr: kvm_bindings::KVM_DEV_ARM_VGIC_CTRL_INIT as u64,
[INFO] [stdout]     |                                 ^^^^^^^^^^^^^^^^^^^^^^^^^^ not found in `kvm_bindings`
[INFO] [stdout] 
[INFO] [stdout] 
[INFO] [stderr]    Compiling rcgen v0.13.2
[INFO] [stdout] error[E0599]: no method named `get_preferred_target` found for reference `&VmFd` in the current scope
[INFO] [stdout]    --> /opt/rustwide/cargo-home/registry/src/index.crates.io-1949cf8c6b5b557f/shuru-linux-0.2.1/src/kvm/mod.rs:371:10
[INFO] [stdout]     |
[INFO] [stdout] 370 |     vm_fd
[INFO] [stdout] 371 |         .get_preferred_target(&mut kvi)
[INFO] [stdout]     |          ^^^^^^^^^^^^^^^^^^^^ method not found in `&VmFd`
[INFO] [stdout] 
[INFO] [stdout] 
[INFO] [stdout] error[E0599]: no method named `vcpu_init` found for reference `&VcpuFd` in the current scope
[INFO] [stdout]    --> /opt/rustwide/cargo-home/registry/src/index.crates.io-1949cf8c6b5b557f/shuru-linux-0.2.1/src/kvm/mod.rs:379:10
[INFO] [stdout]     |
[INFO] [stdout] 379 |     vcpu.vcpu_init(&kvi)
[INFO] [stdout]     |          ^^^^^^^^^ method not found in `&VcpuFd`
[INFO] [stdout] 
[INFO] [stdout] 
[INFO] [stdout] error[E0599]: no method named `set_one_reg` found for reference `&VcpuFd` in the current scope
[INFO] [stdout]    --> /opt/rustwide/cargo-home/registry/src/index.crates.io-1949cf8c6b5b557f/shuru-linux-0.2.1/src/kvm/mod.rs:390:10
[INFO] [stdout]     |
[INFO] [stdout] 390 |     vcpu.set_one_reg(reg_id, &value.to_le_bytes())
[INFO] [stdout]     |          ^^^^^^^^^^^ method not found in `&VcpuFd`
[INFO] [stdout] 
[INFO] [stdout] 
[INFO] [stdout] Some errors have detailed explanations: E0425, E0432, E0433, E0599.
[INFO] [stdout] 
[INFO] [stdout] For more information about an error, try `rustc --explain E0425`.
[INFO] [stdout] 
[INFO] [stderr] error: could not compile `shuru-linux` (lib) due to 10 previous errors
[INFO] [stderr] warning: build failed, waiting for other jobs to finish...
[INFO] running `Command { std: "docker" "inspect" "94e0f0f1bec8259ddc425deb7f65f71a82930b02c9f0628bd831396e54bb2950", kill_on_drop: false }`
[INFO] running `Command { std: "docker" "rm" "-f" "94e0f0f1bec8259ddc425deb7f65f71a82930b02c9f0628bd831396e54bb2950", kill_on_drop: false }`
[INFO] [stdout] 94e0f0f1bec8259ddc425deb7f65f71a82930b02c9f0628bd831396e54bb2950
