[INFO] fetching crate shortcuts-rs 1.1.1...
[INFO] testing shortcuts-rs-1.1.1 against 1.100.0-beta.1 for beta-1.100-2
[INFO] extracting crate shortcuts-rs 1.1.1 into /workspace/builds/worker-5-tc2/source
[INFO] started tweaking crates.io crate shortcuts-rs 1.1.1
[INFO] finished tweaking crates.io crate shortcuts-rs 1.1.1
[INFO] tweaked toml for crates.io crate shortcuts-rs 1.1.1 written to /workspace/builds/worker-5-tc2/source/Cargo.toml
[INFO] validating manifest of crates.io crate shortcuts-rs 1.1.1 on toolchain 1.100.0-beta.1
[INFO] running `Command { std: CARGO_HOME="/workspace/cargo-home" RUSTUP_HOME="/workspace/rustup-home" "/workspace/cargo-home/bin/cargo" "+1.100.0-beta.1" "metadata" "--manifest-path" "Cargo.toml" "--no-deps", kill_on_drop: false }`
[INFO] crate crates.io crate shortcuts-rs 1.1.1 already has a lockfile, it will not be regenerated
[INFO] running `Command { std: CARGO_HOME="/workspace/cargo-home" RUSTUP_HOME="/workspace/rustup-home" "/workspace/cargo-home/bin/cargo" "+1.100.0-beta.1" "fetch" "--manifest-path" "Cargo.toml", kill_on_drop: false }`
[INFO] [stderr]     Blocking waiting for file lock on package cache
[INFO] running `Command { std: "docker" "create" "-v" "/var/lib/crater-agent-workspace/builds/worker-5-tc2/source:/opt/rustwide/workdir:ro,Z" "-v" "/var/lib/crater-agent-workspace/builds/worker-5-tc2/target:/opt/rustwide/target:rw,Z" "-v" "/var/lib/crater-agent-workspace/cargo-home:/opt/rustwide/cargo-home:ro,Z" "-v" "/var/lib/crater-agent-workspace/rustup-home:/opt/rustwide/rustup-home:ro,Z" "-m" "1610612736" "--network" "none" "ghcr.io/rust-lang/crates-build-env/linux@sha256:3111399a4047eeb3a02b7a90e478d715f38a8c6669b5c4b49d30a17385265909" "sleep" "infinity", kill_on_drop: false }`
[INFO] [stdout] 84b92941202377c261fe70ae4e238341723c0d9b152bfb700848498b6c18f4ae
[INFO] running `Command { std: "docker" "start" "84b92941202377c261fe70ae4e238341723c0d9b152bfb700848498b6c18f4ae", kill_on_drop: false }`
[INFO] running `Command { std: "docker" "inspect" "84b92941202377c261fe70ae4e238341723c0d9b152bfb700848498b6c18f4ae", kill_on_drop: false }`
[INFO] running `Command { std: "docker" "exec" "-e" "SOURCE_DIR=/opt/rustwide/workdir" "-e" "CARGO_HOME=/opt/rustwide/cargo-home" "-e" "RUSTUP_HOME=/opt/rustwide/rustup-home" "-e" "CARGO_TARGET_DIR=/opt/rustwide/target" "-w" "/opt/rustwide/workdir" "--user" "0:0" "84b92941202377c261fe70ae4e238341723c0d9b152bfb700848498b6c18f4ae" "/opt/rustwide/cargo-home/bin/cargo" "+1.100.0-beta.1" "metadata" "--no-deps" "--format-version=1", kill_on_drop: false }`
[INFO] running `Command { std: "docker" "inspect" "84b92941202377c261fe70ae4e238341723c0d9b152bfb700848498b6c18f4ae", kill_on_drop: false }`
[INFO] running `Command { std: "docker" "exec" "-e" "SOURCE_DIR=/opt/rustwide/workdir" "-e" "CARGO_HOME=/opt/rustwide/cargo-home" "-e" "RUSTUP_HOME=/opt/rustwide/rustup-home" "-e" "CARGO_TARGET_DIR=/opt/rustwide/target" "-e" "CARGO_INCREMENTAL=0" "-e" "RUST_BACKTRACE=full" "-e" "RUSTFLAGS=--cap-lints=warn" "-e" "RUSTDOCFLAGS=--cap-lints=warn" "-w" "/opt/rustwide/workdir" "--user" "0:0" "84b92941202377c261fe70ae4e238341723c0d9b152bfb700848498b6c18f4ae" "/opt/rustwide/cargo-home/bin/cargo" "+1.100.0-beta.1" "build" "--frozen" "--message-format=json", kill_on_drop: false }`
[INFO] [stderr]    Compiling shortcuts-rs v1.1.1 (/opt/rustwide/workdir)
[INFO] [stdout] error[E0433]: cannot find `windows` in `os`
[INFO] [stdout]  --> src/linktarget.rs:3:38
[INFO] [stdout]   |
[INFO] [stdout] 3 |     ffi::OsString, mem::size_of, os::windows::ffi::OsStrExt, path::Path, ptr::null_mut, rc::Rc,
[INFO] [stdout]   |                                      ^^^^^^^ could not find `windows` in `os`
[INFO] [stdout]   |
[INFO] [stdout] note: found an item that was configured out
[INFO] [stdout]  --> /rustc/e3feeb59cd1bdd011a2bfcc0747b55125d9b8527/library/std/src/os/mod.rs:62:4
[INFO] [stdout]   |
[INFO] [stdout]   = note: the item is gated behind the `windows` feature
[INFO] [stdout] 
[INFO] [stdout] 
[INFO] [stdout] warning: unused imports: `ptr::null_mut` and `rc::Rc`
[INFO] [stdout]  --> src/linktarget.rs:3:74
[INFO] [stdout]   |
[INFO] [stdout] 3 |     ffi::OsString, mem::size_of, os::windows::ffi::OsStrExt, path::Path, ptr::null_mut, rc::Rc,
[INFO] [stdout]   |                                                                          ^^^^^^^^^^^^^  ^^^^^^
[INFO] [stdout]   |
[INFO] [stdout]   = note: `#[warn(unused_imports)]` (part of `#[warn(unused)]`) on by default
[INFO] [stdout] 
[INFO] [stdout] 
[INFO] [stdout] error[E0599]: no method named `encode_wide` found for struct `OsString` in the current scope
[INFO] [stdout]    --> src/linktarget.rs:173:46
[INFO] [stdout]     |
[INFO] [stdout] 173 |         let data = OsString::from(long_name).encode_wide().collect::<Vec<_>>();
[INFO] [stdout]     |                                              ^^^^^^^^^^^ method not found in `OsString`
[INFO] [stdout] 
[INFO] [stdout] 
[INFO] [stdout] error[E0599]: no method named `encode_wide` found for struct `OsString` in the current scope
[INFO] [stdout]    --> src/linktarget.rs:187:47
[INFO] [stdout]     |
[INFO] [stdout] 187 |             let a = OsString::from(long_name).encode_wide().collect::<Vec<_>>();
[INFO] [stdout]     |                                               ^^^^^^^^^^^ method not found in `OsString`
[INFO] [stdout] 
[INFO] [stdout] 
[INFO] [stdout] Some errors have detailed explanations: E0433, E0599.
[INFO] [stdout] 
[INFO] [stdout] For more information about an error, try `rustc --explain E0433`.
[INFO] [stdout] 
[INFO] [stderr] error: could not compile `shortcuts-rs` (lib) due to 3 previous errors; 1 warning emitted
[INFO] running `Command { std: "docker" "inspect" "84b92941202377c261fe70ae4e238341723c0d9b152bfb700848498b6c18f4ae", kill_on_drop: false }`
[INFO] running `Command { std: "docker" "rm" "-f" "84b92941202377c261fe70ae4e238341723c0d9b152bfb700848498b6c18f4ae", kill_on_drop: false }`
[INFO] [stdout] 84b92941202377c261fe70ae4e238341723c0d9b152bfb700848498b6c18f4ae
