[INFO] fetching crate shore-daemon 0.3.2...
[INFO] testing shore-daemon-0.3.2 against 1.100.0-beta.1 for beta-1.100-2
[INFO] extracting crate shore-daemon 0.3.2 into /workspace/builds/worker-4-tc2/source
[INFO] started tweaking crates.io crate shore-daemon 0.3.2
[INFO] removed 0 missing tests
[INFO] finished tweaking crates.io crate shore-daemon 0.3.2
[INFO] tweaked toml for crates.io crate shore-daemon 0.3.2 written to /workspace/builds/worker-4-tc2/source/Cargo.toml
[INFO] validating manifest of crates.io crate shore-daemon 0.3.2 on toolchain 1.100.0-beta.1
[INFO] running `Command { std: CARGO_HOME="/workspace/cargo-home" RUSTUP_HOME="/workspace/rustup-home" "/workspace/cargo-home/bin/cargo" "+1.100.0-beta.1" "metadata" "--manifest-path" "Cargo.toml" "--no-deps", kill_on_drop: false }`
[INFO] crate crates.io crate shore-daemon 0.3.2 already has a lockfile, it will not be regenerated
[INFO] running `Command { std: CARGO_HOME="/workspace/cargo-home" RUSTUP_HOME="/workspace/rustup-home" "/workspace/cargo-home/bin/cargo" "+1.100.0-beta.1" "fetch" "--manifest-path" "Cargo.toml", kill_on_drop: false }`
[INFO] running `Command { std: "docker" "create" "-v" "/var/lib/crater-agent-workspace/builds/worker-4-tc2/source:/opt/rustwide/workdir:ro,Z" "-v" "/var/lib/crater-agent-workspace/builds/worker-4-tc2/target:/opt/rustwide/target:rw,Z" "-v" "/var/lib/crater-agent-workspace/cargo-home:/opt/rustwide/cargo-home:ro,Z" "-v" "/var/lib/crater-agent-workspace/rustup-home:/opt/rustwide/rustup-home:ro,Z" "-m" "1610612736" "--network" "none" "ghcr.io/rust-lang/crates-build-env/linux@sha256:3111399a4047eeb3a02b7a90e478d715f38a8c6669b5c4b49d30a17385265909" "sleep" "infinity", kill_on_drop: false }`
[INFO] [stdout] fced54d3009d8ef4a0cbb5c22762cd81b4fddea54060d637931828d618373e88
[INFO] running `Command { std: "docker" "start" "fced54d3009d8ef4a0cbb5c22762cd81b4fddea54060d637931828d618373e88", kill_on_drop: false }`
[INFO] running `Command { std: "docker" "inspect" "fced54d3009d8ef4a0cbb5c22762cd81b4fddea54060d637931828d618373e88", kill_on_drop: false }`
[INFO] running `Command { std: "docker" "exec" "-e" "SOURCE_DIR=/opt/rustwide/workdir" "-e" "CARGO_HOME=/opt/rustwide/cargo-home" "-e" "RUSTUP_HOME=/opt/rustwide/rustup-home" "-e" "CARGO_TARGET_DIR=/opt/rustwide/target" "-w" "/opt/rustwide/workdir" "--user" "0:0" "fced54d3009d8ef4a0cbb5c22762cd81b4fddea54060d637931828d618373e88" "/opt/rustwide/cargo-home/bin/cargo" "+1.100.0-beta.1" "metadata" "--no-deps" "--format-version=1", kill_on_drop: false }`
[INFO] running `Command { std: "docker" "inspect" "fced54d3009d8ef4a0cbb5c22762cd81b4fddea54060d637931828d618373e88", kill_on_drop: false }`
[INFO] running `Command { std: "docker" "exec" "-e" "SOURCE_DIR=/opt/rustwide/workdir" "-e" "CARGO_HOME=/opt/rustwide/cargo-home" "-e" "RUSTUP_HOME=/opt/rustwide/rustup-home" "-e" "CARGO_TARGET_DIR=/opt/rustwide/target" "-e" "CARGO_INCREMENTAL=0" "-e" "RUST_BACKTRACE=full" "-e" "RUSTFLAGS=--cap-lints=warn" "-e" "RUSTDOCFLAGS=--cap-lints=warn" "-w" "/opt/rustwide/workdir" "--user" "0:0" "fced54d3009d8ef4a0cbb5c22762cd81b4fddea54060d637931828d618373e88" "/opt/rustwide/cargo-home/bin/cargo" "+1.100.0-beta.1" "build" "--frozen" "--message-format=json", kill_on_drop: false }`
[INFO] [stderr]    Compiling syn v2.0.117
[INFO] [stderr]    Compiling libc v0.2.186
[INFO] [stderr]    Compiling serde_core v1.0.228
[INFO] [stderr]    Compiling serde v1.0.228
[INFO] [stderr]    Compiling futures-core v0.3.32
[INFO] [stderr]    Compiling hashbrown v0.17.0
[INFO] [stderr]    Compiling serde_json v1.0.149
[INFO] [stderr]    Compiling futures-task v0.3.32
[INFO] [stderr]    Compiling futures-io v0.3.32
[INFO] [stderr]    Compiling http v1.4.0
[INFO] [stderr]    Compiling num-traits v0.2.19
[INFO] [stderr]    Compiling zeroize v1.8.2
[INFO] [stderr]    Compiling iri-string v0.7.12
[INFO] [stderr]    Compiling rustls v0.23.37
[INFO] [stderr]    Compiling rustls-pki-types v1.14.0
[INFO] [stderr]    Compiling futures-channel v0.3.32
[INFO] [stderr]    Compiling sync_wrapper v1.0.2
[INFO] [stderr]    Compiling simd-adler32 v0.3.9
[INFO] [stderr]    Compiling zstd-safe v7.2.4
[INFO] [stderr]    Compiling winnow v0.5.40
[INFO] [stderr]    Compiling hashbrown v0.15.5
[INFO] [stderr]    Compiling nix v0.31.3
[INFO] [stderr]    Compiling adler2 v2.0.1
[INFO] [stderr]    Compiling indexmap v2.14.0
[INFO] [stderr]    Compiling ref-cast v1.0.25
[INFO] [stderr]    Compiling zerocopy v0.8.48
[INFO] [stderr]    Compiling miniz_oxide v0.8.9
[INFO] [stderr]    Compiling generic-array v0.14.7
[INFO] [stderr]    Compiling regex-syntax v0.8.10
[INFO] [stderr]    Compiling webpki-roots v1.0.7
[INFO] [stderr]    Compiling rustix v1.1.4
[INFO] [stderr]    Compiling http-body v1.0.1
[INFO] [stderr]    Compiling http-body-util v0.1.3
[INFO] [stderr]    Compiling hashlink v0.10.0
[INFO] [stderr]    Compiling flate2 v1.1.9
[INFO] [stderr]    Compiling fdeflate v0.3.7
[INFO] [stderr]    Compiling zune-core v0.5.1
[INFO] [stderr]    Compiling dyn-clone v1.0.20
[INFO] [stderr]    Compiling byteorder-lite v0.1.0
[INFO] [stderr]    Compiling pxfm v0.1.28
[INFO] [stderr]    Compiling rmcp v1.7.0
[INFO] [stderr]    Compiling quick-error v2.0.1
[INFO] [stderr]    Compiling rustix v0.38.44
[INFO] [stderr]    Compiling zune-jpeg v0.5.15
[INFO] [stderr]    Compiling jobserver v0.1.34
[INFO] [stderr]    Compiling png v0.18.1
[INFO] [stderr]    Compiling image-webp v0.2.4
[INFO] [stderr]    Compiling crypto-common v0.1.7
[INFO] [stderr]    Compiling block-buffer v0.10.4
[INFO] [stderr]    Compiling tracing-log v0.2.0
[INFO] [stderr]    Compiling cc v1.2.59
[INFO] [stderr]    Compiling thread_local v1.1.9
[INFO] [stderr]    Compiling parking_lot_core v0.9.12
[INFO] [stderr]    Compiling mio v1.2.0
[INFO] [stderr]    Compiling errno v0.3.14
[INFO] [stderr]    Compiling signal-hook-registry v1.4.8
[INFO] [stderr]    Compiling socket2 v0.6.3
[INFO] [stderr]    Compiling parking_lot v0.12.5
[INFO] [stderr]    Compiling getrandom v0.2.17
[INFO] [stderr]    Compiling dirs-sys v0.5.0
[INFO] [stderr]    Compiling getrandom v0.4.2
[INFO] [stderr]    Compiling getrandom v0.3.4
[INFO] [stderr]    Compiling dirs v6.0.0
[INFO] [stderr]    Compiling regex-automata v0.4.14
[INFO] [stderr]    Compiling uuid v1.23.0
[INFO] [stderr]    Compiling tempfile v3.27.0
[INFO] [stderr]    Compiling rand_core v0.9.5
[INFO] [stderr]    Compiling dashmap v6.1.0
[INFO] [stderr]    Compiling inotify-sys v0.1.5
[INFO] [stderr]    Compiling bytemuck v1.25.0
[INFO] [stderr]    Compiling litrs v1.0.0
[INFO] [stderr]    Compiling nu-ansi-term v0.50.3
[INFO] [stderr]    Compiling inotify v0.11.1
[INFO] [stderr]    Compiling fs2 v0.4.3
[INFO] [stderr]    Compiling digest v0.10.7
[INFO] [stderr]    Compiling notify-types v2.1.0
[INFO] [stderr]    Compiling synstructure v0.13.2
[INFO] [stderr]    Compiling ring v0.17.14
[INFO] [stderr]    Compiling zstd-sys v2.0.16+zstd.1.5.7
[INFO] [stderr]    Compiling libsqlite3-sys v0.35.0
[INFO] [stderr]    Compiling darling_core v0.23.0
[INFO] [stderr]    Compiling serde_derive_internals v0.29.1
[INFO] [stderr]    Compiling document-features v0.2.12
[INFO] [stderr]    Compiling either v1.15.0
[INFO] [stderr]    Compiling home v0.5.12
[INFO] [stderr]    Compiling sha2 v0.10.9
[INFO] [stderr]    Compiling notify v8.2.0
[INFO] [stderr]    Compiling seccompiler v0.5.0
[INFO] [stderr]    Compiling shell-words v1.1.1
[INFO] [stderr]    Compiling moxcms v0.8.1
[INFO] [stderr]    Compiling which v6.0.3
[INFO] [stderr]    Compiling serde_derive v1.0.228
[INFO] [stderr]    Compiling zerofrom-derive v0.1.7
[INFO] [stderr]    Compiling yoke-derive v0.8.2
[INFO] [stderr]    Compiling zerovec-derive v0.11.3
[INFO] [stderr]    Compiling tokio-macros v2.7.0
[INFO] [stderr]    Compiling tracing-attributes v0.1.31
[INFO] [stderr]    Compiling displaydoc v0.2.5
[INFO] [stderr]    Compiling futures-macro v0.3.32
[INFO] [stderr]    Compiling tokio v1.51.1
[INFO] [stderr]    Compiling thiserror-impl v2.0.18
[INFO] [stderr]    Compiling ref-cast-impl v1.0.25
[INFO] [stderr]    Compiling zerofrom v0.1.7
[INFO] [stderr]    Compiling async-trait v0.1.89
[INFO] [stderr]    Compiling yoke v0.8.2
[INFO] [stderr]    Compiling futures-util v0.3.32
[INFO] [stderr]    Compiling zerovec v0.11.6
[INFO] [stderr]    Compiling zerotrie v0.2.4
[INFO] [stderr]    Compiling tracing v0.1.44
[INFO] [stderr]    Compiling schemars_derive v1.2.1
[INFO] [stderr]    Compiling ppv-lite86 v0.2.21
[INFO] [stderr]    Compiling matchers v0.2.0
[INFO] [stderr]    Compiling enumflags2_derive v0.7.12
[INFO] [stderr]    Compiling tinystr v0.8.3
[INFO] [stderr]    Compiling icu_locale_core v2.2.0
[INFO] [stderr]    Compiling potential_utf v0.1.5
[INFO] [stderr]    Compiling darling_macro v0.23.0
[INFO] [stderr]    Compiling rand_chacha v0.9.0
[INFO] [stderr]    Compiling enumflags2 v0.7.12
[INFO] [stderr]    Compiling icu_collections v2.2.0
[INFO] [stderr]    Compiling thiserror v2.0.18
[INFO] [stderr]    Compiling darling v0.23.0
[INFO] [stderr]    Compiling clap_derive v4.6.0
[INFO] [stderr]    Compiling rmcp-macros v1.7.0
[INFO] [stderr]    Compiling rand v0.9.4
[INFO] [stderr]    Compiling landlock v0.4.5
[INFO] [stderr]    Compiling icu_provider v2.2.0
[INFO] [stderr]    Compiling futures-executor v0.3.32
[INFO] [stderr]    Compiling chrono v0.4.44
[INFO] [stderr]    Compiling toml_datetime v0.6.3
[INFO] [stderr]    Compiling serde_spanned v0.6.9
[INFO] [stderr]    Compiling serde_urlencoded v0.7.1
[INFO] [stderr]    Compiling shore-protocol v0.12.0
[INFO] [stderr]    Compiling tracing-serde v0.2.0
[INFO] [stderr]    Compiling sse-stream v0.2.3
[INFO] [stderr]    Compiling icu_normalizer v2.2.0
[INFO] [stderr]    Compiling icu_properties v2.2.0
[INFO] [stderr]    Compiling toml_edit v0.20.2
[INFO] [stderr]    Compiling futures v0.3.32
[INFO] [stderr]    Compiling zstd v0.13.3
[INFO] [stderr]    Compiling tracing-subscriber v0.3.23
[INFO] [stderr]    Compiling image v0.25.10
[INFO] [stderr]    Compiling clap v4.6.0
[INFO] [stderr]    Compiling rustls-webpki v0.103.10
[INFO] [stderr]    Compiling idna_adapter v1.2.1
[INFO] [stderr]    Compiling idna v1.1.0
[INFO] [stderr]    Compiling url v2.5.8
[INFO] [stderr]    Compiling schemars v1.2.1
[INFO] [stderr]    Compiling hyper v1.9.0
[INFO] [stderr]    Compiling tower v0.5.3
[INFO] [stderr]    Compiling tokio-util v0.7.18
[INFO] [stderr]    Compiling tokio-stream v0.1.18
[INFO] [stderr]    Compiling process-wrap v9.1.0
[INFO] [stderr]    Compiling shore-diagnostics v0.2.4
[INFO] [stderr]    Compiling tower-http v0.6.8
[INFO] [stderr]    Compiling toml v0.8.2
[INFO] [stderr]    Compiling shore-config v0.18.2
[INFO] [stderr]    Compiling hyper-util v0.1.20
[INFO] [stderr]    Compiling rusqlite v0.37.0
[INFO] [stderr]    Compiling tokio-rustls v0.26.4
[INFO] [stderr]    Compiling reqwest v0.13.4
[INFO] [stderr]    Compiling fast_image_resize v6.0.0
[INFO] [stderr]    Compiling hyper-rustls v0.27.7
[INFO] [stderr]    Compiling reqwest v0.12.28
[INFO] [stderr]    Compiling shore-call-store v0.1.1
[INFO] [stderr]    Compiling shore-swp-server v0.1.13
[INFO] [stderr]    Compiling shore-llm v0.1.13
[INFO] [stderr]    Compiling shore-ledger v0.1.17
[INFO] [stderr]    Compiling shore-mcp-client v0.2.0
[INFO] [stderr]    Compiling shore-daemon v0.3.2 (/opt/rustwide/workdir)
[INFO] [stderr] warning: unused dependency `shell-words`
[INFO] [stderr]   --> Cargo.toml:59:15
[INFO] [stderr]    |
[INFO] [stderr] 59 | [dependencies.shell-words]
[INFO] [stderr]    |               ^^^^^^^^^^^^
[INFO] [stderr]    |
[INFO] [stderr]    = note: `cargo::unused_dependencies` is set to `warn` by default
[INFO] [stderr] help: consider removing the dependency on `shell-words`
[INFO] [stderr] warning: `shore-daemon` (manifest) generated 1 warning
[INFO] [stderr]     Finished `dev` profile [unoptimized + debuginfo] target(s) in 2m 03s
[INFO] [stderr] warning: the following packages contain code that will be rejected by a future version of Rust: nix v0.31.3
[INFO] [stderr] note: to see what the problems were, use the option `--future-incompat-report`, or run `cargo report future-incompatibilities --id 4`
[INFO] running `Command { std: "docker" "inspect" "fced54d3009d8ef4a0cbb5c22762cd81b4fddea54060d637931828d618373e88", kill_on_drop: false }`
[INFO] running `Command { std: "docker" "exec" "-e" "SOURCE_DIR=/opt/rustwide/workdir" "-e" "CARGO_HOME=/opt/rustwide/cargo-home" "-e" "RUSTUP_HOME=/opt/rustwide/rustup-home" "-e" "CARGO_TARGET_DIR=/opt/rustwide/target" "-e" "CARGO_INCREMENTAL=0" "-e" "RUST_BACKTRACE=full" "-e" "RUSTFLAGS=--cap-lints=warn" "-e" "RUSTDOCFLAGS=--cap-lints=warn" "-w" "/opt/rustwide/workdir" "--user" "0:0" "fced54d3009d8ef4a0cbb5c22762cd81b4fddea54060d637931828d618373e88" "/opt/rustwide/cargo-home/bin/cargo" "+1.100.0-beta.1" "test" "--frozen" "--no-run" "--message-format=json", kill_on_drop: false }`
[INFO] [stderr]    Compiling futures-util v0.3.32
[INFO] [stderr]    Compiling tokio v1.51.1
[INFO] [stderr]    Compiling aho-corasick v1.1.4
[INFO] [stderr]    Compiling num_cpus v1.17.0
[INFO] [stderr]    Compiling deadpool-runtime v0.1.4
[INFO] [stderr]    Compiling assert-json-diff v2.0.2
[INFO] [stderr]    Compiling regex-automata v0.4.14
[INFO] [stderr]    Compiling futures-executor v0.3.32
[INFO] [stderr]    Compiling sse-stream v0.2.3
[INFO] [stderr]    Compiling futures v0.3.32
[INFO] [stderr]    Compiling matchers v0.2.0
[INFO] [stderr]    Compiling regex v1.12.3
[INFO] [stderr]    Compiling tracing-subscriber v0.3.23
[INFO] [stderr]    Compiling tokio-util v0.7.18
[INFO] [stderr]    Compiling tower v0.5.3
[INFO] [stderr]    Compiling tokio-rustls v0.26.4
[INFO] [stderr]    Compiling process-wrap v9.1.0
[INFO] [stderr]    Compiling tokio-stream v0.1.18
[INFO] [stderr]    Compiling shore-swp-server v0.1.13
[INFO] [stderr]    Compiling deadpool v0.12.3
[INFO] [stderr]    Compiling shore-swp-client v0.3.17
[INFO] [stderr]    Compiling tower-http v0.6.8
[INFO] [stderr]    Compiling h2 v0.4.13
[INFO] [stderr]    Compiling shore-diagnostics v0.2.4
[INFO] [stderr]    Compiling hyper v1.9.0
[INFO] [stderr]    Compiling hyper-util v0.1.20
[INFO] [stderr]    Compiling hyper-rustls v0.27.7
[INFO] [stderr]    Compiling reqwest v0.13.4
[INFO] [stderr]    Compiling wiremock v0.6.5
[INFO] [stderr]    Compiling reqwest v0.12.28
[INFO] [stderr]    Compiling rmcp v1.7.0
[INFO] [stderr]    Compiling shore-llm v0.1.13
[INFO] [stderr]    Compiling shore-ledger v0.1.17
[INFO] [stderr]    Compiling shore-mcp-client v0.2.0
[INFO] [stderr]    Compiling shore-daemon v0.3.2 (/opt/rustwide/workdir)
[INFO] [stdout] error[E0432]: unresolved import `shore_test_harness`
[INFO] [stdout]    --> src/engine/tools.rs:509:9
[INFO] [stdout]     |
[INFO] [stdout] 509 |     use shore_test_harness::MockLlmSidecar;
[INFO] [stdout]     |         ^^^^^^^^^^^^^^^^^^ use of unresolved module or unlinked crate `shore_test_harness`
[INFO] [stdout]     |
[INFO] [stdout]     = help: if you wanted to use a crate named `shore_test_harness`, use `cargo add shore_test_harness` to add it to your `Cargo.toml`
[INFO] [stdout] 
[INFO] [stdout] 
[INFO] [stdout] error[E0432]: unresolved import `shore_test_harness`
[INFO] [stdout]    --> src/memory/compaction_impls.rs:467:9
[INFO] [stdout]     |
[INFO] [stdout] 467 |     use shore_test_harness::MockLlmSidecar;
[INFO] [stdout]     |         ^^^^^^^^^^^^^^^^^^ use of unresolved module or unlinked crate `shore_test_harness`
[INFO] [stdout]     |
[INFO] [stdout]     = help: if you wanted to use a crate named `shore_test_harness`, use `cargo add shore_test_harness` to add it to your `Cargo.toml`
[INFO] [stdout] 
[INFO] [stdout] 
[INFO] [stdout] error[E0432]: unresolved import `shore_test_harness`
[INFO] [stdout]     --> src/memory/dreaming.rs:2930:9
[INFO] [stdout]      |
[INFO] [stdout] 2930 |     use shore_test_harness::{MockLlmSidecar, TestConfigBuilder};
[INFO] [stdout]      |         ^^^^^^^^^^^^^^^^^^ use of unresolved module or unlinked crate `shore_test_harness`
[INFO] [stdout]      |
[INFO] [stdout]      = help: if you wanted to use a crate named `shore_test_harness`, use `cargo add shore_test_harness` to add it to your `Cargo.toml`
[INFO] [stdout] 
[INFO] [stdout] 
[INFO] [stderr] error: could not compile `shore-daemon` (lib)
[INFO] [stderr] 
[INFO] [stderr] Caused by:
[INFO] [stderr]   process didn't exit successfully: `/opt/rustwide/rustup-home/toolchains/1.100.0-beta.1-x86_64-unknown-linux-gnu/bin/rustc --crate-name shore_daemon --edition=2021 src/lib.rs --error-format=json --json=diagnostic-rendered-ansi,artifacts,future-incompat,unused-externs-silent --crate-type lib --emit=dep-info,metadata,link -C embed-bitcode=no -C debuginfo=2 '--warn=clippy::pedantic' '--warn=clippy::wildcard_imports' '--warn=clippy::wildcard_enum_match_arm' '--warn=clippy::unwrap_used' '--warn=clippy::unwrap_in_result' --warn=unused_results --warn=unused_qualifications '--warn=clippy::unseparated_literal_suffix' --warn=unsafe_code --warn=unreachable_pub '--warn=clippy::unreachable' '--warn=clippy::unimplemented' '--warn=clippy::undocumented_unsafe_blocks' '--warn=clippy::todo' '--warn=clippy::string_slice' '--warn=clippy::str_to_string' '--warn=clippy::single_char_lifetime_names' '--warn=clippy::shadow_unrelated' '--warn=clippy::shadow_same' '--warn=clippy::shadow_reuse' '--warn=clippy::print_stdout' '--warn=clippy::print_stderr' '--warn=clippy::panic_in_result_fn' '--warn=clippy::panic' '--allow=clippy::must_use_candidate' '--warn=clippy::multiple_unsafe_ops_per_block' '--warn=clippy::modulo_arithmetic' '--allow=clippy::module_name_repetitions' '--allow=clippy::missing_panics_doc' '--allow=clippy::missing_errors_doc' --warn=missing_debug_implementations '--warn=clippy::missing_assert_message' '--warn=clippy::mem_forget' '--warn=clippy::match_wildcard_for_single_variants' '--warn=clippy::let_underscore_must_use' '--warn=clippy::integer_division' '--warn=clippy::indexing_slicing' '--warn=clippy::impl_trait_in_params' '--warn=clippy::float_arithmetic' '--warn=clippy::expect_used' '--warn=clippy::exit' '--warn=clippy::else_if_without_else' --warn=elided_lifetimes_in_paths '--allow=clippy::doc_markdown' '--warn=clippy::dbg_macro' '--warn=clippy::clone_on_ref_ptr' '--warn=clippy::cast_sign_loss' '--warn=clippy::cast_possible_wrap' '--warn=clippy::cast_possible_truncation' '--warn=clippy::as_conversions' '--warn=clippy::arithmetic_side_effects' '--warn=clippy::allow_attributes_without_reason' '--warn=clippy::allow_attributes' --check-cfg 'cfg(docsrs,test)' --check-cfg 'cfg(feature, values())' -C metadata=81d6f53799d04b94 -C extra-filename=-fec980424306b5ad --out-dir /opt/rustwide/target/debug/build/shore-daemon/fec980424306b5ad/out -L dependency=/opt/rustwide/target/debug/build/adler2/1712579794513681/out -L dependency=/opt/rustwide/target/debug/build/aho-corasick/fa94425a423a79cf/out -L dependency=/opt/rustwide/target/debug/build/anstream/14b271bd294f0187/out -L dependency=/opt/rustwide/target/debug/build/anstyle-parse/88399b635fc44f8e/out -L dependency=/opt/rustwide/target/debug/build/anstyle-query/635080b1d6343734/out -L dependency=/opt/rustwide/target/debug/build/anstyle/9beaeb754742faae/out -L dependency=/opt/rustwide/target/debug/build/async-trait/3453bb6e76f3ba47/out -L dependency=/opt/rustwide/target/debug/build/atomic-waker/06950c8c08d2b8fa/out -L dependency=/opt/rustwide/target/debug/build/base64/32787b0325ea6df8/out -L dependency=/opt/rustwide/target/debug/build/bitflags/19bd3a07fb167555/out -L dependency=/opt/rustwide/target/debug/build/block-buffer/ceb5bfb4b62e5dc4/out -L dependency=/opt/rustwide/target/debug/build/bytemuck/690da78adee7b727/out -L dependency=/opt/rustwide/target/debug/build/byteorder-lite/f5df2d14b4488fc7/out -L dependency=/opt/rustwide/target/debug/build/bytes/2ed9460101f17bbf/out -L dependency=/opt/rustwide/target/debug/build/cfg-if/83060ec5685761ae/out -L dependency=/opt/rustwide/target/debug/build/chrono/18ed1a37ac968f81/out -L dependency=/opt/rustwide/target/debug/build/clap_builder/33897930e618d2bd/out -L dependency=/opt/rustwide/target/debug/build/clap_derive/5fb9614642741307/out -L dependency=/opt/rustwide/target/debug/build/clap_lex/2acbcd0288e51058/out -L dependency=/opt/rustwide/target/debug/build/colorchoice/33c0bd1745dd5ace/out -L dependency=/opt/rustwide/target/debug/build/cpufeatures/e04321643d03190d/out -L dependency=/opt/rustwide/target/debug/build/crc32fast/77160f4e25d6fc25/out -L dependency=/opt/rustwide/target/debug/build/crossbeam-utils/f696a08ab1e94e7a/out -L dependency=/opt/rustwide/target/debug/build/crypto-common/56b940ef3ee0385e/out -L dependency=/opt/rustwide/target/debug/build/dashmap/e5a8485d3871505c/out -L dependency=/opt/rustwide/target/debug/build/digest/58e72b83ad3d3d94/out -L dependency=/opt/rustwide/target/debug/build/dirs-sys/cd7095add4e33753/out -L dependency=/opt/rustwide/target/debug/build/dirs/d73b1958f45c0409/out -L dependency=/opt/rustwide/target/debug/build/displaydoc/b15cf18636f92ab7/out -L dependency=/opt/rustwide/target/debug/build/document-features/152a3c9ea1a49d1a/out -L dependency=/opt/rustwide/target/debug/build/dotenvy/6d8015f91495fe74/out -L dependency=/opt/rustwide/target/debug/build/dyn-clone/319e7691ef78165b/out -L dependency=/opt/rustwide/target/debug/build/either/ee1ed391f5dfcb09/out -L dependency=/opt/rustwide/target/debug/build/enumflags2/f678d156e699a9e9/out -L dependency=/opt/rustwide/target/debug/build/enumflags2_derive/6cd50771ef461cbe/out -L dependency=/opt/rustwide/target/debug/build/equivalent/6a754676e6af62ae/out -L dependency=/opt/rustwide/target/debug/build/errno/b828f94e94d1c0fa/out -L dependency=/opt/rustwide/target/debug/build/fallible-iterator/6e888fb96d72e3e0/out -L dependency=/opt/rustwide/target/debug/build/fallible-streaming-iterator/4b12442690f53239/out -L dependency=/opt/rustwide/target/debug/build/fastrand/8c711c36072d5b5b/out -L dependency=/opt/rustwide/target/debug/build/fdeflate/365b82c780a9e65c/out -L dependency=/opt/rustwide/target/debug/build/flate2/a5e49eed09b16e47/out -L dependency=/opt/rustwide/target/debug/build/fnv/79e2cbfbe03dcd16/out -L dependency=/opt/rustwide/target/debug/build/foldhash/07f233db1c671507/out -L dependency=/opt/rustwide/target/debug/build/form_urlencoded/58b0f0edb59b40d2/out -L dependency=/opt/rustwide/target/debug/build/fs2/7bc5ba68c1e05414/out -L dependency=/opt/rustwide/target/debug/build/futures-channel/04b287164a72dbf0/out -L dependency=/opt/rustwide/target/debug/build/futures-core/1121ff913ed87f93/out -L dependency=/opt/rustwide/target/debug/build/futures-executor/78273afa9cf5e203/out -L dependency=/opt/rustwide/target/debug/build/futures-io/a8805bd12b2ab705/out -L dependency=/opt/rustwide/target/debug/build/futures-macro/100c47a2cdef3153/out -L dependency=/opt/rustwide/target/debug/build/futures-sink/3971bde37bb30e19/out -L dependency=/opt/rustwide/target/debug/build/futures-task/36f327cfab86eddc/out -L dependency=/opt/rustwide/target/debug/build/futures-util/eb78ac1c55973e72/out -L dependency=/opt/rustwide/target/debug/build/futures/de6e887256efe489/out -L dependency=/opt/rustwide/target/debug/build/generic-array/3399f74876fb1fa9/out -L dependency=/opt/rustwide/target/debug/build/getrandom/52ac10f43bf314b8/out -L dependency=/opt/rustwide/target/debug/build/getrandom/b2e86ac94e686071/out -L dependency=/opt/rustwide/target/debug/build/getrandom/d2c3225d0f79b7d2/out -L dependency=/opt/rustwide/target/debug/build/h2/d2974c776e2f4b12/out -L dependency=/opt/rustwide/target/debug/build/hashbrown/6b92ca17a46d4c7a/out -L dependency=/opt/rustwide/target/debug/build/hashbrown/7535884dad52ee2f/out -L dependency=/opt/rustwide/target/debug/build/hashbrown/8da8fd0b7703f558/out -L dependency=/opt/rustwide/target/debug/build/hashlink/2e976e08e9e3b634/out -L dependency=/opt/rustwide/target/debug/build/home/2459c00c573c2c5a/out -L dependency=/opt/rustwide/target/debug/build/http-body-util/ed5fbd1db1f6d6fc/out -L dependency=/opt/rustwide/target/debug/build/http-body/8d8f9f8398f09fa7/out -L dependency=/opt/rustwide/target/debug/build/http/563f2cb150350555/out -L dependency=/opt/rustwide/target/debug/build/httparse/8c9b827b8f345444/out -L dependency=/opt/rustwide/target/debug/build/httpdate/331798cefc82cc7e/out -L dependency=/opt/rustwide/target/debug/build/hyper-rustls/270094744cabe13e/out -L dependency=/opt/rustwide/target/debug/build/hyper-util/8e610e02c7ec069c/out -L dependency=/opt/rustwide/target/debug/build/hyper/2edba9de4a8b50e5/out -L dependency=/opt/rustwide/target/debug/build/iana-time-zone/bcd81aefedc374a6/out -L dependency=/opt/rustwide/target/debug/build/icu_collections/99010f6d88cb0fa2/out -L dependency=/opt/rustwide/target/debug/build/icu_locale_core/2440c9245e1ce3af/out -L dependency=/opt/rustwide/target/debug/build/icu_normalizer/0cba3e741660dff0/out -L dependency=/opt/rustwide/target/debug/build/icu_normalizer_data/8fea05bee0bb4e49/out -L dependency=/opt/rustwide/target/debug/build/icu_properties/cd9c34beb0f6ffdf/out -L dependency=/opt/rustwide/target/debug/build/icu_properties_data/e6cf238fc98dd59d/out -L dependency=/opt/rustwide/target/debug/build/icu_provider/68c7489fa78adb03/out -L dependency=/opt/rustwide/target/debug/build/idna/41e8d20eab341d2d/out -L dependency=/opt/rustwide/target/debug/build/idna_adapter/f9ea0d61176aeaa5/out -L dependency=/opt/rustwide/target/debug/build/image-webp/34e741a8e5524094/out -L dependency=/opt/rustwide/target/debug/build/image/44fecb39e5668378/out -L dependency=/opt/rustwide/target/debug/build/indexmap/0d7f2c48190e6f4d/out -L dependency=/opt/rustwide/target/debug/build/inotify-sys/24776e229c23ece6/out -L dependency=/opt/rustwide/target/debug/build/inotify/ef91c1385739212a/out -L dependency=/opt/rustwide/target/debug/build/ipnet/61ca7a5e1c2863d4/out -L dependency=/opt/rustwide/target/debug/build/iri-string/9568090a19df0016/out -L dependency=/opt/rustwide/target/debug/build/is_terminal_polyfill/3ca4268cb2568267/out -L dependency=/opt/rustwide/target/debug/build/itoa/5de11b3b23bfe572/out -L dependency=/opt/rustwide/target/debug/build/lazy_static/3674be3f4245d19b/out -L dependency=/opt/rustwide/target/debug/build/libc/177b4b632c025eff/out -L dependency=/opt/rustwide/target/debug/build/libsqlite3-sys/14b88dd869c37814/out -L dependency=/opt/rustwide/target/debug/build/linux-raw-sys/0b6cde911e9a3109/out -L dependency=/opt/rustwide/target/debug/build/linux-raw-sys/e0d87a58652c2b0b/out -L dependency=/opt/rustwide/target/debug/build/litemap/dc288f07f8f61193/out -L dependency=/opt/rustwide/target/debug/build/lock_api/16d46fed645f7bff/out -L dependency=/opt/rustwide/target/debug/build/log/b262261d47bd2eba/out -L dependency=/opt/rustwide/target/debug/build/matchers/657b767e2e15aeb8/out -L dependency=/opt/rustwide/target/debug/build/memchr/5cfa70d22cb32987/out -L dependency=/opt/rustwide/target/debug/build/miniz_oxide/48f024fe3a81c3f8/out -L dependency=/opt/rustwide/target/debug/build/mio/13b205b53cd1d2a9/out -L dependency=/opt/rustwide/target/debug/build/moxcms/a6525d901a336138/out -L dependency=/opt/rustwide/target/debug/build/nix/70433705ab7c619f/out -L dependency=/opt/rustwide/target/debug/build/notify-types/42a5993cd4d1d361/out -L dependency=/opt/rustwide/target/debug/build/nu-ansi-term/745c727bb3e87c52/out -L dependency=/opt/rustwide/target/debug/build/num-traits/8025aadba3f5277e/out -L dependency=/opt/rustwide/target/debug/build/once_cell/b5bdc597ed9676b3/out -L dependency=/opt/rustwide/target/debug/build/option-ext/61303ef911796993/out -L dependency=/opt/rustwide/target/debug/build/parking_lot/ffadff8dabf49814/out -L dependency=/opt/rustwide/target/debug/build/parking_lot_core/1a2829851bfdb608/out -L dependency=/opt/rustwide/target/debug/build/pastey/1eadbede4e5269ca/out -L dependency=/opt/rustwide/target/debug/build/percent-encoding/fa055ecaa1e57cfa/out -L dependency=/opt/rustwide/target/debug/build/pin-project-lite/0a15d51c77964692/out -L dependency=/opt/rustwide/target/debug/build/png/1e3d4e934dfd6580/out -L dependency=/opt/rustwide/target/debug/build/potential_utf/dfc67b58ecdfe49f/out -L dependency=/opt/rustwide/target/debug/build/ppv-lite86/7f5ba35fc3b17562/out -L dependency=/opt/rustwide/target/debug/build/process-wrap/bb2a36c71bf10481/out -L dependency=/opt/rustwide/target/debug/build/pxfm/4802185710b7e960/out -L dependency=/opt/rustwide/target/debug/build/quick-error/702b385be5f12d4a/out -L dependency=/opt/rustwide/target/debug/build/rand_chacha/cd4e4bfadadef58e/out -L dependency=/opt/rustwide/target/debug/build/rand_core/a194ba3334a308f1/out -L dependency=/opt/rustwide/target/debug/build/ref-cast-impl/26e4230332c4f230/out -L dependency=/opt/rustwide/target/debug/build/ref-cast/b706dde3ea1204b4/out -L dependency=/opt/rustwide/target/debug/build/regex-automata/e4e8d49138828df4/out -L dependency=/opt/rustwide/target/debug/build/regex-syntax/6d6ee545e2ffad72/out -L dependency=/opt/rustwide/target/debug/build/reqwest/39fbf18d6f448487/out -L dependency=/opt/rustwide/target/debug/build/reqwest/6cca8f4e67081d79/out -L dependency=/opt/rustwide/target/debug/build/ring/5f5f8db6519a911e/out -L dependency=/opt/rustwide/target/debug/build/rmcp-macros/0e373169801dd831/out -L dependency=/opt/rustwide/target/debug/build/rmcp/d819388f6aa958c6/out -L dependency=/opt/rustwide/target/debug/build/rusqlite/5a9515b78841b483/out -L dependency=/opt/rustwide/target/debug/build/rustix/2186f077589ce598/out -L dependency=/opt/rustwide/target/debug/build/rustix/25cbd6e2d146c33e/out -L dependency=/opt/rustwide/target/debug/build/rustls-pki-types/a1ff9279e609de76/out -L dependency=/opt/rustwide/target/debug/build/rustls-webpki/cccc9e60ba7a8e93/out -L dependency=/opt/rustwide/target/debug/build/rustls/aa91911e36a2e8fc/out -L dependency=/opt/rustwide/target/debug/build/ryu/1f4f40e4352371e5/out -L dependency=/opt/rustwide/target/debug/build/same-file/ff49545450c0b63c/out -L dependency=/opt/rustwide/target/debug/build/schemars/de2c02d6675b600c/out -L dependency=/opt/rustwide/target/debug/build/schemars_derive/a4e6cc9681bb3954/out -L dependency=/opt/rustwide/target/debug/build/scopeguard/7ec2214574194454/out -L dependency=/opt/rustwide/target/debug/build/serde/5888ac5c23c18421/out -L dependency=/opt/rustwide/target/debug/build/serde_core/49c5f0449f9ff544/out -L dependency=/opt/rustwide/target/debug/build/serde_derive/919fa773e4784517/out -L dependency=/opt/rustwide/target/debug/build/serde_json/9e638f5b11dd0d8f/out -L dependency=/opt/rustwide/target/debug/build/serde_spanned/85624abc1006875e/out -L dependency=/opt/rustwide/target/debug/build/serde_urlencoded/cbe7bd48af8eba00/out -L dependency=/opt/rustwide/target/debug/build/sharded-slab/bd3e89e1e50b7c87/out -L dependency=/opt/rustwide/target/debug/build/shore-call-store/1ec392c2377ca3b7/out -L dependency=/opt/rustwide/target/debug/build/shore-config/e81fc7e888f3e5c4/out -L dependency=/opt/rustwide/target/debug/build/shore-llm/8d80475705e394bb/out -L dependency=/opt/rustwide/target/debug/build/shore-protocol/69925c0edbd9e5b2/out -L dependency=/opt/rustwide/target/debug/build/signal-hook-registry/a760c7518082b676/out -L dependency=/opt/rustwide/target/debug/build/simd-adler32/4fe6a09bed41f873/out -L dependency=/opt/rustwide/target/debug/build/slab/0582d648e59ab406/out -L dependency=/opt/rustwide/target/debug/build/smallvec/bc3128fdd57228fc/out -L dependency=/opt/rustwide/target/debug/build/socket2/060d3d37f2e0fb7d/out -L dependency=/opt/rustwide/target/debug/build/sse-stream/db3bccb036db4e14/out -L dependency=/opt/rustwide/target/debug/build/stable_deref_trait/63cbf3f3d3f94e56/out -L dependency=/opt/rustwide/target/debug/build/strsim/4d1ed08a123238dc/out -L dependency=/opt/rustwide/target/debug/build/subtle/2ae6a7038b9a0630/out -L dependency=/opt/rustwide/target/debug/build/sync_wrapper/6bdfbc29c4269203/out -L dependency=/opt/rustwide/target/debug/build/tempfile/bc790dcb506504a8/out -L dependency=/opt/rustwide/target/debug/build/thiserror-impl/1bce4424f94b0b0b/out -L dependency=/opt/rustwide/target/debug/build/thiserror/5e90adc18491a337/out -L dependency=/opt/rustwide/target/debug/build/thread_local/b4f6fe44d641c0b1/out -L dependency=/opt/rustwide/target/debug/build/tinystr/4cce420f599efd20/out -L dependency=/opt/rustwide/target/debug/build/tokio-macros/e1402924a95e8994/out -L dependency=/opt/rustwide/target/debug/build/tokio-rustls/b784bcb406541f7c/out -L dependency=/opt/rustwide/target/debug/build/tokio-stream/bdcfa017f4b64606/out -L dependency=/opt/rustwide/target/debug/build/tokio-util/a9a351658030294d/out -L dependency=/opt/rustwide/target/debug/build/tokio/1a40124f49d7cd50/out -L dependency=/opt/rustwide/target/debug/build/toml/bed06396f64fa72e/out -L dependency=/opt/rustwide/target/debug/build/toml_datetime/949f26fd405ccb9a/out -L dependency=/opt/rustwide/target/debug/build/toml_edit/bdfb968f1bffb00c/out -L dependency=/opt/rustwide/target/debug/build/tower-http/dee360106a0ee10c/out -L dependency=/opt/rustwide/target/debug/build/tower-layer/d908dd771b239ecd/out -L dependency=/opt/rustwide/target/debug/build/tower-service/3fb88d28c2218805/out -L dependency=/opt/rustwide/target/debug/build/tower/324639c87e7e9f3f/out -L dependency=/opt/rustwide/target/debug/build/tracing-attributes/efa1242d4e374d3d/out -L dependency=/opt/rustwide/target/debug/build/tracing-core/d26029c784af5925/out -L dependency=/opt/rustwide/target/debug/build/tracing-log/510f2bf8b9768cfe/out -L dependency=/opt/rustwide/target/debug/build/tracing-serde/37f255d9e57e088a/out -L dependency=/opt/rustwide/target/debug/build/tracing-subscriber/c97cc5d45efa40ae/out -L dependency=/opt/rustwide/target/debug/build/tracing/9244677a201ade0f/out -L dependency=/opt/rustwide/target/debug/build/try-lock/8fa2f6971035be84/out -L dependency=/opt/rustwide/target/debug/build/typenum/973adb5204d6e560/out -L dependency=/opt/rustwide/target/debug/build/untrusted/b2f816886faf2178/out -L dependency=/opt/rustwide/target/debug/build/url/20242b664c8191a8/out -L dependency=/opt/rustwide/target/debug/build/utf8_iter/51566bbad89f3a68/out -L dependency=/opt/rustwide/target/debug/build/utf8parse/92d0158219063202/out -L dependency=/opt/rustwide/target/debug/build/uuid/6c4120ac80f1a7a6/out -L dependency=/opt/rustwide/target/debug/build/walkdir/7cc6f300a6f0bf06/out -L dependency=/opt/rustwide/target/debug/build/want/7a6260b9c50f1479/out -L dependency=/opt/rustwide/target/debug/build/webpki-roots/0620d8401a74b574/out -L dependency=/opt/rustwide/target/debug/build/winnow/0e488022daf69231/out -L dependency=/opt/rustwide/target/debug/build/writeable/48b3e52227924bb5/out -L dependency=/opt/rustwide/target/debug/build/yoke-derive/8b3e3f009a90b2dd/out -L dependency=/opt/rustwide/target/debug/build/yoke/a73bb16c30c8666f/out -L dependency=/opt/rustwide/target/debug/build/zerocopy/ad92ccf16844b543/out -L dependency=/opt/rustwide/target/debug/build/zerofrom-derive/d22e2fdf40707bea/out -L dependency=/opt/rustwide/target/debug/build/zerofrom/3c4bc0c4c9717ce1/out -L dependency=/opt/rustwide/target/debug/build/zeroize/7f213bea776ca5b6/out -L dependency=/opt/rustwide/target/debug/build/zerotrie/0c901af276a1f5ce/out -L dependency=/opt/rustwide/target/debug/build/zerovec-derive/9c65e5874106a780/out -L dependency=/opt/rustwide/target/debug/build/zerovec/ca67d97079b95e44/out -L dependency=/opt/rustwide/target/debug/build/zmij/ef63f1da73704b4c/out -L dependency=/opt/rustwide/target/debug/build/zstd-safe/b70867ef0d4f0496/out -L dependency=/opt/rustwide/target/debug/build/zstd-sys/d0bc3426d5b68467/out -L dependency=/opt/rustwide/target/debug/build/zstd/aa3c746ff6adc4fd/out -L dependency=/opt/rustwide/target/debug/build/zune-core/1e52e593f0022a9f/out -L dependency=/opt/rustwide/target/debug/build/zune-jpeg/ecb95bf532f6a64f/out --extern base64=/opt/rustwide/target/debug/build/base64/32787b0325ea6df8/out/libbase64-32787b0325ea6df8.rmeta --extern chrono=/opt/rustwide/target/debug/build/chrono/18ed1a37ac968f81/out/libchrono-18ed1a37ac968f81.rmeta --extern clap=/opt/rustwide/target/debug/build/clap/062038b8ff1b5a44/out/libclap-062038b8ff1b5a44.rmeta --extern dashmap=/opt/rustwide/target/debug/build/dashmap/e5a8485d3871505c/out/libdashmap-e5a8485d3871505c.rmeta --extern fast_image_resize=/opt/rustwide/target/debug/build/fast_image_resize/453251160ef5e530/out/libfast_image_resize-453251160ef5e530.rmeta --extern futures=/opt/rustwide/target/debug/build/futures/de6e887256efe489/out/libfutures-de6e887256efe489.rmeta --extern image=/opt/rustwide/target/debug/build/image/44fecb39e5668378/out/libimage-44fecb39e5668378.rmeta --extern landlock=/opt/rustwide/target/debug/build/landlock/529e07b0a4499d98/out/liblandlock-529e07b0a4499d98.rmeta --extern libc=/opt/rustwide/target/debug/build/libc/177b4b632c025eff/out/liblibc-177b4b632c025eff.rmeta --extern notify=/opt/rustwide/target/debug/build/notify/7c291d2df64ebe4c/out/libnotify-7c291d2df64ebe4c.rmeta --extern rand=/opt/rustwide/target/debug/build/rand/229eb42add40630d/out/librand-229eb42add40630d.rmeta --extern reqwest=/opt/rustwide/target/debug/build/reqwest/39fbf18d6f448487/out/libreqwest-39fbf18d6f448487.rmeta --extern seccompiler=/opt/rustwide/target/debug/build/seccompiler/718694c3955d06ed/out/libseccompiler-718694c3955d06ed.rmeta --extern serde=/opt/rustwide/target/debug/build/serde/5888ac5c23c18421/out/libserde-5888ac5c23c18421.rmeta --extern serde_json=/opt/rustwide/target/debug/build/serde_json/9e638f5b11dd0d8f/out/libserde_json-9e638f5b11dd0d8f.rmeta --extern sha2=/opt/rustwide/target/debug/build/sha2/d6777488adf6403e/out/libsha2-d6777488adf6403e.rmeta --extern shell_words=/opt/rustwide/target/debug/build/shell-words/d186b621774bbdb4/out/libshell_words-d186b621774bbdb4.rmeta --extern shore_call_store=/opt/rustwide/target/debug/build/shore-call-store/1ec392c2377ca3b7/out/libshore_call_store-1ec392c2377ca3b7.rmeta --extern shore_config=/opt/rustwide/target/debug/build/shore-config/e81fc7e888f3e5c4/out/libshore_config-e81fc7e888f3e5c4.rmeta --extern shore_diagnostics=/opt/rustwide/target/debug/build/shore-diagnostics/fd209dbdd86680e5/out/libshore_diagnostics-fd209dbdd86680e5.rmeta --extern shore_ledger=/opt/rustwide/target/debug/build/shore-ledger/23c01d9d416ffa7b/out/libshore_ledger-23c01d9d416ffa7b.rmeta --extern shore_llm=/opt/rustwide/target/debug/build/shore-llm/8d80475705e394bb/out/libshore_llm-8d80475705e394bb.rmeta --extern shore_mcp_client=/opt/rustwide/target/debug/build/shore-mcp-client/ca4e4941b45a2734/out/libshore_mcp_client-ca4e4941b45a2734.rmeta --extern shore_protocol=/opt/rustwide/target/debug/build/shore-protocol/69925c0edbd9e5b2/out/libshore_protocol-69925c0edbd9e5b2.rmeta --extern shore_swp_server=/opt/rustwide/target/debug/build/shore-swp-server/7dec93ed7025669d/out/libshore_swp_server-7dec93ed7025669d.rmeta --extern tempfile=/opt/rustwide/target/debug/build/tempfile/bc790dcb506504a8/out/libtempfile-bc790dcb506504a8.rmeta --extern thiserror=/opt/rustwide/target/debug/build/thiserror/5e90adc18491a337/out/libthiserror-5e90adc18491a337.rmeta --extern tokio=/opt/rustwide/target/debug/build/tokio/1a40124f49d7cd50/out/libtokio-1a40124f49d7cd50.rmeta --extern toml=/opt/rustwide/target/debug/build/toml/bed06396f64fa72e/out/libtoml-bed06396f64fa72e.rmeta --extern tracing=/opt/rustwide/target/debug/build/tracing/9244677a201ade0f/out/libtracing-9244677a201ade0f.rmeta --extern tracing_subscriber=/opt/rustwide/target/debug/build/tracing-subscriber/c97cc5d45efa40ae/out/libtracing_subscriber-c97cc5d45efa40ae.rmeta --extern uuid=/opt/rustwide/target/debug/build/uuid/6c4120ac80f1a7a6/out/libuuid-6c4120ac80f1a7a6.rmeta --extern which=/opt/rustwide/target/debug/build/which/23afe52ea4165e90/out/libwhich-23afe52ea4165e90.rmeta --cap-lints=warn --force-warn=unused_crate_dependencies -L native=/opt/rustwide/target/debug/build/ring/c1629cef20237e7c/out -L native=/opt/rustwide/target/debug/build/libsqlite3-sys/9e35125c1baa2b3e/out -L native=/opt/rustwide/target/debug/build/zstd-sys/a85664507ef390b6/out` (signal: 9, SIGKILL: kill)
[INFO] [stderr] warning: build failed, waiting for other jobs to finish...
[INFO] [stdout] For more information about this error, try `rustc --explain E0432`.
[INFO] [stdout] 
[INFO] [stderr] error: could not compile `shore-daemon` (lib test) due to 3 previous errors
[INFO] running `Command { std: "docker" "inspect" "fced54d3009d8ef4a0cbb5c22762cd81b4fddea54060d637931828d618373e88", kill_on_drop: false }`
[INFO] running `Command { std: "docker" "rm" "-f" "fced54d3009d8ef4a0cbb5c22762cd81b4fddea54060d637931828d618373e88", kill_on_drop: false }`
[INFO] [stdout] fced54d3009d8ef4a0cbb5c22762cd81b4fddea54060d637931828d618373e88
