[INFO] fetching crate shoal 0.1.0...
[INFO] testing shoal-0.1.0 against 1.99.0-beta.8 for beta-1.100-2
[INFO] extracting crate shoal 0.1.0 into /workspace/builds/worker-3-tc1/source
[INFO] started tweaking crates.io crate shoal 0.1.0
[INFO] removed 0 missing examples
[INFO] finished tweaking crates.io crate shoal 0.1.0
[INFO] tweaked toml for crates.io crate shoal 0.1.0 written to /workspace/builds/worker-3-tc1/source/Cargo.toml
[INFO] validating manifest of crates.io crate shoal 0.1.0 on toolchain 1.99.0-beta.8
[INFO] running `Command { std: CARGO_HOME="/workspace/cargo-home" RUSTUP_HOME="/workspace/rustup-home" "/workspace/cargo-home/bin/cargo" "+1.99.0-beta.8" "metadata" "--manifest-path" "Cargo.toml" "--no-deps", kill_on_drop: false }`
[INFO] crate crates.io crate shoal 0.1.0 already has a lockfile, it will not be regenerated
[INFO] running `Command { std: CARGO_HOME="/workspace/cargo-home" RUSTUP_HOME="/workspace/rustup-home" "/workspace/cargo-home/bin/cargo" "+1.99.0-beta.8" "fetch" "--manifest-path" "Cargo.toml", kill_on_drop: false }`
[INFO] [stderr]     Updating crates.io index
[INFO] [stderr]  Downloading crates ...
[INFO] [stderr]   Downloaded tokio-macros v2.3.0
[INFO] [stderr]   Downloaded uuid v1.15.1
[INFO] [stderr]   Downloaded bytes v1.10.0
[INFO] [stderr]   Downloaded serde v1.0.218
[INFO] [stderr]   Downloaded serde_derive v1.0.218
[INFO] [stderr]   Downloaded tracing-subscriber v0.3.19
[INFO] [stderr]   Downloaded tracing-opentelemetry v0.26.0
[INFO] [stderr]   Downloaded tinyvec v1.8.1
[INFO] [stderr]   Downloaded rkyv-with v0.1.2
[INFO] [stderr]   Downloaded tokio v1.38.1
[INFO] [stderr]   Downloaded opentelemetry v0.25.0
[INFO] [stderr]   Downloaded rend v0.5.2
[INFO] [stderr]   Downloaded ptr_meta v0.3.0
[INFO] [stderr]   Downloaded ptr_meta_derive v0.3.0
[INFO] [stderr]   Downloaded munge v0.4.3
[INFO] [stderr]   Downloaded munge_macro v0.4.3
[INFO] [stderr]   Downloaded pin-project v1.1.9
[INFO] [stderr]   Downloaded opentelemetry_sdk v0.25.0
[INFO] [stderr]   Downloaded async-trait v0.1.86
[INFO] [stderr]   Downloaded bytecheck v0.8.1
[INFO] [stderr]   Downloaded rancor v0.1.0
[INFO] [stderr]   Downloaded papaya v0.2.0
[INFO] [stderr]   Downloaded seize v0.5.0
[INFO] [stderr]   Downloaded tonic v0.12.3
[INFO] [stderr]   Downloaded prost v0.13.5
[INFO] [stderr]   Downloaded httparse v1.10.0
[INFO] [stderr]   Downloaded rkyv v0.8.10
[INFO] [stderr]   Downloaded rkyv_derive v0.8.10
[INFO] [stderr]   Downloaded bytecheck_derive v0.8.1
[INFO] [stderr]   Downloaded opentelemetry-otlp v0.25.0
[INFO] [stderr]   Downloaded prost-derive v0.13.5
[INFO] [stderr]   Downloaded anyhow v1.0.96
[INFO] [stderr]   Downloaded pin-project-internal v1.1.9
[INFO] [stderr]   Downloaded either v1.14.0
[INFO] [stderr]   Downloaded h2 v0.4.8
[INFO] [stderr]   Downloaded intmap v2.0.0
[INFO] [stderr]   Downloaded sketches-ddsketch v0.1.3
[INFO] [stderr]   Downloaded opentelemetry-proto v0.25.0
[INFO] [stderr]   Downloaded rlimit v0.6.2
[INFO] [stderr]   Downloaded owned-alloc v0.2.0
[INFO] [stderr]   Downloaded gxhash v2.3.1
[INFO] [stderr]   Downloaded kanal v0.1.0-pre8
[INFO] [stderr]   Downloaded socket2 v0.4.10
[INFO] [stderr]   Downloaded enclose v1.2.0
[INFO] [stderr]   Downloaded cache-padded v1.3.0
[INFO] [stderr]   Downloaded concurrent-queue v1.2.4
[INFO] [stderr]   Downloaded cc v1.2.16
[INFO] [stderr]   Downloaded rust-ini v0.18.0
[INFO] [stderr]   Downloaded config v0.13.4
[INFO] [stderr]   Downloaded lockfree v0.5.1
[INFO] [stderr]   Downloaded ordered-multimap v0.4.3
[INFO] [stderr]   Downloaded buddy-alloc v0.4.2
[INFO] [stderr]   Downloaded dlv-list v0.3.0
[INFO] [stderr]   Downloaded ron v0.7.1
[INFO] [stderr]   Downloaded glommio v0.9.0
[INFO] [stderr]   Downloaded pest_generator v2.7.15
[INFO] [stderr]   Downloaded pest_meta v2.7.15
[INFO] [stderr]   Downloaded pest_derive v2.7.15
[INFO] [stderr]   Downloaded pest v2.7.15
[INFO] [stderr]   Downloaded clap_builder v4.5.31
[INFO] [stderr]   Downloaded clap v4.5.31
[INFO] [stderr]   Downloaded clap_derive v4.5.28
[INFO] [stderr]   Downloaded utf8-width v0.1.7
[INFO] [stderr]   Downloaded byte-unit v5.1.6
[INFO] [stderr]   Downloaded rust_decimal v1.36.0
[INFO] [stderr]   Downloaded borsh v1.5.5
[INFO] [stderr]   Downloaded borsh-derive v1.5.5
[INFO] [stderr]   Downloaded winnow v0.7.3
[INFO] [stderr]   Downloaded toml_edit v0.22.24
[INFO] [stderr]   Downloaded shoal-core v0.1.0
[INFO] [stderr]   Downloaded shoal-derive v0.1.0
[INFO] running `Command { std: "docker" "create" "-v" "/var/lib/crater-agent-workspace/builds/worker-3-tc1/source:/opt/rustwide/workdir:ro,Z" "-v" "/var/lib/crater-agent-workspace/builds/worker-3-tc1/target:/opt/rustwide/target:rw,Z" "-v" "/var/lib/crater-agent-workspace/cargo-home:/opt/rustwide/cargo-home:ro,Z" "-v" "/var/lib/crater-agent-workspace/rustup-home:/opt/rustwide/rustup-home:ro,Z" "-m" "1610612736" "--network" "none" "ghcr.io/rust-lang/crates-build-env/linux@sha256:3111399a4047eeb3a02b7a90e478d715f38a8c6669b5c4b49d30a17385265909" "sleep" "infinity", kill_on_drop: false }`
[INFO] [stdout] 9b6f07de6bf4fe8e03d64ae7f2817e32a8b288dc25c65dc55968f9d1d84b9e4c
[INFO] running `Command { std: "docker" "start" "9b6f07de6bf4fe8e03d64ae7f2817e32a8b288dc25c65dc55968f9d1d84b9e4c", kill_on_drop: false }`
[INFO] running `Command { std: "docker" "inspect" "9b6f07de6bf4fe8e03d64ae7f2817e32a8b288dc25c65dc55968f9d1d84b9e4c", kill_on_drop: false }`
[INFO] running `Command { std: "docker" "exec" "-e" "SOURCE_DIR=/opt/rustwide/workdir" "-e" "CARGO_HOME=/opt/rustwide/cargo-home" "-e" "RUSTUP_HOME=/opt/rustwide/rustup-home" "-e" "CARGO_TARGET_DIR=/opt/rustwide/target" "-w" "/opt/rustwide/workdir" "--user" "0:0" "9b6f07de6bf4fe8e03d64ae7f2817e32a8b288dc25c65dc55968f9d1d84b9e4c" "/opt/rustwide/cargo-home/bin/cargo" "+1.99.0-beta.8" "metadata" "--no-deps" "--format-version=1", kill_on_drop: false }`
[INFO] running `Command { std: "docker" "inspect" "9b6f07de6bf4fe8e03d64ae7f2817e32a8b288dc25c65dc55968f9d1d84b9e4c", kill_on_drop: false }`
[INFO] running `Command { std: "docker" "exec" "-e" "SOURCE_DIR=/opt/rustwide/workdir" "-e" "CARGO_HOME=/opt/rustwide/cargo-home" "-e" "RUSTUP_HOME=/opt/rustwide/rustup-home" "-e" "CARGO_TARGET_DIR=/opt/rustwide/target" "-e" "CARGO_INCREMENTAL=0" "-e" "RUST_BACKTRACE=full" "-e" "RUSTFLAGS=--cap-lints=warn" "-e" "RUSTDOCFLAGS=--cap-lints=warn" "-w" "/opt/rustwide/workdir" "--user" "0:0" "9b6f07de6bf4fe8e03d64ae7f2817e32a8b288dc25c65dc55968f9d1d84b9e4c" "/opt/rustwide/cargo-home/bin/cargo" "+1.99.0-beta.8" "build" "--frozen" "--message-format=json", kill_on_drop: false }`
[INFO] [stderr]    Compiling proc-macro2 v1.0.93
[INFO] [stderr]    Compiling unicode-ident v1.0.17
[INFO] [stderr]    Compiling libc v0.2.170
[INFO] [stderr]    Compiling once_cell v1.20.3
[INFO] [stderr]    Compiling futures-io v0.3.31
[INFO] [stderr]    Compiling scopeguard v1.2.0
[INFO] [stderr]    Compiling bytes v1.10.0
[INFO] [stderr]    Compiling smallvec v1.14.0
[INFO] [stderr]    Compiling itoa v1.0.14
[INFO] [stderr]    Compiling lock_api v0.4.12
[INFO] [stderr]    Compiling slab v0.4.9
[INFO] [stderr]    Compiling parking_lot_core v0.9.10
[INFO] [stderr]    Compiling serde v1.0.218
[INFO] [stderr]    Compiling ahash v0.7.8
[INFO] [stderr]    Compiling hashbrown v0.15.2
[INFO] [stderr]    Compiling thiserror v2.0.11
[INFO] [stderr]    Compiling crossbeam-utils v0.8.21
[INFO] [stderr]    Compiling httparse v1.10.0
[INFO] [stderr]    Compiling serde_json v1.0.139
[INFO] [stderr]    Compiling rustversion v1.0.19
[INFO] [stderr]    Compiling anyhow v1.0.96
[INFO] [stderr]    Compiling ryu v1.0.19
[INFO] [stderr]    Compiling indexmap v1.9.3
[INFO] [stderr]    Compiling getrandom v0.3.1
[INFO] [stderr]    Compiling tracing-core v0.1.33
[INFO] [stderr]    Compiling either v1.14.0
[INFO] [stderr]    Compiling percent-encoding v2.3.1
[INFO] [stderr]    Compiling memoffset v0.9.1
[INFO] [stderr]    Compiling itertools v0.14.0
[INFO] [stderr]    Compiling num-traits v0.2.19
[INFO] [stderr]    Compiling object v0.36.7
[INFO] [stderr]    Compiling glob v0.3.2
[INFO] [stderr]    Compiling cc v1.2.16
[INFO] [stderr]    Compiling dlv-list v0.3.0
[INFO] [stderr]    Compiling http v1.2.0
[INFO] [stderr]    Compiling simdutf8 v0.1.5
[INFO] [stderr]    Compiling typenum v1.18.0
[INFO] [stderr]    Compiling rust_decimal v1.36.0
[INFO] [stderr]    Compiling adler2 v2.0.0
[INFO] [stderr]    Compiling gimli v0.31.1
[INFO] [stderr]    Compiling signal-hook v0.3.17
[INFO] [stderr]    Compiling anstream v0.6.18
[INFO] [stderr]    Compiling tracing-log v0.2.0
[INFO] [stderr]    Compiling quote v1.0.38
[INFO] [stderr]    Compiling crossbeam-epoch v0.9.18
[INFO] [stderr]    Compiling crossbeam-queue v0.3.12
[INFO] [stderr]    Compiling crossbeam-channel v0.5.14
[INFO] [stderr]    Compiling miniz_oxide v0.8.5
[INFO] [stderr]    Compiling syn v2.0.98
[INFO] [stderr]    Compiling indexmap v2.7.1
[INFO] [stderr]    Compiling spin v0.9.8
[INFO] [stderr]    Compiling thread_local v1.1.8
[INFO] [stderr]    Compiling clap_lex v0.7.4
[INFO] [stderr]    Compiling crossbeam-deque v0.8.6
[INFO] [stderr]    Compiling arrayvec v0.7.6
[INFO] [stderr]    Compiling owned-alloc v0.2.0
[INFO] [stderr]    Compiling waker-fn v1.2.0
[INFO] [stderr]    Compiling cache-padded v1.3.0
[INFO] [stderr]    Compiling fastrand v1.9.0
[INFO] [stderr]    Compiling bitflags v2.9.0
[INFO] [stderr]    Compiling rustc-demangle v0.1.24
[INFO] [stderr]    Compiling lockfree v0.5.1
[INFO] [stderr]    Compiling concurrent-queue v1.2.4
[INFO] [stderr]    Compiling nom v7.1.3
[INFO] [stderr]    Compiling http-body v1.0.1
[INFO] [stderr]    Compiling clap_builder v4.5.31
[INFO] [stderr]    Compiling futures-lite v1.13.0
[INFO] [stderr]    Compiling crossbeam v0.8.4
[INFO] [stderr]    Compiling tracing-subscriber v0.3.19
[INFO] [stderr]    Compiling intrusive-collections v0.9.7
[INFO] [stderr]    Compiling buddy-alloc v0.4.2
[INFO] [stderr]    Compiling glommio v0.9.0
[INFO] [stderr]    Compiling utf8-width v0.1.7
[INFO] [stderr]    Compiling pathdiff v0.2.3
[INFO] [stderr]    Compiling enclose v1.2.0
[INFO] [stderr]    Compiling sketches-ddsketch v0.1.3
[INFO] [stderr]    Compiling bitmaps v3.2.1
[INFO] [stderr]    Compiling hashbrown v0.14.5
[INFO] [stderr]    Compiling scoped-tls v1.0.1
[INFO] [stderr]    Compiling kanal v0.1.0-pre8
[INFO] [stderr]    Compiling owo-colors v4.2.0
[INFO] [stderr]    Compiling byte-unit v5.1.6
[INFO] [stderr]    Compiling intmap v2.0.0
[INFO] [stderr]    Compiling getrandom v0.2.15
[INFO] [stderr]    Compiling signal-hook-registry v1.4.2
[INFO] [stderr]    Compiling mio v0.8.11
[INFO] [stderr]    Compiling socket2 v0.5.8
[INFO] [stderr]    Compiling num_cpus v1.16.0
[INFO] [stderr]    Compiling parking_lot v0.12.3
[INFO] [stderr]    Compiling rand_core v0.6.4
[INFO] [stderr]    Compiling hashbrown v0.12.3
[INFO] [stderr]    Compiling nanorand v0.7.0
[INFO] [stderr]    Compiling uuid v1.15.1
[INFO] [stderr] warning: glommio@0.9.0: In file included from /opt/rustwide/cargo-home/registry/src/index.crates.io-1949cf8c6b5b557f/glommio-0.9.0/liburing/src/setup.c:15:
[INFO] [stderr] warning: glommio@0.9.0: /opt/rustwide/cargo-home/registry/src/index.crates.io-1949cf8c6b5b557f/glommio-0.9.0/liburing/src/include/liburing.h:555:66: warning: 'struct open_how' declared inside parameter list will not be visible outside of this definition or declaration
[INFO] [stderr] warning: glommio@0.9.0:   555 |                                         const char *path, struct open_how *how)
[INFO] [stderr] warning: glommio@0.9.0:       |                                                                  ^~~~~~~~
[INFO] [stderr] warning: glommio@0.9.0: /opt/rustwide/cargo-home/registry/src/index.crates.io-1949cf8c6b5b557f/glommio-0.9.0/liburing/src/include/liburing.h: In function 'io_uring_prep_openat2':
[INFO] [stderr] warning: glommio@0.9.0: /opt/rustwide/cargo-home/registry/src/index.crates.io-1949cf8c6b5b557f/glommio-0.9.0/liburing/src/include/liburing.h:557:67: error: invalid application of 'sizeof' to incomplete type 'struct open_how'
[INFO] [stderr] warning: glommio@0.9.0:   557 |         io_uring_prep_rw(IORING_OP_OPENAT2, sqe, dfd, path, sizeof(*how),
[INFO] [stderr] warning: glommio@0.9.0:       |                                                                   ^
[INFO] [stderr] warning: glommio@0.9.0: /opt/rustwide/cargo-home/registry/src/index.crates.io-1949cf8c6b5b557f/glommio-0.9.0/liburing/src/include/liburing.h: At top level:
[INFO] [stderr] warning: glommio@0.9.0: /opt/rustwide/cargo-home/registry/src/index.crates.io-1949cf8c6b5b557f/glommio-0.9.0/liburing/src/include/liburing.h:564:56: warning: 'struct open_how' declared inside parameter list will not be visible outside of this definition or declaration
[INFO] [stderr] warning: glommio@0.9.0:   564 |                                                 struct open_how *how,
[INFO] [stderr] warning: glommio@0.9.0:       |                                                        ^~~~~~~~
[INFO] [stderr] warning: glommio@0.9.0: /opt/rustwide/cargo-home/registry/src/index.crates.io-1949cf8c6b5b557f/glommio-0.9.0/liburing/src/include/liburing.h: In function 'io_uring_prep_openat2_direct':
[INFO] [stderr] warning: glommio@0.9.0: /opt/rustwide/cargo-home/registry/src/index.crates.io-1949cf8c6b5b557f/glommio-0.9.0/liburing/src/include/liburing.h:567:47: error: passing argument 4 of 'io_uring_prep_openat2' from incompatible pointer type [-Wincompatible-pointer-types]
[INFO] [stderr] warning: glommio@0.9.0:   567 |         io_uring_prep_openat2(sqe, dfd, path, how);
[INFO] [stderr] warning: glommio@0.9.0:       |                                               ^~~
[INFO] [stderr] warning: glommio@0.9.0:       |                                               |
[INFO] [stderr] warning: glommio@0.9.0:       |                                               struct open_how *
[INFO] [stderr] warning: glommio@0.9.0: /opt/rustwide/cargo-home/registry/src/index.crates.io-1949cf8c6b5b557f/glommio-0.9.0/liburing/src/include/liburing.h:555:76: note: expected 'struct open_how *' but argument is of type 'struct open_how *'
[INFO] [stderr] warning: glommio@0.9.0:   555 |                                         const char *path, struct open_how *how)
[INFO] [stderr] warning: glommio@0.9.0:       |                                                           ~~~~~~~~~~~~~~~~~^~~
[INFO] [stderr] error: failed to run custom build command for `glommio v0.9.0`
[INFO] [stderr] note: To improve backtraces for build dependencies, set the CARGO_PROFILE_DEV_BUILD_OVERRIDE_DEBUG=true environment variable to enable debug information generation.
[INFO] [stderr] 
[INFO] [stderr] Caused by:
[INFO] [stderr]   process didn't exit successfully: `/opt/rustwide/target/debug/build/glommio-b853fd34b371f040/build-script-build` (exit status: 1)
[INFO] [stderr]   --- stdout
[INFO] [stderr]   OUT_DIR = Some(/opt/rustwide/target/debug/build/glommio-e413ba1646d82f6d/out)
[INFO] [stderr]   OPT_LEVEL = Some(0)
[INFO] [stderr]   TARGET = Some(x86_64-unknown-linux-gnu)
[INFO] [stderr]   HOST = Some(x86_64-unknown-linux-gnu)
[INFO] [stderr]   cargo:rerun-if-env-changed=CC_x86_64-unknown-linux-gnu
[INFO] [stderr]   CC_x86_64-unknown-linux-gnu = None
[INFO] [stderr]   cargo:rerun-if-env-changed=CC_x86_64_unknown_linux_gnu
[INFO] [stderr]   CC_x86_64_unknown_linux_gnu = None
[INFO] [stderr]   cargo:rerun-if-env-changed=HOST_CC
[INFO] [stderr]   HOST_CC = None
[INFO] [stderr]   cargo:rerun-if-env-changed=CC
[INFO] [stderr]   CC = None
[INFO] [stderr]   cargo:rerun-if-env-changed=CC_ENABLE_DEBUG_OUTPUT
[INFO] [stderr]   RUSTC_WRAPPER = None
[INFO] [stderr]   cargo:rerun-if-env-changed=CRATE_CC_NO_DEFAULTS
[INFO] [stderr]   CRATE_CC_NO_DEFAULTS = None
[INFO] [stderr]   DEBUG = Some(true)
[INFO] [stderr]   CARGO_CFG_TARGET_FEATURE = Some(fxsr,sse,sse2)
[INFO] [stderr]   cargo:rerun-if-env-changed=CFLAGS
[INFO] [stderr]   CFLAGS = None
[INFO] [stderr]   cargo:rerun-if-env-changed=HOST_CFLAGS
[INFO] [stderr]   HOST_CFLAGS = None
[INFO] [stderr]   cargo:rerun-if-env-changed=CFLAGS_x86_64_unknown_linux_gnu
[INFO] [stderr]   CFLAGS_x86_64_unknown_linux_gnu = None
[INFO] [stderr]   cargo:rerun-if-env-changed=CFLAGS_x86_64-unknown-linux-gnu
[INFO] [stderr]   CFLAGS_x86_64-unknown-linux-gnu = None
[INFO] [stderr]   CARGO_ENCODED_RUSTFLAGS = Some(--cap-lints=warn)
[INFO] [stderr]   cargo:warning=In file included from /opt/rustwide/cargo-home/registry/src/index.crates.io-1949cf8c6b5b557f/glommio-0.9.0/liburing/src/setup.c:15:
[INFO] [stderr]   cargo:warning=/opt/rustwide/cargo-home/registry/src/index.crates.io-1949cf8c6b5b557f/glommio-0.9.0/liburing/src/include/liburing.h:555:66: warning: 'struct open_how' declared inside parameter list will not be visible outside of this definition or declaration
[INFO] [stderr]   cargo:warning=  555 |                                         const char *path, struct open_how *how)
[INFO] [stderr]   cargo:warning=      |                                                                  ^~~~~~~~
[INFO] [stderr]   cargo:warning=/opt/rustwide/cargo-home/registry/src/index.crates.io-1949cf8c6b5b557f/glommio-0.9.0/liburing/src/include/liburing.h: In function 'io_uring_prep_openat2':
[INFO] [stderr]   cargo:warning=/opt/rustwide/cargo-home/registry/src/index.crates.io-1949cf8c6b5b557f/glommio-0.9.0/liburing/src/include/liburing.h:557:67: error: invalid application of 'sizeof' to incomplete type 'struct open_how'
[INFO] [stderr]   cargo:warning=  557 |         io_uring_prep_rw(IORING_OP_OPENAT2, sqe, dfd, path, sizeof(*how),
[INFO] [stderr]   cargo:warning=      |                                                                   ^
[INFO] [stderr]   cargo:warning=/opt/rustwide/cargo-home/registry/src/index.crates.io-1949cf8c6b5b557f/glommio-0.9.0/liburing/src/include/liburing.h: At top level:
[INFO] [stderr]   cargo:warning=/opt/rustwide/cargo-home/registry/src/index.crates.io-1949cf8c6b5b557f/glommio-0.9.0/liburing/src/include/liburing.h:564:56: warning: 'struct open_how' declared inside parameter list will not be visible outside of this definition or declaration
[INFO] [stderr]   cargo:warning=  564 |                                                 struct open_how *how,
[INFO] [stderr]   cargo:warning=      |                                                        ^~~~~~~~
[INFO] [stderr]   cargo:warning=/opt/rustwide/cargo-home/registry/src/index.crates.io-1949cf8c6b5b557f/glommio-0.9.0/liburing/src/include/liburing.h: In function 'io_uring_prep_openat2_direct':
[INFO] [stderr]   cargo:warning=/opt/rustwide/cargo-home/registry/src/index.crates.io-1949cf8c6b5b557f/glommio-0.9.0/liburing/src/include/liburing.h:567:47: error: passing argument 4 of 'io_uring_prep_openat2' from incompatible pointer type [-Wincompatible-pointer-types]
[INFO] [stderr]   cargo:warning=  567 |         io_uring_prep_openat2(sqe, dfd, path, how);
[INFO] [stderr]   cargo:warning=      |                                               ^~~
[INFO] [stderr]   cargo:warning=      |                                               |
[INFO] [stderr]   cargo:warning=      |                                               struct open_how *
[INFO] [stderr]   cargo:warning=/opt/rustwide/cargo-home/registry/src/index.crates.io-1949cf8c6b5b557f/glommio-0.9.0/liburing/src/include/liburing.h:555:76: note: expected 'struct open_how *' but argument is of type 'struct open_how *'
[INFO] [stderr]   cargo:warning=  555 |                                         const char *path, struct open_how *how)
[INFO] [stderr]   cargo:warning=      |                                                           ~~~~~~~~~~~~~~~~~^~~
[INFO] [stderr] 
[INFO] [stderr]   --- stderr
[INFO] [stderr]   fatal: not a git repository (or any parent up to mount point /opt/rustwide)
[INFO] [stderr]   Stopping at filesystem boundary (GIT_DISCOVERY_ACROSS_FILESYSTEM not set).
[INFO] [stderr] 
[INFO] [stderr] 
[INFO] [stderr]   error occurred in cc-rs: command did not execute successfully (status code exit status: 1): LC_ALL="C" "cc" "-O0" "-ffunction-sections" "-fdata-sections" "-fPIC" "-gdwarf-4" "-fno-omit-frame-pointer" "-m64" "-I" "/opt/rustwide/cargo-home/registry/src/index.crates.io-1949cf8c6b5b557f/glommio-0.9.0/liburing/src/include" "-I" "/opt/rustwide/target/debug/build/glommio-e413ba1646d82f6d/out/src/include" "-Wall" "-o" "/opt/rustwide/target/debug/build/glommio-e413ba1646d82f6d/out/5265c0a09d3c0154-setup.o" "-c" "/opt/rustwide/cargo-home/registry/src/index.crates.io-1949cf8c6b5b557f/glommio-0.9.0/liburing/src/setup.c"
[INFO] [stderr] 
[INFO] [stderr] 
[INFO] [stderr] warning: build failed, waiting for other jobs to finish...
[INFO] running `Command { std: "docker" "inspect" "9b6f07de6bf4fe8e03d64ae7f2817e32a8b288dc25c65dc55968f9d1d84b9e4c", kill_on_drop: false }`
[INFO] running `Command { std: "docker" "rm" "-f" "9b6f07de6bf4fe8e03d64ae7f2817e32a8b288dc25c65dc55968f9d1d84b9e4c", kill_on_drop: false }`
[INFO] [stdout] 9b6f07de6bf4fe8e03d64ae7f2817e32a8b288dc25c65dc55968f9d1d84b9e4c
