[INFO] fetching crate shiplog-coverage 0.6.0...
[INFO] testing shiplog-coverage-0.6.0 against 1.100.0-beta.1 for beta-1.100-2
[INFO] extracting crate shiplog-coverage 0.6.0 into /workspace/builds/worker-6-tc2/source
[INFO] started tweaking crates.io crate shiplog-coverage 0.6.0
[INFO] removed 0 missing tests
[INFO] finished tweaking crates.io crate shiplog-coverage 0.6.0
[INFO] tweaked toml for crates.io crate shiplog-coverage 0.6.0 written to /workspace/builds/worker-6-tc2/source/Cargo.toml
[INFO] validating manifest of crates.io crate shiplog-coverage 0.6.0 on toolchain 1.100.0-beta.1
[INFO] running `Command { std: CARGO_HOME="/workspace/cargo-home" RUSTUP_HOME="/workspace/rustup-home" "/workspace/cargo-home/bin/cargo" "+1.100.0-beta.1" "metadata" "--manifest-path" "Cargo.toml" "--no-deps", kill_on_drop: false }`
[INFO] crate crates.io crate shiplog-coverage 0.6.0 already has a lockfile, it will not be regenerated
[INFO] running `Command { std: CARGO_HOME="/workspace/cargo-home" RUSTUP_HOME="/workspace/rustup-home" "/workspace/cargo-home/bin/cargo" "+1.100.0-beta.1" "fetch" "--manifest-path" "Cargo.toml", kill_on_drop: false }`
[INFO] running `Command { std: "docker" "create" "-v" "/var/lib/crater-agent-workspace/builds/worker-6-tc2/source:/opt/rustwide/workdir:ro,Z" "-v" "/var/lib/crater-agent-workspace/builds/worker-6-tc2/target:/opt/rustwide/target:rw,Z" "-v" "/var/lib/crater-agent-workspace/cargo-home:/opt/rustwide/cargo-home:ro,Z" "-v" "/var/lib/crater-agent-workspace/rustup-home:/opt/rustwide/rustup-home:ro,Z" "-m" "1610612736" "--network" "none" "ghcr.io/rust-lang/crates-build-env/linux@sha256:3111399a4047eeb3a02b7a90e478d715f38a8c6669b5c4b49d30a17385265909" "sleep" "infinity", kill_on_drop: false }`
[INFO] [stdout] 0173ce1812d1d0aa7d21e22f5f5686703e84f5795a4b557fd9a36cc4d09f2fc1
[INFO] running `Command { std: "docker" "start" "0173ce1812d1d0aa7d21e22f5f5686703e84f5795a4b557fd9a36cc4d09f2fc1", kill_on_drop: false }`
[INFO] running `Command { std: "docker" "inspect" "0173ce1812d1d0aa7d21e22f5f5686703e84f5795a4b557fd9a36cc4d09f2fc1", kill_on_drop: false }`
[INFO] running `Command { std: "docker" "exec" "-e" "SOURCE_DIR=/opt/rustwide/workdir" "-e" "CARGO_HOME=/opt/rustwide/cargo-home" "-e" "RUSTUP_HOME=/opt/rustwide/rustup-home" "-e" "CARGO_TARGET_DIR=/opt/rustwide/target" "-w" "/opt/rustwide/workdir" "--user" "0:0" "0173ce1812d1d0aa7d21e22f5f5686703e84f5795a4b557fd9a36cc4d09f2fc1" "/opt/rustwide/cargo-home/bin/cargo" "+1.100.0-beta.1" "metadata" "--no-deps" "--format-version=1", kill_on_drop: false }`
[INFO] running `Command { std: "docker" "inspect" "0173ce1812d1d0aa7d21e22f5f5686703e84f5795a4b557fd9a36cc4d09f2fc1", kill_on_drop: false }`
[INFO] running `Command { std: "docker" "exec" "-e" "SOURCE_DIR=/opt/rustwide/workdir" "-e" "CARGO_HOME=/opt/rustwide/cargo-home" "-e" "RUSTUP_HOME=/opt/rustwide/rustup-home" "-e" "CARGO_TARGET_DIR=/opt/rustwide/target" "-e" "CARGO_INCREMENTAL=0" "-e" "RUST_BACKTRACE=full" "-e" "RUSTFLAGS=--cap-lints=warn" "-e" "RUSTDOCFLAGS=--cap-lints=warn" "-w" "/opt/rustwide/workdir" "--user" "0:0" "0173ce1812d1d0aa7d21e22f5f5686703e84f5795a4b557fd9a36cc4d09f2fc1" "/opt/rustwide/cargo-home/bin/cargo" "+1.100.0-beta.1" "build" "--frozen" "--message-format=json", kill_on_drop: false }`
[INFO] [stderr]    Compiling proc-macro2 v1.0.106
[INFO] [stderr]    Compiling unicode-ident v1.0.23
[INFO] [stderr]    Compiling quote v1.0.45
[INFO] [stderr]    Compiling typenum v1.20.0
[INFO] [stderr]    Compiling serde_core v1.0.228
[INFO] [stderr]    Compiling serde v1.0.228
[INFO] [stderr]    Compiling autocfg v1.5.0
[INFO] [stderr]    Compiling zmij v1.0.20
[INFO] [stderr]    Compiling const-oid v0.10.2
[INFO] [stderr]    Compiling cfg-if v1.0.4
[INFO] [stderr]    Compiling cpufeatures v0.3.0
[INFO] [stderr]    Compiling serde_json v1.0.149
[INFO] [stderr]    Compiling memchr v2.8.0
[INFO] [stderr]    Compiling itoa v1.0.17
[INFO] [stderr]    Compiling iana-time-zone v0.1.65
[INFO] [stderr]    Compiling hex v0.4.3
[INFO] [stderr]    Compiling num-traits v0.2.19
[INFO] [stderr]    Compiling hybrid-array v0.4.11
[INFO] [stderr]    Compiling syn v2.0.117
[INFO] [stderr]    Compiling crypto-common v0.2.1
[INFO] [stderr]    Compiling block-buffer v0.12.0
[INFO] [stderr]    Compiling digest v0.11.3
[INFO] [stderr]    Compiling sha2 v0.11.0
[INFO] [stderr]    Compiling serde_derive v1.0.228
[INFO] [stderr]    Compiling shiplog-ids v0.6.0
[INFO] [stderr]    Compiling chrono v0.4.44
[INFO] [stderr]    Compiling shiplog-schema v0.6.0
[INFO] [stderr]    Compiling shiplog-coverage v0.6.0 (/opt/rustwide/workdir)
[INFO] [stderr]     Finished `dev` profile [unoptimized + debuginfo] target(s) in 24.18s
[INFO] running `Command { std: "docker" "inspect" "0173ce1812d1d0aa7d21e22f5f5686703e84f5795a4b557fd9a36cc4d09f2fc1", kill_on_drop: false }`
[INFO] running `Command { std: "docker" "exec" "-e" "SOURCE_DIR=/opt/rustwide/workdir" "-e" "CARGO_HOME=/opt/rustwide/cargo-home" "-e" "RUSTUP_HOME=/opt/rustwide/rustup-home" "-e" "CARGO_TARGET_DIR=/opt/rustwide/target" "-e" "CARGO_INCREMENTAL=0" "-e" "RUST_BACKTRACE=full" "-e" "RUSTFLAGS=--cap-lints=warn" "-e" "RUSTDOCFLAGS=--cap-lints=warn" "-w" "/opt/rustwide/workdir" "--user" "0:0" "0173ce1812d1d0aa7d21e22f5f5686703e84f5795a4b557fd9a36cc4d09f2fc1" "/opt/rustwide/cargo-home/bin/cargo" "+1.100.0-beta.1" "test" "--frozen" "--no-run" "--message-format=json", kill_on_drop: false }`
[INFO] [stderr]    Compiling proc-macro2 v1.0.106
[INFO] [stderr]    Compiling quote v1.0.45
[INFO] [stderr]    Compiling libc v0.2.186
[INFO] [stderr]    Compiling serde_core v1.0.228
[INFO] [stderr]    Compiling serde v1.0.228
[INFO] [stderr]    Compiling zerocopy v0.8.39
[INFO] [stderr]    Compiling num-traits v0.2.19
[INFO] [stderr]    Compiling getrandom v0.3.4
[INFO] [stderr]    Compiling crossbeam-utils v0.8.21
[INFO] [stderr]    Compiling getrandom v0.4.1
[INFO] [stderr]    Compiling rustix v1.1.4
[INFO] [stderr]    Compiling linux-raw-sys v0.12.1
[INFO] [stderr]    Compiling shlex v1.3.0
[INFO] [stderr]    Compiling bitflags v2.10.0
[INFO] [stderr]    Compiling find-msvc-tools v0.1.9
[INFO] [stderr]    Compiling fastrand v2.3.0
[INFO] [stderr]    Compiling syn v2.0.117
[INFO] [stderr]    Compiling crossbeam-epoch v0.9.18
[INFO] [stderr]    Compiling cc v1.2.55
[INFO] [stderr]    Compiling once_cell v1.21.3
[INFO] [stderr]    Compiling rayon-core v1.13.0
[INFO] [stderr]    Compiling either v1.15.0
[INFO] [stderr]    Compiling regex-syntax v0.8.9
[INFO] [stderr]    Compiling crossbeam-deque v0.8.6
[INFO] [stderr]    Compiling rand_core v0.9.5
[INFO] [stderr]    Compiling anstyle v1.0.13
[INFO] [stderr]    Compiling clap_lex v1.0.0
[INFO] [stderr]    Compiling ciborium-io v0.2.2
[INFO] [stderr]    Compiling plotters-backend v0.3.7
[INFO] [stderr]    Compiling clap_builder v4.6.0
[INFO] [stderr]    Compiling itertools v0.13.0
[INFO] [stderr]    Compiling plotters-svg v0.3.7
[INFO] [stderr]    Compiling alloca v0.4.0
[INFO] [stderr]    Compiling tempfile v3.27.0
[INFO] [stderr]    Compiling wait-timeout v0.2.1
[INFO] [stderr]    Compiling bit-vec v0.8.0
[INFO] [stderr]    Compiling serde_json v1.0.149
[INFO] [stderr]    Compiling quick-error v1.2.3
[INFO] [stderr]    Compiling cast v0.3.0
[INFO] [stderr]    Compiling same-file v1.0.6
[INFO] [stderr]    Compiling fnv v1.0.7
[INFO] [stderr]    Compiling regex-automata v0.4.14
[INFO] [stderr]    Compiling anyhow v1.0.102
[INFO] [stderr]    Compiling walkdir v2.5.0
[INFO] [stderr]    Compiling rusty-fork v0.3.1
[INFO] [stderr]    Compiling criterion-plot v0.8.2
[INFO] [stderr]    Compiling bit-set v0.8.0
[INFO] [stderr]    Compiling clap v4.6.1
[INFO] [stderr]    Compiling rayon v1.11.0
[INFO] [stderr]    Compiling plotters v0.3.7
[INFO] [stderr]    Compiling rand_xorshift v0.4.0
[INFO] [stderr]    Compiling rand v0.9.4
[INFO] [stderr]    Compiling console v0.16.3
[INFO] [stderr]    Compiling page_size v0.6.0
[INFO] [stderr]    Compiling similar v2.7.0
[INFO] [stderr]    Compiling oorandom v11.1.5
[INFO] [stderr]    Compiling unarray v0.1.4
[INFO] [stderr]    Compiling anes v0.1.6
[INFO] [stderr]    Compiling serde_derive v1.0.228
[INFO] [stderr]    Compiling zerocopy-derive v0.8.39
[INFO] [stderr]    Compiling regex v1.12.3
[INFO] [stderr]    Compiling shiplog-ids v0.6.0
[INFO] [stderr]    Compiling chrono v0.4.44
[INFO] [stderr]    Compiling tinytemplate v1.2.1
[INFO] [stderr]    Compiling insta v1.47.2
[INFO] [stderr]    Compiling shiplog-schema v0.6.0
[INFO] [stderr]    Compiling shiplog-coverage v0.6.0 (/opt/rustwide/workdir)
[INFO] [stderr]    Compiling half v2.7.1
[INFO] [stderr]    Compiling ppv-lite86 v0.2.21
[INFO] [stderr]    Compiling ciborium-ll v0.2.2
[INFO] [stderr]    Compiling rand_chacha v0.9.0
[INFO] [stderr]    Compiling ciborium v0.2.2
[INFO] [stderr]    Compiling proptest v1.11.0
[INFO] [stderr]    Compiling criterion v0.8.2
[INFO] [stdout] error[E0433]: cannot find module or crate `shiplog_testkit` in this scope
[INFO] [stdout]  --> tests/boundary.rs:8:5
[INFO] [stdout]   |
[INFO] [stdout] 8 | use shiplog_testkit::bdd::builders::CoverageBuilder;
[INFO] [stdout]   |     ^^^^^^^^^^^^^^^ use of unresolved module or unlinked crate `shiplog_testkit`
[INFO] [stdout]   |
[INFO] [stdout]   = help: if you wanted to use a crate named `shiplog_testkit`, use `cargo add shiplog_testkit` to add it to your `Cargo.toml`
[INFO] [stdout] 
[INFO] [stdout] 
[INFO] [stdout] error[E0433]: cannot find module or crate `shiplog_testkit` in this scope
[INFO] [stdout]  --> tests/bdd.rs:9:5
[INFO] [stdout]   |
[INFO] [stdout] 9 | use shiplog_testkit::bdd::assertions::*;
[INFO] [stdout]   |     ^^^^^^^^^^^^^^^ use of unresolved module or unlinked crate `shiplog_testkit`
[INFO] [stdout]   |
[INFO] [stdout]   = help: if you wanted to use a crate named `shiplog_testkit`, use `cargo add shiplog_testkit` to add it to your `Cargo.toml`
[INFO] [stdout] 
[INFO] [stdout] 
[INFO] [stdout] error[E0433]: cannot find module or crate `shiplog_testkit` in this scope
[INFO] [stdout]  --> tests/bdd.rs:8:5
[INFO] [stdout]   |
[INFO] [stdout] 8 | use shiplog_testkit::bdd::Scenario;
[INFO] [stdout]   |     ^^^^^^^^^^^^^^^ use of unresolved module or unlinked crate `shiplog_testkit`
[INFO] [stdout]   |
[INFO] [stdout]   = help: if you wanted to use a crate named `shiplog_testkit`, use `cargo add shiplog_testkit` to add it to your `Cargo.toml`
[INFO] [stdout] 
[INFO] [stdout] 
[INFO] [stdout] error[E0433]: cannot find module or crate `shiplog_testkit` in this scope
[INFO] [stdout]   --> tests/bdd.rs:10:5
[INFO] [stdout]    |
[INFO] [stdout] 10 | use shiplog_testkit::bdd::builders::CoverageBuilder;
[INFO] [stdout]    |     ^^^^^^^^^^^^^^^ use of unresolved module or unlinked crate `shiplog_testkit`
[INFO] [stdout]    |
[INFO] [stdout]    = help: if you wanted to use a crate named `shiplog_testkit`, use `cargo add shiplog_testkit` to add it to your `Cargo.toml`
[INFO] [stdout] 
[INFO] [stdout] 
[INFO] [stdout] error[E0432]: unresolved imports `shiplog_testkit::bdd::Scenario`, `shiplog_testkit::bdd::builders::CoverageBuilder`
[INFO] [stdout]   --> tests/bdd.rs:8:5
[INFO] [stdout]    |
[INFO] [stdout]  8 | use shiplog_testkit::bdd::Scenario;
[INFO] [stdout]    |     ^^^^^^^^^^^^^^^^^^^^^^^^^^^^^^
[INFO] [stdout]  9 | use shiplog_testkit::bdd::assertions::*;
[INFO] [stdout] 10 | use shiplog_testkit::bdd::builders::CoverageBuilder;
[INFO] [stdout]    |     ^^^^^^^^^^^^^^^^^^^^^^^^^^^^^^^^^^^^^^^^^^^^^^^
[INFO] [stdout] 
[INFO] [stdout] 
[INFO] [stdout] error[E0433]: cannot find module or crate `shiplog_testkit` in this scope
[INFO] [stdout]   --> tests/integration.rs:10:5
[INFO] [stdout]    |
[INFO] [stdout] 10 | use shiplog_testkit::bdd::builders::CoverageBuilder;
[INFO] [stdout]    |     ^^^^^^^^^^^^^^^ use of unresolved module or unlinked crate `shiplog_testkit`
[INFO] [stdout]    |
[INFO] [stdout]    = help: if you wanted to use a crate named `shiplog_testkit`, use `cargo add shiplog_testkit` to add it to your `Cargo.toml`
[INFO] [stdout] 
[INFO] [stdout] 
[INFO] [stdout] For more information about this error, try `rustc --explain E0433`.
[INFO] [stdout] 
[INFO] [stderr] error: could not compile `shiplog-coverage` (test "boundary") due to 1 previous error
[INFO] [stderr] warning: build failed, waiting for other jobs to finish...
[INFO] [stdout] For more information about this error, try `rustc --explain E0433`.
[INFO] [stdout] 
[INFO] [stderr] error: could not compile `shiplog-coverage` (test "integration") due to 1 previous error
[INFO] [stdout] error[E0425]: cannot find function `assert_true` in this scope
[INFO] [stdout]   --> tests/bdd.rs:52:13
[INFO] [stdout]    |
[INFO] [stdout] 52 |             assert_true(
[INFO] [stdout]    |             ^^^^^^^^^^^ not found in this scope
[INFO] [stdout] 
[INFO] [stdout] 
[INFO] [stdout] error[E0425]: cannot find function `assert_present` in this scope
[INFO] [stdout]   --> tests/bdd.rs:58:25
[INFO] [stdout]    |
[INFO] [stdout] 58 |             let count = assert_present(ctx.number("slice_count"), "slice count")?;
[INFO] [stdout]    |                         ^^^^^^^^^^^^^^ not found in this scope
[INFO] [stdout] 
[INFO] [stdout] 
[INFO] [stdout] error[E0423]: cannot find function `assert_eq` in this scope
[INFO] [stdout]   --> tests/bdd.rs:59:13
[INFO] [stdout]    |
[INFO] [stdout] 59 |             assert_eq(count, 3, "monthly slice count")
[INFO] [stdout]    |             ^^^^^^^^^ not found in this scope
[INFO] [stdout]    |
[INFO] [stdout]    = note: a macro named `assert_eq` exists in another namespace
[INFO] [stdout] help: use `!` to invoke the macro
[INFO] [stdout]    |
[INFO] [stdout] 59 |             assert_eq!(count, 3, "monthly slice count")
[INFO] [stdout]    |                      +
[INFO] [stdout] 
[INFO] [stdout] 
[INFO] [stdout] error[E0425]: cannot find function `assert_present` in this scope
[INFO] [stdout]   --> tests/bdd.rs:83:25
[INFO] [stdout]    |
[INFO] [stdout] 83 |             let count = assert_present(ctx.number("warning_count"), "warning count")?;
[INFO] [stdout]    |                         ^^^^^^^^^^^^^^ not found in this scope
[INFO] [stdout] 
[INFO] [stdout] 
[INFO] [stdout] error[E0423]: cannot find function `assert_eq` in this scope
[INFO] [stdout]   --> tests/bdd.rs:84:13
[INFO] [stdout]    |
[INFO] [stdout] 84 |             assert_eq(count, 0, "warning count for complete manifest")
[INFO] [stdout]    |             ^^^^^^^^^ not found in this scope
[INFO] [stdout]    |
[INFO] [stdout]    = note: a macro named `assert_eq` exists in another namespace
[INFO] [stdout] help: use `!` to invoke the macro
[INFO] [stdout]    |
[INFO] [stdout] 84 |             assert_eq!(count, 0, "warning count for complete manifest")
[INFO] [stdout]    |                      +
[INFO] [stdout] 
[INFO] [stdout] 
[INFO] [stdout] error[E0425]: cannot find function `assert_true` in this scope
[INFO] [stdout]    --> tests/bdd.rs:117:13
[INFO] [stdout]     |
[INFO] [stdout] 117 |             assert_true(
[INFO] [stdout]     |             ^^^^^^^^^^^ not found in this scope
[INFO] [stdout] 
[INFO] [stdout] 
[INFO] [stdout] error[E0425]: cannot find function `assert_present` in this scope
[INFO] [stdout]    --> tests/bdd.rs:123:27
[INFO] [stdout]     |
[INFO] [stdout] 123 |             let missing = assert_present(ctx.number("missing"), "missing count")?;
[INFO] [stdout]     |                           ^^^^^^^^^^^^^^ not found in this scope
[INFO] [stdout] 
[INFO] [stdout] 
[INFO] [stdout] error[E0423]: cannot find function `assert_eq` in this scope
[INFO] [stdout]    --> tests/bdd.rs:124:13
[INFO] [stdout]     |
[INFO] [stdout] 124 |             assert_eq(missing, 20, "missing receipt count")
[INFO] [stdout]     |             ^^^^^^^^^ not found in this scope
[INFO] [stdout]     |
[INFO] [stdout]     = note: a macro named `assert_eq` exists in another namespace
[INFO] [stdout] help: use `!` to invoke the macro
[INFO] [stdout]     |
[INFO] [stdout] 124 |             assert_eq!(missing, 20, "missing receipt count")
[INFO] [stdout]     |                      +
[INFO] [stdout] 
[INFO] [stdout] 
[INFO] [stdout] error[E0425]: cannot find function `assert_present` in this scope
[INFO] [stdout]    --> tests/bdd.rs:165:25
[INFO] [stdout]     |
[INFO] [stdout] 165 |             let count = assert_present(ctx.number("warning_count"), "warning count")?;
[INFO] [stdout]     |                         ^^^^^^^^^^^^^^ not found in this scope
[INFO] [stdout] 
[INFO] [stdout] 
[INFO] [stdout] error[E0423]: cannot find function `assert_eq` in this scope
[INFO] [stdout]    --> tests/bdd.rs:166:13
[INFO] [stdout]     |
[INFO] [stdout] 166 |             assert_eq(count, 2, "warning count")
[INFO] [stdout]     |             ^^^^^^^^^ not found in this scope
[INFO] [stdout]     |
[INFO] [stdout]     = note: a macro named `assert_eq` exists in another namespace
[INFO] [stdout] help: use `!` to invoke the macro
[INFO] [stdout]     |
[INFO] [stdout] 166 |             assert_eq!(count, 2, "warning count")
[INFO] [stdout]     |                      +
[INFO] [stdout] 
[INFO] [stdout] 
[INFO] [stdout] error[E0425]: cannot find function `assert_true` in this scope
[INFO] [stdout]    --> tests/bdd.rs:169:13
[INFO] [stdout]     |
[INFO] [stdout] 169 |             assert_true(ctx.flag("has_pr_42").unwrap_or(false), "PR #42 in warnings")
[INFO] [stdout]     |             ^^^^^^^^^^^ not found in this scope
[INFO] [stdout] 
[INFO] [stdout] 
[INFO] [stdout] error[E0425]: cannot find function `assert_true` in this scope
[INFO] [stdout]    --> tests/bdd.rs:172:13
[INFO] [stdout]     |
[INFO] [stdout] 172 |             assert_true(ctx.flag("has_pr_99").unwrap_or(false), "PR #99 in warnings")
[INFO] [stdout]     |             ^^^^^^^^^^^ not found in this scope
[INFO] [stdout] 
[INFO] [stdout] 
[INFO] [stdout] error[E0425]: cannot find function `assert_present` in this scope
[INFO] [stdout]    --> tests/bdd.rs:208:25
[INFO] [stdout]     |
[INFO] [stdout] 208 |             let count = assert_present(ctx.number("note_count"), "note count")?;
[INFO] [stdout]     |                         ^^^^^^^^^^^^^^ not found in this scope
[INFO] [stdout] 
[INFO] [stdout] 
[INFO] [stdout] error[E0425]: cannot find function `assert_true` in this scope
[INFO] [stdout]    --> tests/bdd.rs:209:13
[INFO] [stdout]     |
[INFO] [stdout] 209 |             assert_true(count >= 1, "at least one note present")
[INFO] [stdout]     |             ^^^^^^^^^^^ not found in this scope
[INFO] [stdout] 
[INFO] [stdout] 
[INFO] [stdout] error[E0425]: cannot find function `assert_true` in this scope
[INFO] [stdout]    --> tests/bdd.rs:212:13
[INFO] [stdout]     |
[INFO] [stdout] 212 |             assert_true(
[INFO] [stdout]     |             ^^^^^^^^^^^ not found in this scope
[INFO] [stdout] 
[INFO] [stdout] 
[INFO] [stdout] error[E0425]: cannot find function `assert_present` in this scope
[INFO] [stdout]    --> tests/bdd.rs:250:25
[INFO] [stdout]     |
[INFO] [stdout] 250 |             let count = assert_present(ctx.number("window_count"), "window count")?;
[INFO] [stdout]     |                         ^^^^^^^^^^^^^^ not found in this scope
[INFO] [stdout] 
[INFO] [stdout] 
[INFO] [stdout] error[E0423]: cannot find function `assert_eq` in this scope
[INFO] [stdout]    --> tests/bdd.rs:251:13
[INFO] [stdout]     |
[INFO] [stdout] 251 |             assert_eq(count, 7, "day window count for one week")
[INFO] [stdout]     |             ^^^^^^^^^ not found in this scope
[INFO] [stdout]     |
[INFO] [stdout]     = note: a macro named `assert_eq` exists in another namespace
[INFO] [stdout] help: use `!` to invoke the macro
[INFO] [stdout]     |
[INFO] [stdout] 251 |             assert_eq!(count, 7, "day window count for one week")
[INFO] [stdout]     |                      +
[INFO] [stdout] 
[INFO] [stdout] 
[INFO] [stdout] error[E0425]: cannot find function `assert_true` in this scope
[INFO] [stdout]    --> tests/bdd.rs:254:13
[INFO] [stdout]     |
[INFO] [stdout] 254 |             assert_true(
[INFO] [stdout]     |             ^^^^^^^^^^^ not found in this scope
[INFO] [stdout] 
[INFO] [stdout] 
[INFO] [stdout] error[E0425]: cannot find function `assert_true` in this scope
[INFO] [stdout]    --> tests/bdd.rs:260:13
[INFO] [stdout]     |
[INFO] [stdout] 260 |             assert_true(
[INFO] [stdout]     |             ^^^^^^^^^^^ not found in this scope
[INFO] [stdout] 
[INFO] [stdout] 
[INFO] [stdout] error[E0425]: cannot find function `assert_present` in this scope
[INFO] [stdout]    --> tests/bdd.rs:294:25
[INFO] [stdout]     |
[INFO] [stdout] 294 |             let count = assert_present(ctx.number("window_count"), "window count")?;
[INFO] [stdout]     |                         ^^^^^^^^^^^^^^ not found in this scope
[INFO] [stdout] 
[INFO] [stdout] 
[INFO] [stdout] error[E0423]: cannot find function `assert_eq` in this scope
[INFO] [stdout]    --> tests/bdd.rs:295:13
[INFO] [stdout]     |
[INFO] [stdout] 295 |             assert_eq(count, 3, "month window count for mid-month range")
[INFO] [stdout]     |             ^^^^^^^^^ not found in this scope
[INFO] [stdout]     |
[INFO] [stdout]     = note: a macro named `assert_eq` exists in another namespace
[INFO] [stdout] help: use `!` to invoke the macro
[INFO] [stdout]     |
[INFO] [stdout] 295 |             assert_eq!(count, 3, "month window count for mid-month range")
[INFO] [stdout]     |                      +
[INFO] [stdout] 
[INFO] [stdout] 
[INFO] [stdout] error[E0425]: cannot find function `assert_true` in this scope
[INFO] [stdout]    --> tests/bdd.rs:298:13
[INFO] [stdout]     |
[INFO] [stdout] 298 |             assert_true(
[INFO] [stdout]     |             ^^^^^^^^^^^ not found in this scope
[INFO] [stdout] 
[INFO] [stdout] 
[INFO] [stdout] error[E0425]: cannot find function `assert_true` in this scope
[INFO] [stdout]    --> tests/bdd.rs:304:13
[INFO] [stdout]     |
[INFO] [stdout] 304 |             assert_true(ctx.flag("ends_at_until").unwrap_or(false), "ends at until")
[INFO] [stdout]     |             ^^^^^^^^^^^ not found in this scope
[INFO] [stdout] 
[INFO] [stdout] 
[INFO] [stdout] error[E0425]: cannot find function `assert_true` in this scope
[INFO] [stdout]    --> tests/bdd.rs:342:13
[INFO] [stdout]     |
[INFO] [stdout] 342 |             assert_true(
[INFO] [stdout]     |             ^^^^^^^^^^^ not found in this scope
[INFO] [stdout] 
[INFO] [stdout] 
[INFO] [stdout] error[E0425]: cannot find function `assert_true` in this scope
[INFO] [stdout]    --> tests/bdd.rs:348:13
[INFO] [stdout]     |
[INFO] [stdout] 348 |             assert_true(
[INFO] [stdout]     |             ^^^^^^^^^^^ not found in this scope
[INFO] [stdout] 
[INFO] [stdout] 
[INFO] [stdout] error[E0425]: cannot find function `assert_true` in this scope
[INFO] [stdout]    --> tests/bdd.rs:354:13
[INFO] [stdout]     |
[INFO] [stdout] 354 |             assert_true(
[INFO] [stdout]     |             ^^^^^^^^^^^ not found in this scope
[INFO] [stdout] 
[INFO] [stdout] 
[INFO] [stdout] error[E0425]: cannot find function `assert_true` in this scope
[INFO] [stdout]    --> tests/bdd.rs:360:13
[INFO] [stdout]     |
[INFO] [stdout] 360 |             assert_true(
[INFO] [stdout]     |             ^^^^^^^^^^^ not found in this scope
[INFO] [stdout] 
[INFO] [stdout] 
[INFO] [stdout] error[E0425]: cannot find function `assert_true` in this scope
[INFO] [stdout]    --> tests/bdd.rs:390:13
[INFO] [stdout]     |
[INFO] [stdout] 390 |             assert_true(
[INFO] [stdout]     |             ^^^^^^^^^^^ not found in this scope
[INFO] [stdout] 
[INFO] [stdout] 
[INFO] [stdout] error[E0425]: cannot find function `assert_present` in this scope
[INFO] [stdout]    --> tests/bdd.rs:396:24
[INFO] [stdout]     |
[INFO] [stdout] 396 |             let mode = assert_present(ctx.string("mode_actual"), "mode")?;
[INFO] [stdout]     |                        ^^^^^^^^^^^^^^ not found in this scope
[INFO] [stdout] 
[INFO] [stdout] 
[INFO] [stdout] error[E0423]: cannot find function `assert_eq` in this scope
[INFO] [stdout]    --> tests/bdd.rs:397:13
[INFO] [stdout]     |
[INFO] [stdout] 397 |             assert_eq(mode, "merged", "manifest mode")
[INFO] [stdout]     |             ^^^^^^^^^ not found in this scope
[INFO] [stdout]     |
[INFO] [stdout]     = note: a macro named `assert_eq` exists in another namespace
[INFO] [stdout] help: use `!` to invoke the macro
[INFO] [stdout]     |
[INFO] [stdout] 397 |             assert_eq!(mode, "merged", "manifest mode")
[INFO] [stdout]     |                      +
[INFO] [stdout] 
[INFO] [stdout] 
[INFO] [stdout] error[E0425]: cannot find function `assert_present` in this scope
[INFO] [stdout]    --> tests/bdd.rs:433:25
[INFO] [stdout]     |
[INFO] [stdout] 433 |             let count = assert_present(ctx.number("source_count"), "source count")?;
[INFO] [stdout]     |                         ^^^^^^^^^^^^^^ not found in this scope
[INFO] [stdout] 
[INFO] [stdout] 
[INFO] [stdout] error[E0423]: cannot find function `assert_eq` in this scope
[INFO] [stdout]    --> tests/bdd.rs:434:13
[INFO] [stdout]     |
[INFO] [stdout] 434 |             assert_eq(count, 2, "source count")
[INFO] [stdout]     |             ^^^^^^^^^ not found in this scope
[INFO] [stdout]     |
[INFO] [stdout]     = note: a macro named `assert_eq` exists in another namespace
[INFO] [stdout] help: use `!` to invoke the macro
[INFO] [stdout]     |
[INFO] [stdout] 434 |             assert_eq!(count, 2, "source count")
[INFO] [stdout]     |                      +
[INFO] [stdout] 
[INFO] [stdout] 
[INFO] [stdout] error[E0425]: cannot find function `assert_true` in this scope
[INFO] [stdout]    --> tests/bdd.rs:437:13
[INFO] [stdout]     |
[INFO] [stdout] 437 |             assert_true(ctx.flag("has_github").unwrap_or(false), "github in sources")
[INFO] [stdout]     |             ^^^^^^^^^^^ not found in this scope
[INFO] [stdout] 
[INFO] [stdout] 
[INFO] [stdout] error[E0425]: cannot find function `assert_true` in this scope
[INFO] [stdout]    --> tests/bdd.rs:440:13
[INFO] [stdout]     |
[INFO] [stdout] 440 |             assert_true(ctx.flag("has_manual").unwrap_or(false), "manual in sources")
[INFO] [stdout]     |             ^^^^^^^^^^^ not found in this scope
[INFO] [stdout] 
[INFO] [stdout] 
[INFO] [stdout] error[E0425]: cannot find function `assert_present` in this scope
[INFO] [stdout]    --> tests/bdd.rs:491:25
[INFO] [stdout]     |
[INFO] [stdout] 491 |             let count = assert_present(ctx.number("complete_slices"), "complete slices")?;
[INFO] [stdout]     |                         ^^^^^^^^^^^^^^ not found in this scope
[INFO] [stdout] 
[INFO] [stdout] 
[INFO] [stdout] error[E0423]: cannot find function `assert_eq` in this scope
[INFO] [stdout]    --> tests/bdd.rs:492:13
[INFO] [stdout]     |
[INFO] [stdout] 492 |             assert_eq(count, 2, "complete slice count")
[INFO] [stdout]     |             ^^^^^^^^^ not found in this scope
[INFO] [stdout]     |
[INFO] [stdout]     = note: a macro named `assert_eq` exists in another namespace
[INFO] [stdout] help: use `!` to invoke the macro
[INFO] [stdout]     |
[INFO] [stdout] 492 |             assert_eq!(count, 2, "complete slice count")
[INFO] [stdout]     |                      +
[INFO] [stdout] 
[INFO] [stdout] 
[INFO] [stdout] error[E0425]: cannot find function `assert_present` in this scope
[INFO] [stdout]    --> tests/bdd.rs:495:25
[INFO] [stdout]     |
[INFO] [stdout] 495 |             let count = assert_present(ctx.number("incomplete_slices"), "incomplete slices")?;
[INFO] [stdout]     |                         ^^^^^^^^^^^^^^ not found in this scope
[INFO] [stdout] 
[INFO] [stdout] 
[INFO] [stdout] error[E0423]: cannot find function `assert_eq` in this scope
[INFO] [stdout]    --> tests/bdd.rs:496:13
[INFO] [stdout]     |
[INFO] [stdout] 496 |             assert_eq(count, 1, "incomplete slice count")
[INFO] [stdout]     |             ^^^^^^^^^ not found in this scope
[INFO] [stdout]     |
[INFO] [stdout]     = note: a macro named `assert_eq` exists in another namespace
[INFO] [stdout] help: use `!` to invoke the macro
[INFO] [stdout]     |
[INFO] [stdout] 496 |             assert_eq!(count, 1, "incomplete slice count")
[INFO] [stdout]     |                      +
[INFO] [stdout] 
[INFO] [stdout] 
[INFO] [stdout] error[E0425]: cannot find function `assert_present` in this scope
[INFO] [stdout]    --> tests/bdd.rs:499:27
[INFO] [stdout]     |
[INFO] [stdout] 499 |             let missing = assert_present(ctx.number("total_missing"), "total missing")?;
[INFO] [stdout]     |                           ^^^^^^^^^^^^^^ not found in this scope
[INFO] [stdout] 
[INFO] [stdout] 
[INFO] [stdout] error[E0423]: cannot find function `assert_eq` in this scope
[INFO] [stdout]    --> tests/bdd.rs:500:13
[INFO] [stdout]     |
[INFO] [stdout] 500 |             assert_eq(missing, 3, "total missing receipts")
[INFO] [stdout]     |             ^^^^^^^^^ not found in this scope
[INFO] [stdout]     |
[INFO] [stdout]     = note: a macro named `assert_eq` exists in another namespace
[INFO] [stdout] help: use `!` to invoke the macro
[INFO] [stdout]     |
[INFO] [stdout] 500 |             assert_eq!(missing, 3, "total missing receipts")
[INFO] [stdout]     |                      +
[INFO] [stdout] 
[INFO] [stdout] 
[INFO] [stdout] error[E0425]: cannot find function `assert_present` in this scope
[INFO] [stdout]    --> tests/bdd.rs:535:25
[INFO] [stdout]     |
[INFO] [stdout] 535 |             let count = assert_present(ctx.number("window_count"), "window count")?;
[INFO] [stdout]     |                         ^^^^^^^^^^^^^^ not found in this scope
[INFO] [stdout] 
[INFO] [stdout] 
[INFO] [stdout] error[E0423]: cannot find function `assert_eq` in this scope
[INFO] [stdout]    --> tests/bdd.rs:536:13
[INFO] [stdout]     |
[INFO] [stdout] 536 |             assert_eq(count, 2, "week window count")
[INFO] [stdout]     |             ^^^^^^^^^ not found in this scope
[INFO] [stdout]     |
[INFO] [stdout]     = note: a macro named `assert_eq` exists in another namespace
[INFO] [stdout] help: use `!` to invoke the macro
[INFO] [stdout]     |
[INFO] [stdout] 536 |             assert_eq!(count, 2, "week window count")
[INFO] [stdout]     |                      +
[INFO] [stdout] 
[INFO] [stdout] 
[INFO] [stdout] error[E0425]: cannot find function `assert_true` in this scope
[INFO] [stdout]    --> tests/bdd.rs:539:13
[INFO] [stdout]     |
[INFO] [stdout] 539 |             assert_true(
[INFO] [stdout]     |             ^^^^^^^^^^^ not found in this scope
[INFO] [stdout] 
[INFO] [stdout] 
[INFO] [stdout] error[E0425]: cannot find function `assert_true` in this scope
[INFO] [stdout]    --> tests/bdd.rs:545:13
[INFO] [stdout]     |
[INFO] [stdout] 545 |             assert_true(
[INFO] [stdout]     |             ^^^^^^^^^^^ not found in this scope
[INFO] [stdout] 
[INFO] [stdout] 
[INFO] [stderr] error: could not compile `shiplog-coverage` (test "bdd") due to 48 previous errors
[INFO] [stdout] Some errors have detailed explanations: E0423, E0425, E0432, E0433.
[INFO] [stdout] 
[INFO] [stdout] For more information about an error, try `rustc --explain E0423`.
[INFO] [stdout] 
[INFO] running `Command { std: "docker" "inspect" "0173ce1812d1d0aa7d21e22f5f5686703e84f5795a4b557fd9a36cc4d09f2fc1", kill_on_drop: false }`
[INFO] running `Command { std: "docker" "rm" "-f" "0173ce1812d1d0aa7d21e22f5f5686703e84f5795a4b557fd9a36cc4d09f2fc1", kill_on_drop: false }`
[INFO] [stdout] 0173ce1812d1d0aa7d21e22f5f5686703e84f5795a4b557fd9a36cc4d09f2fc1
