[INFO] fetching crate shepherd-core 6.7.2...
[INFO] testing shepherd-core-6.7.2 against 1.99.0-beta.8 for beta-1.100-2
[INFO] extracting crate shepherd-core 6.7.2 into /workspace/builds/worker-7-tc1/source
[INFO] started tweaking crates.io crate shepherd-core 6.7.2
[INFO] removed 0 missing tests
[INFO] finished tweaking crates.io crate shepherd-core 6.7.2
[INFO] tweaked toml for crates.io crate shepherd-core 6.7.2 written to /workspace/builds/worker-7-tc1/source/Cargo.toml
[INFO] validating manifest of crates.io crate shepherd-core 6.7.2 on toolchain 1.99.0-beta.8
[INFO] running `Command { std: CARGO_HOME="/workspace/cargo-home" RUSTUP_HOME="/workspace/rustup-home" "/workspace/cargo-home/bin/cargo" "+1.99.0-beta.8" "metadata" "--manifest-path" "Cargo.toml" "--no-deps", kill_on_drop: false }`
[INFO] crate crates.io crate shepherd-core 6.7.2 already has a lockfile, it will not be regenerated
[INFO] running `Command { std: CARGO_HOME="/workspace/cargo-home" RUSTUP_HOME="/workspace/rustup-home" "/workspace/cargo-home/bin/cargo" "+1.99.0-beta.8" "fetch" "--manifest-path" "Cargo.toml", kill_on_drop: false }`
[INFO] [stderr]     Updating crates.io index
[INFO] [stderr]  Downloading crates ...
[INFO] [stderr]   Downloaded hybrid-array v0.4.14
[INFO] [stderr]   Downloaded config v0.15.25
[INFO] running `Command { std: "docker" "create" "-v" "/var/lib/crater-agent-workspace/builds/worker-7-tc1/source:/opt/rustwide/workdir:ro,Z" "-v" "/var/lib/crater-agent-workspace/builds/worker-7-tc1/target:/opt/rustwide/target:rw,Z" "-v" "/var/lib/crater-agent-workspace/cargo-home:/opt/rustwide/cargo-home:ro,Z" "-v" "/var/lib/crater-agent-workspace/rustup-home:/opt/rustwide/rustup-home:ro,Z" "-m" "1610612736" "--network" "none" "ghcr.io/rust-lang/crates-build-env/linux@sha256:3111399a4047eeb3a02b7a90e478d715f38a8c6669b5c4b49d30a17385265909" "sleep" "infinity", kill_on_drop: false }`
[INFO] [stdout] 6f6cd3b67e457870f468ac6978ae3bcbfac2e8c479c5d0e8351f48c7154de961
[INFO] running `Command { std: "docker" "start" "6f6cd3b67e457870f468ac6978ae3bcbfac2e8c479c5d0e8351f48c7154de961", kill_on_drop: false }`
[INFO] running `Command { std: "docker" "inspect" "6f6cd3b67e457870f468ac6978ae3bcbfac2e8c479c5d0e8351f48c7154de961", kill_on_drop: false }`
[INFO] running `Command { std: "docker" "exec" "-e" "SOURCE_DIR=/opt/rustwide/workdir" "-e" "CARGO_HOME=/opt/rustwide/cargo-home" "-e" "RUSTUP_HOME=/opt/rustwide/rustup-home" "-e" "CARGO_TARGET_DIR=/opt/rustwide/target" "-w" "/opt/rustwide/workdir" "--user" "0:0" "6f6cd3b67e457870f468ac6978ae3bcbfac2e8c479c5d0e8351f48c7154de961" "/opt/rustwide/cargo-home/bin/cargo" "+1.99.0-beta.8" "metadata" "--no-deps" "--format-version=1", kill_on_drop: false }`
[INFO] running `Command { std: "docker" "inspect" "6f6cd3b67e457870f468ac6978ae3bcbfac2e8c479c5d0e8351f48c7154de961", kill_on_drop: false }`
[INFO] running `Command { std: "docker" "exec" "-e" "SOURCE_DIR=/opt/rustwide/workdir" "-e" "CARGO_HOME=/opt/rustwide/cargo-home" "-e" "RUSTUP_HOME=/opt/rustwide/rustup-home" "-e" "CARGO_TARGET_DIR=/opt/rustwide/target" "-e" "CARGO_INCREMENTAL=0" "-e" "RUST_BACKTRACE=full" "-e" "RUSTFLAGS=--cap-lints=warn" "-e" "RUSTDOCFLAGS=--cap-lints=warn" "-w" "/opt/rustwide/workdir" "--user" "0:0" "6f6cd3b67e457870f468ac6978ae3bcbfac2e8c479c5d0e8351f48c7154de961" "/opt/rustwide/cargo-home/bin/cargo" "+1.99.0-beta.8" "build" "--frozen" "--message-format=json", kill_on_drop: false }`
[INFO] [stderr]    Compiling typenum v1.20.1
[INFO] [stderr]    Compiling syn v3.0.4
[INFO] [stderr]    Compiling shepherd-core v6.7.2 (/opt/rustwide/workdir)
[INFO] [stderr]    Compiling cpufeatures v0.3.1
[INFO] [stderr]    Compiling hybrid-array v0.4.14
[INFO] [stderr]    Compiling crypto-common v0.2.2
[INFO] [stderr]    Compiling block-buffer v0.12.1
[INFO] [stderr]    Compiling thiserror-impl v2.0.20
[INFO] [stderr]    Compiling digest v0.11.3
[INFO] [stderr]    Compiling sha2 v0.11.0
[INFO] [stderr]    Compiling thiserror v2.0.20
[INFO] [stderr]     Finished `dev` profile [unoptimized + debuginfo] target(s) in 11.80s
[INFO] running `Command { std: "docker" "inspect" "6f6cd3b67e457870f468ac6978ae3bcbfac2e8c479c5d0e8351f48c7154de961", kill_on_drop: false }`
[INFO] running `Command { std: "docker" "exec" "-e" "SOURCE_DIR=/opt/rustwide/workdir" "-e" "CARGO_HOME=/opt/rustwide/cargo-home" "-e" "RUSTUP_HOME=/opt/rustwide/rustup-home" "-e" "CARGO_TARGET_DIR=/opt/rustwide/target" "-e" "CARGO_INCREMENTAL=0" "-e" "RUST_BACKTRACE=full" "-e" "RUSTFLAGS=--cap-lints=warn" "-e" "RUSTDOCFLAGS=--cap-lints=warn" "-w" "/opt/rustwide/workdir" "--user" "0:0" "6f6cd3b67e457870f468ac6978ae3bcbfac2e8c479c5d0e8351f48c7154de961" "/opt/rustwide/cargo-home/bin/cargo" "+1.99.0-beta.8" "test" "--frozen" "--no-run" "--message-format=json", kill_on_drop: false }`
[INFO] [stderr]    Compiling libc v0.2.189
[INFO] [stderr]    Compiling once_cell v1.21.4
[INFO] [stderr]    Compiling getrandom v0.4.3
[INFO] [stderr]    Compiling tempfile v3.27.0
[INFO] [stderr]    Compiling shepherd-core v6.7.2 (/opt/rustwide/workdir)
[INFO] [stdout] error[E0432]: unresolved import `shepherd_core::dispatch`
[INFO] [stdout]   --> tests/vocabulary.rs:9:20
[INFO] [stdout]    |
[INFO] [stdout]  9 | use shepherd_core::dispatch::{Role, WorkKind, validate_pending_edge};
[INFO] [stdout]    |                    ^^^^^^^^ could not find `dispatch` in `shepherd_core`
[INFO] [stdout]    |
[INFO] [stdout] note: found an item that was configured out
[INFO] [stdout]   --> src/lib.rs:61:9
[INFO] [stdout]    |
[INFO] [stdout] 60 | #[cfg(feature = "json")]
[INFO] [stdout]    |       ---------------- the item is gated behind the `json` feature
[INFO] [stdout] 61 | pub mod dispatch;
[INFO] [stdout]    |         ^^^^^^^^
[INFO] [stdout] 
[INFO] [stdout] 
[INFO] [stdout] error[E0432]: unresolved import `shepherd_core::dispatch`
[INFO] [stdout]   --> tests/dispatch_scope_paths.rs:6:20
[INFO] [stdout]    |
[INFO] [stdout]  6 | use shepherd_core::dispatch::{PathAuthority, path_in_write_scope};
[INFO] [stdout]    |                    ^^^^^^^^ could not find `dispatch` in `shepherd_core`
[INFO] [stdout]    |
[INFO] [stdout] note: found an item that was configured out
[INFO] [stdout]   --> src/lib.rs:61:9
[INFO] [stdout]    |
[INFO] [stdout] 60 | #[cfg(feature = "json")]
[INFO] [stdout]    |       ---------------- the item is gated behind the `json` feature
[INFO] [stdout] 61 | pub mod dispatch;
[INFO] [stdout]    |         ^^^^^^^^
[INFO] [stdout] 
[INFO] [stdout] 
[INFO] [stdout] error[E0432]: unresolved import `shepherd_core::run`
[INFO] [stdout]   --> tests/vocabulary.rs:10:20
[INFO] [stdout]    |
[INFO] [stdout] 10 | use shepherd_core::run::{LaneState, RunState};
[INFO] [stdout]    |                    ^^^ could not find `run` in `shepherd_core`
[INFO] [stdout]    |
[INFO] [stdout] note: found an item that was configured out
[INFO] [stdout]   --> src/lib.rs:69:9
[INFO] [stdout]    |
[INFO] [stdout] 68 | #[cfg(feature = "json")]
[INFO] [stdout]    |       ---------------- the item is gated behind the `json` feature
[INFO] [stdout] 69 | pub mod run;
[INFO] [stdout]    |         ^^^
[INFO] [stdout] 
[INFO] [stdout] 
[INFO] [stdout] error[E0432]: unresolved import `shepherd_core::vocabulary`
[INFO] [stdout]   --> tests/vocabulary.rs:11:20
[INFO] [stdout]    |
[INFO] [stdout] 11 | use shepherd_core::vocabulary::{LaneStatus, RunKind, RunStatus, Vocabulary};
[INFO] [stdout]    |                    ^^^^^^^^^^ could not find `vocabulary` in `shepherd_core`
[INFO] [stdout]    |
[INFO] [stdout] note: found an item that was configured out
[INFO] [stdout]   --> src/lib.rs:73:9
[INFO] [stdout]    |
[INFO] [stdout] 72 | #[cfg(feature = "json")]
[INFO] [stdout]    |       ---------------- the item is gated behind the `json` feature
[INFO] [stdout] 73 | pub mod vocabulary;
[INFO] [stdout]    |         ^^^^^^^^^^
[INFO] [stdout] 
[INFO] [stdout] 
[INFO] [stdout] error[E0433]: cannot find module or crate `serde_json` in this scope
[INFO] [stdout]    --> tests/vocabulary.rs:122:32
[INFO] [stdout]     |
[INFO] [stdout] 122 |         serde_json::from_value(serde_json::json!({"id": "l1-engine"})).expect("minimal lane");
[INFO] [stdout]     |                                ^^^^^^^^^^ use of unresolved module or unlinked crate `serde_json`
[INFO] [stdout] 
[INFO] [stdout] 
[INFO] [stdout] error[E0433]: cannot find module or crate `serde_json` in this scope
[INFO] [stdout]    --> tests/vocabulary.rs:117:32
[INFO] [stdout]     |
[INFO] [stdout] 117 |         serde_json::from_value(serde_json::json!({"run": "v657"})).expect("minimal document");
[INFO] [stdout]     |                                ^^^^^^^^^^ use of unresolved module or unlinked crate `serde_json`
[INFO] [stdout] 
[INFO] [stdout] 
[INFO] [stdout] error[E0433]: cannot find module or crate `serde_json` in this scope
[INFO] [stdout]   --> tests/vocabulary.rs:93:54
[INFO] [stdout]    |
[INFO] [stdout] 93 |     let mut lane: LaneState = serde_json::from_value(serde_json::json!({"id": "l1-engine"}))
[INFO] [stdout]    |                                                      ^^^^^^^^^^ use of unresolved module or unlinked crate `serde_json`
[INFO] [stdout] 
[INFO] [stdout] 
[INFO] [stdout] error[E0433]: cannot find module or crate `serde_json` in this scope
[INFO] [stdout]   --> tests/vocabulary.rs:90:32
[INFO] [stdout]    |
[INFO] [stdout] 90 |         serde_json::from_value(serde_json::json!({"run": "v657"})).expect("minimal document");
[INFO] [stdout]    |                                ^^^^^^^^^^ use of unresolved module or unlinked crate `serde_json`
[INFO] [stdout] 
[INFO] [stdout] 
[INFO] [stdout] error[E0432]: unresolved import `shepherd_core::dispatch`
[INFO] [stdout]  --> tests/security_phase1.rs:1:30
[INFO] [stdout]   |
[INFO] [stdout] 1 | use shepherd_core::{Harness, dispatch::*};
[INFO] [stdout]   |                              ^^^^^^^^ could not find `dispatch` in `shepherd_core`
[INFO] [stdout] 
[INFO] [stdout] 
[INFO] [stdout] For more information about this error, try `rustc --explain E0432`.
[INFO] [stdout] 
[INFO] [stderr] error: could not compile `shepherd-core` (test "dispatch_scope_paths") due to 1 previous error
[INFO] [stderr] warning: build failed, waiting for other jobs to finish...
[INFO] [stdout] error[E0433]: cannot find module or crate `serde` in this scope
[INFO] [stdout]   --> tests/vocabulary.rs:32:15
[INFO] [stdout]    |
[INFO] [stdout] 32 |             + serde::de::DeserializeOwned,
[INFO] [stdout]    |               ^^^^^ use of unresolved module or unlinked crate `serde`
[INFO] [stdout]    |
[INFO] [stdout]    = help: if you wanted to use a crate named `serde`, use `cargo add serde` to add it to your `Cargo.toml`
[INFO] [stdout] 
[INFO] [stdout] 
[INFO] [stdout] warning: unused import: `strum::VariantArray`
[INFO] [stdout]   --> tests/vocabulary.rs:12:5
[INFO] [stdout]    |
[INFO] [stdout] 12 | use strum::VariantArray;
[INFO] [stdout]    |     ^^^^^^^^^^^^^^^^^^^
[INFO] [stdout]    |
[INFO] [stdout]    = note: `#[warn(unused_imports)]` (part of `#[warn(unused)]`) on by default
[INFO] [stdout] 
[INFO] [stdout] 
[INFO] [stdout] error[E0433]: cannot find module or crate `serde` in this scope
[INFO] [stdout]   --> tests/vocabulary.rs:31:15
[INFO] [stdout]    |
[INFO] [stdout] 31 |             + serde::Serialize
[INFO] [stdout]    |               ^^^^^ use of unresolved module or unlinked crate `serde`
[INFO] [stdout]    |
[INFO] [stdout]    = help: if you wanted to use a crate named `serde`, use `cargo add serde` to add it to your `Cargo.toml`
[INFO] [stdout] 
[INFO] [stdout] 
[INFO] [stdout] error[E0433]: cannot find module or crate `serde_json` in this scope
[INFO] [stdout]   --> tests/vocabulary.rs:35:24
[INFO] [stdout]    |
[INFO] [stdout] 35 |             let wire = serde_json::to_string(variant).expect("variant serializes");
[INFO] [stdout]    |                        ^^^^^^^^^^ use of unresolved module or unlinked crate `serde_json`
[INFO] [stdout]    |
[INFO] [stdout]    = help: if you wanted to use a crate named `serde_json`, use `cargo add serde_json` to add it to your `Cargo.toml`
[INFO] [stdout] 
[INFO] [stdout] 
[INFO] [stdout] error[E0433]: cannot find module or crate `serde_json` in this scope
[INFO] [stdout]   --> tests/vocabulary.rs:36:32
[INFO] [stdout]    |
[INFO] [stdout] 36 |             let text: String = serde_json::from_str(&wire).expect("a variant is a JSON string");
[INFO] [stdout]    |                                ^^^^^^^^^^ use of unresolved module or unlinked crate `serde_json`
[INFO] [stdout]    |
[INFO] [stdout]    = help: if you wanted to use a crate named `serde_json`, use `cargo add serde_json` to add it to your `Cargo.toml`
[INFO] [stdout] 
[INFO] [stdout] 
[INFO] [stdout] error[E0433]: cannot find module or crate `serde_json` in this scope
[INFO] [stdout]   --> tests/vocabulary.rs:46:17
[INFO] [stdout]    |
[INFO] [stdout] 46 |                 serde_json::from_str(&wire).expect("untagged accepts the known spelling");
[INFO] [stdout]    |                 ^^^^^^^^^^ use of unresolved module or unlinked crate `serde_json`
[INFO] [stdout]    |
[INFO] [stdout]    = help: if you wanted to use a crate named `serde_json`, use `cargo add serde_json` to add it to your `Cargo.toml`
[INFO] [stdout] 
[INFO] [stdout] 
[INFO] [stdout] error[E0433]: cannot find module or crate `serde_json` in this scope
[INFO] [stdout]   --> tests/vocabulary.rs:79:13
[INFO] [stdout]    |
[INFO] [stdout] 79 |             serde_json::to_string(&field).expect("serializes"),
[INFO] [stdout]    |             ^^^^^^^^^^ use of unresolved module or unlinked crate `serde_json`
[INFO] [stdout]    |
[INFO] [stdout]    = help: if you wanted to use a crate named `serde_json`, use `cargo add serde_json` to add it to your `Cargo.toml`
[INFO] [stdout] 
[INFO] [stdout] 
[INFO] [stdout] error[E0433]: cannot find module or crate `serde_json` in this scope
[INFO] [stdout]   --> tests/vocabulary.rs:80:13
[INFO] [stdout]    |
[INFO] [stdout] 80 |             serde_json::to_string(text).expect("as a bare string")
[INFO] [stdout]    |             ^^^^^^^^^^ use of unresolved module or unlinked crate `serde_json`
[INFO] [stdout]    |
[INFO] [stdout]    = help: if you wanted to use a crate named `serde_json`, use `cargo add serde_json` to add it to your `Cargo.toml`
[INFO] [stdout] 
[INFO] [stdout] 
[INFO] [stdout] error[E0433]: cannot find module or crate `serde_json` in this scope
[INFO] [stdout]   --> tests/vocabulary.rs:90:9
[INFO] [stdout]    |
[INFO] [stdout] 90 |         serde_json::from_value(serde_json::json!({"run": "v657"})).expect("minimal document");
[INFO] [stdout]    |         ^^^^^^^^^^ use of unresolved module or unlinked crate `serde_json`
[INFO] [stdout]    |
[INFO] [stdout]    = help: if you wanted to use a crate named `serde_json`, use `cargo add serde_json` to add it to your `Cargo.toml`
[INFO] [stdout] 
[INFO] [stdout] 
[INFO] [stdout] error[E0433]: cannot find module or crate `serde_json` in this scope
[INFO] [stdout]   --> tests/vocabulary.rs:93:31
[INFO] [stdout]    |
[INFO] [stdout] 93 |     let mut lane: LaneState = serde_json::from_value(serde_json::json!({"id": "l1-engine"}))
[INFO] [stdout]    |                               ^^^^^^^^^^ use of unresolved module or unlinked crate `serde_json`
[INFO] [stdout]    |
[INFO] [stdout]    = help: if you wanted to use a crate named `serde_json`, use `cargo add serde_json` to add it to your `Cargo.toml`
[INFO] [stdout] 
[INFO] [stdout] 
[INFO] [stdout] error[E0433]: cannot find module or crate `serde_json` in this scope
[INFO] [stdout]    --> tests/vocabulary.rs:109:30
[INFO] [stdout]     |
[INFO] [stdout] 109 |     let reloaded: RunState = serde_json::from_str(&canonical).expect("round-trips");
[INFO] [stdout]     |                              ^^^^^^^^^^ use of unresolved module or unlinked crate `serde_json`
[INFO] [stdout]     |
[INFO] [stdout]     = help: if you wanted to use a crate named `serde_json`, use `cargo add serde_json` to add it to your `Cargo.toml`
[INFO] [stdout] 
[INFO] [stdout] 
[INFO] [stdout] error[E0433]: cannot find module or crate `serde_json` in this scope
[INFO] [stdout]    --> tests/vocabulary.rs:117:9
[INFO] [stdout]     |
[INFO] [stdout] 117 |         serde_json::from_value(serde_json::json!({"run": "v657"})).expect("minimal document");
[INFO] [stdout]     |         ^^^^^^^^^^ use of unresolved module or unlinked crate `serde_json`
[INFO] [stdout]     |
[INFO] [stdout]     = help: if you wanted to use a crate named `serde_json`, use `cargo add serde_json` to add it to your `Cargo.toml`
[INFO] [stdout] 
[INFO] [stdout] 
[INFO] [stdout] error[E0433]: cannot find module or crate `serde_json` in this scope
[INFO] [stdout]    --> tests/vocabulary.rs:122:9
[INFO] [stdout]     |
[INFO] [stdout] 122 |         serde_json::from_value(serde_json::json!({"id": "l1-engine"})).expect("minimal lane");
[INFO] [stdout]     |         ^^^^^^^^^^ use of unresolved module or unlinked crate `serde_json`
[INFO] [stdout]     |
[INFO] [stdout]     = help: if you wanted to use a crate named `serde_json`, use `cargo add serde_json` to add it to your `Cargo.toml`
[INFO] [stdout] 
[INFO] [stdout] 
[INFO] [stdout] Some errors have detailed explanations: E0432, E0433.
[INFO] [stdout] 
[INFO] [stdout] For more information about an error, try `rustc --explain E0432`.
[INFO] [stdout] 
[INFO] [stderr] error: could not compile `shepherd-core` (test "vocabulary") due to 19 previous errors; 1 warning emitted
[INFO] [stdout] For more information about this error, try `rustc --explain E0432`.
[INFO] [stdout] 
[INFO] [stderr] error: could not compile `shepherd-core` (test "security_phase1") due to 1 previous error
[INFO] running `Command { std: "docker" "inspect" "6f6cd3b67e457870f468ac6978ae3bcbfac2e8c479c5d0e8351f48c7154de961", kill_on_drop: false }`
[INFO] running `Command { std: "docker" "rm" "-f" "6f6cd3b67e457870f468ac6978ae3bcbfac2e8c479c5d0e8351f48c7154de961", kill_on_drop: false }`
[INFO] [stdout] 6f6cd3b67e457870f468ac6978ae3bcbfac2e8c479c5d0e8351f48c7154de961
