[INFO] fetching crate shannon-brush-core 0.4.0...
[INFO] testing shannon-brush-core-0.4.0 against 1.100.0-beta.1 for beta-1.100-2
[INFO] extracting crate shannon-brush-core 0.4.0 into /workspace/builds/worker-4-tc2/source
[INFO] started tweaking crates.io crate shannon-brush-core 0.4.0
[INFO] removed 0 missing examples
[INFO] finished tweaking crates.io crate shannon-brush-core 0.4.0
[INFO] tweaked toml for crates.io crate shannon-brush-core 0.4.0 written to /workspace/builds/worker-4-tc2/source/Cargo.toml
[INFO] validating manifest of crates.io crate shannon-brush-core 0.4.0 on toolchain 1.100.0-beta.1
[INFO] running `Command { std: CARGO_HOME="/workspace/cargo-home" RUSTUP_HOME="/workspace/rustup-home" "/workspace/cargo-home/bin/cargo" "+1.100.0-beta.1" "metadata" "--manifest-path" "Cargo.toml" "--no-deps", kill_on_drop: false }`
[INFO] crate crates.io crate shannon-brush-core 0.4.0 already has a lockfile, it will not be regenerated
[INFO] running `Command { std: CARGO_HOME="/workspace/cargo-home" RUSTUP_HOME="/workspace/rustup-home" "/workspace/cargo-home/bin/cargo" "+1.100.0-beta.1" "fetch" "--manifest-path" "Cargo.toml", kill_on_drop: false }`
[INFO] running `Command { std: "docker" "create" "-v" "/var/lib/crater-agent-workspace/builds/worker-4-tc2/source:/opt/rustwide/workdir:ro,Z" "-v" "/var/lib/crater-agent-workspace/builds/worker-4-tc2/target:/opt/rustwide/target:rw,Z" "-v" "/var/lib/crater-agent-workspace/cargo-home:/opt/rustwide/cargo-home:ro,Z" "-v" "/var/lib/crater-agent-workspace/rustup-home:/opt/rustwide/rustup-home:ro,Z" "-m" "1610612736" "--network" "none" "ghcr.io/rust-lang/crates-build-env/linux@sha256:3111399a4047eeb3a02b7a90e478d715f38a8c6669b5c4b49d30a17385265909" "sleep" "infinity", kill_on_drop: false }`
[INFO] [stdout] bc8e3f3075452985ebbd4d6d590daf838a3f1c4781b3991912a083b84652500f
[INFO] running `Command { std: "docker" "start" "bc8e3f3075452985ebbd4d6d590daf838a3f1c4781b3991912a083b84652500f", kill_on_drop: false }`
[INFO] running `Command { std: "docker" "inspect" "bc8e3f3075452985ebbd4d6d590daf838a3f1c4781b3991912a083b84652500f", kill_on_drop: false }`
[INFO] running `Command { std: "docker" "exec" "-e" "SOURCE_DIR=/opt/rustwide/workdir" "-e" "CARGO_HOME=/opt/rustwide/cargo-home" "-e" "RUSTUP_HOME=/opt/rustwide/rustup-home" "-e" "CARGO_TARGET_DIR=/opt/rustwide/target" "-w" "/opt/rustwide/workdir" "--user" "0:0" "bc8e3f3075452985ebbd4d6d590daf838a3f1c4781b3991912a083b84652500f" "/opt/rustwide/cargo-home/bin/cargo" "+1.100.0-beta.1" "metadata" "--no-deps" "--format-version=1", kill_on_drop: false }`
[INFO] running `Command { std: "docker" "inspect" "bc8e3f3075452985ebbd4d6d590daf838a3f1c4781b3991912a083b84652500f", kill_on_drop: false }`
[INFO] running `Command { std: "docker" "exec" "-e" "SOURCE_DIR=/opt/rustwide/workdir" "-e" "CARGO_HOME=/opt/rustwide/cargo-home" "-e" "RUSTUP_HOME=/opt/rustwide/rustup-home" "-e" "CARGO_TARGET_DIR=/opt/rustwide/target" "-e" "CARGO_INCREMENTAL=0" "-e" "RUST_BACKTRACE=full" "-e" "RUSTFLAGS=--cap-lints=warn" "-e" "RUSTDOCFLAGS=--cap-lints=warn" "-w" "/opt/rustwide/workdir" "--user" "0:0" "bc8e3f3075452985ebbd4d6d590daf838a3f1c4781b3991912a083b84652500f" "/opt/rustwide/cargo-home/bin/cargo" "+1.100.0-beta.1" "build" "--frozen" "--message-format=json", kill_on_drop: false }`
[INFO] [stderr]    Compiling syn v2.0.117
[INFO] [stderr]    Compiling libc v0.2.183
[INFO] [stderr]    Compiling rustix v1.1.4
[INFO] [stderr]    Compiling rand_core v0.10.0
[INFO] [stderr]    Compiling getrandom v0.4.2
[INFO] [stderr]    Compiling phf_shared v0.11.3
[INFO] [stderr]    Compiling rand v0.8.5
[INFO] [stderr]    Compiling minimal-lexical v0.2.1
[INFO] [stderr]    Compiling pest v2.8.6
[INFO] [stderr]    Compiling futures-sink v0.3.32
[INFO] [stderr]    Compiling serde v1.0.228
[INFO] [stderr]    Compiling futures-core v0.3.32
[INFO] [stderr]    Compiling zerocopy v0.8.42
[INFO] [stderr]    Compiling nix v0.30.1
[INFO] [stderr]    Compiling peg-runtime v0.8.5
[INFO] [stderr]    Compiling aho-corasick v1.1.4
[INFO] [stderr]    Compiling nix v0.31.2
[INFO] [stderr]    Compiling futures-channel v0.3.32
[INFO] [stderr]    Compiling arrayvec v0.7.6
[INFO] [stderr]    Compiling peg-macros v0.8.5
[INFO] [stderr]    Compiling nom v7.1.3
[INFO] [stderr]    Compiling cached_proc_macro_types v0.1.1
[INFO] [stderr]    Compiling bit-vec v0.8.0
[INFO] [stderr]    Compiling triomphe v0.1.15
[INFO] [stderr]    Compiling regex-syntax v0.8.10
[INFO] [stderr]    Compiling similar v2.7.0
[INFO] [stderr]    Compiling utf8-chars v3.0.6
[INFO] [stderr]    Compiling phf_generator v0.11.3
[INFO] [stderr]    Compiling bit-set v0.8.0
[INFO] [stderr]    Compiling archery v1.2.2
[INFO] [stderr]    Compiling chacha20 v0.10.0
[INFO] [stderr]    Compiling phf v0.11.3
[INFO] [stderr]    Compiling phf_codegen v0.11.3
[INFO] [stderr]    Compiling chrono v0.4.44
[INFO] [stderr]    Compiling rpds v1.2.0
[INFO] [stderr]    Compiling terminfo v0.9.0
[INFO] [stderr]    Compiling strum v0.28.0
[INFO] [stderr]    Compiling normalize-path v0.2.1
[INFO] [stderr]    Compiling pest_meta v2.8.6
[INFO] [stderr]    Compiling peg v0.8.5
[INFO] [stderr]    Compiling parking_lot_core v0.9.12
[INFO] [stderr]    Compiling errno v0.3.14
[INFO] [stderr]    Compiling console v0.15.11
[INFO] [stderr]    Compiling socket2 v0.6.3
[INFO] [stderr]    Compiling mio v1.1.1
[INFO] [stderr]    Compiling signal-hook-registry v1.4.8
[INFO] [stderr]    Compiling rand v0.10.0
[INFO] [stderr]    Compiling hostname v0.4.2
[INFO] [stderr]    Compiling uzers v0.12.2
[INFO] [stderr]    Compiling parking_lot v0.12.5
[INFO] [stderr]    Compiling terminal_size v0.4.3
[INFO] [stderr]    Compiling tempfile v3.27.0
[INFO] [stderr]    Compiling clap_builder v4.6.0
[INFO] [stderr]    Compiling regex-automata v0.4.14
[INFO] [stderr]    Compiling ahash v0.8.12
[INFO] [stderr]    Compiling darling_core v0.23.0
[INFO] [stderr]    Compiling darling_core v0.20.11
[INFO] [stderr]    Compiling pest_generator v2.8.6
[INFO] [stderr]    Compiling prettyplease v0.2.37
[INFO] [stderr]    Compiling thiserror-impl v2.0.18
[INFO] [stderr]    Compiling futures-macro v0.3.32
[INFO] [stderr]    Compiling tracing-attributes v0.1.31
[INFO] [stderr]    Compiling tokio-macros v2.6.1
[INFO] [stderr]    Compiling clap_derive v4.6.0
[INFO] [stderr]    Compiling color-print-proc-macro v0.3.7
[INFO] [stderr]    Compiling inherent v1.0.13
[INFO] [stderr]    Compiling strum_macros v0.28.0
[INFO] [stderr]    Compiling async-recursion v1.1.1
[INFO] [stderr]    Compiling pest_derive v2.8.6
[INFO] [stderr]    Compiling async-trait v0.1.89
[INFO] [stderr]    Compiling insta v1.46.3
[INFO] [stderr]    Compiling futures-util v0.3.32
[INFO] [stderr]    Compiling tokio v1.50.0
[INFO] [stderr]    Compiling color-print v0.3.7
[INFO] [stderr]    Compiling tracing v0.1.44
[INFO] [stderr]    Compiling thiserror v2.0.18
[INFO] [stderr]    Compiling command-fds v0.3.2
[INFO] [stderr]    Compiling fancy-regex v0.17.0
[INFO] [stderr]    Compiling darling_macro v0.23.0
[INFO] [stderr]    Compiling darling_macro v0.20.11
[INFO] [stderr]    Compiling darling v0.20.11
[INFO] [stderr]    Compiling darling v0.23.0
[INFO] [stderr]    Compiling clap v4.6.0
[INFO] [stderr]    Compiling cached_proc_macro v0.26.0
[INFO] [stderr]    Compiling bon-macros v3.9.1
[INFO] [stderr]    Compiling cached v0.58.0
[INFO] [stderr]    Compiling futures-executor v0.3.32
[INFO] [stderr]    Compiling futures v0.3.32
[INFO] [stderr]    Compiling bon v3.9.1
[INFO] [stderr]    Compiling shannon-brush-parser v0.3.0
[INFO] [stderr]    Compiling shannon-brush-core v0.4.0 (/opt/rustwide/workdir)
[INFO] [stderr]     Finished `dev` profile [unoptimized + debuginfo] target(s) in 57.13s
[INFO] [stderr] warning: the following packages contain code that will be rejected by a future version of Rust: nix v0.30.1, nix v0.31.2
[INFO] [stderr] note: to see what the problems were, use the option `--future-incompat-report`, or run `cargo report future-incompatibilities --id 2`
[INFO] running `Command { std: "docker" "inspect" "bc8e3f3075452985ebbd4d6d590daf838a3f1c4781b3991912a083b84652500f", kill_on_drop: false }`
[INFO] running `Command { std: "docker" "exec" "-e" "SOURCE_DIR=/opt/rustwide/workdir" "-e" "CARGO_HOME=/opt/rustwide/cargo-home" "-e" "RUSTUP_HOME=/opt/rustwide/rustup-home" "-e" "CARGO_TARGET_DIR=/opt/rustwide/target" "-e" "CARGO_INCREMENTAL=0" "-e" "RUST_BACKTRACE=full" "-e" "RUSTFLAGS=--cap-lints=warn" "-e" "RUSTDOCFLAGS=--cap-lints=warn" "-w" "/opt/rustwide/workdir" "--user" "0:0" "bc8e3f3075452985ebbd4d6d590daf838a3f1c4781b3991912a083b84652500f" "/opt/rustwide/cargo-home/bin/cargo" "+1.100.0-beta.1" "test" "--frozen" "--no-run" "--message-format=json", kill_on_drop: false }`
[INFO] [stderr]    Compiling yansi v1.0.1
[INFO] [stderr]    Compiling pretty_assertions v1.4.1
[INFO] [stderr]    Compiling shannon-brush-core v0.4.0 (/opt/rustwide/workdir)
[INFO] [stdout] error[E0432]: unresolved import `brush_core`
[INFO] [stdout]   --> examples/custom-builtin.rs:19:5
[INFO] [stdout]    |
[INFO] [stdout] 19 | use brush_core::{ExecutionResult, builtins};
[INFO] [stdout]    |     ^^^^^^^^^^ use of unresolved module or unlinked crate `brush_core`
[INFO] [stdout]    |
[INFO] [stdout]    = help: if you wanted to use a crate named `brush_core`, use `cargo add brush_core` to add it to your `Cargo.toml`
[INFO] [stdout] 
[INFO] [stdout] 
[INFO] [stdout] error[E0433]: cannot find module or crate `brush_core` in this scope
[INFO] [stdout]  --> examples/call-func.rs:6:17
[INFO] [stdout]   |
[INFO] [stdout] 6 |     let shell = brush_core::Shell::builder().build().await?;
[INFO] [stdout]   |                 ^^^^^^^^^^ use of unresolved module or unlinked crate `brush_core`
[INFO] [stdout]   |
[INFO] [stdout]   = help: if you wanted to use a crate named `brush_core`, use `cargo add brush_core` to add it to your `Cargo.toml`
[INFO] [stdout] 
[INFO] [stdout] 
[INFO] [stdout] error[E0433]: cannot find module or crate `brush_core` in this scope
[INFO] [stdout]   --> examples/call-func.rs:17:14
[INFO] [stdout]    |
[INFO] [stdout] 17 |             &brush_core::SourceInfo::default(),
[INFO] [stdout]    |              ^^^^^^^^^^ use of unresolved module or unlinked crate `brush_core`
[INFO] [stdout]    |
[INFO] [stdout]    = help: if you wanted to use a crate named `brush_core`, use `cargo add brush_core` to add it to your `Cargo.toml`
[INFO] [stdout] 
[INFO] [stdout] 
[INFO] [stdout] error[E0433]: cannot find module or crate `brush_core` in this scope
[INFO] [stdout]   --> examples/call-func.rs:32:13
[INFO] [stdout]    |
[INFO] [stdout] 32 |             brush_core::openfiles::OpenFiles::STDOUT_FD,
[INFO] [stdout]    |             ^^^^^^^^^^ use of unresolved module or unlinked crate `brush_core`
[INFO] [stdout]    |
[INFO] [stdout]    = help: if you wanted to use a crate named `brush_core`, use `cargo add brush_core` to add it to your `Cargo.toml`
[INFO] [stdout] 
[INFO] [stdout] 
[INFO] [stdout] error[E0433]: cannot find module or crate `brush_core` in this scope
[INFO] [stdout]   --> examples/call-func.rs:33:13
[INFO] [stdout]    |
[INFO] [stdout] 33 |             brush_core::openfiles::null()?,
[INFO] [stdout]    |             ^^^^^^^^^^ use of unresolved module or unlinked crate `brush_core`
[INFO] [stdout]    |
[INFO] [stdout]    = help: if you wanted to use a crate named `brush_core`, use `cargo add brush_core` to add it to your `Cargo.toml`
[INFO] [stdout] 
[INFO] [stdout] 
[INFO] [stdout] error[E0433]: cannot find module or crate `brush_core` in this scope
[INFO] [stdout]    --> examples/custom-builtin.rs:121:11
[INFO] [stdout]     |
[INFO] [stdout] 121 | type SE = brush_core::extensions::DefaultShellExtensions;
[INFO] [stdout]     |           ^^^^^^^^^^ use of unresolved module or unlinked crate `brush_core`
[INFO] [stdout]     |
[INFO] [stdout]     = help: if you wanted to use a crate named `brush_core`, use `cargo add brush_core` to add it to your `Cargo.toml`
[INFO] [stdout] 
[INFO] [stdout] 
[INFO] [stdout] warning: method call on a diverging inference variable
[INFO] [stdout]   --> examples/call-func.rs:22:58
[INFO] [stdout]    |
[INFO] [stdout] 22 |     eprintln!("[Function definition result: {}]", result.is_success());
[INFO] [stdout]    |                                                          ^^^^^^^^^^
[INFO] [stdout]    |
[INFO] [stdout]    = help: consider providing a type annotation
[INFO] [stdout]    = warning: this was previously accepted by the compiler but is being phased out; it will become a hard error in a future release!
[INFO] [stdout]    = note: for more information, see issue #156047 <https://github.com/rust-lang/rust/issues/156047>
[INFO] [stdout]    = note: `-D method-call-on-diverging-infer-var` implied by `-D future-incompatible`
[INFO] [stdout]    = help: to override `-D future-incompatible` add `#[allow(method_call_on_diverging_infer_var)]`
[INFO] [stdout]    = note: the `method_call_on_diverging_infer_var` lint ignores `-D warnings`
[INFO] [stdout] 
[INFO] [stdout] 
[INFO] [stdout] error[E0433]: cannot find module or crate `brush_core` in this scope
[INFO] [stdout]    --> examples/custom-builtin.rs:125:21
[INFO] [stdout]     |
[INFO] [stdout] 125 |     let mut shell = brush_core::Shell::builder()
[INFO] [stdout]     |                     ^^^^^^^^^^ use of unresolved module or unlinked crate `brush_core`
[INFO] [stdout]     |
[INFO] [stdout]     = help: if you wanted to use a crate named `brush_core`, use `cargo add brush_core` to add it to your `Cargo.toml`
[INFO] [stdout] 
[INFO] [stdout] 
[INFO] [stdout] error[E0433]: cannot find module or crate `brush_core` in this scope
[INFO] [stdout]    --> examples/custom-builtin.rs:126:27
[INFO] [stdout]     |
[INFO] [stdout] 126 |         .builtin("greet", brush_core::builtins::builtin::<GreetCommand, SE>())
[INFO] [stdout]     |                           ^^^^^^^^^^ use of unresolved module or unlinked crate `brush_core`
[INFO] [stdout]     |
[INFO] [stdout]     = help: if you wanted to use a crate named `brush_core`, use `cargo add brush_core` to add it to your `Cargo.toml`
[INFO] [stdout] 
[INFO] [stdout] 
[INFO] [stdout] error[E0433]: cannot find module or crate `brush_core` in this scope
[INFO] [stdout]    --> examples/custom-builtin.rs:134:14
[INFO] [stdout]     |
[INFO] [stdout] 134 |             &brush_core::SourceInfo::default(),
[INFO] [stdout]     |              ^^^^^^^^^^ use of unresolved module or unlinked crate `brush_core`
[INFO] [stdout]     |
[INFO] [stdout]     = help: if you wanted to use a crate named `brush_core`, use `cargo add brush_core` to add it to your `Cargo.toml`
[INFO] [stdout] 
[INFO] [stdout] 
[INFO] [stdout] error[E0433]: cannot find module or crate `brush_core` in this scope
[INFO] [stdout]   --> examples/custom-builtin.rs:37:24
[INFO] [stdout]    |
[INFO] [stdout] 37 |     ShellError(#[from] brush_core::Error),
[INFO] [stdout]    |                        ^^^^^^^^^^ use of unresolved module or unlinked crate `brush_core`
[INFO] [stdout]    |
[INFO] [stdout]    = help: if you wanted to use a crate named `brush_core`, use `cargo add brush_core` to add it to your `Cargo.toml`
[INFO] [stdout] 
[INFO] [stdout] 
[INFO] [stdout] error[E0599]: no method named `is_success` found for type `!` in the current scope
[INFO] [stdout]   --> examples/call-func.rs:22:58
[INFO] [stdout]    |
[INFO] [stdout] 22 |     eprintln!("[Function definition result: {}]", result.is_success());
[INFO] [stdout]    |                                                          ^^^^^^^^^^ method not found in `!`
[INFO] [stdout] 
[INFO] [stdout] 
[INFO] [stdout] error[E0433]: cannot find module or crate `brush_core` in this scope
[INFO] [stdout]   --> examples/custom-builtin.rs:46:6
[INFO] [stdout]    |
[INFO] [stdout] 46 | impl brush_core::BuiltinError for GreetError {}
[INFO] [stdout]    |      ^^^^^^^^^^ use of unresolved module or unlinked crate `brush_core`
[INFO] [stdout]    |
[INFO] [stdout]    = help: if you wanted to use a crate named `brush_core`, use `cargo add brush_core` to add it to your `Cargo.toml`
[INFO] [stdout] 
[INFO] [stdout] 
[INFO] [stdout] error[E0433]: cannot find module or crate `brush_core` in this scope
[INFO] [stdout]   --> examples/custom-builtin.rs:51:28
[INFO] [stdout]    |
[INFO] [stdout] 51 | impl From<&GreetError> for brush_core::ExecutionExitCode {
[INFO] [stdout]    |                            ^^^^^^^^^^ use of unresolved module or unlinked crate `brush_core`
[INFO] [stdout]    |
[INFO] [stdout]    = help: if you wanted to use a crate named `brush_core`, use `cargo add brush_core` to add it to your `Cargo.toml`
[INFO] [stdout] 
[INFO] [stdout] 
[INFO] [stdout] error[E0433]: cannot find module or crate `brush_core` in this scope
[INFO] [stdout]   --> examples/custom-builtin.rs:88:26
[INFO] [stdout]    |
[INFO] [stdout] 88 |     async fn execute<SE: brush_core::ShellExtensions>(
[INFO] [stdout]    |                          ^^^^^^^^^^ use of unresolved module or unlinked crate `brush_core`
[INFO] [stdout]    |
[INFO] [stdout]    = help: if you wanted to use a crate named `brush_core`, use `cargo add brush_core` to add it to your `Cargo.toml`
[INFO] [stdout] 
[INFO] [stdout] 
[INFO] [stdout] error[E0433]: cannot find module or crate `brush_core` in this scope
[INFO] [stdout]   --> examples/custom-builtin.rs:90:18
[INFO] [stdout]    |
[INFO] [stdout] 90 |         context: brush_core::ExecutionContext<'_, SE>,
[INFO] [stdout]    |                  ^^^^^^^^^^ use of unresolved module or unlinked crate `brush_core`
[INFO] [stdout]    |
[INFO] [stdout]    = help: if you wanted to use a crate named `brush_core`, use `cargo add brush_core` to add it to your `Cargo.toml`
[INFO] [stdout] 
[INFO] [stdout] 
[INFO] [stdout] Some errors have detailed explanations: E0432, E0433.
[INFO] [stdout] 
[INFO] [stdout] For more information about an error, try `rustc --explain E0432`.
[INFO] [stdout] 
[INFO] [stderr] error: could not compile `shannon-brush-core` (example "custom-builtin") due to 10 previous errors
[INFO] [stderr] warning: build failed, waiting for other jobs to finish...
[INFO] [stdout] error[E0433]: cannot find module or crate `brush_core` in this scope
[INFO] [stdout]  --> examples/call-func.rs:5:40
[INFO] [stdout]   |
[INFO] [stdout] 5 | async fn instantiate_shell() -> Result<brush_core::Shell> {
[INFO] [stdout]   |                                        ^^^^^^^^^^ use of unresolved module or unlinked crate `brush_core`
[INFO] [stdout]   |
[INFO] [stdout]   = help: if you wanted to use a crate named `brush_core`, use `cargo add brush_core` to add it to your `Cargo.toml`
[INFO] [stdout] 
[INFO] [stdout] 
[INFO] [stdout] error[E0433]: cannot find module or crate `brush_core` in this scope
[INFO] [stdout]   --> examples/call-func.rs:10:34
[INFO] [stdout]    |
[INFO] [stdout] 10 | async fn define_func(shell: &mut brush_core::Shell) -> Result<()> {
[INFO] [stdout]    |                                  ^^^^^^^^^^ use of unresolved module or unlinked crate `brush_core`
[INFO] [stdout]    |
[INFO] [stdout]    = help: if you wanted to use a crate named `brush_core`, use `cargo add brush_core` to add it to your `Cargo.toml`
[INFO] [stdout] 
[INFO] [stdout] 
[INFO] [stdout] error[E0433]: cannot find module or crate `brush_core` in this scope
[INFO] [stdout]   --> examples/call-func.rs:27:31
[INFO] [stdout]    |
[INFO] [stdout] 27 | async fn run_func(shell: &mut brush_core::Shell, suppress_stdout: bool) -> Result<()> {
[INFO] [stdout]    |                               ^^^^^^^^^^ use of unresolved module or unlinked crate `brush_core`
[INFO] [stdout]    |
[INFO] [stdout]    = help: if you wanted to use a crate named `brush_core`, use `cargo add brush_core` to add it to your `Cargo.toml`
[INFO] [stdout] 
[INFO] [stdout] 
[INFO] [stdout] Some errors have detailed explanations: E0433, E0599.
[INFO] [stdout] 
[INFO] [stdout] For more information about an error, try `rustc --explain E0433`.
[INFO] [stdout] 
[INFO] [stderr] error: could not compile `shannon-brush-core` (example "call-func") due to 8 previous errors; 2 warnings emitted
[INFO] running `Command { std: "docker" "inspect" "bc8e3f3075452985ebbd4d6d590daf838a3f1c4781b3991912a083b84652500f", kill_on_drop: false }`
[INFO] running `Command { std: "docker" "rm" "-f" "bc8e3f3075452985ebbd4d6d590daf838a3f1c4781b3991912a083b84652500f", kill_on_drop: false }`
[INFO] [stdout] bc8e3f3075452985ebbd4d6d590daf838a3f1c4781b3991912a083b84652500f
