[INFO] fetching crate serde-yaml-olidacombe 0.8.27...
[INFO] testing serde-yaml-olidacombe-0.8.27 against 1.99.0-beta.8 for beta-1.100-2
[INFO] extracting crate serde-yaml-olidacombe 0.8.27 into /workspace/builds/worker-7-tc1/source
[INFO] started tweaking crates.io crate serde-yaml-olidacombe 0.8.27
[INFO] finished tweaking crates.io crate serde-yaml-olidacombe 0.8.27
[INFO] tweaked toml for crates.io crate serde-yaml-olidacombe 0.8.27 written to /workspace/builds/worker-7-tc1/source/Cargo.toml
[INFO] validating manifest of crates.io crate serde-yaml-olidacombe 0.8.27 on toolchain 1.99.0-beta.8
[INFO] running `Command { std: CARGO_HOME="/workspace/cargo-home" RUSTUP_HOME="/workspace/rustup-home" "/workspace/cargo-home/bin/cargo" "+1.99.0-beta.8" "metadata" "--manifest-path" "Cargo.toml" "--no-deps", kill_on_drop: false }`
[INFO] running `Command { std: CARGO_HOME="/workspace/cargo-home" RUSTUP_HOME="/workspace/rustup-home" "/workspace/cargo-home/bin/cargo" "+1.99.0-beta.8" "generate-lockfile" "--manifest-path" "Cargo.toml", kill_on_drop: false }`
[INFO] [stderr]     Updating crates.io index
[INFO] [stderr]      Locking 31 packages to highest compatible versions
[INFO] [stderr]       Adding indexmap v1.9.3 (available: v2.14.2)
[INFO] [stderr]       Adding indoc v1.0.9 (available: v2.0.7)
[INFO] running `Command { std: CARGO_HOME="/workspace/cargo-home" RUSTUP_HOME="/workspace/rustup-home" "/workspace/cargo-home/bin/cargo" "+1.99.0-beta.8" "fetch" "--manifest-path" "Cargo.toml", kill_on_drop: false }`
[INFO] [stderr]  Downloading crates ...
[INFO] [stderr]   Downloaded indoc v1.0.9
[INFO] [stderr]   Downloaded yaml-rust-olidacombe v0.6.0
[INFO] running `Command { std: "docker" "create" "-v" "/var/lib/crater-agent-workspace/builds/worker-7-tc1/source:/opt/rustwide/workdir:ro,Z" "-v" "/var/lib/crater-agent-workspace/builds/worker-7-tc1/target:/opt/rustwide/target:rw,Z" "-v" "/var/lib/crater-agent-workspace/cargo-home:/opt/rustwide/cargo-home:ro,Z" "-v" "/var/lib/crater-agent-workspace/rustup-home:/opt/rustwide/rustup-home:ro,Z" "-m" "1610612736" "--network" "none" "ghcr.io/rust-lang/crates-build-env/linux@sha256:3111399a4047eeb3a02b7a90e478d715f38a8c6669b5c4b49d30a17385265909" "sleep" "infinity", kill_on_drop: false }`
[INFO] [stdout] 4e23c04e4182e6118caa441dcc0d6837705f079e1574c7e7d2861502bbf3a94f
[INFO] running `Command { std: "docker" "start" "4e23c04e4182e6118caa441dcc0d6837705f079e1574c7e7d2861502bbf3a94f", kill_on_drop: false }`
[INFO] running `Command { std: "docker" "inspect" "4e23c04e4182e6118caa441dcc0d6837705f079e1574c7e7d2861502bbf3a94f", kill_on_drop: false }`
[INFO] running `Command { std: "docker" "exec" "-e" "SOURCE_DIR=/opt/rustwide/workdir" "-e" "CARGO_HOME=/opt/rustwide/cargo-home" "-e" "RUSTUP_HOME=/opt/rustwide/rustup-home" "-e" "CARGO_TARGET_DIR=/opt/rustwide/target" "-w" "/opt/rustwide/workdir" "--user" "0:0" "4e23c04e4182e6118caa441dcc0d6837705f079e1574c7e7d2861502bbf3a94f" "/opt/rustwide/cargo-home/bin/cargo" "+1.99.0-beta.8" "metadata" "--no-deps" "--format-version=1", kill_on_drop: false }`
[INFO] running `Command { std: "docker" "inspect" "4e23c04e4182e6118caa441dcc0d6837705f079e1574c7e7d2861502bbf3a94f", kill_on_drop: false }`
[INFO] running `Command { std: "docker" "exec" "-e" "SOURCE_DIR=/opt/rustwide/workdir" "-e" "CARGO_HOME=/opt/rustwide/cargo-home" "-e" "RUSTUP_HOME=/opt/rustwide/rustup-home" "-e" "CARGO_TARGET_DIR=/opt/rustwide/target" "-e" "CARGO_INCREMENTAL=0" "-e" "RUST_BACKTRACE=full" "-e" "RUSTFLAGS=--cap-lints=warn" "-e" "RUSTDOCFLAGS=--cap-lints=warn" "-w" "/opt/rustwide/workdir" "--user" "0:0" "4e23c04e4182e6118caa441dcc0d6837705f079e1574c7e7d2861502bbf3a94f" "/opt/rustwide/cargo-home/bin/cargo" "+1.99.0-beta.8" "build" "--frozen" "--message-format=json", kill_on_drop: false }`
[INFO] [stderr]    Compiling encoding_index_tests v0.1.4
[INFO] [stderr]    Compiling once_cell v1.21.4
[INFO] [stderr]    Compiling serde v1.0.229
[INFO] [stderr]    Compiling encoding-index-korean v1.20141219.5
[INFO] [stderr]    Compiling encoding-index-japanese v1.20141219.5
[INFO] [stderr]    Compiling encoding-index-simpchinese v1.20141219.5
[INFO] [stderr]    Compiling encoding-index-singlebyte v1.20141219.5
[INFO] [stderr]    Compiling encoding-index-tradchinese v1.20141219.5
[INFO] [stderr]    Compiling ahash v0.8.12
[INFO] [stderr]    Compiling encoding v0.2.33
[INFO] [stderr]    Compiling hashbrown v0.14.5
[INFO] [stderr]    Compiling hashlink v0.8.4
[INFO] [stderr]    Compiling yaml-rust-olidacombe v0.6.0
[INFO] [stderr]    Compiling serde-yaml-olidacombe v0.8.27 (/opt/rustwide/workdir)
[INFO] [stdout] warning: use of deprecated constant `std::f64::INFINITY`: replaced by the `INFINITY` associated constant on `f64`
[INFO] [stdout]     --> src/de.rs:1010:67
[INFO] [stdout]      |
[INFO] [stdout] 1010 |         ".inf" | ".Inf" | ".INF" => return visitor.visit_f64(f64::INFINITY),
[INFO] [stdout]      |                                                                   ^^^^^^^^
[INFO] [stdout]      |
[INFO] [stdout]      = note: `#[warn(deprecated)]` on by default
[INFO] [stdout] 
[INFO] [stdout] 
[INFO] [stdout] warning: use of deprecated constant `std::f64::NEG_INFINITY`: replaced by the `NEG_INFINITY` associated constant on `f64`
[INFO] [stdout]     --> src/de.rs:1014:39
[INFO] [stdout]      |
[INFO] [stdout] 1014 |         return visitor.visit_f64(f64::NEG_INFINITY);
[INFO] [stdout]      |                                       ^^^^^^^^^^^^
[INFO] [stdout] 
[INFO] [stdout] 
[INFO] [stdout] warning: use of deprecated constant `std::f64::NAN`: replaced by the `NAN` associated constant on `f64`
[INFO] [stdout]     --> src/de.rs:1017:39
[INFO] [stdout]      |
[INFO] [stdout] 1017 |         return visitor.visit_f64(f64::NAN);
[INFO] [stdout]      |                                       ^^^
[INFO] [stdout] 
[INFO] [stdout] 
[INFO] [stdout] warning: use of deprecated module `std::i64`: all constants in this module replaced by associated constants on the type
[INFO] [stdout]  --> src/number.rs:7:10
[INFO] [stdout]   |
[INFO] [stdout] 7 | use std::i64;
[INFO] [stdout]   |          ^^^
[INFO] [stdout] 
[INFO] [stdout] 
[INFO] [stdout] warning: use of deprecated constant `std::f64::INFINITY`: replaced by the `INFINITY` associated constant on `f64`
[INFO] [stdout]    --> src/value/mod.rs:597:36
[INFO] [stdout]     |
[INFO] [stdout] 597 |                 Value::Number(f64::INFINITY.into())
[INFO] [stdout]     |                                    ^^^^^^^^
[INFO] [stdout] 
[INFO] [stdout] 
[INFO] [stdout] warning: use of deprecated constant `std::f64::NEG_INFINITY`: replaced by the `NEG_INFINITY` associated constant on `f64`
[INFO] [stdout]    --> src/value/mod.rs:599:36
[INFO] [stdout]     |
[INFO] [stdout] 599 |                 Value::Number(f64::NEG_INFINITY.into())
[INFO] [stdout]     |                                    ^^^^^^^^^^^^
[INFO] [stdout] 
[INFO] [stdout] 
[INFO] [stdout] warning: use of deprecated constant `std::f64::NAN`: replaced by the `NAN` associated constant on `f64`
[INFO] [stdout]    --> src/value/mod.rs:601:36
[INFO] [stdout]     |
[INFO] [stdout] 601 |                 Value::Number(f64::NAN.into())
[INFO] [stdout]     |                                    ^^^
[INFO] [stdout] 
[INFO] [stdout] 
[INFO] [stdout] warning: use of deprecated associated function `core::num::<impl i64>::max_value`: replaced by the `MAX` associated constant on this type
[INFO] [stdout]   --> src/number.rs:58:39
[INFO] [stdout]    |
[INFO] [stdout] 58 |             N::PosInt(v) => v <= i64::max_value() as u64,
[INFO] [stdout]    |                                       ^^^^^^^^^
[INFO] [stdout] 
[INFO] [stdout] 
[INFO] [stdout] warning: use of deprecated associated function `core::num::<impl i64>::max_value`: replaced by the `MAX` associated constant on this type
[INFO] [stdout]    --> src/number.rs:150:30
[INFO] [stdout]     |
[INFO] [stdout] 150 |                 if n <= i64::max_value() as u64 {
[INFO] [stdout]     |                              ^^^^^^^^^
[INFO] [stdout] 
[INFO] [stdout] 
[INFO] [stdout] warning: use of deprecated associated function `core::num::<impl i64>::max_value`: replaced by the `MAX` associated constant on this type
[INFO] [stdout]    --> src/ser.rs:486:22
[INFO] [stdout]     |
[INFO] [stdout] 486 |         if v <= i64::max_value() as i128 && v >= i64::min_value() as i128 {
[INFO] [stdout]     |                      ^^^^^^^^^
[INFO] [stdout] 
[INFO] [stdout] 
[INFO] [stdout] warning: use of deprecated associated function `core::num::<impl i64>::min_value`: replaced by the `MIN` associated constant on this type
[INFO] [stdout]    --> src/ser.rs:486:55
[INFO] [stdout]     |
[INFO] [stdout] 486 |         if v <= i64::max_value() as i128 && v >= i64::min_value() as i128 {
[INFO] [stdout]     |                                                       ^^^^^^^^^
[INFO] [stdout] 
[INFO] [stdout] 
[INFO] [stdout] warning: use of deprecated associated function `core::num::<impl i64>::max_value`: replaced by the `MAX` associated constant on this type
[INFO] [stdout]    --> src/ser.rs:506:22
[INFO] [stdout]     |
[INFO] [stdout] 506 |         if v <= i64::max_value() as u64 {
[INFO] [stdout]     |                      ^^^^^^^^^
[INFO] [stdout] 
[INFO] [stdout] 
[INFO] [stdout] warning: use of deprecated associated function `core::num::<impl i64>::max_value`: replaced by the `MAX` associated constant on this type
[INFO] [stdout]    --> src/ser.rs:515:22
[INFO] [stdout]     |
[INFO] [stdout] 515 |         if v <= i64::max_value() as u128 {
[INFO] [stdout]     |                      ^^^^^^^^^
[INFO] [stdout] 
[INFO] [stdout] 
[INFO] [stdout] warning: hiding a lifetime that's elided elsewhere is confusing
[INFO] [stdout]   --> src/mapping.rs:82:18
[INFO] [stdout]    |
[INFO] [stdout] 82 |     pub fn entry(&mut self, k: Value) -> Entry {
[INFO] [stdout]    |                  ^^^^^^^^^               ^^^^^ the same lifetime is hidden here
[INFO] [stdout]    |                  |
[INFO] [stdout]    |                  the lifetime is elided here
[INFO] [stdout]    |
[INFO] [stdout]    = help: the same lifetime is referred to in inconsistent ways, making the signature confusing
[INFO] [stdout]    = note: `#[warn(mismatched_lifetime_syntaxes)]` on by default
[INFO] [stdout] help: use `'_` for type paths
[INFO] [stdout]    |
[INFO] [stdout] 82 |     pub fn entry(&mut self, k: Value) -> Entry<'_> {
[INFO] [stdout]    |                                               ++++
[INFO] [stdout] 
[INFO] [stdout] 
[INFO] [stdout] warning: hiding a lifetime that's elided elsewhere is confusing
[INFO] [stdout]    --> src/mapping.rs:123:17
[INFO] [stdout]     |
[INFO] [stdout] 123 |     pub fn iter(&self) -> Iter {
[INFO] [stdout]     |                 ^^^^^     ^^^^ the same lifetime is hidden here
[INFO] [stdout]     |                 |
[INFO] [stdout]     |                 the lifetime is elided here
[INFO] [stdout]     |
[INFO] [stdout]     = help: the same lifetime is referred to in inconsistent ways, making the signature confusing
[INFO] [stdout] help: use `'_` for type paths
[INFO] [stdout]     |
[INFO] [stdout] 123 |     pub fn iter(&self) -> Iter<'_> {
[INFO] [stdout]     |                               ++++
[INFO] [stdout] 
[INFO] [stdout] 
[INFO] [stdout] warning: hiding a lifetime that's elided elsewhere is confusing
[INFO] [stdout]    --> src/mapping.rs:132:21
[INFO] [stdout]     |
[INFO] [stdout] 132 |     pub fn iter_mut(&mut self) -> IterMut {
[INFO] [stdout]     |                     ^^^^^^^^^     ^^^^^^^ the same lifetime is hidden here
[INFO] [stdout]     |                     |
[INFO] [stdout]     |                     the lifetime is elided here
[INFO] [stdout]     |
[INFO] [stdout]     = help: the same lifetime is referred to in inconsistent ways, making the signature confusing
[INFO] [stdout] help: use `'_` for type paths
[INFO] [stdout]     |
[INFO] [stdout] 132 |     pub fn iter_mut(&mut self) -> IterMut<'_> {
[INFO] [stdout]     |                                          ++++
[INFO] [stdout] 
[INFO] [stdout] 
[INFO] [stdout] warning: hiding a lifetime that's elided elsewhere is confusing
[INFO] [stdout]    --> src/number.rs:544:34
[INFO] [stdout]     |
[INFO] [stdout] 544 | pub(crate) fn unexpected(number: &Number) -> Unexpected {
[INFO] [stdout]     |                                  ^^^^^^^     ^^^^^^^^^^ the same lifetime is hidden here
[INFO] [stdout]     |                                  |
[INFO] [stdout]     |                                  the lifetime is elided here
[INFO] [stdout]     |
[INFO] [stdout]     = help: the same lifetime is referred to in inconsistent ways, making the signature confusing
[INFO] [stdout] help: use `'_` for type paths
[INFO] [stdout]     |
[INFO] [stdout] 544 | pub(crate) fn unexpected(number: &Number) -> Unexpected<'_> {
[INFO] [stdout]     |                                                        ++++
[INFO] [stdout] 
[INFO] [stdout] 
[INFO] [stdout] warning: hiding a lifetime that's elided elsewhere is confusing
[INFO] [stdout]    --> src/value/de.rs:697:19
[INFO] [stdout]     |
[INFO] [stdout] 697 |     fn unexpected(&self) -> Unexpected {
[INFO] [stdout]     |                   ^^^^^     ^^^^^^^^^^ the same lifetime is hidden here
[INFO] [stdout]     |                   |
[INFO] [stdout]     |                   the lifetime is elided here
[INFO] [stdout]     |
[INFO] [stdout]     = help: the same lifetime is referred to in inconsistent ways, making the signature confusing
[INFO] [stdout] help: use `'_` for type paths
[INFO] [stdout]     |
[INFO] [stdout] 697 |     fn unexpected(&self) -> Unexpected<'_> {
[INFO] [stdout]     |                                       ++++
[INFO] [stdout] 
[INFO] [stdout] 
[INFO] [stderr]     Finished `dev` profile [unoptimized + debuginfo] target(s) in 4.39s
[INFO] running `Command { std: "docker" "inspect" "4e23c04e4182e6118caa441dcc0d6837705f079e1574c7e7d2861502bbf3a94f", kill_on_drop: false }`
[INFO] running `Command { std: "docker" "exec" "-e" "SOURCE_DIR=/opt/rustwide/workdir" "-e" "CARGO_HOME=/opt/rustwide/cargo-home" "-e" "RUSTUP_HOME=/opt/rustwide/rustup-home" "-e" "CARGO_TARGET_DIR=/opt/rustwide/target" "-e" "CARGO_INCREMENTAL=0" "-e" "RUST_BACKTRACE=full" "-e" "RUSTFLAGS=--cap-lints=warn" "-e" "RUSTDOCFLAGS=--cap-lints=warn" "-w" "/opt/rustwide/workdir" "--user" "0:0" "4e23c04e4182e6118caa441dcc0d6837705f079e1574c7e7d2861502bbf3a94f" "/opt/rustwide/cargo-home/bin/cargo" "+1.99.0-beta.8" "test" "--frozen" "--no-run" "--message-format=json", kill_on_drop: false }`
[INFO] [stderr]    Compiling proc-macro2 v1.0.107
[INFO] [stderr]    Compiling quote v1.0.47
[INFO] [stderr]    Compiling indoc v1.0.9
[INFO] [stdout] warning: use of deprecated constant `std::f64::INFINITY`: replaced by the `INFINITY` associated constant on `f64`
[INFO] [stdout]     --> src/de.rs:1010:67
[INFO] [stdout]      |
[INFO] [stdout] 1010 |         ".inf" | ".Inf" | ".INF" => return visitor.visit_f64(f64::INFINITY),
[INFO] [stdout]      |                                                                   ^^^^^^^^
[INFO] [stdout]      |
[INFO] [stdout]      = note: `#[warn(deprecated)]` on by default
[INFO] [stdout] 
[INFO] [stdout] 
[INFO] [stdout] warning: use of deprecated constant `std::f64::NEG_INFINITY`: replaced by the `NEG_INFINITY` associated constant on `f64`
[INFO] [stdout]     --> src/de.rs:1014:39
[INFO] [stdout]      |
[INFO] [stdout] 1014 |         return visitor.visit_f64(f64::NEG_INFINITY);
[INFO] [stdout]      |                                       ^^^^^^^^^^^^
[INFO] [stdout] 
[INFO] [stdout] 
[INFO] [stdout] warning: use of deprecated constant `std::f64::NAN`: replaced by the `NAN` associated constant on `f64`
[INFO] [stdout]     --> src/de.rs:1017:39
[INFO] [stdout]      |
[INFO] [stdout] 1017 |         return visitor.visit_f64(f64::NAN);
[INFO] [stdout]      |                                       ^^^
[INFO] [stdout] 
[INFO] [stdout] 
[INFO] [stdout] warning: use of deprecated module `std::i64`: all constants in this module replaced by associated constants on the type
[INFO] [stdout]  --> src/number.rs:7:10
[INFO] [stdout]   |
[INFO] [stdout] 7 | use std::i64;
[INFO] [stdout]   |          ^^^
[INFO] [stdout] 
[INFO] [stdout] 
[INFO] [stdout] warning: use of deprecated constant `std::f64::INFINITY`: replaced by the `INFINITY` associated constant on `f64`
[INFO] [stdout]    --> src/value/mod.rs:597:36
[INFO] [stdout]     |
[INFO] [stdout] 597 |                 Value::Number(f64::INFINITY.into())
[INFO] [stdout]     |                                    ^^^^^^^^
[INFO] [stdout] 
[INFO] [stdout] 
[INFO] [stdout] warning: use of deprecated constant `std::f64::NEG_INFINITY`: replaced by the `NEG_INFINITY` associated constant on `f64`
[INFO] [stdout]    --> src/value/mod.rs:599:36
[INFO] [stdout]     |
[INFO] [stdout] 599 |                 Value::Number(f64::NEG_INFINITY.into())
[INFO] [stdout]     |                                    ^^^^^^^^^^^^
[INFO] [stdout] 
[INFO] [stdout] 
[INFO] [stdout] warning: use of deprecated constant `std::f64::NAN`: replaced by the `NAN` associated constant on `f64`
[INFO] [stdout]    --> src/value/mod.rs:601:36
[INFO] [stdout]     |
[INFO] [stdout] 601 |                 Value::Number(f64::NAN.into())
[INFO] [stdout]     |                                    ^^^
[INFO] [stdout] 
[INFO] [stdout] 
[INFO] [stdout] warning: use of deprecated associated function `core::num::<impl i64>::max_value`: replaced by the `MAX` associated constant on this type
[INFO] [stdout]   --> src/number.rs:58:39
[INFO] [stdout]    |
[INFO] [stdout] 58 |             N::PosInt(v) => v <= i64::max_value() as u64,
[INFO] [stdout]    |                                       ^^^^^^^^^
[INFO] [stdout] 
[INFO] [stdout] 
[INFO] [stdout] warning: use of deprecated associated function `core::num::<impl i64>::max_value`: replaced by the `MAX` associated constant on this type
[INFO] [stdout]    --> src/number.rs:150:30
[INFO] [stdout]     |
[INFO] [stdout] 150 |                 if n <= i64::max_value() as u64 {
[INFO] [stdout]     |                              ^^^^^^^^^
[INFO] [stdout] 
[INFO] [stdout] 
[INFO] [stdout] warning: use of deprecated associated function `core::num::<impl i64>::max_value`: replaced by the `MAX` associated constant on this type
[INFO] [stdout]    --> src/ser.rs:486:22
[INFO] [stdout]     |
[INFO] [stdout] 486 |         if v <= i64::max_value() as i128 && v >= i64::min_value() as i128 {
[INFO] [stdout]     |                      ^^^^^^^^^
[INFO] [stdout] 
[INFO] [stdout] 
[INFO] [stdout] warning: use of deprecated associated function `core::num::<impl i64>::min_value`: replaced by the `MIN` associated constant on this type
[INFO] [stdout]    --> src/ser.rs:486:55
[INFO] [stdout]     |
[INFO] [stdout] 486 |         if v <= i64::max_value() as i128 && v >= i64::min_value() as i128 {
[INFO] [stdout]     |                                                       ^^^^^^^^^
[INFO] [stdout] 
[INFO] [stdout] 
[INFO] [stdout] warning: use of deprecated associated function `core::num::<impl i64>::max_value`: replaced by the `MAX` associated constant on this type
[INFO] [stdout]    --> src/ser.rs:506:22
[INFO] [stdout]     |
[INFO] [stdout] 506 |         if v <= i64::max_value() as u64 {
[INFO] [stdout]     |                      ^^^^^^^^^
[INFO] [stdout] 
[INFO] [stdout] 
[INFO] [stdout] warning: use of deprecated associated function `core::num::<impl i64>::max_value`: replaced by the `MAX` associated constant on this type
[INFO] [stdout]    --> src/ser.rs:515:22
[INFO] [stdout]     |
[INFO] [stdout] 515 |         if v <= i64::max_value() as u128 {
[INFO] [stdout]     |                      ^^^^^^^^^
[INFO] [stdout] 
[INFO] [stdout] 
[INFO] [stdout] warning: hiding a lifetime that's elided elsewhere is confusing
[INFO] [stdout]   --> src/mapping.rs:82:18
[INFO] [stdout]    |
[INFO] [stdout] 82 |     pub fn entry(&mut self, k: Value) -> Entry {
[INFO] [stdout]    |                  ^^^^^^^^^               ^^^^^ the same lifetime is hidden here
[INFO] [stdout]    |                  |
[INFO] [stdout]    |                  the lifetime is elided here
[INFO] [stdout]    |
[INFO] [stdout]    = help: the same lifetime is referred to in inconsistent ways, making the signature confusing
[INFO] [stdout]    = note: `#[warn(mismatched_lifetime_syntaxes)]` on by default
[INFO] [stdout] help: use `'_` for type paths
[INFO] [stdout]    |
[INFO] [stdout] 82 |     pub fn entry(&mut self, k: Value) -> Entry<'_> {
[INFO] [stdout]    |                                               ++++
[INFO] [stdout] 
[INFO] [stdout] 
[INFO] [stdout] warning: hiding a lifetime that's elided elsewhere is confusing
[INFO] [stdout]    --> src/mapping.rs:123:17
[INFO] [stdout]     |
[INFO] [stdout] 123 |     pub fn iter(&self) -> Iter {
[INFO] [stdout]     |                 ^^^^^     ^^^^ the same lifetime is hidden here
[INFO] [stdout]     |                 |
[INFO] [stdout]     |                 the lifetime is elided here
[INFO] [stdout]     |
[INFO] [stdout]     = help: the same lifetime is referred to in inconsistent ways, making the signature confusing
[INFO] [stdout] help: use `'_` for type paths
[INFO] [stdout]     |
[INFO] [stdout] 123 |     pub fn iter(&self) -> Iter<'_> {
[INFO] [stdout]     |                               ++++
[INFO] [stdout] 
[INFO] [stdout] 
[INFO] [stdout] warning: hiding a lifetime that's elided elsewhere is confusing
[INFO] [stdout]    --> src/mapping.rs:132:21
[INFO] [stdout]     |
[INFO] [stdout] 132 |     pub fn iter_mut(&mut self) -> IterMut {
[INFO] [stdout]     |                     ^^^^^^^^^     ^^^^^^^ the same lifetime is hidden here
[INFO] [stdout]     |                     |
[INFO] [stdout]     |                     the lifetime is elided here
[INFO] [stdout]     |
[INFO] [stdout]     = help: the same lifetime is referred to in inconsistent ways, making the signature confusing
[INFO] [stdout] help: use `'_` for type paths
[INFO] [stdout]     |
[INFO] [stdout] 132 |     pub fn iter_mut(&mut self) -> IterMut<'_> {
[INFO] [stdout]     |                                          ++++
[INFO] [stdout] 
[INFO] [stdout] 
[INFO] [stdout] warning: hiding a lifetime that's elided elsewhere is confusing
[INFO] [stdout]    --> src/number.rs:544:34
[INFO] [stdout]     |
[INFO] [stdout] 544 | pub(crate) fn unexpected(number: &Number) -> Unexpected {
[INFO] [stdout]     |                                  ^^^^^^^     ^^^^^^^^^^ the same lifetime is hidden here
[INFO] [stdout]     |                                  |
[INFO] [stdout]     |                                  the lifetime is elided here
[INFO] [stdout]     |
[INFO] [stdout]     = help: the same lifetime is referred to in inconsistent ways, making the signature confusing
[INFO] [stdout] help: use `'_` for type paths
[INFO] [stdout]     |
[INFO] [stdout] 544 | pub(crate) fn unexpected(number: &Number) -> Unexpected<'_> {
[INFO] [stdout]     |                                                        ++++
[INFO] [stdout] 
[INFO] [stdout] 
[INFO] [stdout] warning: hiding a lifetime that's elided elsewhere is confusing
[INFO] [stdout]    --> src/value/de.rs:697:19
[INFO] [stdout]     |
[INFO] [stdout] 697 |     fn unexpected(&self) -> Unexpected {
[INFO] [stdout]     |                   ^^^^^     ^^^^^^^^^^ the same lifetime is hidden here
[INFO] [stdout]     |                   |
[INFO] [stdout]     |                   the lifetime is elided here
[INFO] [stdout]     |
[INFO] [stdout]     = help: the same lifetime is referred to in inconsistent ways, making the signature confusing
[INFO] [stdout] help: use `'_` for type paths
[INFO] [stdout]     |
[INFO] [stdout] 697 |     fn unexpected(&self) -> Unexpected<'_> {
[INFO] [stdout]     |                                       ++++
[INFO] [stdout] 
[INFO] [stdout] 
[INFO] [stderr]    Compiling syn v3.0.6
[INFO] [stderr]    Compiling serde_derive v1.0.229
[INFO] [stderr]    Compiling serde-yaml-olidacombe v0.8.27 (/opt/rustwide/workdir)
[INFO] [stdout] error[E0432]: unresolved import `serde_yaml`
[INFO] [stdout]  --> tests/test_value.rs:6:5
[INFO] [stdout]   |
[INFO] [stdout] 6 | use serde_yaml::{Number, Value};
[INFO] [stdout]   |     ^^^^^^^^^^ use of unresolved module or unlinked crate `serde_yaml`
[INFO] [stdout]   |
[INFO] [stdout]   = help: if you wanted to use a crate named `serde_yaml`, use `cargo add serde_yaml` to add it to your `Cargo.toml`
[INFO] [stdout] 
[INFO] [stdout] 
[INFO] [stdout] error[E0432]: unresolved import `serde_yaml`
[INFO] [stdout]   --> tests/test_serde.rs:10:5
[INFO] [stdout]    |
[INFO] [stdout] 10 | use serde_yaml::Value;
[INFO] [stdout]    |     ^^^^^^^^^^ use of unresolved module or unlinked crate `serde_yaml`
[INFO] [stdout]    |
[INFO] [stdout]    = help: if you wanted to use a crate named `serde_yaml`, use `cargo add serde_yaml` to add it to your `Cargo.toml`
[INFO] [stdout] 
[INFO] [stdout] 
[INFO] [stdout] error[E0432]: unresolved import `serde_yaml`
[INFO] [stdout]    --> tests/test_serde.rs:373:9
[INFO] [stdout]     |
[INFO] [stdout] 373 |     use serde_yaml::{Mapping, Number};
[INFO] [stdout]     |         ^^^^^^^^^^ use of unresolved module or unlinked crate `serde_yaml`
[INFO] [stdout]     |
[INFO] [stdout]     = help: if you wanted to use a crate named `serde_yaml`, use `cargo add serde_yaml` to add it to your `Cargo.toml`
[INFO] [stdout] 
[INFO] [stdout] 
[INFO] [stdout] error[E0432]: unresolved import `serde_yaml`
[INFO] [stdout]    --> tests/test_serde.rs:408:9
[INFO] [stdout]     |
[INFO] [stdout] 408 |     use serde_yaml::Mapping;
[INFO] [stdout]     |         ^^^^^^^^^^ use of unresolved module or unlinked crate `serde_yaml`
[INFO] [stdout]     |
[INFO] [stdout]     = help: if you wanted to use a crate named `serde_yaml`, use `cargo add serde_yaml` to add it to your `Cargo.toml`
[INFO] [stdout] 
[INFO] [stdout] 
[INFO] [stdout] error[E0432]: unresolved import `serde_yaml`
[INFO] [stdout]  --> tests/test_de.rs:9:5
[INFO] [stdout]   |
[INFO] [stdout] 9 | use serde_yaml::Value;
[INFO] [stdout]   |     ^^^^^^^^^^ use of unresolved module or unlinked crate `serde_yaml`
[INFO] [stdout]   |
[INFO] [stdout]   = help: if you wanted to use a crate named `serde_yaml`, use `cargo add serde_yaml` to add it to your `Cargo.toml`
[INFO] [stdout] 
[INFO] [stdout] 
[INFO] [stdout] error[E0433]: cannot find module or crate `serde_yaml` in this scope
[INFO] [stdout]   --> tests/test_de.rs:29:27
[INFO] [stdout]    |
[INFO] [stdout] 29 |     let deserialized: T = serde_yaml::seed::from_str_seed(yaml, seed).unwrap();
[INFO] [stdout]    |                           ^^^^^^^^^^ use of unresolved module or unlinked crate `serde_yaml`
[INFO] [stdout]    |
[INFO] [stdout]    = help: if you wanted to use a crate named `serde_yaml`, use `cargo add serde_yaml` to add it to your `Cargo.toml`
[INFO] [stdout] 
[INFO] [stdout] 
[INFO] [stdout] error[E0433]: cannot find module or crate `serde_yaml` in this scope
[INFO] [stdout]  --> tests/test_error.rs:9:18
[INFO] [stdout]   |
[INFO] [stdout] 9 |     let result = serde_yaml::from_str::<T>(yaml);
[INFO] [stdout]   |                  ^^^^^^^^^^ use of unresolved module or unlinked crate `serde_yaml`
[INFO] [stdout]   |
[INFO] [stdout]   = help: if you wanted to use a crate named `serde_yaml`, use `cargo add serde_yaml` to add it to your `Cargo.toml`
[INFO] [stdout] 
[INFO] [stdout] 
[INFO] [stdout] warning: use of deprecated constant `std::f64::NAN`: replaced by the `NAN` associated constant on `f64`
[INFO] [stdout]   --> tests/test_value.rs:19:22
[INFO] [stdout]    |
[INFO] [stdout] 19 |     let bits = (f64::NAN.to_bits() ^ significand_mask) | 1;
[INFO] [stdout]    |                      ^^^
[INFO] [stdout]    |
[INFO] [stdout]    = note: `#[warn(deprecated)]` on by default
[INFO] [stdout] 
[INFO] [stdout] 
[INFO] [stdout] warning: use of deprecated constant `std::u64::MAX`: replaced by the `MAX` associated constant on this type
[INFO] [stdout]   --> tests/test_serde.rs:53:29
[INFO] [stdout]    |
[INFO] [stdout] 53 |     let thing = ::std::u64::MAX;
[INFO] [stdout]    |                             ^^^
[INFO] [stdout]    |
[INFO] [stdout]    = note: `#[warn(deprecated)]` on by default
[INFO] [stdout] 
[INFO] [stdout] 
[INFO] [stdout] warning: use of deprecated constant `std::i64::MIN`: replaced by the `MIN` associated constant on this type
[INFO] [stdout]   --> tests/test_serde.rs:63:29
[INFO] [stdout]    |
[INFO] [stdout] 63 |     let thing = ::std::i64::MIN;
[INFO] [stdout]    |                             ^^^
[INFO] [stdout] 
[INFO] [stdout] 
[INFO] [stdout] warning: use of deprecated constant `std::i64::MAX`: replaced by the `MAX` associated constant on this type
[INFO] [stdout]   --> tests/test_serde.rs:73:29
[INFO] [stdout]    |
[INFO] [stdout] 73 |     let thing = ::std::i64::MAX;
[INFO] [stdout]    |                             ^^^
[INFO] [stdout] 
[INFO] [stdout] 
[INFO] [stdout] warning: use of deprecated constant `std::f64::INFINITY`: replaced by the `INFINITY` associated constant on `f64`
[INFO] [stdout]    --> tests/test_serde.rs:117:22
[INFO] [stdout]     |
[INFO] [stdout] 117 |     let thing = f64::INFINITY;
[INFO] [stdout]     |                      ^^^^^^^^
[INFO] [stdout] 
[INFO] [stdout] 
[INFO] [stdout] warning: use of deprecated constant `std::f64::NEG_INFINITY`: replaced by the `NEG_INFINITY` associated constant on `f64`
[INFO] [stdout]    --> tests/test_serde.rs:124:22
[INFO] [stdout]     |
[INFO] [stdout] 124 |     let thing = f64::NEG_INFINITY;
[INFO] [stdout]     |                      ^^^^^^^^^^^^
[INFO] [stdout] 
[INFO] [stdout] 
[INFO] [stdout] error[E0433]: cannot find module or crate `serde_yaml` in this scope
[INFO] [stdout]    --> tests/test_de.rs:255:23
[INFO] [stdout]     |
[INFO] [stdout] 255 |         substructure: serde_yaml::Mapping::new(),
[INFO] [stdout]     |                       ^^^^^^^^^^ use of unresolved module or unlinked crate `serde_yaml`
[INFO] [stdout]     |
[INFO] [stdout]     = help: if you wanted to use a crate named `serde_yaml`, use `cargo add serde_yaml` to add it to your `Cargo.toml`
[INFO] [stdout] 
[INFO] [stdout] 
[INFO] [stdout] error[E0433]: cannot find module or crate `serde_yaml` in this scope
[INFO] [stdout]    --> tests/test_error.rs:217:9
[INFO] [stdout]     |
[INFO] [stdout] 217 |         serde_yaml::from_slice(b"\x80\xae");
[INFO] [stdout]     |         ^^^^^^^^^^ use of unresolved module or unlinked crate `serde_yaml`
[INFO] [stdout]     |
[INFO] [stdout]     = help: if you wanted to use a crate named `serde_yaml`, use `cargo add serde_yaml` to add it to your `Cargo.toml`
[INFO] [stdout] 
[INFO] [stdout] 
[INFO] [stdout] warning: use of deprecated constant `std::f64::INFINITY`: replaced by the `INFINITY` associated constant on `f64`
[INFO] [stdout]     --> src/de.rs:1010:67
[INFO] [stdout]      |
[INFO] [stdout] 1010 |         ".inf" | ".Inf" | ".INF" => return visitor.visit_f64(f64::INFINITY),
[INFO] [stdout]      |                                                                   ^^^^^^^^
[INFO] [stdout]      |
[INFO] [stdout]      = note: `#[warn(deprecated)]` on by default
[INFO] [stdout] 
[INFO] [stdout] 
[INFO] [stdout] error[E0433]: cannot find module or crate `serde_yaml` in this scope
[INFO] [stdout]    --> tests/test_de.rs:258:9
[INFO] [stdout]     |
[INFO] [stdout] 258 |         serde_yaml::Value::String("a".to_owned()),
[INFO] [stdout]     |         ^^^^^^^^^^ use of unresolved module or unlinked crate `serde_yaml`
[INFO] [stdout]     |
[INFO] [stdout]     = help: if you wanted to use a crate named `serde_yaml`, use `cargo add serde_yaml` to add it to your `Cargo.toml`
[INFO] [stdout] 
[INFO] [stdout] 
[INFO] [stdout] error[E0433]: cannot find module or crate `serde_yaml` in this scope
[INFO] [stdout]   --> tests/test_value.rs:11:19
[INFO] [stdout]    |
[INFO] [stdout] 11 |     let pos_nan = serde_yaml::from_str::<Value>(".nan").unwrap();
[INFO] [stdout]    |                   ^^^^^^^^^^ use of unresolved module or unlinked crate `serde_yaml`
[INFO] [stdout]    |
[INFO] [stdout]    = help: if you wanted to use a crate named `serde_yaml`, use `cargo add serde_yaml` to add it to your `Cargo.toml`
[INFO] [stdout] 
[INFO] [stdout] 
[INFO] [stdout] warning: use of deprecated constant `std::f64::NEG_INFINITY`: replaced by the `NEG_INFINITY` associated constant on `f64`
[INFO] [stdout]     --> src/de.rs:1014:39
[INFO] [stdout]      |
[INFO] [stdout] 1014 |         return visitor.visit_f64(f64::NEG_INFINITY);
[INFO] [stdout]      |                                       ^^^^^^^^^^^^
[INFO] [stdout] 
[INFO] [stdout] 
[INFO] [stdout] warning: use of deprecated constant `std::f64::NAN`: replaced by the `NAN` associated constant on `f64`
[INFO] [stdout]     --> src/de.rs:1017:39
[INFO] [stdout]      |
[INFO] [stdout] 1017 |         return visitor.visit_f64(f64::NAN);
[INFO] [stdout]      |                                       ^^^
[INFO] [stdout] 
[INFO] [stdout] 
[INFO] [stdout] warning: use of deprecated module `std::i64`: all constants in this module replaced by associated constants on the type
[INFO] [stdout]  --> src/number.rs:7:10
[INFO] [stdout]   |
[INFO] [stdout] 7 | use std::i64;
[INFO] [stdout]   |          ^^^
[INFO] [stdout] 
[INFO] [stdout] 
[INFO] [stdout] error[E0433]: cannot find module or crate `serde_yaml` in this scope
[INFO] [stdout]   --> tests/test_value.rs:15:24
[INFO] [stdout]    |
[INFO] [stdout] 15 |     let neg_fake_nan = serde_yaml::from_str::<Value>("-.nan").unwrap();
[INFO] [stdout]    |                        ^^^^^^^^^^ use of unresolved module or unlinked crate `serde_yaml`
[INFO] [stdout]    |
[INFO] [stdout]    = help: if you wanted to use a crate named `serde_yaml`, use `cargo add serde_yaml` to add it to your `Cargo.toml`
[INFO] [stdout] 
[INFO] [stdout] 
[INFO] [stdout] error[E0433]: cannot find module or crate `serde_yaml` in this scope
[INFO] [stdout]   --> tests/test_value.rs:26:22
[INFO] [stdout]    |
[INFO] [stdout] 26 |     let num_string = serde_yaml::from_str::<Value>("01").unwrap();
[INFO] [stdout]    |                      ^^^^^^^^^^ use of unresolved module or unlinked crate `serde_yaml`
[INFO] [stdout]    |
[INFO] [stdout]    = help: if you wanted to use a crate named `serde_yaml`, use `cargo add serde_yaml` to add it to your `Cargo.toml`
[INFO] [stdout] 
[INFO] [stdout] 
[INFO] [stdout] error[E0433]: cannot find module or crate `serde_yaml` in this scope
[INFO] [stdout]    --> tests/test_de.rs:259:9
[INFO] [stdout]     |
[INFO] [stdout] 259 |         serde_yaml::Value::String("foo".to_owned()),
[INFO] [stdout]     |         ^^^^^^^^^^ use of unresolved module or unlinked crate `serde_yaml`
[INFO] [stdout]     |
[INFO] [stdout]     = help: if you wanted to use a crate named `serde_yaml`, use `cargo add serde_yaml` to add it to your `Cargo.toml`
[INFO] [stdout] 
[INFO] [stdout] 
[INFO] [stdout] warning: use of deprecated constant `std::f64::INFINITY`: replaced by the `INFINITY` associated constant on `f64`
[INFO] [stdout]    --> src/value/mod.rs:597:36
[INFO] [stdout]     |
[INFO] [stdout] 597 |                 Value::Number(f64::INFINITY.into())
[INFO] [stdout]     |                                    ^^^^^^^^
[INFO] [stdout] 
[INFO] [stdout] 
[INFO] [stdout] warning: use of deprecated constant `std::f64::NEG_INFINITY`: replaced by the `NEG_INFINITY` associated constant on `f64`
[INFO] [stdout]    --> src/value/mod.rs:599:36
[INFO] [stdout]     |
[INFO] [stdout] 599 |                 Value::Number(f64::NEG_INFINITY.into())
[INFO] [stdout]     |                                    ^^^^^^^^^^^^
[INFO] [stdout] 
[INFO] [stdout] 
[INFO] [stdout] warning: use of deprecated constant `std::f64::NAN`: replaced by the `NAN` associated constant on `f64`
[INFO] [stdout]    --> src/value/mod.rs:601:36
[INFO] [stdout]     |
[INFO] [stdout] 601 |                 Value::Number(f64::NAN.into())
[INFO] [stdout]     |                                    ^^^
[INFO] [stdout] 
[INFO] [stdout] 
[INFO] [stdout] error[E0433]: cannot find module or crate `serde_yaml` in this scope
[INFO] [stdout]   --> tests/test_value.rs:38:17
[INFO] [stdout]    |
[INFO] [stdout] 38 |     let value = serde_yaml::from_str::<Value>("xyz").unwrap();
[INFO] [stdout]    |                 ^^^^^^^^^^ use of unresolved module or unlinked crate `serde_yaml`
[INFO] [stdout]    |
[INFO] [stdout]    = help: if you wanted to use a crate named `serde_yaml`, use `cargo add serde_yaml` to add it to your `Cargo.toml`
[INFO] [stdout] 
[INFO] [stdout] 
[INFO] [stdout] error[E0433]: cannot find module or crate `serde_yaml` in this scope
[INFO] [stdout]    --> tests/test_de.rs:262:9
[INFO] [stdout]     |
[INFO] [stdout] 262 |         serde_yaml::Value::String("b".to_owned()),
[INFO] [stdout]     |         ^^^^^^^^^^ use of unresolved module or unlinked crate `serde_yaml`
[INFO] [stdout]     |
[INFO] [stdout]     = help: if you wanted to use a crate named `serde_yaml`, use `cargo add serde_yaml` to add it to your `Cargo.toml`
[INFO] [stdout] 
[INFO] [stdout] 
[INFO] [stdout] error[E0433]: cannot find module or crate `serde_yaml` in this scope
[INFO] [stdout]    --> tests/test_de.rs:263:9
[INFO] [stdout]     |
[INFO] [stdout] 263 |         serde_yaml::Value::String("bar".to_owned()),
[INFO] [stdout]     |         ^^^^^^^^^^ use of unresolved module or unlinked crate `serde_yaml`
[INFO] [stdout]     |
[INFO] [stdout]     = help: if you wanted to use a crate named `serde_yaml`, use `cargo add serde_yaml` to add it to your `Cargo.toml`
[INFO] [stdout] 
[INFO] [stdout] 
[INFO] [stdout] error[E0433]: cannot find module or crate `serde_yaml` in this scope
[INFO] [stdout]   --> tests/test_serde.rs:19:22
[INFO] [stdout]    |
[INFO] [stdout] 19 |     let serialized = serde_yaml::to_string(&thing).unwrap();
[INFO] [stdout]    |                      ^^^^^^^^^^ use of unresolved module or unlinked crate `serde_yaml`
[INFO] [stdout]    |
[INFO] [stdout]    = help: if you wanted to use a crate named `serde_yaml`, use `cargo add serde_yaml` to add it to your `Cargo.toml`
[INFO] [stdout] 
[INFO] [stdout] 
[INFO] [stdout] error[E0433]: cannot find module or crate `serde_yaml` in this scope
[INFO] [stdout]   --> tests/test_serde.rs:22:17
[INFO] [stdout]    |
[INFO] [stdout] 22 |     let value = serde_yaml::to_value(&thing).unwrap();
[INFO] [stdout]    |                 ^^^^^^^^^^ use of unresolved module or unlinked crate `serde_yaml`
[INFO] [stdout]    |
[INFO] [stdout]    = help: if you wanted to use a crate named `serde_yaml`, use `cargo add serde_yaml` to add it to your `Cargo.toml`
[INFO] [stdout] 
[INFO] [stdout] 
[INFO] [stdout] error[E0433]: cannot find module or crate `serde_yaml` in this scope
[INFO] [stdout]   --> tests/test_serde.rs:23:22
[INFO] [stdout]    |
[INFO] [stdout] 23 |     let serialized = serde_yaml::to_string(&value).unwrap();
[INFO] [stdout]    |                      ^^^^^^^^^^ use of unresolved module or unlinked crate `serde_yaml`
[INFO] [stdout]    |
[INFO] [stdout]    = help: if you wanted to use a crate named `serde_yaml`, use `cargo add serde_yaml` to add it to your `Cargo.toml`
[INFO] [stdout] 
[INFO] [stdout] 
[INFO] [stdout] error[E0433]: cannot find module or crate `serde_yaml` in this scope
[INFO] [stdout]   --> tests/test_serde.rs:26:27
[INFO] [stdout]    |
[INFO] [stdout] 26 |     let deserialized: T = serde_yaml::from_str(yaml).unwrap();
[INFO] [stdout]    |                           ^^^^^^^^^^ use of unresolved module or unlinked crate `serde_yaml`
[INFO] [stdout]    |
[INFO] [stdout]    = help: if you wanted to use a crate named `serde_yaml`, use `cargo add serde_yaml` to add it to your `Cargo.toml`
[INFO] [stdout] 
[INFO] [stdout] 
[INFO] [stdout] error[E0433]: cannot find module or crate `serde_yaml` in this scope
[INFO] [stdout]   --> tests/test_serde.rs:29:24
[INFO] [stdout]    |
[INFO] [stdout] 29 |     let value: Value = serde_yaml::from_str(yaml).unwrap();
[INFO] [stdout]    |                        ^^^^^^^^^^ use of unresolved module or unlinked crate `serde_yaml`
[INFO] [stdout]    |
[INFO] [stdout]    = help: if you wanted to use a crate named `serde_yaml`, use `cargo add serde_yaml` to add it to your `Cargo.toml`
[INFO] [stdout] 
[INFO] [stdout] 
[INFO] [stdout] error[E0433]: cannot find module or crate `serde_yaml` in this scope
[INFO] [stdout]   --> tests/test_serde.rs:30:27
[INFO] [stdout]    |
[INFO] [stdout] 30 |     let deserialized: T = serde_yaml::from_value(value).unwrap();
[INFO] [stdout]    |                           ^^^^^^^^^^ use of unresolved module or unlinked crate `serde_yaml`
[INFO] [stdout]    |
[INFO] [stdout]    = help: if you wanted to use a crate named `serde_yaml`, use `cargo add serde_yaml` to add it to your `Cargo.toml`
[INFO] [stdout] 
[INFO] [stdout] 
[INFO] [stdout] error[E0433]: cannot find module or crate `serde_yaml` in this scope
[INFO] [stdout]   --> tests/test_serde.rs:33:5
[INFO] [stdout]    |
[INFO] [stdout] 33 |     serde_yaml::from_str::<serde::de::IgnoredAny>(yaml).unwrap();
[INFO] [stdout]    |     ^^^^^^^^^^ use of unresolved module or unlinked crate `serde_yaml`
[INFO] [stdout]    |
[INFO] [stdout]    = help: if you wanted to use a crate named `serde_yaml`, use `cargo add serde_yaml` to add it to your `Cargo.toml`
[INFO] [stdout] 
[INFO] [stdout] 
[INFO] [stdout] error[E0433]: cannot find module or crate `serde_yaml` in this scope
[INFO] [stdout]   --> tests/test_value.rs:42:17
[INFO] [stdout]    |
[INFO] [stdout] 42 |     let value = serde_yaml::from_str::<Value>("- first\n- second\n- third").unwrap();
[INFO] [stdout]    |                 ^^^^^^^^^^ use of unresolved module or unlinked crate `serde_yaml`
[INFO] [stdout]    |
[INFO] [stdout]    = help: if you wanted to use a crate named `serde_yaml`, use `cargo add serde_yaml` to add it to your `Cargo.toml`
[INFO] [stdout] 
[INFO] [stdout] 
[INFO] [stdout] error[E0433]: cannot find module or crate `serde_yaml` in this scope
[INFO] [stdout]   --> tests/test_value.rs:46:17
[INFO] [stdout]    |
[INFO] [stdout] 46 |     let value = serde_yaml::from_str::<Value>("first: abc\nsecond: 99").unwrap();
[INFO] [stdout]    |                 ^^^^^^^^^^ use of unresolved module or unlinked crate `serde_yaml`
[INFO] [stdout]    |
[INFO] [stdout]    = help: if you wanted to use a crate named `serde_yaml`, use `cargo add serde_yaml` to add it to your `Cargo.toml`
[INFO] [stdout] 
[INFO] [stdout] 
[INFO] [stdout] error[E0433]: cannot find module or crate `serde_yaml` in this scope
[INFO] [stdout]    --> tests/test_serde.rs:131:22
[INFO] [stdout]     |
[INFO] [stdout] 131 |     let float: f64 = serde_yaml::from_str(indoc! {"
[INFO] [stdout]     |                      ^^^^^^^^^^ use of unresolved module or unlinked crate `serde_yaml`
[INFO] [stdout]     |
[INFO] [stdout]     = help: if you wanted to use a crate named `serde_yaml`, use `cargo add serde_yaml` to add it to your `Cargo.toml`
[INFO] [stdout] 
[INFO] [stdout] 
[INFO] [stdout] error[E0433]: cannot find module or crate `serde_yaml` in this scope
[INFO] [stdout]    --> tests/test_serde.rs:162:29
[INFO] [stdout]     |
[INFO] [stdout] 162 |     let single_float: f32 = serde_yaml::from_str(indoc! {"
[INFO] [stdout]     |                             ^^^^^^^^^^ use of unresolved module or unlinked crate `serde_yaml`
[INFO] [stdout]     |
[INFO] [stdout]     = help: if you wanted to use a crate named `serde_yaml`, use `cargo add serde_yaml` to add it to your `Cargo.toml`
[INFO] [stdout] 
[INFO] [stdout] 
[INFO] [stdout] warning: use of deprecated constant `std::i64::MIN`: replaced by the `MIN` associated constant on this type
[INFO] [stdout]    --> tests/test_de.rs:204:38
[INFO] [stdout]     |
[INFO] [stdout] 204 |     let expected: i128 = ::std::i64::MIN as i128 - 1;
[INFO] [stdout]     |                                      ^^^
[INFO] [stdout]     |
[INFO] [stdout]     = note: `#[warn(deprecated)]` on by default
[INFO] [stdout] 
[INFO] [stdout] 
[INFO] [stdout] warning: use of deprecated constant `std::u64::MAX`: replaced by the `MAX` associated constant on this type
[INFO] [stdout]    --> tests/test_de.rs:214:38
[INFO] [stdout]     |
[INFO] [stdout] 214 |     let expected: u128 = ::std::u64::MAX as u128 + 1;
[INFO] [stdout]     |                                      ^^^
[INFO] [stdout] 
[INFO] [stdout] 
[INFO] [stdout] error[E0433]: cannot find module or crate `serde_yaml` in this scope
[INFO] [stdout]   --> tests/test_de.rs:17:27
[INFO] [stdout]    |
[INFO] [stdout] 17 |     let deserialized: T = serde_yaml::from_str(yaml).unwrap();
[INFO] [stdout]    |                           ^^^^^^^^^^ use of unresolved module or unlinked crate `serde_yaml`
[INFO] [stdout]    |
[INFO] [stdout]    = help: if you wanted to use a crate named `serde_yaml`, use `cargo add serde_yaml` to add it to your `Cargo.toml`
[INFO] [stdout] 
[INFO] [stdout] 
[INFO] [stdout] error[E0433]: cannot find module or crate `serde_yaml` in this scope
[INFO] [stdout]   --> tests/test_de.rs:20:5
[INFO] [stdout]    |
[INFO] [stdout] 20 |     serde_yaml::from_str::<serde_yaml::Value>(yaml).unwrap();
[INFO] [stdout]    |     ^^^^^^^^^^ use of unresolved module or unlinked crate `serde_yaml`
[INFO] [stdout]    |
[INFO] [stdout]    = help: if you wanted to use a crate named `serde_yaml`, use `cargo add serde_yaml` to add it to your `Cargo.toml`
[INFO] [stdout] 
[INFO] [stdout] 
[INFO] [stdout] error[E0433]: cannot find module or crate `serde_yaml` in this scope
[INFO] [stdout]   --> tests/test_de.rs:21:5
[INFO] [stdout]    |
[INFO] [stdout] 21 |     serde_yaml::from_str::<serde::de::IgnoredAny>(yaml).unwrap();
[INFO] [stdout]    |     ^^^^^^^^^^ use of unresolved module or unlinked crate `serde_yaml`
[INFO] [stdout]    |
[INFO] [stdout]    = help: if you wanted to use a crate named `serde_yaml`, use `cargo add serde_yaml` to add it to your `Cargo.toml`
[INFO] [stdout] 
[INFO] [stdout] 
[INFO] [stdout] error[E0433]: cannot find module or crate `serde_yaml` in this scope
[INFO] [stdout]   --> tests/test_de.rs:32:5
[INFO] [stdout]    |
[INFO] [stdout] 32 |     serde_yaml::from_str::<serde_yaml::Value>(yaml).unwrap();
[INFO] [stdout]    |     ^^^^^^^^^^ use of unresolved module or unlinked crate `serde_yaml`
[INFO] [stdout]    |
[INFO] [stdout]    = help: if you wanted to use a crate named `serde_yaml`, use `cargo add serde_yaml` to add it to your `Cargo.toml`
[INFO] [stdout] 
[INFO] [stdout] 
[INFO] [stdout] error[E0433]: cannot find module or crate `serde_yaml` in this scope
[INFO] [stdout]   --> tests/test_de.rs:33:5
[INFO] [stdout]    |
[INFO] [stdout] 33 |     serde_yaml::from_str::<serde::de::IgnoredAny>(yaml).unwrap();
[INFO] [stdout]    |     ^^^^^^^^^^ use of unresolved module or unlinked crate `serde_yaml`
[INFO] [stdout]    |
[INFO] [stdout]    = help: if you wanted to use a crate named `serde_yaml`, use `cargo add serde_yaml` to add it to your `Cargo.toml`
[INFO] [stdout] 
[INFO] [stdout] 
[INFO] [stdout] Some errors have detailed explanations: E0432, E0433.
[INFO] [stdout] 
[INFO] [stdout] For more information about an error, try `rustc --explain E0432`.
[INFO] [stdout] 
[INFO] [stderr] error: could not compile `serde-yaml-olidacombe` (test "test_value") due to 7 previous errors; 1 warning emitted
[INFO] [stderr] warning: build failed, waiting for other jobs to finish...
[INFO] [stdout] error[E0433]: cannot find module or crate `serde_yaml` in this scope
[INFO] [stdout]    --> tests/test_de.rs:209:26
[INFO] [stdout]     |
[INFO] [stdout] 209 |     assert_eq!(expected, serde_yaml::from_str::<i128>(yaml).unwrap());
[INFO] [stdout]     |                          ^^^^^^^^^^ use of unresolved module or unlinked crate `serde_yaml`
[INFO] [stdout]     |
[INFO] [stdout]     = help: if you wanted to use a crate named `serde_yaml`, use `cargo add serde_yaml` to add it to your `Cargo.toml`
[INFO] [stdout] 
[INFO] [stdout] 
[INFO] [stdout] error[E0433]: cannot find module or crate `serde_yaml` in this scope
[INFO] [stdout]    --> tests/test_de.rs:219:26
[INFO] [stdout]     |
[INFO] [stdout] 219 |     assert_eq!(expected, serde_yaml::from_str::<u128>(yaml).unwrap());
[INFO] [stdout]     |                          ^^^^^^^^^^ use of unresolved module or unlinked crate `serde_yaml`
[INFO] [stdout]     |
[INFO] [stdout]     = help: if you wanted to use a crate named `serde_yaml`, use `cargo add serde_yaml` to add it to your `Cargo.toml`
[INFO] [stdout] 
[INFO] [stdout] 
[INFO] [stdout] error[E0433]: cannot find module or crate `serde_yaml` in this scope
[INFO] [stdout]    --> tests/test_de.rs:313:26
[INFO] [stdout]     |
[INFO] [stdout] 313 |     assert_eq!(expected, serde_yaml::from_str::<Data>(yaml).unwrap());
[INFO] [stdout]     |                          ^^^^^^^^^^ use of unresolved module or unlinked crate `serde_yaml`
[INFO] [stdout]     |
[INFO] [stdout]     = help: if you wanted to use a crate named `serde_yaml`, use `cargo add serde_yaml` to add it to your `Cargo.toml`
[INFO] [stdout] 
[INFO] [stdout] 
[INFO] [stdout] error[E0433]: cannot find module or crate `serde_yaml` in this scope
[INFO] [stdout]    --> tests/test_de.rs:343:21
[INFO] [stdout]     |
[INFO] [stdout] 343 |         let value = serde_yaml::from_str::<Value>(yaml).unwrap();
[INFO] [stdout]     |                     ^^^^^^^^^^ use of unresolved module or unlinked crate `serde_yaml`
[INFO] [stdout]     |
[INFO] [stdout]     = help: if you wanted to use a crate named `serde_yaml`, use `cargo add serde_yaml` to add it to your `Cargo.toml`
[INFO] [stdout] 
[INFO] [stdout] 
[INFO] [stdout] error[E0433]: cannot find module or crate `serde_yaml` in this scope
[INFO] [stdout]    --> tests/test_de.rs:353:21
[INFO] [stdout]     |
[INFO] [stdout] 353 |         let value = serde_yaml::from_str::<Value>(yaml).unwrap();
[INFO] [stdout]     |                     ^^^^^^^^^^ use of unresolved module or unlinked crate `serde_yaml`
[INFO] [stdout]     |
[INFO] [stdout]     = help: if you wanted to use a crate named `serde_yaml`, use `cargo add serde_yaml` to add it to your `Cargo.toml`
[INFO] [stdout] 
[INFO] [stdout] 
[INFO] [stdout] error[E0433]: cannot find module or crate `serde_yaml` in this scope
[INFO] [stdout]   --> tests/test_de.rs:32:28
[INFO] [stdout]    |
[INFO] [stdout] 32 |     serde_yaml::from_str::<serde_yaml::Value>(yaml).unwrap();
[INFO] [stdout]    |                            ^^^^^^^^^^ use of unresolved module or unlinked crate `serde_yaml`
[INFO] [stdout]    |
[INFO] [stdout]    = help: if you wanted to use a crate named `serde_yaml`, use `cargo add serde_yaml` to add it to your `Cargo.toml`
[INFO] [stdout] 
[INFO] [stdout] 
[INFO] [stdout] error[E0433]: cannot find module or crate `serde_yaml` in this scope
[INFO] [stdout]    --> tests/test_de.rs:245:27
[INFO] [stdout]     |
[INFO] [stdout] 245 |         pub substructure: serde_yaml::Mapping,
[INFO] [stdout]     |                           ^^^^^^^^^^ use of unresolved module or unlinked crate `serde_yaml`
[INFO] [stdout]     |
[INFO] [stdout]     = help: if you wanted to use a crate named `serde_yaml`, use `cargo add serde_yaml` to add it to your `Cargo.toml`
[INFO] [stdout] 
[INFO] [stdout] 
[INFO] [stdout] error[E0433]: cannot find module or crate `serde_yaml` in this scope
[INFO] [stdout]   --> tests/test_de.rs:20:28
[INFO] [stdout]    |
[INFO] [stdout] 20 |     serde_yaml::from_str::<serde_yaml::Value>(yaml).unwrap();
[INFO] [stdout]    |                            ^^^^^^^^^^ use of unresolved module or unlinked crate `serde_yaml`
[INFO] [stdout]    |
[INFO] [stdout]    = help: if you wanted to use a crate named `serde_yaml`, use `cargo add serde_yaml` to add it to your `Cargo.toml`
[INFO] [stdout] 
[INFO] [stdout] 
[INFO] [stdout] Some errors have detailed explanations: E0432, E0433.
[INFO] [stdout] 
[INFO] [stdout] For more information about an error, try `rustc --explain E0432`.
[INFO] [stdout] 
[INFO] [stderr] error: could not compile `serde-yaml-olidacombe` (test "test_de") due to 20 previous errors; 2 warnings emitted
[INFO] [stdout] error[E0433]: cannot find module or crate `serde_yaml` in this scope
[INFO] [stdout]    --> tests/test_error.rs:216:49
[INFO] [stdout]     |
[INFO] [stdout] 216 |     let invalid_utf8: Result<serde_yaml::Value, serde_yaml::Error> =
[INFO] [stdout]     |                                                 ^^^^^^^^^^ use of unresolved module or unlinked crate `serde_yaml`
[INFO] [stdout]     |
[INFO] [stdout]     = help: if you wanted to use a crate named `serde_yaml`, use `cargo add serde_yaml` to add it to your `Cargo.toml`
[INFO] [stdout] 
[INFO] [stdout] 
[INFO] [stdout] error[E0433]: cannot find module or crate `serde_yaml` in this scope
[INFO] [stdout]    --> tests/test_error.rs:216:30
[INFO] [stdout]     |
[INFO] [stdout] 216 |     let invalid_utf8: Result<serde_yaml::Value, serde_yaml::Error> =
[INFO] [stdout]     |                              ^^^^^^^^^^ use of unresolved module or unlinked crate `serde_yaml`
[INFO] [stdout]     |
[INFO] [stdout]     = help: if you wanted to use a crate named `serde_yaml`, use `cargo add serde_yaml` to add it to your `Cargo.toml`
[INFO] [stdout] 
[INFO] [stdout] 
[INFO] [stdout] For more information about this error, try `rustc --explain E0433`.
[INFO] [stdout] 
[INFO] [stderr] error: could not compile `serde-yaml-olidacombe` (test "test_error") due to 4 previous errors
[INFO] [stdout] Some errors have detailed explanations: E0432, E0433.
[INFO] [stdout] 
[INFO] [stdout] For more information about an error, try `rustc --explain E0432`.
[INFO] [stdout] 
[INFO] [stderr] error: could not compile `serde-yaml-olidacombe` (test "test_serde") due to 12 previous errors; 5 warnings emitted
[INFO] [stdout] warning: use of deprecated associated function `core::num::<impl i64>::max_value`: replaced by the `MAX` associated constant on this type
[INFO] [stdout]   --> src/number.rs:58:39
[INFO] [stdout]    |
[INFO] [stdout] 58 |             N::PosInt(v) => v <= i64::max_value() as u64,
[INFO] [stdout]    |                                       ^^^^^^^^^
[INFO] [stdout] 
[INFO] [stdout] 
[INFO] [stdout] warning: use of deprecated associated function `core::num::<impl i64>::max_value`: replaced by the `MAX` associated constant on this type
[INFO] [stdout]    --> src/number.rs:150:30
[INFO] [stdout]     |
[INFO] [stdout] 150 |                 if n <= i64::max_value() as u64 {
[INFO] [stdout]     |                              ^^^^^^^^^
[INFO] [stdout] 
[INFO] [stdout] 
[INFO] [stdout] warning: use of deprecated associated function `core::num::<impl i64>::max_value`: replaced by the `MAX` associated constant on this type
[INFO] [stdout]    --> src/ser.rs:486:22
[INFO] [stdout]     |
[INFO] [stdout] 486 |         if v <= i64::max_value() as i128 && v >= i64::min_value() as i128 {
[INFO] [stdout]     |                      ^^^^^^^^^
[INFO] [stdout] 
[INFO] [stdout] 
[INFO] [stdout] warning: use of deprecated associated function `core::num::<impl i64>::min_value`: replaced by the `MIN` associated constant on this type
[INFO] [stdout]    --> src/ser.rs:486:55
[INFO] [stdout]     |
[INFO] [stdout] 486 |         if v <= i64::max_value() as i128 && v >= i64::min_value() as i128 {
[INFO] [stdout]     |                                                       ^^^^^^^^^
[INFO] [stdout] 
[INFO] [stdout] 
[INFO] [stdout] warning: use of deprecated associated function `core::num::<impl i64>::max_value`: replaced by the `MAX` associated constant on this type
[INFO] [stdout]    --> src/ser.rs:506:22
[INFO] [stdout]     |
[INFO] [stdout] 506 |         if v <= i64::max_value() as u64 {
[INFO] [stdout]     |                      ^^^^^^^^^
[INFO] [stdout] 
[INFO] [stdout] 
[INFO] [stdout] warning: use of deprecated associated function `core::num::<impl i64>::max_value`: replaced by the `MAX` associated constant on this type
[INFO] [stdout]    --> src/ser.rs:515:22
[INFO] [stdout]     |
[INFO] [stdout] 515 |         if v <= i64::max_value() as u128 {
[INFO] [stdout]     |                      ^^^^^^^^^
[INFO] [stdout] 
[INFO] [stdout] 
[INFO] [stdout] warning: hiding a lifetime that's elided elsewhere is confusing
[INFO] [stdout]   --> src/mapping.rs:82:18
[INFO] [stdout]    |
[INFO] [stdout] 82 |     pub fn entry(&mut self, k: Value) -> Entry {
[INFO] [stdout]    |                  ^^^^^^^^^               ^^^^^ the same lifetime is hidden here
[INFO] [stdout]    |                  |
[INFO] [stdout]    |                  the lifetime is elided here
[INFO] [stdout]    |
[INFO] [stdout]    = help: the same lifetime is referred to in inconsistent ways, making the signature confusing
[INFO] [stdout]    = note: `#[warn(mismatched_lifetime_syntaxes)]` on by default
[INFO] [stdout] help: use `'_` for type paths
[INFO] [stdout]    |
[INFO] [stdout] 82 |     pub fn entry(&mut self, k: Value) -> Entry<'_> {
[INFO] [stdout]    |                                               ++++
[INFO] [stdout] 
[INFO] [stdout] 
[INFO] [stdout] warning: hiding a lifetime that's elided elsewhere is confusing
[INFO] [stdout]    --> src/mapping.rs:123:17
[INFO] [stdout]     |
[INFO] [stdout] 123 |     pub fn iter(&self) -> Iter {
[INFO] [stdout]     |                 ^^^^^     ^^^^ the same lifetime is hidden here
[INFO] [stdout]     |                 |
[INFO] [stdout]     |                 the lifetime is elided here
[INFO] [stdout]     |
[INFO] [stdout]     = help: the same lifetime is referred to in inconsistent ways, making the signature confusing
[INFO] [stdout] help: use `'_` for type paths
[INFO] [stdout]     |
[INFO] [stdout] 123 |     pub fn iter(&self) -> Iter<'_> {
[INFO] [stdout]     |                               ++++
[INFO] [stdout] 
[INFO] [stdout] 
[INFO] [stdout] warning: hiding a lifetime that's elided elsewhere is confusing
[INFO] [stdout]    --> src/mapping.rs:132:21
[INFO] [stdout]     |
[INFO] [stdout] 132 |     pub fn iter_mut(&mut self) -> IterMut {
[INFO] [stdout]     |                     ^^^^^^^^^     ^^^^^^^ the same lifetime is hidden here
[INFO] [stdout]     |                     |
[INFO] [stdout]     |                     the lifetime is elided here
[INFO] [stdout]     |
[INFO] [stdout]     = help: the same lifetime is referred to in inconsistent ways, making the signature confusing
[INFO] [stdout] help: use `'_` for type paths
[INFO] [stdout]     |
[INFO] [stdout] 132 |     pub fn iter_mut(&mut self) -> IterMut<'_> {
[INFO] [stdout]     |                                          ++++
[INFO] [stdout] 
[INFO] [stdout] 
[INFO] [stdout] warning: hiding a lifetime that's elided elsewhere is confusing
[INFO] [stdout]    --> src/number.rs:544:34
[INFO] [stdout]     |
[INFO] [stdout] 544 | pub(crate) fn unexpected(number: &Number) -> Unexpected {
[INFO] [stdout]     |                                  ^^^^^^^     ^^^^^^^^^^ the same lifetime is hidden here
[INFO] [stdout]     |                                  |
[INFO] [stdout]     |                                  the lifetime is elided here
[INFO] [stdout]     |
[INFO] [stdout]     = help: the same lifetime is referred to in inconsistent ways, making the signature confusing
[INFO] [stdout] help: use `'_` for type paths
[INFO] [stdout]     |
[INFO] [stdout] 544 | pub(crate) fn unexpected(number: &Number) -> Unexpected<'_> {
[INFO] [stdout]     |                                                        ++++
[INFO] [stdout] 
[INFO] [stdout] 
[INFO] [stdout] warning: hiding a lifetime that's elided elsewhere is confusing
[INFO] [stdout]    --> src/value/de.rs:697:19
[INFO] [stdout]     |
[INFO] [stdout] 697 |     fn unexpected(&self) -> Unexpected {
[INFO] [stdout]     |                   ^^^^^     ^^^^^^^^^^ the same lifetime is hidden here
[INFO] [stdout]     |                   |
[INFO] [stdout]     |                   the lifetime is elided here
[INFO] [stdout]     |
[INFO] [stdout]     = help: the same lifetime is referred to in inconsistent ways, making the signature confusing
[INFO] [stdout] help: use `'_` for type paths
[INFO] [stdout]     |
[INFO] [stdout] 697 |     fn unexpected(&self) -> Unexpected<'_> {
[INFO] [stdout]     |                                       ++++
[INFO] [stdout] 
[INFO] [stdout] 
[INFO] running `Command { std: "docker" "inspect" "4e23c04e4182e6118caa441dcc0d6837705f079e1574c7e7d2861502bbf3a94f", kill_on_drop: false }`
[INFO] running `Command { std: "docker" "rm" "-f" "4e23c04e4182e6118caa441dcc0d6837705f079e1574c7e7d2861502bbf3a94f", kill_on_drop: false }`
[INFO] [stdout] 4e23c04e4182e6118caa441dcc0d6837705f079e1574c7e7d2861502bbf3a94f
