[INFO] fetching crate sendly 6.0.0...
[INFO] testing sendly-6.0.0 against 1.99.0-beta.8 for beta-1.100-2
[INFO] extracting crate sendly 6.0.0 into /workspace/builds/worker-7-tc1/source
[INFO] started tweaking crates.io crate sendly 6.0.0
[INFO] removed 0 missing examples
[INFO] removed 0 missing tests
[INFO] finished tweaking crates.io crate sendly 6.0.0
[INFO] tweaked toml for crates.io crate sendly 6.0.0 written to /workspace/builds/worker-7-tc1/source/Cargo.toml
[INFO] validating manifest of crates.io crate sendly 6.0.0 on toolchain 1.99.0-beta.8
[INFO] running `Command { std: CARGO_HOME="/workspace/cargo-home" RUSTUP_HOME="/workspace/rustup-home" "/workspace/cargo-home/bin/cargo" "+1.99.0-beta.8" "metadata" "--manifest-path" "Cargo.toml" "--no-deps", kill_on_drop: false }`
[INFO] crate crates.io crate sendly 6.0.0 already has a lockfile, it will not be regenerated
[INFO] running `Command { std: CARGO_HOME="/workspace/cargo-home" RUSTUP_HOME="/workspace/rustup-home" "/workspace/cargo-home/bin/cargo" "+1.99.0-beta.8" "fetch" "--manifest-path" "Cargo.toml", kill_on_drop: false }`
[INFO] [stderr]     Updating crates.io index
[INFO] [stderr]  Downloading crates ...
[INFO] [stderr]   Downloaded futures-macro v0.3.34
[INFO] [stderr]   Downloaded tokio-macros v2.7.2
[INFO] [stderr]   Downloaded mio v1.2.3
[INFO] [stderr]   Downloaded futures-io v0.3.34
[INFO] [stderr]   Downloaded wiremock v0.5.22
[INFO] [stderr]   Downloaded potential_utf v0.1.6
[INFO] [stderr]   Downloaded futures-channel v0.3.34
[INFO] [stderr]   Downloaded litemap v0.8.3
[INFO] [stderr]   Downloaded infer v0.2.3
[INFO] [stderr]   Downloaded retain_mut v0.1.9
[INFO] [stderr]   Downloaded yoke-derive v0.8.4
[INFO] [stderr]   Downloaded zerofrom-derive v0.1.8
[INFO] [stderr]   Downloaded synstructure v0.14.0
[INFO] [stderr]   Downloaded zerovec-derive v0.11.6
[INFO] [stderr]   Downloaded hermit-abi v0.5.3
[INFO] [stderr]   Downloaded icu_provider v2.3.1
[INFO] [stderr]   Downloaded tinystr v0.8.4
[INFO] [stderr]   Downloaded async-trait v0.1.92
[INFO] [stderr]   Downloaded deadpool v0.9.5
[INFO] [stderr]   Downloaded mime_guess v2.0.5
[INFO] [stderr]   Downloaded ipnet v2.12.2
[INFO] [stderr]   Downloaded async-channel v1.9.0
[INFO] [stderr]   Downloaded wasm-bindgen-futures v0.4.79
[INFO] [stderr]   Downloaded multiversion_no_op v1.0.0
[INFO] [stderr]   Downloaded icu_collections v2.3.0
[INFO] [stderr]   Downloaded fastrand v2.5.0
[INFO] [stderr]   Downloaded core_detect v1.0.0
[INFO] [stderr]   Downloaded displaydoc v0.2.7
[INFO] [stderr]   Downloaded pkg-config v0.3.34
[INFO] [stderr]   Downloaded futures v0.3.34
[INFO] [stderr]   Downloaded icu_normalizer_data v2.3.0
[INFO] [stderr]   Downloaded writeable v0.6.4
[INFO] [stderr]   Downloaded icu_locale_core v2.3.0
[INFO] [stderr]   Downloaded zerocopy-derive v0.8.59
[INFO] [stderr]   Downloaded zerotrie v0.2.5
[INFO] [stderr]   Downloaded zerovec v0.11.8
[INFO] [stderr]   Downloaded icu_properties v2.3.0
[INFO] [stderr]   Downloaded futures-executor v0.3.34
[INFO] [stderr]   Downloaded serde_qs v0.8.5
[INFO] [stderr]   Downloaded unicase v2.9.0
[INFO] [stderr]   Downloaded cc v1.5.1
[INFO] [stderr]   Downloaded futures-timer v3.0.4
[INFO] [stderr]   Downloaded zerocopy v0.8.59
[INFO] [stderr]   Downloaded icu_properties_data v2.3.0
[INFO] [stderr]   Downloaded rustix v1.1.5
[INFO] [stderr]   Downloaded icu_normalizer v2.3.0
[INFO] [stderr]   Downloaded encoding_rs v0.8.42
[INFO] [stderr]   Downloaded http-types v2.12.0
[INFO] running `Command { std: "docker" "create" "-v" "/var/lib/crater-agent-workspace/builds/worker-7-tc1/source:/opt/rustwide/workdir:ro,Z" "-v" "/var/lib/crater-agent-workspace/builds/worker-7-tc1/target:/opt/rustwide/target:rw,Z" "-v" "/var/lib/crater-agent-workspace/cargo-home:/opt/rustwide/cargo-home:ro,Z" "-v" "/var/lib/crater-agent-workspace/rustup-home:/opt/rustwide/rustup-home:ro,Z" "-m" "1610612736" "--network" "none" "ghcr.io/rust-lang/crates-build-env/linux@sha256:3111399a4047eeb3a02b7a90e478d715f38a8c6669b5c4b49d30a17385265909" "sleep" "infinity", kill_on_drop: false }`
[INFO] [stdout] e33a2f53b9c09364df15d0de5007b7fb264ddfcc8fe57ead7bd01bf05dbf3c7c
[INFO] running `Command { std: "docker" "start" "e33a2f53b9c09364df15d0de5007b7fb264ddfcc8fe57ead7bd01bf05dbf3c7c", kill_on_drop: false }`
[INFO] running `Command { std: "docker" "inspect" "e33a2f53b9c09364df15d0de5007b7fb264ddfcc8fe57ead7bd01bf05dbf3c7c", kill_on_drop: false }`
[INFO] running `Command { std: "docker" "exec" "-e" "SOURCE_DIR=/opt/rustwide/workdir" "-e" "CARGO_HOME=/opt/rustwide/cargo-home" "-e" "RUSTUP_HOME=/opt/rustwide/rustup-home" "-e" "CARGO_TARGET_DIR=/opt/rustwide/target" "-w" "/opt/rustwide/workdir" "--user" "0:0" "e33a2f53b9c09364df15d0de5007b7fb264ddfcc8fe57ead7bd01bf05dbf3c7c" "/opt/rustwide/cargo-home/bin/cargo" "+1.99.0-beta.8" "metadata" "--no-deps" "--format-version=1", kill_on_drop: false }`
[INFO] running `Command { std: "docker" "inspect" "e33a2f53b9c09364df15d0de5007b7fb264ddfcc8fe57ead7bd01bf05dbf3c7c", kill_on_drop: false }`
[INFO] running `Command { std: "docker" "exec" "-e" "SOURCE_DIR=/opt/rustwide/workdir" "-e" "CARGO_HOME=/opt/rustwide/cargo-home" "-e" "RUSTUP_HOME=/opt/rustwide/rustup-home" "-e" "CARGO_TARGET_DIR=/opt/rustwide/target" "-e" "CARGO_INCREMENTAL=0" "-e" "RUST_BACKTRACE=full" "-e" "RUSTFLAGS=--cap-lints=warn" "-e" "RUSTDOCFLAGS=--cap-lints=warn" "-w" "/opt/rustwide/workdir" "--user" "0:0" "e33a2f53b9c09364df15d0de5007b7fb264ddfcc8fe57ead7bd01bf05dbf3c7c" "/opt/rustwide/cargo-home/bin/cargo" "+1.99.0-beta.8" "build" "--frozen" "--message-format=json", kill_on_drop: false }`
[INFO] [stderr]    Compiling proc-macro2 v1.0.107
[INFO] [stderr]    Compiling quote v1.0.47
[INFO] [stderr]    Compiling unicode-ident v1.0.26
[INFO] [stderr]    Compiling libc v0.2.189
[INFO] [stderr]    Compiling stable_deref_trait v1.2.1
[INFO] [stderr]    Compiling pin-project-lite v0.2.17
[INFO] [stderr]    Compiling shlex v2.0.1
[INFO] [stderr]    Compiling memchr v2.8.3
[INFO] [stderr]    Compiling find-msvc-tools v0.1.14
[INFO] [stderr]    Compiling futures-core v0.3.34
[INFO] [stderr]    Compiling pkg-config v0.3.34
[INFO] [stderr]    Compiling bytes v1.12.1
[INFO] [stderr]    Compiling cfg-if v1.0.5
[INFO] [stderr]    Compiling futures-sink v0.3.34
[INFO] [stderr]    Compiling litemap v0.8.3
[INFO] [stderr]    Compiling writeable v0.6.4
[INFO] [stderr]    Compiling itoa v1.0.18
[INFO] [stderr]    Compiling futures-task v0.3.34
[INFO] [stderr]    Compiling futures-io v0.3.34
[INFO] [stderr]    Compiling icu_normalizer_data v2.3.0
[INFO] [stderr]    Compiling slab v0.4.12
[INFO] [stderr]    Compiling futures-channel v0.3.34
[INFO] [stderr]    Compiling icu_properties_data v2.3.0
[INFO] [stderr]    Compiling serde_core v1.0.229
[INFO] [stderr]    Compiling openssl v0.10.81
[INFO] [stderr]    Compiling cc v1.5.1
[INFO] [stderr]    Compiling typenum v1.20.1
[INFO] [stderr]    Compiling rustversion v1.0.23
[INFO] [stderr]    Compiling once_cell v1.21.4
[INFO] [stderr]    Compiling smallvec v1.16.2
[INFO] [stderr]    Compiling hashbrown v0.17.1
[INFO] [stderr]    Compiling native-tls v0.2.18
[INFO] [stderr]    Compiling bitflags v2.13.2
[INFO] [stderr]    Compiling zmij v1.0.23
[INFO] [stderr]    Compiling percent-encoding v2.3.2
[INFO] [stderr]    Compiling http v0.2.12
[INFO] [stderr]    Compiling tracing-core v0.1.36
[INFO] [stderr]    Compiling log v0.4.34
[INFO] [stderr]    Compiling serde v1.0.229
[INFO] [stderr]    Compiling unicase v2.9.0
[INFO] [stderr]    Compiling openssl-probe v0.2.1
[INFO] [stderr]    Compiling form_urlencoded v1.2.2
[INFO] [stderr]    Compiling serde_json v1.0.151
[INFO] [stderr]    Compiling subtle v2.6.1
[INFO] [stderr]    Compiling getrandom v0.4.3
[INFO] [stderr]    Compiling aho-corasick v1.1.5
[INFO] [stderr]    Compiling multiversion_no_op v1.0.0
[INFO] [stderr]    Compiling tracing v0.1.44
[INFO] [stderr]    Compiling mime_guess v2.0.5
[INFO] [stderr]    Compiling simdutf8 v0.1.5
[INFO] [stderr]    Compiling regex-syntax v0.8.11
[INFO] [stderr]    Compiling core_detect v1.0.0
[INFO] [stderr]    Compiling ryu v1.0.23
[INFO] [stderr]    Compiling ipnet v2.12.2
[INFO] [stderr]    Compiling urlencoding v2.1.3
[INFO] [stderr]    Compiling encoding_rs v0.8.42
[INFO] [stderr]    Compiling generic-array v0.14.7
[INFO] [stderr]    Compiling syn v3.0.6
[INFO] [stderr]    Compiling syn v2.0.119
[INFO] [stderr]    Compiling indexmap v2.14.2
[INFO] [stderr]    Compiling http-body v0.4.6
[INFO] [stderr]    Compiling openssl-sys v0.9.117
[INFO] [stderr]    Compiling socket2 v0.6.5
[INFO] [stderr]    Compiling mio v1.2.3
[INFO] [stderr]    Compiling socket2 v0.5.10
[INFO] [stderr]    Compiling block-buffer v0.10.4
[INFO] [stderr]    Compiling crypto-common v0.1.7
[INFO] [stderr]    Compiling uuid v1.26.1
[INFO] [stderr]    Compiling digest v0.10.7
[INFO] [stderr]    Compiling hmac v0.12.1
[INFO] [stderr]    Compiling sha2 v0.10.9
[INFO] [stderr]    Compiling tokio v1.53.1
[INFO] [stderr]    Compiling regex-automata v0.4.18
[INFO] [stderr]    Compiling openssl-macros v0.1.1
[INFO] [stderr]    Compiling async-stream-impl v0.3.6
[INFO] [stderr]    Compiling thiserror-impl v1.0.69
[INFO] [stderr]    Compiling async-stream v0.3.6
[INFO] [stderr]    Compiling regex v1.13.1
[INFO] [stderr]    Compiling thiserror v1.0.69
[INFO] [stderr]    Compiling synstructure v0.14.0
[INFO] [stderr]    Compiling zerovec-derive v0.11.6
[INFO] [stderr]    Compiling displaydoc v0.2.7
[INFO] [stderr]    Compiling futures-macro v0.3.34
[INFO] [stderr]    Compiling serde_derive v1.0.229
[INFO] [stderr]    Compiling async-trait v0.1.92
[INFO] [stderr]    Compiling zerofrom-derive v0.1.8
[INFO] [stderr]    Compiling yoke-derive v0.8.4
[INFO] [stderr]    Compiling futures-util v0.3.34
[INFO] [stderr]    Compiling zerofrom v0.1.8
[INFO] [stderr]    Compiling yoke v0.8.3
[INFO] [stderr]    Compiling zerovec v0.11.8
[INFO] [stderr]    Compiling zerotrie v0.2.5
[INFO] [stderr]    Compiling tokio-util v0.7.19
[INFO] [stderr]    Compiling tinystr v0.8.4
[INFO] [stderr]    Compiling potential_utf v0.1.6
[INFO] [stderr]    Compiling icu_collections v2.3.0
[INFO] [stderr]    Compiling icu_locale_core v2.3.0
[INFO] [stderr]    Compiling tokio-native-tls v0.3.1
[INFO] [stderr]    Compiling icu_provider v2.3.1
[INFO] [stderr]    Compiling h2 v0.3.27
[INFO] [stderr]    Compiling futures-executor v0.3.34
[INFO] [stderr]    Compiling serde_urlencoded v0.7.1
[INFO] [stderr]    Compiling futures v0.3.34
[INFO] [stderr]    Compiling icu_normalizer v2.3.0
[INFO] [stderr]    Compiling icu_properties v2.3.0
[INFO] [stderr]    Compiling idna_adapter v1.2.2
[INFO] [stderr]    Compiling idna v1.1.0
[INFO] [stderr]    Compiling url v2.5.8
[INFO] [stderr]    Compiling hyper v0.14.32
[INFO] [stderr]    Compiling hyper-tls v0.5.0
[INFO] [stderr]    Compiling reqwest v0.11.27
[INFO] [stderr]    Compiling sendly v6.0.0 (/opt/rustwide/workdir)
[INFO] [stdout] warning: function `default_api_version` is never used
[INFO] [stdout]    --> src/webhooks.rs:364:4
[INFO] [stdout]     |
[INFO] [stdout] 364 | fn default_api_version() -> String {
[INFO] [stdout]     |    ^^^^^^^^^^^^^^^^^^^
[INFO] [stdout]     |
[INFO] [stdout]     = note: `#[warn(dead_code)]` (part of `#[warn(unused)]`) on by default
[INFO] [stdout] 
[INFO] [stdout] 
[INFO] [stdout] warning: hiding a lifetime that's elided elsewhere is confusing
[INFO] [stdout]    --> src/client.rs:152:21
[INFO] [stdout]     |
[INFO] [stdout] 152 |     pub fn messages(&self) -> Messages {
[INFO] [stdout]     |                     ^^^^^     ^^^^^^^^ the same lifetime is hidden here
[INFO] [stdout]     |                     |
[INFO] [stdout]     |                     the lifetime is elided here
[INFO] [stdout]     |
[INFO] [stdout]     = help: the same lifetime is referred to in inconsistent ways, making the signature confusing
[INFO] [stdout]     = note: `#[warn(mismatched_lifetime_syntaxes)]` on by default
[INFO] [stdout] help: use `'_` for type paths
[INFO] [stdout]     |
[INFO] [stdout] 152 |     pub fn messages(&self) -> Messages<'_> {
[INFO] [stdout]     |                                       ++++
[INFO] [stdout] 
[INFO] [stdout] 
[INFO] [stdout] warning: hiding a lifetime that's elided elsewhere is confusing
[INFO] [stdout]    --> src/client.rs:157:21
[INFO] [stdout]     |
[INFO] [stdout] 157 |     pub fn webhooks(&self) -> WebhooksResource {
[INFO] [stdout]     |                     ^^^^^     ^^^^^^^^^^^^^^^^ the same lifetime is hidden here
[INFO] [stdout]     |                     |
[INFO] [stdout]     |                     the lifetime is elided here
[INFO] [stdout]     |
[INFO] [stdout]     = help: the same lifetime is referred to in inconsistent ways, making the signature confusing
[INFO] [stdout] help: use `'_` for type paths
[INFO] [stdout]     |
[INFO] [stdout] 157 |     pub fn webhooks(&self) -> WebhooksResource<'_> {
[INFO] [stdout]     |                                               ++++
[INFO] [stdout] 
[INFO] [stdout] 
[INFO] [stdout] warning: hiding a lifetime that's elided elsewhere is confusing
[INFO] [stdout]    --> src/client.rs:162:20
[INFO] [stdout]     |
[INFO] [stdout] 162 |     pub fn account(&self) -> AccountResource {
[INFO] [stdout]     |                    ^^^^^     ^^^^^^^^^^^^^^^ the same lifetime is hidden here
[INFO] [stdout]     |                    |
[INFO] [stdout]     |                    the lifetime is elided here
[INFO] [stdout]     |
[INFO] [stdout]     = help: the same lifetime is referred to in inconsistent ways, making the signature confusing
[INFO] [stdout] help: use `'_` for type paths
[INFO] [stdout]     |
[INFO] [stdout] 162 |     pub fn account(&self) -> AccountResource<'_> {
[INFO] [stdout]     |                                             ++++
[INFO] [stdout] 
[INFO] [stdout] 
[INFO] [stdout] warning: hiding a lifetime that's elided elsewhere is confusing
[INFO] [stdout]    --> src/client.rs:167:19
[INFO] [stdout]     |
[INFO] [stdout] 167 |     pub fn verify(&self) -> VerifyResource {
[INFO] [stdout]     |                   ^^^^^     ^^^^^^^^^^^^^^ the same lifetime is hidden here
[INFO] [stdout]     |                   |
[INFO] [stdout]     |                   the lifetime is elided here
[INFO] [stdout]     |
[INFO] [stdout]     = help: the same lifetime is referred to in inconsistent ways, making the signature confusing
[INFO] [stdout] help: use `'_` for type paths
[INFO] [stdout]     |
[INFO] [stdout] 167 |     pub fn verify(&self) -> VerifyResource<'_> {
[INFO] [stdout]     |                                           ++++
[INFO] [stdout] 
[INFO] [stdout] 
[INFO] [stdout] warning: hiding a lifetime that's elided elsewhere is confusing
[INFO] [stdout]    --> src/client.rs:172:22
[INFO] [stdout]     |
[INFO] [stdout] 172 |     pub fn templates(&self) -> TemplatesResource {
[INFO] [stdout]     |                      ^^^^^     ^^^^^^^^^^^^^^^^^ the same lifetime is hidden here
[INFO] [stdout]     |                      |
[INFO] [stdout]     |                      the lifetime is elided here
[INFO] [stdout]     |
[INFO] [stdout]     = help: the same lifetime is referred to in inconsistent ways, making the signature confusing
[INFO] [stdout] help: use `'_` for type paths
[INFO] [stdout]     |
[INFO] [stdout] 172 |     pub fn templates(&self) -> TemplatesResource<'_> {
[INFO] [stdout]     |                                                 ++++
[INFO] [stdout] 
[INFO] [stdout] 
[INFO] [stdout] warning: hiding a lifetime that's elided elsewhere is confusing
[INFO] [stdout]    --> src/client.rs:177:22
[INFO] [stdout]     |
[INFO] [stdout] 177 |     pub fn campaigns(&self) -> CampaignsResource {
[INFO] [stdout]     |                      ^^^^^     ^^^^^^^^^^^^^^^^^ the same lifetime is hidden here
[INFO] [stdout]     |                      |
[INFO] [stdout]     |                      the lifetime is elided here
[INFO] [stdout]     |
[INFO] [stdout]     = help: the same lifetime is referred to in inconsistent ways, making the signature confusing
[INFO] [stdout] help: use `'_` for type paths
[INFO] [stdout]     |
[INFO] [stdout] 177 |     pub fn campaigns(&self) -> CampaignsResource<'_> {
[INFO] [stdout]     |                                                 ++++
[INFO] [stdout] 
[INFO] [stdout] 
[INFO] [stdout] warning: hiding a lifetime that's elided elsewhere is confusing
[INFO] [stdout]    --> src/client.rs:182:21
[INFO] [stdout]     |
[INFO] [stdout] 182 |     pub fn contacts(&self) -> ContactsResource {
[INFO] [stdout]     |                     ^^^^^     ^^^^^^^^^^^^^^^^ the same lifetime is hidden here
[INFO] [stdout]     |                     |
[INFO] [stdout]     |                     the lifetime is elided here
[INFO] [stdout]     |
[INFO] [stdout]     = help: the same lifetime is referred to in inconsistent ways, making the signature confusing
[INFO] [stdout] help: use `'_` for type paths
[INFO] [stdout]     |
[INFO] [stdout] 182 |     pub fn contacts(&self) -> ContactsResource<'_> {
[INFO] [stdout]     |                                               ++++
[INFO] [stdout] 
[INFO] [stdout] 
[INFO] [stdout] warning: hiding a lifetime that's elided elsewhere is confusing
[INFO] [stdout]    --> src/client.rs:187:26
[INFO] [stdout]     |
[INFO] [stdout] 187 |     pub fn conversations(&self) -> ConversationsResource {
[INFO] [stdout]     |                          ^^^^^     ^^^^^^^^^^^^^^^^^^^^^ the same lifetime is hidden here
[INFO] [stdout]     |                          |
[INFO] [stdout]     |                          the lifetime is elided here
[INFO] [stdout]     |
[INFO] [stdout]     = help: the same lifetime is referred to in inconsistent ways, making the signature confusing
[INFO] [stdout] help: use `'_` for type paths
[INFO] [stdout]     |
[INFO] [stdout] 187 |     pub fn conversations(&self) -> ConversationsResource<'_> {
[INFO] [stdout]     |                                                         ++++
[INFO] [stdout] 
[INFO] [stdout] 
[INFO] [stdout] warning: hiding a lifetime that's elided elsewhere is confusing
[INFO] [stdout]    --> src/client.rs:192:19
[INFO] [stdout]     |
[INFO] [stdout] 192 |     pub fn labels(&self) -> LabelsResource {
[INFO] [stdout]     |                   ^^^^^     ^^^^^^^^^^^^^^ the same lifetime is hidden here
[INFO] [stdout]     |                   |
[INFO] [stdout]     |                   the lifetime is elided here
[INFO] [stdout]     |
[INFO] [stdout]     = help: the same lifetime is referred to in inconsistent ways, making the signature confusing
[INFO] [stdout] help: use `'_` for type paths
[INFO] [stdout]     |
[INFO] [stdout] 192 |     pub fn labels(&self) -> LabelsResource<'_> {
[INFO] [stdout]     |                                           ++++
[INFO] [stdout] 
[INFO] [stdout] 
[INFO] [stdout] warning: hiding a lifetime that's elided elsewhere is confusing
[INFO] [stdout]    --> src/client.rs:197:18
[INFO] [stdout]     |
[INFO] [stdout] 197 |     pub fn rules(&self) -> RulesResource {
[INFO] [stdout]     |                  ^^^^^     ^^^^^^^^^^^^^ the same lifetime is hidden here
[INFO] [stdout]     |                  |
[INFO] [stdout]     |                  the lifetime is elided here
[INFO] [stdout]     |
[INFO] [stdout]     = help: the same lifetime is referred to in inconsistent ways, making the signature confusing
[INFO] [stdout] help: use `'_` for type paths
[INFO] [stdout]     |
[INFO] [stdout] 197 |     pub fn rules(&self) -> RulesResource<'_> {
[INFO] [stdout]     |                                         ++++
[INFO] [stdout] 
[INFO] [stdout] 
[INFO] [stdout] warning: hiding a lifetime that's elided elsewhere is confusing
[INFO] [stdout]    --> src/client.rs:202:18
[INFO] [stdout]     |
[INFO] [stdout] 202 |     pub fn links(&self) -> LinksResource {
[INFO] [stdout]     |                  ^^^^^     ^^^^^^^^^^^^^ the same lifetime is hidden here
[INFO] [stdout]     |                  |
[INFO] [stdout]     |                  the lifetime is elided here
[INFO] [stdout]     |
[INFO] [stdout]     = help: the same lifetime is referred to in inconsistent ways, making the signature confusing
[INFO] [stdout] help: use `'_` for type paths
[INFO] [stdout]     |
[INFO] [stdout] 202 |     pub fn links(&self) -> LinksResource<'_> {
[INFO] [stdout]     |                                         ++++
[INFO] [stdout] 
[INFO] [stdout] 
[INFO] [stdout] warning: hiding a lifetime that's elided elsewhere is confusing
[INFO] [stdout]    --> src/client.rs:207:19
[INFO] [stdout]     |
[INFO] [stdout] 207 |     pub fn drafts(&self) -> DraftsResource {
[INFO] [stdout]     |                   ^^^^^     ^^^^^^^^^^^^^^ the same lifetime is hidden here
[INFO] [stdout]     |                   |
[INFO] [stdout]     |                   the lifetime is elided here
[INFO] [stdout]     |
[INFO] [stdout]     = help: the same lifetime is referred to in inconsistent ways, making the signature confusing
[INFO] [stdout] help: use `'_` for type paths
[INFO] [stdout]     |
[INFO] [stdout] 207 |     pub fn drafts(&self) -> DraftsResource<'_> {
[INFO] [stdout]     |                                           ++++
[INFO] [stdout] 
[INFO] [stdout] 
[INFO] [stdout] warning: hiding a lifetime that's elided elsewhere is confusing
[INFO] [stdout]    --> src/client.rs:212:18
[INFO] [stdout]     |
[INFO] [stdout] 212 |     pub fn media(&self) -> Media {
[INFO] [stdout]     |                  ^^^^^     ^^^^^ the same lifetime is hidden here
[INFO] [stdout]     |                  |
[INFO] [stdout]     |                  the lifetime is elided here
[INFO] [stdout]     |
[INFO] [stdout]     = help: the same lifetime is referred to in inconsistent ways, making the signature confusing
[INFO] [stdout] help: use `'_` for type paths
[INFO] [stdout]     |
[INFO] [stdout] 212 |     pub fn media(&self) -> Media<'_> {
[INFO] [stdout]     |                                 ++++
[INFO] [stdout] 
[INFO] [stdout] 
[INFO] [stdout] warning: hiding a lifetime that's elided elsewhere is confusing
[INFO] [stdout]    --> src/client.rs:217:20
[INFO] [stdout]     |
[INFO] [stdout] 217 |     pub fn numbers(&self) -> NumbersResource {
[INFO] [stdout]     |                    ^^^^^     ^^^^^^^^^^^^^^^ the same lifetime is hidden here
[INFO] [stdout]     |                    |
[INFO] [stdout]     |                    the lifetime is elided here
[INFO] [stdout]     |
[INFO] [stdout]     = help: the same lifetime is referred to in inconsistent ways, making the signature confusing
[INFO] [stdout] help: use `'_` for type paths
[INFO] [stdout]     |
[INFO] [stdout] 217 |     pub fn numbers(&self) -> NumbersResource<'_> {
[INFO] [stdout]     |                                             ++++
[INFO] [stdout] 
[INFO] [stdout] 
[INFO] [stdout] warning: hiding a lifetime that's elided elsewhere is confusing
[INFO] [stdout]    --> src/client.rs:222:20
[INFO] [stdout]     |
[INFO] [stdout] 222 |     pub fn ten_dlc(&self) -> TenDlcResource {
[INFO] [stdout]     |                    ^^^^^     ^^^^^^^^^^^^^^ the same lifetime is hidden here
[INFO] [stdout]     |                    |
[INFO] [stdout]     |                    the lifetime is elided here
[INFO] [stdout]     |
[INFO] [stdout]     = help: the same lifetime is referred to in inconsistent ways, making the signature confusing
[INFO] [stdout] help: use `'_` for type paths
[INFO] [stdout]     |
[INFO] [stdout] 222 |     pub fn ten_dlc(&self) -> TenDlcResource<'_> {
[INFO] [stdout]     |                                            ++++
[INFO] [stdout] 
[INFO] [stdout] 
[INFO] [stdout] warning: hiding a lifetime that's elided elsewhere is confusing
[INFO] [stdout]    --> src/client.rs:227:23
[INFO] [stdout]     |
[INFO] [stdout] 227 |     pub fn enterprise(&self) -> EnterpriseResource {
[INFO] [stdout]     |                       ^^^^^     ^^^^^^^^^^^^^^^^^^ the same lifetime is hidden here
[INFO] [stdout]     |                       |
[INFO] [stdout]     |                       the lifetime is elided here
[INFO] [stdout]     |
[INFO] [stdout]     = help: the same lifetime is referred to in inconsistent ways, making the signature confusing
[INFO] [stdout] help: use `'_` for type paths
[INFO] [stdout]     |
[INFO] [stdout] 227 |     pub fn enterprise(&self) -> EnterpriseResource<'_> {
[INFO] [stdout]     |                                                   ++++
[INFO] [stdout] 
[INFO] [stdout] 
[INFO] [stdout] warning: hiding a lifetime that's elided elsewhere is confusing
[INFO] [stdout]    --> src/client.rs:232:29
[INFO] [stdout]     |
[INFO] [stdout] 232 |     pub fn business_upgrade(&self) -> BusinessUpgradeResource {
[INFO] [stdout]     |                             ^^^^^     ^^^^^^^^^^^^^^^^^^^^^^^ the same lifetime is hidden here
[INFO] [stdout]     |                             |
[INFO] [stdout]     |                             the lifetime is elided here
[INFO] [stdout]     |
[INFO] [stdout]     = help: the same lifetime is referred to in inconsistent ways, making the signature confusing
[INFO] [stdout] help: use `'_` for type paths
[INFO] [stdout]     |
[INFO] [stdout] 232 |     pub fn business_upgrade(&self) -> BusinessUpgradeResource<'_> {
[INFO] [stdout]     |                                                              ++++
[INFO] [stdout] 
[INFO] [stdout] 
[INFO] [stdout] warning: hiding a lifetime that's elided elsewhere is confusing
[INFO] [stdout]    --> src/client.rs:237:21
[INFO] [stdout]     |
[INFO] [stdout] 237 |     pub fn whatsapp(&self) -> WhatsAppResource {
[INFO] [stdout]     |                     ^^^^^     ^^^^^^^^^^^^^^^^ the same lifetime is hidden here
[INFO] [stdout]     |                     |
[INFO] [stdout]     |                     the lifetime is elided here
[INFO] [stdout]     |
[INFO] [stdout]     = help: the same lifetime is referred to in inconsistent ways, making the signature confusing
[INFO] [stdout] help: use `'_` for type paths
[INFO] [stdout]     |
[INFO] [stdout] 237 |     pub fn whatsapp(&self) -> WhatsAppResource<'_> {
[INFO] [stdout]     |                                               ++++
[INFO] [stdout] 
[INFO] [stdout] 
[INFO] [stdout] warning: hiding a lifetime that's elided elsewhere is confusing
[INFO] [stdout]    --> src/client.rs:242:16
[INFO] [stdout]     |
[INFO] [stdout] 242 |     pub fn rcs(&self) -> RcsResource {
[INFO] [stdout]     |                ^^^^^     ^^^^^^^^^^^ the same lifetime is hidden here
[INFO] [stdout]     |                |
[INFO] [stdout]     |                the lifetime is elided here
[INFO] [stdout]     |
[INFO] [stdout]     = help: the same lifetime is referred to in inconsistent ways, making the signature confusing
[INFO] [stdout] help: use `'_` for type paths
[INFO] [stdout]     |
[INFO] [stdout] 242 |     pub fn rcs(&self) -> RcsResource<'_> {
[INFO] [stdout]     |                                     ++++
[INFO] [stdout] 
[INFO] [stdout] 
[INFO] [stdout] warning: hiding a lifetime that's elided elsewhere is confusing
[INFO] [stdout]    --> src/client.rs:247:18
[INFO] [stdout]     |
[INFO] [stdout] 247 |     pub fn calls(&self) -> CallsResource {
[INFO] [stdout]     |                  ^^^^^     ^^^^^^^^^^^^^ the same lifetime is hidden here
[INFO] [stdout]     |                  |
[INFO] [stdout]     |                  the lifetime is elided here
[INFO] [stdout]     |
[INFO] [stdout]     = help: the same lifetime is referred to in inconsistent ways, making the signature confusing
[INFO] [stdout] help: use `'_` for type paths
[INFO] [stdout]     |
[INFO] [stdout] 247 |     pub fn calls(&self) -> CallsResource<'_> {
[INFO] [stdout]     |                                         ++++
[INFO] [stdout] 
[INFO] [stdout] 
[INFO] [stdout] warning: hiding a lifetime that's elided elsewhere is confusing
[INFO] [stdout]    --> src/client.rs:253:18
[INFO] [stdout]     |
[INFO] [stdout] 253 |     pub fn voice(&self) -> VoiceResource {
[INFO] [stdout]     |                  ^^^^^     ^^^^^^^^^^^^^ the same lifetime is hidden here
[INFO] [stdout]     |                  |
[INFO] [stdout]     |                  the lifetime is elided here
[INFO] [stdout]     |
[INFO] [stdout]     = help: the same lifetime is referred to in inconsistent ways, making the signature confusing
[INFO] [stdout] help: use `'_` for type paths
[INFO] [stdout]     |
[INFO] [stdout] 253 |     pub fn voice(&self) -> VoiceResource<'_> {
[INFO] [stdout]     |                                         ++++
[INFO] [stdout] 
[INFO] [stdout] 
[INFO] [stderr]     Finished `dev` profile [unoptimized + debuginfo] target(s) in 59.56s
[INFO] running `Command { std: "docker" "inspect" "e33a2f53b9c09364df15d0de5007b7fb264ddfcc8fe57ead7bd01bf05dbf3c7c", kill_on_drop: false }`
[INFO] running `Command { std: "docker" "exec" "-e" "SOURCE_DIR=/opt/rustwide/workdir" "-e" "CARGO_HOME=/opt/rustwide/cargo-home" "-e" "RUSTUP_HOME=/opt/rustwide/rustup-home" "-e" "CARGO_TARGET_DIR=/opt/rustwide/target" "-e" "CARGO_INCREMENTAL=0" "-e" "RUST_BACKTRACE=full" "-e" "RUSTFLAGS=--cap-lints=warn" "-e" "RUSTDOCFLAGS=--cap-lints=warn" "-w" "/opt/rustwide/workdir" "--user" "0:0" "e33a2f53b9c09364df15d0de5007b7fb264ddfcc8fe57ead7bd01bf05dbf3c7c" "/opt/rustwide/cargo-home/bin/cargo" "+1.99.0-beta.8" "test" "--frozen" "--no-run" "--message-format=json", kill_on_drop: false }`
[INFO] [stderr]    Compiling parking_lot_core v0.9.12
[INFO] [stderr]    Compiling lock_api v0.4.14
[INFO] [stderr]    Compiling futures-io v0.3.34
[INFO] [stderr]    Compiling errno v0.3.14
[INFO] [stderr]    Compiling tokio-macros v2.7.2
[INFO] [stderr]    Compiling getrandom v0.1.16
[INFO] [stderr]    Compiling zerocopy v0.8.59
[INFO] [stderr]    Compiling crossbeam-utils v0.8.23
[INFO] [stderr]    Compiling anyhow v1.0.104
[INFO] [stderr]    Compiling parking v2.2.1
[INFO] [stderr]    Compiling http-types v2.12.0
[INFO] [stderr]    Compiling waker-fn v1.2.0
[INFO] [stderr]    Compiling event-listener v2.5.3
[INFO] [stderr]    Compiling signal-hook-registry v1.4.8
[INFO] [stderr]    Compiling url v2.5.8
[INFO] [stderr]    Compiling fastrand v1.9.0
[INFO] [stderr]    Compiling serde_qs v0.8.5
[INFO] [stderr]    Compiling num_cpus v1.17.0
[INFO] [stderr]    Compiling futures-util v0.3.34
[INFO] [stderr]    Compiling futures-lite v1.13.0
[INFO] [stderr]    Compiling deadpool-runtime v0.1.4
[INFO] [stderr]    Compiling base64 v0.13.1
[INFO] [stderr]    Compiling parking_lot v0.12.5
[INFO] [stderr]    Compiling retain_mut v0.1.9
[INFO] [stderr]    Compiling rand_core v0.5.1
[INFO] [stderr]    Compiling infer v0.2.3
[INFO] [stderr]    Compiling assert-json-diff v2.0.2
[INFO] [stderr]    Compiling futures-timer v3.0.4
[INFO] [stderr]    Compiling concurrent-queue v2.5.0
[INFO] [stderr]    Compiling tokio v1.53.1
[INFO] [stderr]    Compiling async-channel v1.9.0
[INFO] [stderr]    Compiling futures-executor v0.3.34
[INFO] [stderr]    Compiling futures v0.3.34
[INFO] [stderr]    Compiling ppv-lite86 v0.2.21
[INFO] [stderr]    Compiling rand_chacha v0.2.2
[INFO] [stderr]    Compiling rand v0.7.3
[INFO] [stderr]    Compiling tokio-util v0.7.19
[INFO] [stderr]    Compiling tokio-native-tls v0.3.1
[INFO] [stderr]    Compiling deadpool v0.9.5
[INFO] [stderr]    Compiling h2 v0.3.27
[INFO] [stderr]    Compiling hyper v0.14.32
[INFO] [stderr]    Compiling hyper-tls v0.5.0
[INFO] [stderr]    Compiling wiremock v0.5.22
[INFO] [stderr]    Compiling reqwest v0.11.27
[INFO] [stderr]    Compiling sendly v6.0.0 (/opt/rustwide/workdir)
[INFO] [stdout] warning: function `default_api_version` is never used
[INFO] [stdout]    --> src/webhooks.rs:364:4
[INFO] [stdout]     |
[INFO] [stdout] 364 | fn default_api_version() -> String {
[INFO] [stdout]     |    ^^^^^^^^^^^^^^^^^^^
[INFO] [stdout]     |
[INFO] [stdout]     = note: `#[warn(dead_code)]` (part of `#[warn(unused)]`) on by default
[INFO] [stdout] 
[INFO] [stdout] 
[INFO] [stdout] warning: hiding a lifetime that's elided elsewhere is confusing
[INFO] [stdout]    --> src/client.rs:152:21
[INFO] [stdout]     |
[INFO] [stdout] 152 |     pub fn messages(&self) -> Messages {
[INFO] [stdout]     |                     ^^^^^     ^^^^^^^^ the same lifetime is hidden here
[INFO] [stdout]     |                     |
[INFO] [stdout]     |                     the lifetime is elided here
[INFO] [stdout]     |
[INFO] [stdout]     = help: the same lifetime is referred to in inconsistent ways, making the signature confusing
[INFO] [stdout]     = note: `#[warn(mismatched_lifetime_syntaxes)]` on by default
[INFO] [stdout] help: use `'_` for type paths
[INFO] [stdout]     |
[INFO] [stdout] 152 |     pub fn messages(&self) -> Messages<'_> {
[INFO] [stdout]     |                                       ++++
[INFO] [stdout] 
[INFO] [stdout] 
[INFO] [stdout] warning: hiding a lifetime that's elided elsewhere is confusing
[INFO] [stdout]    --> src/client.rs:157:21
[INFO] [stdout]     |
[INFO] [stdout] 157 |     pub fn webhooks(&self) -> WebhooksResource {
[INFO] [stdout]     |                     ^^^^^     ^^^^^^^^^^^^^^^^ the same lifetime is hidden here
[INFO] [stdout]     |                     |
[INFO] [stdout]     |                     the lifetime is elided here
[INFO] [stdout]     |
[INFO] [stdout]     = help: the same lifetime is referred to in inconsistent ways, making the signature confusing
[INFO] [stdout] help: use `'_` for type paths
[INFO] [stdout]     |
[INFO] [stdout] 157 |     pub fn webhooks(&self) -> WebhooksResource<'_> {
[INFO] [stdout]     |                                               ++++
[INFO] [stdout] 
[INFO] [stdout] 
[INFO] [stdout] warning: hiding a lifetime that's elided elsewhere is confusing
[INFO] [stdout]    --> src/client.rs:162:20
[INFO] [stdout]     |
[INFO] [stdout] 162 |     pub fn account(&self) -> AccountResource {
[INFO] [stdout]     |                    ^^^^^     ^^^^^^^^^^^^^^^ the same lifetime is hidden here
[INFO] [stdout]     |                    |
[INFO] [stdout]     |                    the lifetime is elided here
[INFO] [stdout]     |
[INFO] [stdout]     = help: the same lifetime is referred to in inconsistent ways, making the signature confusing
[INFO] [stdout] help: use `'_` for type paths
[INFO] [stdout]     |
[INFO] [stdout] 162 |     pub fn account(&self) -> AccountResource<'_> {
[INFO] [stdout]     |                                             ++++
[INFO] [stdout] 
[INFO] [stdout] 
[INFO] [stdout] warning: hiding a lifetime that's elided elsewhere is confusing
[INFO] [stdout]    --> src/client.rs:167:19
[INFO] [stdout]     |
[INFO] [stdout] 167 |     pub fn verify(&self) -> VerifyResource {
[INFO] [stdout]     |                   ^^^^^     ^^^^^^^^^^^^^^ the same lifetime is hidden here
[INFO] [stdout]     |                   |
[INFO] [stdout]     |                   the lifetime is elided here
[INFO] [stdout]     |
[INFO] [stdout]     = help: the same lifetime is referred to in inconsistent ways, making the signature confusing
[INFO] [stdout] help: use `'_` for type paths
[INFO] [stdout]     |
[INFO] [stdout] 167 |     pub fn verify(&self) -> VerifyResource<'_> {
[INFO] [stdout]     |                                           ++++
[INFO] [stdout] 
[INFO] [stdout] 
[INFO] [stdout] warning: hiding a lifetime that's elided elsewhere is confusing
[INFO] [stdout]    --> src/client.rs:172:22
[INFO] [stdout]     |
[INFO] [stdout] 172 |     pub fn templates(&self) -> TemplatesResource {
[INFO] [stdout]     |                      ^^^^^     ^^^^^^^^^^^^^^^^^ the same lifetime is hidden here
[INFO] [stdout]     |                      |
[INFO] [stdout]     |                      the lifetime is elided here
[INFO] [stdout]     |
[INFO] [stdout]     = help: the same lifetime is referred to in inconsistent ways, making the signature confusing
[INFO] [stdout] help: use `'_` for type paths
[INFO] [stdout]     |
[INFO] [stdout] 172 |     pub fn templates(&self) -> TemplatesResource<'_> {
[INFO] [stdout]     |                                                 ++++
[INFO] [stdout] 
[INFO] [stdout] 
[INFO] [stdout] warning: hiding a lifetime that's elided elsewhere is confusing
[INFO] [stdout]    --> src/client.rs:177:22
[INFO] [stdout]     |
[INFO] [stdout] 177 |     pub fn campaigns(&self) -> CampaignsResource {
[INFO] [stdout]     |                      ^^^^^     ^^^^^^^^^^^^^^^^^ the same lifetime is hidden here
[INFO] [stdout]     |                      |
[INFO] [stdout]     |                      the lifetime is elided here
[INFO] [stdout]     |
[INFO] [stdout]     = help: the same lifetime is referred to in inconsistent ways, making the signature confusing
[INFO] [stdout] help: use `'_` for type paths
[INFO] [stdout]     |
[INFO] [stdout] 177 |     pub fn campaigns(&self) -> CampaignsResource<'_> {
[INFO] [stdout]     |                                                 ++++
[INFO] [stdout] 
[INFO] [stdout] 
[INFO] [stdout] warning: hiding a lifetime that's elided elsewhere is confusing
[INFO] [stdout]    --> src/client.rs:182:21
[INFO] [stdout]     |
[INFO] [stdout] 182 |     pub fn contacts(&self) -> ContactsResource {
[INFO] [stdout]     |                     ^^^^^     ^^^^^^^^^^^^^^^^ the same lifetime is hidden here
[INFO] [stdout]     |                     |
[INFO] [stdout]     |                     the lifetime is elided here
[INFO] [stdout]     |
[INFO] [stdout]     = help: the same lifetime is referred to in inconsistent ways, making the signature confusing
[INFO] [stdout] help: use `'_` for type paths
[INFO] [stdout]     |
[INFO] [stdout] 182 |     pub fn contacts(&self) -> ContactsResource<'_> {
[INFO] [stdout]     |                                               ++++
[INFO] [stdout] 
[INFO] [stdout] 
[INFO] [stdout] warning: hiding a lifetime that's elided elsewhere is confusing
[INFO] [stdout]    --> src/client.rs:187:26
[INFO] [stdout]     |
[INFO] [stdout] 187 |     pub fn conversations(&self) -> ConversationsResource {
[INFO] [stdout]     |                          ^^^^^     ^^^^^^^^^^^^^^^^^^^^^ the same lifetime is hidden here
[INFO] [stdout]     |                          |
[INFO] [stdout]     |                          the lifetime is elided here
[INFO] [stdout]     |
[INFO] [stdout]     = help: the same lifetime is referred to in inconsistent ways, making the signature confusing
[INFO] [stdout] help: use `'_` for type paths
[INFO] [stdout]     |
[INFO] [stdout] 187 |     pub fn conversations(&self) -> ConversationsResource<'_> {
[INFO] [stdout]     |                                                         ++++
[INFO] [stdout] 
[INFO] [stdout] 
[INFO] [stdout] warning: hiding a lifetime that's elided elsewhere is confusing
[INFO] [stdout]    --> src/client.rs:192:19
[INFO] [stdout]     |
[INFO] [stdout] 192 |     pub fn labels(&self) -> LabelsResource {
[INFO] [stdout]     |                   ^^^^^     ^^^^^^^^^^^^^^ the same lifetime is hidden here
[INFO] [stdout]     |                   |
[INFO] [stdout]     |                   the lifetime is elided here
[INFO] [stdout]     |
[INFO] [stdout]     = help: the same lifetime is referred to in inconsistent ways, making the signature confusing
[INFO] [stdout] help: use `'_` for type paths
[INFO] [stdout]     |
[INFO] [stdout] 192 |     pub fn labels(&self) -> LabelsResource<'_> {
[INFO] [stdout]     |                                           ++++
[INFO] [stdout] 
[INFO] [stdout] 
[INFO] [stdout] warning: hiding a lifetime that's elided elsewhere is confusing
[INFO] [stdout]    --> src/client.rs:197:18
[INFO] [stdout]     |
[INFO] [stdout] 197 |     pub fn rules(&self) -> RulesResource {
[INFO] [stdout]     |                  ^^^^^     ^^^^^^^^^^^^^ the same lifetime is hidden here
[INFO] [stdout]     |                  |
[INFO] [stdout]     |                  the lifetime is elided here
[INFO] [stdout]     |
[INFO] [stdout]     = help: the same lifetime is referred to in inconsistent ways, making the signature confusing
[INFO] [stdout] help: use `'_` for type paths
[INFO] [stdout]     |
[INFO] [stdout] 197 |     pub fn rules(&self) -> RulesResource<'_> {
[INFO] [stdout]     |                                         ++++
[INFO] [stdout] 
[INFO] [stdout] 
[INFO] [stdout] warning: hiding a lifetime that's elided elsewhere is confusing
[INFO] [stdout]    --> src/client.rs:202:18
[INFO] [stdout]     |
[INFO] [stdout] 202 |     pub fn links(&self) -> LinksResource {
[INFO] [stdout]     |                  ^^^^^     ^^^^^^^^^^^^^ the same lifetime is hidden here
[INFO] [stdout]     |                  |
[INFO] [stdout]     |                  the lifetime is elided here
[INFO] [stdout]     |
[INFO] [stdout]     = help: the same lifetime is referred to in inconsistent ways, making the signature confusing
[INFO] [stdout] help: use `'_` for type paths
[INFO] [stdout]     |
[INFO] [stdout] 202 |     pub fn links(&self) -> LinksResource<'_> {
[INFO] [stdout]     |                                         ++++
[INFO] [stdout] 
[INFO] [stdout] 
[INFO] [stdout] warning: hiding a lifetime that's elided elsewhere is confusing
[INFO] [stdout]    --> src/client.rs:207:19
[INFO] [stdout]     |
[INFO] [stdout] 207 |     pub fn drafts(&self) -> DraftsResource {
[INFO] [stdout]     |                   ^^^^^     ^^^^^^^^^^^^^^ the same lifetime is hidden here
[INFO] [stdout]     |                   |
[INFO] [stdout]     |                   the lifetime is elided here
[INFO] [stdout]     |
[INFO] [stdout]     = help: the same lifetime is referred to in inconsistent ways, making the signature confusing
[INFO] [stdout] help: use `'_` for type paths
[INFO] [stdout]     |
[INFO] [stdout] 207 |     pub fn drafts(&self) -> DraftsResource<'_> {
[INFO] [stdout]     |                                           ++++
[INFO] [stdout] 
[INFO] [stdout] 
[INFO] [stdout] warning: hiding a lifetime that's elided elsewhere is confusing
[INFO] [stdout]    --> src/client.rs:212:18
[INFO] [stdout]     |
[INFO] [stdout] 212 |     pub fn media(&self) -> Media {
[INFO] [stdout]     |                  ^^^^^     ^^^^^ the same lifetime is hidden here
[INFO] [stdout]     |                  |
[INFO] [stdout]     |                  the lifetime is elided here
[INFO] [stdout]     |
[INFO] [stdout]     = help: the same lifetime is referred to in inconsistent ways, making the signature confusing
[INFO] [stdout] help: use `'_` for type paths
[INFO] [stdout]     |
[INFO] [stdout] 212 |     pub fn media(&self) -> Media<'_> {
[INFO] [stdout]     |                                 ++++
[INFO] [stdout] 
[INFO] [stdout] 
[INFO] [stdout] warning: hiding a lifetime that's elided elsewhere is confusing
[INFO] [stdout]    --> src/client.rs:217:20
[INFO] [stdout]     |
[INFO] [stdout] 217 |     pub fn numbers(&self) -> NumbersResource {
[INFO] [stdout]     |                    ^^^^^     ^^^^^^^^^^^^^^^ the same lifetime is hidden here
[INFO] [stdout]     |                    |
[INFO] [stdout]     |                    the lifetime is elided here
[INFO] [stdout]     |
[INFO] [stdout]     = help: the same lifetime is referred to in inconsistent ways, making the signature confusing
[INFO] [stdout] help: use `'_` for type paths
[INFO] [stdout]     |
[INFO] [stdout] 217 |     pub fn numbers(&self) -> NumbersResource<'_> {
[INFO] [stdout]     |                                             ++++
[INFO] [stdout] 
[INFO] [stdout] 
[INFO] [stdout] warning: hiding a lifetime that's elided elsewhere is confusing
[INFO] [stdout]    --> src/client.rs:222:20
[INFO] [stdout]     |
[INFO] [stdout] 222 |     pub fn ten_dlc(&self) -> TenDlcResource {
[INFO] [stdout]     |                    ^^^^^     ^^^^^^^^^^^^^^ the same lifetime is hidden here
[INFO] [stdout]     |                    |
[INFO] [stdout]     |                    the lifetime is elided here
[INFO] [stdout]     |
[INFO] [stdout]     = help: the same lifetime is referred to in inconsistent ways, making the signature confusing
[INFO] [stdout] help: use `'_` for type paths
[INFO] [stdout]     |
[INFO] [stdout] 222 |     pub fn ten_dlc(&self) -> TenDlcResource<'_> {
[INFO] [stdout]     |                                            ++++
[INFO] [stdout] 
[INFO] [stdout] 
[INFO] [stdout] warning: hiding a lifetime that's elided elsewhere is confusing
[INFO] [stdout]    --> src/client.rs:227:23
[INFO] [stdout]     |
[INFO] [stdout] 227 |     pub fn enterprise(&self) -> EnterpriseResource {
[INFO] [stdout]     |                       ^^^^^     ^^^^^^^^^^^^^^^^^^ the same lifetime is hidden here
[INFO] [stdout]     |                       |
[INFO] [stdout]     |                       the lifetime is elided here
[INFO] [stdout]     |
[INFO] [stdout]     = help: the same lifetime is referred to in inconsistent ways, making the signature confusing
[INFO] [stdout] help: use `'_` for type paths
[INFO] [stdout]     |
[INFO] [stdout] 227 |     pub fn enterprise(&self) -> EnterpriseResource<'_> {
[INFO] [stdout]     |                                                   ++++
[INFO] [stdout] 
[INFO] [stdout] 
[INFO] [stdout] warning: hiding a lifetime that's elided elsewhere is confusing
[INFO] [stdout]    --> src/client.rs:232:29
[INFO] [stdout]     |
[INFO] [stdout] 232 |     pub fn business_upgrade(&self) -> BusinessUpgradeResource {
[INFO] [stdout]     |                             ^^^^^     ^^^^^^^^^^^^^^^^^^^^^^^ the same lifetime is hidden here
[INFO] [stdout]     |                             |
[INFO] [stdout]     |                             the lifetime is elided here
[INFO] [stdout]     |
[INFO] [stdout]     = help: the same lifetime is referred to in inconsistent ways, making the signature confusing
[INFO] [stdout] help: use `'_` for type paths
[INFO] [stdout]     |
[INFO] [stdout] 232 |     pub fn business_upgrade(&self) -> BusinessUpgradeResource<'_> {
[INFO] [stdout]     |                                                              ++++
[INFO] [stdout] 
[INFO] [stdout] 
[INFO] [stdout] warning: hiding a lifetime that's elided elsewhere is confusing
[INFO] [stdout]    --> src/client.rs:237:21
[INFO] [stdout]     |
[INFO] [stdout] 237 |     pub fn whatsapp(&self) -> WhatsAppResource {
[INFO] [stdout]     |                     ^^^^^     ^^^^^^^^^^^^^^^^ the same lifetime is hidden here
[INFO] [stdout]     |                     |
[INFO] [stdout]     |                     the lifetime is elided here
[INFO] [stdout]     |
[INFO] [stdout]     = help: the same lifetime is referred to in inconsistent ways, making the signature confusing
[INFO] [stdout] help: use `'_` for type paths
[INFO] [stdout]     |
[INFO] [stdout] 237 |     pub fn whatsapp(&self) -> WhatsAppResource<'_> {
[INFO] [stdout]     |                                               ++++
[INFO] [stdout] 
[INFO] [stdout] 
[INFO] [stdout] warning: hiding a lifetime that's elided elsewhere is confusing
[INFO] [stdout]    --> src/client.rs:242:16
[INFO] [stdout]     |
[INFO] [stdout] 242 |     pub fn rcs(&self) -> RcsResource {
[INFO] [stdout]     |                ^^^^^     ^^^^^^^^^^^ the same lifetime is hidden here
[INFO] [stdout]     |                |
[INFO] [stdout]     |                the lifetime is elided here
[INFO] [stdout]     |
[INFO] [stdout]     = help: the same lifetime is referred to in inconsistent ways, making the signature confusing
[INFO] [stdout] help: use `'_` for type paths
[INFO] [stdout]     |
[INFO] [stdout] 242 |     pub fn rcs(&self) -> RcsResource<'_> {
[INFO] [stdout]     |                                     ++++
[INFO] [stdout] 
[INFO] [stdout] 
[INFO] [stdout] warning: hiding a lifetime that's elided elsewhere is confusing
[INFO] [stdout]    --> src/client.rs:247:18
[INFO] [stdout]     |
[INFO] [stdout] 247 |     pub fn calls(&self) -> CallsResource {
[INFO] [stdout]     |                  ^^^^^     ^^^^^^^^^^^^^ the same lifetime is hidden here
[INFO] [stdout]     |                  |
[INFO] [stdout]     |                  the lifetime is elided here
[INFO] [stdout]     |
[INFO] [stdout]     = help: the same lifetime is referred to in inconsistent ways, making the signature confusing
[INFO] [stdout] help: use `'_` for type paths
[INFO] [stdout]     |
[INFO] [stdout] 247 |     pub fn calls(&self) -> CallsResource<'_> {
[INFO] [stdout]     |                                         ++++
[INFO] [stdout] 
[INFO] [stdout] 
[INFO] [stdout] warning: hiding a lifetime that's elided elsewhere is confusing
[INFO] [stdout]    --> src/client.rs:253:18
[INFO] [stdout]     |
[INFO] [stdout] 253 |     pub fn voice(&self) -> VoiceResource {
[INFO] [stdout]     |                  ^^^^^     ^^^^^^^^^^^^^ the same lifetime is hidden here
[INFO] [stdout]     |                  |
[INFO] [stdout]     |                  the lifetime is elided here
[INFO] [stdout]     |
[INFO] [stdout]     = help: the same lifetime is referred to in inconsistent ways, making the signature confusing
[INFO] [stdout] help: use `'_` for type paths
[INFO] [stdout]     |
[INFO] [stdout] 253 |     pub fn voice(&self) -> VoiceResource<'_> {
[INFO] [stdout]     |                                         ++++
[INFO] [stdout] 
[INFO] [stdout] 
[INFO] [stdout] warning: function `default_api_version` is never used
[INFO] [stdout]    --> src/webhooks.rs:364:4
[INFO] [stdout]     |
[INFO] [stdout] 364 | fn default_api_version() -> String {
[INFO] [stdout]     |    ^^^^^^^^^^^^^^^^^^^
[INFO] [stdout]     |
[INFO] [stdout]     = note: `#[warn(dead_code)]` (part of `#[warn(unused)]`) on by default
[INFO] [stdout] 
[INFO] [stdout] 
[INFO] [stdout] warning: hiding a lifetime that's elided elsewhere is confusing
[INFO] [stdout]    --> src/client.rs:152:21
[INFO] [stdout]     |
[INFO] [stdout] 152 |     pub fn messages(&self) -> Messages {
[INFO] [stdout]     |                     ^^^^^     ^^^^^^^^ the same lifetime is hidden here
[INFO] [stdout]     |                     |
[INFO] [stdout]     |                     the lifetime is elided here
[INFO] [stdout]     |
[INFO] [stdout]     = help: the same lifetime is referred to in inconsistent ways, making the signature confusing
[INFO] [stdout]     = note: `#[warn(mismatched_lifetime_syntaxes)]` on by default
[INFO] [stdout] help: use `'_` for type paths
[INFO] [stdout]     |
[INFO] [stdout] 152 |     pub fn messages(&self) -> Messages<'_> {
[INFO] [stdout]     |                                       ++++
[INFO] [stdout] 
[INFO] [stdout] 
[INFO] [stdout] warning: hiding a lifetime that's elided elsewhere is confusing
[INFO] [stdout]    --> src/client.rs:157:21
[INFO] [stdout]     |
[INFO] [stdout] 157 |     pub fn webhooks(&self) -> WebhooksResource {
[INFO] [stdout]     |                     ^^^^^     ^^^^^^^^^^^^^^^^ the same lifetime is hidden here
[INFO] [stdout]     |                     |
[INFO] [stdout]     |                     the lifetime is elided here
[INFO] [stdout]     |
[INFO] [stdout]     = help: the same lifetime is referred to in inconsistent ways, making the signature confusing
[INFO] [stdout] help: use `'_` for type paths
[INFO] [stdout]     |
[INFO] [stdout] 157 |     pub fn webhooks(&self) -> WebhooksResource<'_> {
[INFO] [stdout]     |                                               ++++
[INFO] [stdout] 
[INFO] [stdout] 
[INFO] [stdout] warning: hiding a lifetime that's elided elsewhere is confusing
[INFO] [stdout]    --> src/client.rs:162:20
[INFO] [stdout]     |
[INFO] [stdout] 162 |     pub fn account(&self) -> AccountResource {
[INFO] [stdout]     |                    ^^^^^     ^^^^^^^^^^^^^^^ the same lifetime is hidden here
[INFO] [stdout]     |                    |
[INFO] [stdout]     |                    the lifetime is elided here
[INFO] [stdout]     |
[INFO] [stdout]     = help: the same lifetime is referred to in inconsistent ways, making the signature confusing
[INFO] [stdout] help: use `'_` for type paths
[INFO] [stdout]     |
[INFO] [stdout] 162 |     pub fn account(&self) -> AccountResource<'_> {
[INFO] [stdout]     |                                             ++++
[INFO] [stdout] 
[INFO] [stdout] 
[INFO] [stdout] warning: hiding a lifetime that's elided elsewhere is confusing
[INFO] [stdout]    --> src/client.rs:167:19
[INFO] [stdout]     |
[INFO] [stdout] 167 |     pub fn verify(&self) -> VerifyResource {
[INFO] [stdout]     |                   ^^^^^     ^^^^^^^^^^^^^^ the same lifetime is hidden here
[INFO] [stdout]     |                   |
[INFO] [stdout]     |                   the lifetime is elided here
[INFO] [stdout]     |
[INFO] [stdout]     = help: the same lifetime is referred to in inconsistent ways, making the signature confusing
[INFO] [stdout] help: use `'_` for type paths
[INFO] [stdout]     |
[INFO] [stdout] 167 |     pub fn verify(&self) -> VerifyResource<'_> {
[INFO] [stdout]     |                                           ++++
[INFO] [stdout] 
[INFO] [stdout] 
[INFO] [stdout] warning: hiding a lifetime that's elided elsewhere is confusing
[INFO] [stdout]    --> src/client.rs:172:22
[INFO] [stdout]     |
[INFO] [stdout] 172 |     pub fn templates(&self) -> TemplatesResource {
[INFO] [stdout]     |                      ^^^^^     ^^^^^^^^^^^^^^^^^ the same lifetime is hidden here
[INFO] [stdout]     |                      |
[INFO] [stdout]     |                      the lifetime is elided here
[INFO] [stdout]     |
[INFO] [stdout]     = help: the same lifetime is referred to in inconsistent ways, making the signature confusing
[INFO] [stdout] help: use `'_` for type paths
[INFO] [stdout]     |
[INFO] [stdout] 172 |     pub fn templates(&self) -> TemplatesResource<'_> {
[INFO] [stdout]     |                                                 ++++
[INFO] [stdout] 
[INFO] [stdout] 
[INFO] [stdout] warning: hiding a lifetime that's elided elsewhere is confusing
[INFO] [stdout]    --> src/client.rs:177:22
[INFO] [stdout]     |
[INFO] [stdout] 177 |     pub fn campaigns(&self) -> CampaignsResource {
[INFO] [stdout]     |                      ^^^^^     ^^^^^^^^^^^^^^^^^ the same lifetime is hidden here
[INFO] [stdout]     |                      |
[INFO] [stdout]     |                      the lifetime is elided here
[INFO] [stdout]     |
[INFO] [stdout]     = help: the same lifetime is referred to in inconsistent ways, making the signature confusing
[INFO] [stdout] help: use `'_` for type paths
[INFO] [stdout]     |
[INFO] [stdout] 177 |     pub fn campaigns(&self) -> CampaignsResource<'_> {
[INFO] [stdout]     |                                                 ++++
[INFO] [stdout] 
[INFO] [stdout] 
[INFO] [stdout] warning: hiding a lifetime that's elided elsewhere is confusing
[INFO] [stdout]    --> src/client.rs:182:21
[INFO] [stdout]     |
[INFO] [stdout] 182 |     pub fn contacts(&self) -> ContactsResource {
[INFO] [stdout]     |                     ^^^^^     ^^^^^^^^^^^^^^^^ the same lifetime is hidden here
[INFO] [stdout]     |                     |
[INFO] [stdout]     |                     the lifetime is elided here
[INFO] [stdout]     |
[INFO] [stdout]     = help: the same lifetime is referred to in inconsistent ways, making the signature confusing
[INFO] [stdout] help: use `'_` for type paths
[INFO] [stdout]     |
[INFO] [stdout] 182 |     pub fn contacts(&self) -> ContactsResource<'_> {
[INFO] [stdout]     |                                               ++++
[INFO] [stdout] 
[INFO] [stdout] 
[INFO] [stdout] warning: hiding a lifetime that's elided elsewhere is confusing
[INFO] [stdout]    --> src/client.rs:187:26
[INFO] [stdout]     |
[INFO] [stdout] 187 |     pub fn conversations(&self) -> ConversationsResource {
[INFO] [stdout]     |                          ^^^^^     ^^^^^^^^^^^^^^^^^^^^^ the same lifetime is hidden here
[INFO] [stdout]     |                          |
[INFO] [stdout]     |                          the lifetime is elided here
[INFO] [stdout]     |
[INFO] [stdout]     = help: the same lifetime is referred to in inconsistent ways, making the signature confusing
[INFO] [stdout] help: use `'_` for type paths
[INFO] [stdout]     |
[INFO] [stdout] 187 |     pub fn conversations(&self) -> ConversationsResource<'_> {
[INFO] [stdout]     |                                                         ++++
[INFO] [stdout] 
[INFO] [stdout] 
[INFO] [stdout] warning: hiding a lifetime that's elided elsewhere is confusing
[INFO] [stdout]    --> src/client.rs:192:19
[INFO] [stdout]     |
[INFO] [stdout] 192 |     pub fn labels(&self) -> LabelsResource {
[INFO] [stdout]     |                   ^^^^^     ^^^^^^^^^^^^^^ the same lifetime is hidden here
[INFO] [stdout]     |                   |
[INFO] [stdout]     |                   the lifetime is elided here
[INFO] [stdout]     |
[INFO] [stdout]     = help: the same lifetime is referred to in inconsistent ways, making the signature confusing
[INFO] [stdout] help: use `'_` for type paths
[INFO] [stdout]     |
[INFO] [stdout] 192 |     pub fn labels(&self) -> LabelsResource<'_> {
[INFO] [stdout]     |                                           ++++
[INFO] [stdout] 
[INFO] [stdout] 
[INFO] [stdout] warning: hiding a lifetime that's elided elsewhere is confusing
[INFO] [stdout]    --> src/client.rs:197:18
[INFO] [stdout]     |
[INFO] [stdout] 197 |     pub fn rules(&self) -> RulesResource {
[INFO] [stdout]     |                  ^^^^^     ^^^^^^^^^^^^^ the same lifetime is hidden here
[INFO] [stdout]     |                  |
[INFO] [stdout]     |                  the lifetime is elided here
[INFO] [stdout]     |
[INFO] [stdout]     = help: the same lifetime is referred to in inconsistent ways, making the signature confusing
[INFO] [stdout] help: use `'_` for type paths
[INFO] [stdout]     |
[INFO] [stdout] 197 |     pub fn rules(&self) -> RulesResource<'_> {
[INFO] [stdout]     |                                         ++++
[INFO] [stdout] 
[INFO] [stdout] 
[INFO] [stdout] warning: hiding a lifetime that's elided elsewhere is confusing
[INFO] [stdout]    --> src/client.rs:202:18
[INFO] [stdout]     |
[INFO] [stdout] 202 |     pub fn links(&self) -> LinksResource {
[INFO] [stdout]     |                  ^^^^^     ^^^^^^^^^^^^^ the same lifetime is hidden here
[INFO] [stdout]     |                  |
[INFO] [stdout]     |                  the lifetime is elided here
[INFO] [stdout]     |
[INFO] [stdout]     = help: the same lifetime is referred to in inconsistent ways, making the signature confusing
[INFO] [stdout] help: use `'_` for type paths
[INFO] [stdout]     |
[INFO] [stdout] 202 |     pub fn links(&self) -> LinksResource<'_> {
[INFO] [stdout]     |                                         ++++
[INFO] [stdout] 
[INFO] [stdout] 
[INFO] [stdout] warning: hiding a lifetime that's elided elsewhere is confusing
[INFO] [stdout]    --> src/client.rs:207:19
[INFO] [stdout]     |
[INFO] [stdout] 207 |     pub fn drafts(&self) -> DraftsResource {
[INFO] [stdout]     |                   ^^^^^     ^^^^^^^^^^^^^^ the same lifetime is hidden here
[INFO] [stdout]     |                   |
[INFO] [stdout]     |                   the lifetime is elided here
[INFO] [stdout]     |
[INFO] [stdout]     = help: the same lifetime is referred to in inconsistent ways, making the signature confusing
[INFO] [stdout] help: use `'_` for type paths
[INFO] [stdout]     |
[INFO] [stdout] 207 |     pub fn drafts(&self) -> DraftsResource<'_> {
[INFO] [stdout]     |                                           ++++
[INFO] [stdout] 
[INFO] [stdout] 
[INFO] [stdout] warning: hiding a lifetime that's elided elsewhere is confusing
[INFO] [stdout]    --> src/client.rs:212:18
[INFO] [stdout]     |
[INFO] [stdout] 212 |     pub fn media(&self) -> Media {
[INFO] [stdout]     |                  ^^^^^     ^^^^^ the same lifetime is hidden here
[INFO] [stdout]     |                  |
[INFO] [stdout]     |                  the lifetime is elided here
[INFO] [stdout]     |
[INFO] [stdout]     = help: the same lifetime is referred to in inconsistent ways, making the signature confusing
[INFO] [stdout] help: use `'_` for type paths
[INFO] [stdout]     |
[INFO] [stdout] 212 |     pub fn media(&self) -> Media<'_> {
[INFO] [stdout]     |                                 ++++
[INFO] [stdout] 
[INFO] [stdout] 
[INFO] [stdout] warning: hiding a lifetime that's elided elsewhere is confusing
[INFO] [stdout]    --> src/client.rs:217:20
[INFO] [stdout]     |
[INFO] [stdout] 217 |     pub fn numbers(&self) -> NumbersResource {
[INFO] [stdout]     |                    ^^^^^     ^^^^^^^^^^^^^^^ the same lifetime is hidden here
[INFO] [stdout]     |                    |
[INFO] [stdout]     |                    the lifetime is elided here
[INFO] [stdout]     |
[INFO] [stdout]     = help: the same lifetime is referred to in inconsistent ways, making the signature confusing
[INFO] [stdout] help: use `'_` for type paths
[INFO] [stdout]     |
[INFO] [stdout] 217 |     pub fn numbers(&self) -> NumbersResource<'_> {
[INFO] [stdout]     |                                             ++++
[INFO] [stdout] 
[INFO] [stdout] 
[INFO] [stdout] warning: hiding a lifetime that's elided elsewhere is confusing
[INFO] [stdout]    --> src/client.rs:222:20
[INFO] [stdout]     |
[INFO] [stdout] 222 |     pub fn ten_dlc(&self) -> TenDlcResource {
[INFO] [stdout]     |                    ^^^^^     ^^^^^^^^^^^^^^ the same lifetime is hidden here
[INFO] [stdout]     |                    |
[INFO] [stdout]     |                    the lifetime is elided here
[INFO] [stdout]     |
[INFO] [stdout]     = help: the same lifetime is referred to in inconsistent ways, making the signature confusing
[INFO] [stdout] help: use `'_` for type paths
[INFO] [stdout]     |
[INFO] [stdout] 222 |     pub fn ten_dlc(&self) -> TenDlcResource<'_> {
[INFO] [stdout]     |                                            ++++
[INFO] [stdout] 
[INFO] [stdout] 
[INFO] [stdout] warning: hiding a lifetime that's elided elsewhere is confusing
[INFO] [stdout]    --> src/client.rs:227:23
[INFO] [stdout]     |
[INFO] [stdout] 227 |     pub fn enterprise(&self) -> EnterpriseResource {
[INFO] [stdout]     |                       ^^^^^     ^^^^^^^^^^^^^^^^^^ the same lifetime is hidden here
[INFO] [stdout]     |                       |
[INFO] [stdout]     |                       the lifetime is elided here
[INFO] [stdout]     |
[INFO] [stdout]     = help: the same lifetime is referred to in inconsistent ways, making the signature confusing
[INFO] [stdout] help: use `'_` for type paths
[INFO] [stdout]     |
[INFO] [stdout] 227 |     pub fn enterprise(&self) -> EnterpriseResource<'_> {
[INFO] [stdout]     |                                                   ++++
[INFO] [stdout] 
[INFO] [stdout] 
[INFO] [stdout] warning: hiding a lifetime that's elided elsewhere is confusing
[INFO] [stdout]    --> src/client.rs:232:29
[INFO] [stdout]     |
[INFO] [stdout] 232 |     pub fn business_upgrade(&self) -> BusinessUpgradeResource {
[INFO] [stdout]     |                             ^^^^^     ^^^^^^^^^^^^^^^^^^^^^^^ the same lifetime is hidden here
[INFO] [stdout]     |                             |
[INFO] [stdout]     |                             the lifetime is elided here
[INFO] [stdout]     |
[INFO] [stdout]     = help: the same lifetime is referred to in inconsistent ways, making the signature confusing
[INFO] [stdout] help: use `'_` for type paths
[INFO] [stdout]     |
[INFO] [stdout] 232 |     pub fn business_upgrade(&self) -> BusinessUpgradeResource<'_> {
[INFO] [stdout]     |                                                              ++++
[INFO] [stdout] 
[INFO] [stdout] 
[INFO] [stdout] warning: hiding a lifetime that's elided elsewhere is confusing
[INFO] [stdout]    --> src/client.rs:237:21
[INFO] [stdout]     |
[INFO] [stdout] 237 |     pub fn whatsapp(&self) -> WhatsAppResource {
[INFO] [stdout]     |                     ^^^^^     ^^^^^^^^^^^^^^^^ the same lifetime is hidden here
[INFO] [stdout]     |                     |
[INFO] [stdout]     |                     the lifetime is elided here
[INFO] [stdout]     |
[INFO] [stdout]     = help: the same lifetime is referred to in inconsistent ways, making the signature confusing
[INFO] [stdout] help: use `'_` for type paths
[INFO] [stdout]     |
[INFO] [stdout] 237 |     pub fn whatsapp(&self) -> WhatsAppResource<'_> {
[INFO] [stdout]     |                                               ++++
[INFO] [stdout] 
[INFO] [stdout] 
[INFO] [stdout] warning: hiding a lifetime that's elided elsewhere is confusing
[INFO] [stdout]    --> src/client.rs:242:16
[INFO] [stdout]     |
[INFO] [stdout] 242 |     pub fn rcs(&self) -> RcsResource {
[INFO] [stdout]     |                ^^^^^     ^^^^^^^^^^^ the same lifetime is hidden here
[INFO] [stdout]     |                |
[INFO] [stdout]     |                the lifetime is elided here
[INFO] [stdout]     |
[INFO] [stdout]     = help: the same lifetime is referred to in inconsistent ways, making the signature confusing
[INFO] [stdout] help: use `'_` for type paths
[INFO] [stdout]     |
[INFO] [stdout] 242 |     pub fn rcs(&self) -> RcsResource<'_> {
[INFO] [stdout]     |                                     ++++
[INFO] [stdout] 
[INFO] [stdout] 
[INFO] [stdout] warning: hiding a lifetime that's elided elsewhere is confusing
[INFO] [stdout]    --> src/client.rs:247:18
[INFO] [stdout]     |
[INFO] [stdout] 247 |     pub fn calls(&self) -> CallsResource {
[INFO] [stdout]     |                  ^^^^^     ^^^^^^^^^^^^^ the same lifetime is hidden here
[INFO] [stdout]     |                  |
[INFO] [stdout]     |                  the lifetime is elided here
[INFO] [stdout]     |
[INFO] [stdout]     = help: the same lifetime is referred to in inconsistent ways, making the signature confusing
[INFO] [stdout] help: use `'_` for type paths
[INFO] [stdout]     |
[INFO] [stdout] 247 |     pub fn calls(&self) -> CallsResource<'_> {
[INFO] [stdout]     |                                         ++++
[INFO] [stdout] 
[INFO] [stdout] 
[INFO] [stdout] warning: hiding a lifetime that's elided elsewhere is confusing
[INFO] [stdout]    --> src/client.rs:253:18
[INFO] [stdout]     |
[INFO] [stdout] 253 |     pub fn voice(&self) -> VoiceResource {
[INFO] [stdout]     |                  ^^^^^     ^^^^^^^^^^^^^ the same lifetime is hidden here
[INFO] [stdout]     |                  |
[INFO] [stdout]     |                  the lifetime is elided here
[INFO] [stdout]     |
[INFO] [stdout]     = help: the same lifetime is referred to in inconsistent ways, making the signature confusing
[INFO] [stdout] help: use `'_` for type paths
[INFO] [stdout]     |
[INFO] [stdout] 253 |     pub fn voice(&self) -> VoiceResource<'_> {
[INFO] [stdout]     |                                         ++++
[INFO] [stdout] 
[INFO] [stdout] 
[INFO] [stdout] warning: function `mock_send_success` is never used
[INFO] [stdout]   --> tests/common/mod.rs:23:8
[INFO] [stdout]    |
[INFO] [stdout] 23 | pub fn mock_send_success() -> Mock {
[INFO] [stdout]    |        ^^^^^^^^^^^^^^^^^
[INFO] [stdout]    |
[INFO] [stdout]    = note: `#[warn(dead_code)]` (part of `#[warn(unused)]`) on by default
[INFO] [stdout] 
[INFO] [stdout] 
[INFO] [stdout] warning: function `mock_list_success` is never used
[INFO] [stdout]   --> tests/common/mod.rs:46:8
[INFO] [stdout]    |
[INFO] [stdout] 46 | pub fn mock_list_success() -> Mock {
[INFO] [stdout]    |        ^^^^^^^^^^^^^^^^^
[INFO] [stdout] 
[INFO] [stdout] 
[INFO] [stdout] warning: function `mock_get_success` is never used
[INFO] [stdout]   --> tests/common/mod.rs:75:8
[INFO] [stdout]    |
[INFO] [stdout] 75 | pub fn mock_get_success() -> Mock {
[INFO] [stdout]    |        ^^^^^^^^^^^^^^^^
[INFO] [stdout] 
[INFO] [stdout] 
[INFO] [stdout] warning: function `mock_auth_error` is never used
[INFO] [stdout]   --> tests/common/mod.rs:94:8
[INFO] [stdout]    |
[INFO] [stdout] 94 | pub fn mock_auth_error() -> Mock {
[INFO] [stdout]    |        ^^^^^^^^^^^^^^^
[INFO] [stdout] 
[INFO] [stdout] 
[INFO] [stdout] warning: function `mock_insufficient_credits` is never used
[INFO] [stdout]    --> tests/common/mod.rs:103:8
[INFO] [stdout]     |
[INFO] [stdout] 103 | pub fn mock_insufficient_credits() -> Mock {
[INFO] [stdout]     |        ^^^^^^^^^^^^^^^^^^^^^^^^^
[INFO] [stdout] 
[INFO] [stdout] 
[INFO] [stdout] warning: function `mock_not_found` is never used
[INFO] [stdout]    --> tests/common/mod.rs:112:8
[INFO] [stdout]     |
[INFO] [stdout] 112 | pub fn mock_not_found() -> Mock {
[INFO] [stdout]     |        ^^^^^^^^^^^^^^
[INFO] [stdout] 
[INFO] [stdout] 
[INFO] [stdout] warning: function `mock_rate_limit` is never used
[INFO] [stdout]    --> tests/common/mod.rs:121:8
[INFO] [stdout]     |
[INFO] [stdout] 121 | pub fn mock_rate_limit(retry_after: u64) -> Mock {
[INFO] [stdout]     |        ^^^^^^^^^^^^^^^
[INFO] [stdout] 
[INFO] [stdout] 
[INFO] [stdout] warning: function `mock_server_error` is never used
[INFO] [stdout]    --> tests/common/mod.rs:134:8
[INFO] [stdout]     |
[INFO] [stdout] 134 | pub fn mock_server_error() -> Mock {
[INFO] [stdout]     |        ^^^^^^^^^^^^^^^^^
[INFO] [stdout] 
[INFO] [stdout] 
[INFO] [stdout] warning: function `mock_schedule_success` is never used
[INFO] [stdout]    --> tests/common/mod.rs:143:8
[INFO] [stdout]     |
[INFO] [stdout] 143 | pub fn mock_schedule_success() -> Mock {
[INFO] [stdout]     |        ^^^^^^^^^^^^^^^^^^^^^
[INFO] [stdout] 
[INFO] [stdout] 
[INFO] [stdout] warning: function `mock_list_scheduled_success` is never used
[INFO] [stdout]    --> tests/common/mod.rs:159:8
[INFO] [stdout]     |
[INFO] [stdout] 159 | pub fn mock_list_scheduled_success() -> Mock {
[INFO] [stdout]     |        ^^^^^^^^^^^^^^^^^^^^^^^^^^^
[INFO] [stdout] 
[INFO] [stdout] 
[INFO] [stdout] warning: function `mock_get_scheduled_success` is never used
[INFO] [stdout]    --> tests/common/mod.rs:179:8
[INFO] [stdout]     |
[INFO] [stdout] 179 | pub fn mock_get_scheduled_success() -> Mock {
[INFO] [stdout]     |        ^^^^^^^^^^^^^^^^^^^^^^^^^^
[INFO] [stdout] 
[INFO] [stdout] 
[INFO] [stdout] warning: function `mock_cancel_scheduled_success` is never used
[INFO] [stdout]    --> tests/common/mod.rs:195:8
[INFO] [stdout]     |
[INFO] [stdout] 195 | pub fn mock_cancel_scheduled_success() -> Mock {
[INFO] [stdout]     |        ^^^^^^^^^^^^^^^^^^^^^^^^^^^^^
[INFO] [stdout] 
[INFO] [stdout] 
[INFO] [stdout] warning: function `mock_batch_send_success` is never used
[INFO] [stdout]    --> tests/common/mod.rs:206:8
[INFO] [stdout]     |
[INFO] [stdout] 206 | pub fn mock_batch_send_success() -> Mock {
[INFO] [stdout]     |        ^^^^^^^^^^^^^^^^^^^^^^^
[INFO] [stdout] 
[INFO] [stdout] 
[INFO] [stdout] warning: function `mock_get_batch_success` is never used
[INFO] [stdout]    --> tests/common/mod.rs:223:8
[INFO] [stdout]     |
[INFO] [stdout] 223 | pub fn mock_get_batch_success() -> Mock {
[INFO] [stdout]     |        ^^^^^^^^^^^^^^^^^^^^^^
[INFO] [stdout] 
[INFO] [stdout] 
[INFO] [stdout] warning: function `mock_list_batches_success` is never used
[INFO] [stdout]    --> tests/common/mod.rs:261:8
[INFO] [stdout]     |
[INFO] [stdout] 261 | pub fn mock_list_batches_success() -> Mock {
[INFO] [stdout]     |        ^^^^^^^^^^^^^^^^^^^^^^^^^
[INFO] [stdout] 
[INFO] [stdout] 
[INFO] [stdout] warning: struct `NonObjectJsonBody` is never constructed
[INFO] [stdout]    --> tests/common/mod.rs:285:12
[INFO] [stdout]     |
[INFO] [stdout] 285 | pub struct NonObjectJsonBody;
[INFO] [stdout]     |            ^^^^^^^^^^^^^^^^^
[INFO] [stdout] 
[INFO] [stdout] 
[INFO] [stdout] warning: function `mock_strict_json_parser` is never used
[INFO] [stdout]    --> tests/common/mod.rs:296:8
[INFO] [stdout]     |
[INFO] [stdout] 296 | pub fn mock_strict_json_parser() -> Mock {
[INFO] [stdout]     |        ^^^^^^^^^^^^^^^^^^^^^^^
[INFO] [stdout] 
[INFO] [stdout] 
[INFO] [stdout] warning: function `mock_send_success` is never used
[INFO] [stdout]   --> tests/common/mod.rs:23:8
[INFO] [stdout]    |
[INFO] [stdout] 23 | pub fn mock_send_success() -> Mock {
[INFO] [stdout]    |        ^^^^^^^^^^^^^^^^^
[INFO] [stdout]    |
[INFO] [stdout]    = note: `#[warn(dead_code)]` (part of `#[warn(unused)]`) on by default
[INFO] [stdout] 
[INFO] [stdout] 
[INFO] [stdout] warning: function `mock_list_success` is never used
[INFO] [stdout]   --> tests/common/mod.rs:46:8
[INFO] [stdout]    |
[INFO] [stdout] 46 | pub fn mock_list_success() -> Mock {
[INFO] [stdout]    |        ^^^^^^^^^^^^^^^^^
[INFO] [stdout] 
[INFO] [stdout] 
[INFO] [stdout] warning: function `mock_get_success` is never used
[INFO] [stdout]   --> tests/common/mod.rs:75:8
[INFO] [stdout]    |
[INFO] [stdout] 75 | pub fn mock_get_success() -> Mock {
[INFO] [stdout]    |        ^^^^^^^^^^^^^^^^
[INFO] [stdout] 
[INFO] [stdout] 
[INFO] [stdout] warning: function `mock_auth_error` is never used
[INFO] [stdout]   --> tests/common/mod.rs:94:8
[INFO] [stdout]    |
[INFO] [stdout] 94 | pub fn mock_auth_error() -> Mock {
[INFO] [stdout]    |        ^^^^^^^^^^^^^^^
[INFO] [stdout] 
[INFO] [stdout] 
[INFO] [stdout] warning: function `mock_insufficient_credits` is never used
[INFO] [stdout]    --> tests/common/mod.rs:103:8
[INFO] [stdout]     |
[INFO] [stdout] 103 | pub fn mock_insufficient_credits() -> Mock {
[INFO] [stdout]     |        ^^^^^^^^^^^^^^^^^^^^^^^^^
[INFO] [stdout] 
[INFO] [stdout] 
[INFO] [stdout] warning: function `mock_not_found` is never used
[INFO] [stdout]    --> tests/common/mod.rs:112:8
[INFO] [stdout]     |
[INFO] [stdout] 112 | pub fn mock_not_found() -> Mock {
[INFO] [stdout]     |        ^^^^^^^^^^^^^^
[INFO] [stdout] 
[INFO] [stdout] 
[INFO] [stdout] warning: function `mock_rate_limit` is never used
[INFO] [stdout]    --> tests/common/mod.rs:121:8
[INFO] [stdout]     |
[INFO] [stdout] 121 | pub fn mock_rate_limit(retry_after: u64) -> Mock {
[INFO] [stdout]     |        ^^^^^^^^^^^^^^^
[INFO] [stdout] 
[INFO] [stdout] 
[INFO] [stdout] warning: function `mock_server_error` is never used
[INFO] [stdout]    --> tests/common/mod.rs:134:8
[INFO] [stdout]     |
[INFO] [stdout] 134 | pub fn mock_server_error() -> Mock {
[INFO] [stdout]     |        ^^^^^^^^^^^^^^^^^
[INFO] [stdout] 
[INFO] [stdout] 
[INFO] [stdout] warning: function `mock_schedule_success` is never used
[INFO] [stdout]    --> tests/common/mod.rs:143:8
[INFO] [stdout]     |
[INFO] [stdout] 143 | pub fn mock_schedule_success() -> Mock {
[INFO] [stdout]     |        ^^^^^^^^^^^^^^^^^^^^^
[INFO] [stdout] 
[INFO] [stdout] 
[INFO] [stdout] warning: function `mock_list_scheduled_success` is never used
[INFO] [stdout]    --> tests/common/mod.rs:159:8
[INFO] [stdout]     |
[INFO] [stdout] 159 | pub fn mock_list_scheduled_success() -> Mock {
[INFO] [stdout]     |        ^^^^^^^^^^^^^^^^^^^^^^^^^^^
[INFO] [stdout] 
[INFO] [stdout] 
[INFO] [stdout] warning: function `mock_get_scheduled_success` is never used
[INFO] [stdout]    --> tests/common/mod.rs:179:8
[INFO] [stdout]     |
[INFO] [stdout] 179 | pub fn mock_get_scheduled_success() -> Mock {
[INFO] [stdout]     |        ^^^^^^^^^^^^^^^^^^^^^^^^^^
[INFO] [stdout] 
[INFO] [stdout] 
[INFO] [stdout] warning: function `mock_cancel_scheduled_success` is never used
[INFO] [stdout]    --> tests/common/mod.rs:195:8
[INFO] [stdout]     |
[INFO] [stdout] 195 | pub fn mock_cancel_scheduled_success() -> Mock {
[INFO] [stdout]     |        ^^^^^^^^^^^^^^^^^^^^^^^^^^^^^
[INFO] [stdout] 
[INFO] [stdout] 
[INFO] [stdout] warning: function `mock_batch_send_success` is never used
[INFO] [stdout]    --> tests/common/mod.rs:206:8
[INFO] [stdout]     |
[INFO] [stdout] 206 | pub fn mock_batch_send_success() -> Mock {
[INFO] [stdout]     |        ^^^^^^^^^^^^^^^^^^^^^^^
[INFO] [stdout] 
[INFO] [stdout] 
[INFO] [stdout] warning: function `mock_get_batch_success` is never used
[INFO] [stdout]    --> tests/common/mod.rs:223:8
[INFO] [stdout]     |
[INFO] [stdout] 223 | pub fn mock_get_batch_success() -> Mock {
[INFO] [stdout]     |        ^^^^^^^^^^^^^^^^^^^^^^
[INFO] [stdout] 
[INFO] [stdout] 
[INFO] [stdout] warning: function `mock_list_batches_success` is never used
[INFO] [stdout]    --> tests/common/mod.rs:261:8
[INFO] [stdout]     |
[INFO] [stdout] 261 | pub fn mock_list_batches_success() -> Mock {
[INFO] [stdout]     |        ^^^^^^^^^^^^^^^^^^^^^^^^^
[INFO] [stdout] 
[INFO] [stdout] 
[INFO] [stdout] warning: struct `NonObjectJsonBody` is never constructed
[INFO] [stdout]    --> tests/common/mod.rs:285:12
[INFO] [stdout]     |
[INFO] [stdout] 285 | pub struct NonObjectJsonBody;
[INFO] [stdout]     |            ^^^^^^^^^^^^^^^^^
[INFO] [stdout] 
[INFO] [stdout] 
[INFO] [stdout] warning: function `mock_strict_json_parser` is never used
[INFO] [stdout]    --> tests/common/mod.rs:296:8
[INFO] [stdout]     |
[INFO] [stdout] 296 | pub fn mock_strict_json_parser() -> Mock {
[INFO] [stdout]     |        ^^^^^^^^^^^^^^^^^^^^^^^
[INFO] [stdout] 
[INFO] [stdout] 
[INFO] [stdout] warning: function `mock_send_success` is never used
[INFO] [stdout]   --> tests/common/mod.rs:23:8
[INFO] [stdout]    |
[INFO] [stdout] 23 | pub fn mock_send_success() -> Mock {
[INFO] [stdout]    |        ^^^^^^^^^^^^^^^^^
[INFO] [stdout]    |
[INFO] [stdout]    = note: `#[warn(dead_code)]` (part of `#[warn(unused)]`) on by default
[INFO] [stdout] 
[INFO] [stdout] 
[INFO] [stdout] warning: function `mock_list_success` is never used
[INFO] [stdout]   --> tests/common/mod.rs:46:8
[INFO] [stdout]    |
[INFO] [stdout] 46 | pub fn mock_list_success() -> Mock {
[INFO] [stdout]    |        ^^^^^^^^^^^^^^^^^
[INFO] [stdout] 
[INFO] [stdout] 
[INFO] [stdout] warning: function `mock_get_success` is never used
[INFO] [stdout]   --> tests/common/mod.rs:75:8
[INFO] [stdout]    |
[INFO] [stdout] 75 | pub fn mock_get_success() -> Mock {
[INFO] [stdout]    |        ^^^^^^^^^^^^^^^^
[INFO] [stdout] 
[INFO] [stdout] 
[INFO] [stdout] warning: function `mock_auth_error` is never used
[INFO] [stdout]   --> tests/common/mod.rs:94:8
[INFO] [stdout]    |
[INFO] [stdout] 94 | pub fn mock_auth_error() -> Mock {
[INFO] [stdout]    |        ^^^^^^^^^^^^^^^
[INFO] [stdout] 
[INFO] [stdout] 
[INFO] [stdout] warning: function `mock_insufficient_credits` is never used
[INFO] [stdout]    --> tests/common/mod.rs:103:8
[INFO] [stdout]     |
[INFO] [stdout] 103 | pub fn mock_insufficient_credits() -> Mock {
[INFO] [stdout]     |        ^^^^^^^^^^^^^^^^^^^^^^^^^
[INFO] [stdout] 
[INFO] [stdout] 
[INFO] [stdout] warning: function `mock_not_found` is never used
[INFO] [stdout]    --> tests/common/mod.rs:112:8
[INFO] [stdout]     |
[INFO] [stdout] 112 | pub fn mock_not_found() -> Mock {
[INFO] [stdout]     |        ^^^^^^^^^^^^^^
[INFO] [stdout] 
[INFO] [stdout] 
[INFO] [stdout] warning: function `mock_rate_limit` is never used
[INFO] [stdout]    --> tests/common/mod.rs:121:8
[INFO] [stdout]     |
[INFO] [stdout] 121 | pub fn mock_rate_limit(retry_after: u64) -> Mock {
[INFO] [stdout]     |        ^^^^^^^^^^^^^^^
[INFO] [stdout] 
[INFO] [stdout] 
[INFO] [stdout] warning: function `mock_server_error` is never used
[INFO] [stdout]    --> tests/common/mod.rs:134:8
[INFO] [stdout]     |
[INFO] [stdout] 134 | pub fn mock_server_error() -> Mock {
[INFO] [stdout]     |        ^^^^^^^^^^^^^^^^^
[INFO] [stdout] 
[INFO] [stdout] 
[INFO] [stdout] warning: function `mock_schedule_success` is never used
[INFO] [stdout]    --> tests/common/mod.rs:143:8
[INFO] [stdout]     |
[INFO] [stdout] 143 | pub fn mock_schedule_success() -> Mock {
[INFO] [stdout]     |        ^^^^^^^^^^^^^^^^^^^^^
[INFO] [stdout] 
[INFO] [stdout] 
[INFO] [stdout] warning: function `mock_list_scheduled_success` is never used
[INFO] [stdout]    --> tests/common/mod.rs:159:8
[INFO] [stdout]     |
[INFO] [stdout] 159 | pub fn mock_list_scheduled_success() -> Mock {
[INFO] [stdout]     |        ^^^^^^^^^^^^^^^^^^^^^^^^^^^
[INFO] [stdout] 
[INFO] [stdout] 
[INFO] [stdout] warning: function `mock_get_scheduled_success` is never used
[INFO] [stdout]    --> tests/common/mod.rs:179:8
[INFO] [stdout]     |
[INFO] [stdout] 179 | pub fn mock_get_scheduled_success() -> Mock {
[INFO] [stdout]     |        ^^^^^^^^^^^^^^^^^^^^^^^^^^
[INFO] [stdout] 
[INFO] [stdout] 
[INFO] [stdout] warning: function `mock_cancel_scheduled_success` is never used
[INFO] [stdout]    --> tests/common/mod.rs:195:8
[INFO] [stdout]     |
[INFO] [stdout] 195 | pub fn mock_cancel_scheduled_success() -> Mock {
[INFO] [stdout]     |        ^^^^^^^^^^^^^^^^^^^^^^^^^^^^^
[INFO] [stdout] 
[INFO] [stdout] 
[INFO] [stdout] warning: function `mock_batch_send_success` is never used
[INFO] [stdout]    --> tests/common/mod.rs:206:8
[INFO] [stdout]     |
[INFO] [stdout] 206 | pub fn mock_batch_send_success() -> Mock {
[INFO] [stdout]     |        ^^^^^^^^^^^^^^^^^^^^^^^
[INFO] [stdout] 
[INFO] [stdout] 
[INFO] [stdout] warning: function `mock_get_batch_success` is never used
[INFO] [stdout]    --> tests/common/mod.rs:223:8
[INFO] [stdout]     |
[INFO] [stdout] 223 | pub fn mock_get_batch_success() -> Mock {
[INFO] [stdout]     |        ^^^^^^^^^^^^^^^^^^^^^^
[INFO] [stdout] 
[INFO] [stdout] 
[INFO] [stdout] warning: function `mock_list_batches_success` is never used
[INFO] [stdout]    --> tests/common/mod.rs:261:8
[INFO] [stdout]     |
[INFO] [stdout] 261 | pub fn mock_list_batches_success() -> Mock {
[INFO] [stdout]     |        ^^^^^^^^^^^^^^^^^^^^^^^^^
[INFO] [stdout] 
[INFO] [stdout] 
[INFO] [stdout] warning: struct `NonObjectJsonBody` is never constructed
[INFO] [stdout]    --> tests/common/mod.rs:285:12
[INFO] [stdout]     |
[INFO] [stdout] 285 | pub struct NonObjectJsonBody;
[INFO] [stdout]     |            ^^^^^^^^^^^^^^^^^
[INFO] [stdout] 
[INFO] [stdout] 
[INFO] [stdout] warning: function `mock_strict_json_parser` is never used
[INFO] [stdout]    --> tests/common/mod.rs:296:8
[INFO] [stdout]     |
[INFO] [stdout] 296 | pub fn mock_strict_json_parser() -> Mock {
[INFO] [stdout]     |        ^^^^^^^^^^^^^^^^^^^^^^^
[INFO] [stdout] 
[INFO] [stdout] 
[INFO] [stdout] warning: function `mock_send_success` is never used
[INFO] [stdout]   --> tests/common/mod.rs:23:8
[INFO] [stdout]    |
[INFO] [stdout] 23 | pub fn mock_send_success() -> Mock {
[INFO] [stdout]    |        ^^^^^^^^^^^^^^^^^
[INFO] [stdout]    |
[INFO] [stdout]    = note: `#[warn(dead_code)]` (part of `#[warn(unused)]`) on by default
[INFO] [stdout] 
[INFO] [stdout] 
[INFO] [stdout] warning: function `mock_list_success` is never used
[INFO] [stdout]   --> tests/common/mod.rs:46:8
[INFO] [stdout]    |
[INFO] [stdout] 46 | pub fn mock_list_success() -> Mock {
[INFO] [stdout]    |        ^^^^^^^^^^^^^^^^^
[INFO] [stdout] 
[INFO] [stdout] 
[INFO] [stdout] warning: function `mock_get_success` is never used
[INFO] [stdout]   --> tests/common/mod.rs:75:8
[INFO] [stdout]    |
[INFO] [stdout] 75 | pub fn mock_get_success() -> Mock {
[INFO] [stdout]    |        ^^^^^^^^^^^^^^^^
[INFO] [stdout] 
[INFO] [stdout] 
[INFO] [stdout] warning: function `mock_auth_error` is never used
[INFO] [stdout]   --> tests/common/mod.rs:94:8
[INFO] [stdout]    |
[INFO] [stdout] 94 | pub fn mock_auth_error() -> Mock {
[INFO] [stdout]    |        ^^^^^^^^^^^^^^^
[INFO] [stdout] 
[INFO] [stdout] 
[INFO] [stdout] warning: function `mock_insufficient_credits` is never used
[INFO] [stdout]    --> tests/common/mod.rs:103:8
[INFO] [stdout]     |
[INFO] [stdout] 103 | pub fn mock_insufficient_credits() -> Mock {
[INFO] [stdout]     |        ^^^^^^^^^^^^^^^^^^^^^^^^^
[INFO] [stdout] 
[INFO] [stdout] 
[INFO] [stdout] warning: function `mock_not_found` is never used
[INFO] [stdout]    --> tests/common/mod.rs:112:8
[INFO] [stdout]     |
[INFO] [stdout] 112 | pub fn mock_not_found() -> Mock {
[INFO] [stdout]     |        ^^^^^^^^^^^^^^
[INFO] [stdout] 
[INFO] [stdout] 
[INFO] [stdout] warning: function `mock_rate_limit` is never used
[INFO] [stdout]    --> tests/common/mod.rs:121:8
[INFO] [stdout]     |
[INFO] [stdout] 121 | pub fn mock_rate_limit(retry_after: u64) -> Mock {
[INFO] [stdout]     |        ^^^^^^^^^^^^^^^
[INFO] [stdout] 
[INFO] [stdout] 
[INFO] [stdout] warning: function `mock_server_error` is never used
[INFO] [stdout]    --> tests/common/mod.rs:134:8
[INFO] [stdout]     |
[INFO] [stdout] 134 | pub fn mock_server_error() -> Mock {
[INFO] [stdout]     |        ^^^^^^^^^^^^^^^^^
[INFO] [stdout] 
[INFO] [stdout] 
[INFO] [stdout] warning: function `mock_schedule_success` is never used
[INFO] [stdout]    --> tests/common/mod.rs:143:8
[INFO] [stdout]     |
[INFO] [stdout] 143 | pub fn mock_schedule_success() -> Mock {
[INFO] [stdout]     |        ^^^^^^^^^^^^^^^^^^^^^
[INFO] [stdout] 
[INFO] [stdout] 
[INFO] [stdout] warning: function `mock_list_scheduled_success` is never used
[INFO] [stdout]    --> tests/common/mod.rs:159:8
[INFO] [stdout]     |
[INFO] [stdout] 159 | pub fn mock_list_scheduled_success() -> Mock {
[INFO] [stdout]     |        ^^^^^^^^^^^^^^^^^^^^^^^^^^^
[INFO] [stdout] 
[INFO] [stdout] 
[INFO] [stdout] warning: function `mock_get_scheduled_success` is never used
[INFO] [stdout]    --> tests/common/mod.rs:179:8
[INFO] [stdout]     |
[INFO] [stdout] 179 | pub fn mock_get_scheduled_success() -> Mock {
[INFO] [stdout]     |        ^^^^^^^^^^^^^^^^^^^^^^^^^^
[INFO] [stdout] 
[INFO] [stdout] 
[INFO] [stdout] warning: function `mock_cancel_scheduled_success` is never used
[INFO] [stdout]    --> tests/common/mod.rs:195:8
[INFO] [stdout]     |
[INFO] [stdout] 195 | pub fn mock_cancel_scheduled_success() -> Mock {
[INFO] [stdout]     |        ^^^^^^^^^^^^^^^^^^^^^^^^^^^^^
[INFO] [stdout] 
[INFO] [stdout] 
[INFO] [stdout] warning: function `mock_batch_send_success` is never used
[INFO] [stdout]    --> tests/common/mod.rs:206:8
[INFO] [stdout]     |
[INFO] [stdout] 206 | pub fn mock_batch_send_success() -> Mock {
[INFO] [stdout]     |        ^^^^^^^^^^^^^^^^^^^^^^^
[INFO] [stdout] 
[INFO] [stdout] 
[INFO] [stdout] warning: function `mock_get_batch_success` is never used
[INFO] [stdout]    --> tests/common/mod.rs:223:8
[INFO] [stdout]     |
[INFO] [stdout] 223 | pub fn mock_get_batch_success() -> Mock {
[INFO] [stdout]     |        ^^^^^^^^^^^^^^^^^^^^^^
[INFO] [stdout] 
[INFO] [stdout] 
[INFO] [stdout] warning: function `mock_list_batches_success` is never used
[INFO] [stdout]    --> tests/common/mod.rs:261:8
[INFO] [stdout]     |
[INFO] [stdout] 261 | pub fn mock_list_batches_success() -> Mock {
[INFO] [stdout]     |        ^^^^^^^^^^^^^^^^^^^^^^^^^
[INFO] [stdout] 
[INFO] [stdout] 
[INFO] [stdout] warning: struct `NonObjectJsonBody` is never constructed
[INFO] [stdout]    --> tests/common/mod.rs:285:12
[INFO] [stdout]     |
[INFO] [stdout] 285 | pub struct NonObjectJsonBody;
[INFO] [stdout]     |            ^^^^^^^^^^^^^^^^^
[INFO] [stdout] 
[INFO] [stdout] 
[INFO] [stdout] warning: function `mock_strict_json_parser` is never used
[INFO] [stdout]    --> tests/common/mod.rs:296:8
[INFO] [stdout]     |
[INFO] [stdout] 296 | pub fn mock_strict_json_parser() -> Mock {
[INFO] [stdout]     |        ^^^^^^^^^^^^^^^^^^^^^^^
[INFO] [stdout] 
[INFO] [stdout] 
[INFO] [stdout] warning: function `mock_send_success` is never used
[INFO] [stdout]   --> tests/common/mod.rs:23:8
[INFO] [stdout]    |
[INFO] [stdout] 23 | pub fn mock_send_success() -> Mock {
[INFO] [stdout]    |        ^^^^^^^^^^^^^^^^^
[INFO] [stdout]    |
[INFO] [stdout]    = note: `#[warn(dead_code)]` (part of `#[warn(unused)]`) on by default
[INFO] [stdout] 
[INFO] [stdout] 
[INFO] [stdout] warning: function `mock_list_success` is never used
[INFO] [stdout]   --> tests/common/mod.rs:46:8
[INFO] [stdout]    |
[INFO] [stdout] 46 | pub fn mock_list_success() -> Mock {
[INFO] [stdout]    |        ^^^^^^^^^^^^^^^^^
[INFO] [stdout] 
[INFO] [stdout] 
[INFO] [stdout] warning: function `mock_get_success` is never used
[INFO] [stdout]   --> tests/common/mod.rs:75:8
[INFO] [stdout]    |
[INFO] [stdout] 75 | pub fn mock_get_success() -> Mock {
[INFO] [stdout]    |        ^^^^^^^^^^^^^^^^
[INFO] [stdout] 
[INFO] [stdout] 
[INFO] [stdout] warning: function `mock_auth_error` is never used
[INFO] [stdout]   --> tests/common/mod.rs:94:8
[INFO] [stdout]    |
[INFO] [stdout] 94 | pub fn mock_auth_error() -> Mock {
[INFO] [stdout]    |        ^^^^^^^^^^^^^^^
[INFO] [stdout] 
[INFO] [stdout] 
[INFO] [stdout] warning: function `mock_insufficient_credits` is never used
[INFO] [stdout]    --> tests/common/mod.rs:103:8
[INFO] [stdout]     |
[INFO] [stdout] 103 | pub fn mock_insufficient_credits() -> Mock {
[INFO] [stdout]     |        ^^^^^^^^^^^^^^^^^^^^^^^^^
[INFO] [stdout] 
[INFO] [stdout] 
[INFO] [stdout] warning: function `mock_not_found` is never used
[INFO] [stdout]    --> tests/common/mod.rs:112:8
[INFO] [stdout]     |
[INFO] [stdout] 112 | pub fn mock_not_found() -> Mock {
[INFO] [stdout]     |        ^^^^^^^^^^^^^^
[INFO] [stdout] 
[INFO] [stdout] 
[INFO] [stdout] warning: function `mock_rate_limit` is never used
[INFO] [stdout]    --> tests/common/mod.rs:121:8
[INFO] [stdout]     |
[INFO] [stdout] 121 | pub fn mock_rate_limit(retry_after: u64) -> Mock {
[INFO] [stdout]     |        ^^^^^^^^^^^^^^^
[INFO] [stdout] 
[INFO] [stdout] 
[INFO] [stdout] warning: function `mock_server_error` is never used
[INFO] [stdout]    --> tests/common/mod.rs:134:8
[INFO] [stdout]     |
[INFO] [stdout] 134 | pub fn mock_server_error() -> Mock {
[INFO] [stdout]     |        ^^^^^^^^^^^^^^^^^
[INFO] [stdout] 
[INFO] [stdout] 
[INFO] [stdout] warning: function `mock_schedule_success` is never used
[INFO] [stdout]    --> tests/common/mod.rs:143:8
[INFO] [stdout]     |
[INFO] [stdout] 143 | pub fn mock_schedule_success() -> Mock {
[INFO] [stdout]     |        ^^^^^^^^^^^^^^^^^^^^^
[INFO] [stdout] 
[INFO] [stdout] 
[INFO] [stdout] warning: function `mock_list_scheduled_success` is never used
[INFO] [stdout]    --> tests/common/mod.rs:159:8
[INFO] [stdout]     |
[INFO] [stdout] 159 | pub fn mock_list_scheduled_success() -> Mock {
[INFO] [stdout]     |        ^^^^^^^^^^^^^^^^^^^^^^^^^^^
[INFO] [stdout] 
[INFO] [stdout] 
[INFO] [stdout] warning: function `mock_get_scheduled_success` is never used
[INFO] [stdout]    --> tests/common/mod.rs:179:8
[INFO] [stdout]     |
[INFO] [stdout] 179 | pub fn mock_get_scheduled_success() -> Mock {
[INFO] [stdout]     |        ^^^^^^^^^^^^^^^^^^^^^^^^^^
[INFO] [stdout] 
[INFO] [stdout] 
[INFO] [stdout] warning: function `mock_cancel_scheduled_success` is never used
[INFO] [stdout]    --> tests/common/mod.rs:195:8
[INFO] [stdout]     |
[INFO] [stdout] 195 | pub fn mock_cancel_scheduled_success() -> Mock {
[INFO] [stdout]     |        ^^^^^^^^^^^^^^^^^^^^^^^^^^^^^
[INFO] [stdout] 
[INFO] [stdout] 
[INFO] [stdout] warning: function `mock_batch_send_success` is never used
[INFO] [stdout]    --> tests/common/mod.rs:206:8
[INFO] [stdout]     |
[INFO] [stdout] 206 | pub fn mock_batch_send_success() -> Mock {
[INFO] [stdout]     |        ^^^^^^^^^^^^^^^^^^^^^^^
[INFO] [stdout] 
[INFO] [stdout] 
[INFO] [stdout] warning: function `mock_get_batch_success` is never used
[INFO] [stdout]    --> tests/common/mod.rs:223:8
[INFO] [stdout]     |
[INFO] [stdout] 223 | pub fn mock_get_batch_success() -> Mock {
[INFO] [stdout]     |        ^^^^^^^^^^^^^^^^^^^^^^
[INFO] [stdout] 
[INFO] [stdout] 
[INFO] [stdout] warning: function `mock_list_batches_success` is never used
[INFO] [stdout]    --> tests/common/mod.rs:261:8
[INFO] [stdout]     |
[INFO] [stdout] 261 | pub fn mock_list_batches_success() -> Mock {
[INFO] [stdout]     |        ^^^^^^^^^^^^^^^^^^^^^^^^^
[INFO] [stdout] 
[INFO] [stdout] 
[INFO] [stdout] warning: struct `NonObjectJsonBody` is never constructed
[INFO] [stdout]    --> tests/common/mod.rs:285:12
[INFO] [stdout]     |
[INFO] [stdout] 285 | pub struct NonObjectJsonBody;
[INFO] [stdout]     |            ^^^^^^^^^^^^^^^^^
[INFO] [stdout] 
[INFO] [stdout] 
[INFO] [stdout] warning: function `mock_strict_json_parser` is never used
[INFO] [stdout]    --> tests/common/mod.rs:296:8
[INFO] [stdout]     |
[INFO] [stdout] 296 | pub fn mock_strict_json_parser() -> Mock {
[INFO] [stdout]     |        ^^^^^^^^^^^^^^^^^^^^^^^
[INFO] [stdout] 
[INFO] [stdout] 
[INFO] [stdout] warning: function `mock_send_success` is never used
[INFO] [stdout]   --> tests/common/mod.rs:23:8
[INFO] [stdout]    |
[INFO] [stdout] 23 | pub fn mock_send_success() -> Mock {
[INFO] [stdout]    |        ^^^^^^^^^^^^^^^^^
[INFO] [stdout]    |
[INFO] [stdout]    = note: `#[warn(dead_code)]` (part of `#[warn(unused)]`) on by default
[INFO] [stdout] 
[INFO] [stdout] 
[INFO] [stdout] warning: function `mock_list_success` is never used
[INFO] [stdout]   --> tests/common/mod.rs:46:8
[INFO] [stdout]    |
[INFO] [stdout] 46 | pub fn mock_list_success() -> Mock {
[INFO] [stdout]    |        ^^^^^^^^^^^^^^^^^
[INFO] [stdout] 
[INFO] [stdout] 
[INFO] [stdout] warning: function `mock_get_success` is never used
[INFO] [stdout]   --> tests/common/mod.rs:75:8
[INFO] [stdout]    |
[INFO] [stdout] 75 | pub fn mock_get_success() -> Mock {
[INFO] [stdout]    |        ^^^^^^^^^^^^^^^^
[INFO] [stdout] 
[INFO] [stdout] 
[INFO] [stdout] warning: function `mock_auth_error` is never used
[INFO] [stdout]   --> tests/common/mod.rs:94:8
[INFO] [stdout]    |
[INFO] [stdout] 94 | pub fn mock_auth_error() -> Mock {
[INFO] [stdout]    |        ^^^^^^^^^^^^^^^
[INFO] [stdout] 
[INFO] [stdout] 
[INFO] [stdout] warning: function `mock_insufficient_credits` is never used
[INFO] [stdout]    --> tests/common/mod.rs:103:8
[INFO] [stdout]     |
[INFO] [stdout] 103 | pub fn mock_insufficient_credits() -> Mock {
[INFO] [stdout]     |        ^^^^^^^^^^^^^^^^^^^^^^^^^
[INFO] [stdout] 
[INFO] [stdout] 
[INFO] [stdout] warning: function `mock_not_found` is never used
[INFO] [stdout]    --> tests/common/mod.rs:112:8
[INFO] [stdout]     |
[INFO] [stdout] 112 | pub fn mock_not_found() -> Mock {
[INFO] [stdout]     |        ^^^^^^^^^^^^^^
[INFO] [stdout] 
[INFO] [stdout] 
[INFO] [stdout] warning: function `mock_rate_limit` is never used
[INFO] [stdout]    --> tests/common/mod.rs:121:8
[INFO] [stdout]     |
[INFO] [stdout] 121 | pub fn mock_rate_limit(retry_after: u64) -> Mock {
[INFO] [stdout]     |        ^^^^^^^^^^^^^^^
[INFO] [stdout] 
[INFO] [stdout] 
[INFO] [stdout] warning: function `mock_server_error` is never used
[INFO] [stdout]    --> tests/common/mod.rs:134:8
[INFO] [stdout]     |
[INFO] [stdout] 134 | pub fn mock_server_error() -> Mock {
[INFO] [stdout]     |        ^^^^^^^^^^^^^^^^^
[INFO] [stdout] 
[INFO] [stdout] 
[INFO] [stdout] warning: function `mock_schedule_success` is never used
[INFO] [stdout]    --> tests/common/mod.rs:143:8
[INFO] [stdout]     |
[INFO] [stdout] 143 | pub fn mock_schedule_success() -> Mock {
[INFO] [stdout]     |        ^^^^^^^^^^^^^^^^^^^^^
[INFO] [stdout] 
[INFO] [stdout] 
[INFO] [stdout] warning: function `mock_list_scheduled_success` is never used
[INFO] [stdout]    --> tests/common/mod.rs:159:8
[INFO] [stdout]     |
[INFO] [stdout] 159 | pub fn mock_list_scheduled_success() -> Mock {
[INFO] [stdout]     |        ^^^^^^^^^^^^^^^^^^^^^^^^^^^
[INFO] [stdout] 
[INFO] [stdout] 
[INFO] [stdout] warning: function `mock_get_scheduled_success` is never used
[INFO] [stdout]    --> tests/common/mod.rs:179:8
[INFO] [stdout]     |
[INFO] [stdout] 179 | pub fn mock_get_scheduled_success() -> Mock {
[INFO] [stdout]     |        ^^^^^^^^^^^^^^^^^^^^^^^^^^
[INFO] [stdout] 
[INFO] [stdout] 
[INFO] [stdout] warning: function `mock_cancel_scheduled_success` is never used
[INFO] [stdout]    --> tests/common/mod.rs:195:8
[INFO] [stdout]     |
[INFO] [stdout] 195 | pub fn mock_cancel_scheduled_success() -> Mock {
[INFO] [stdout]     |        ^^^^^^^^^^^^^^^^^^^^^^^^^^^^^
[INFO] [stdout] 
[INFO] [stdout] 
[INFO] [stdout] warning: function `mock_batch_send_success` is never used
[INFO] [stdout]    --> tests/common/mod.rs:206:8
[INFO] [stdout]     |
[INFO] [stdout] 206 | pub fn mock_batch_send_success() -> Mock {
[INFO] [stdout]     |        ^^^^^^^^^^^^^^^^^^^^^^^
[INFO] [stdout] 
[INFO] [stdout] 
[INFO] [stdout] warning: function `mock_get_batch_success` is never used
[INFO] [stdout]    --> tests/common/mod.rs:223:8
[INFO] [stdout]     |
[INFO] [stdout] 223 | pub fn mock_get_batch_success() -> Mock {
[INFO] [stdout]     |        ^^^^^^^^^^^^^^^^^^^^^^
[INFO] [stdout] 
[INFO] [stdout] 
[INFO] [stdout] warning: function `mock_list_batches_success` is never used
[INFO] [stdout]    --> tests/common/mod.rs:261:8
[INFO] [stdout]     |
[INFO] [stdout] 261 | pub fn mock_list_batches_success() -> Mock {
[INFO] [stdout]     |        ^^^^^^^^^^^^^^^^^^^^^^^^^
[INFO] [stdout] 
[INFO] [stdout] 
[INFO] [stdout] warning: function `mock_send_success` is never used
[INFO] [stdout]   --> tests/common/mod.rs:23:8
[INFO] [stdout]    |
[INFO] [stdout] 23 | pub fn mock_send_success() -> Mock {
[INFO] [stdout]    |        ^^^^^^^^^^^^^^^^^
[INFO] [stdout]    |
[INFO] [stdout]    = note: `#[warn(dead_code)]` (part of `#[warn(unused)]`) on by default
[INFO] [stdout] 
[INFO] [stdout] 
[INFO] [stdout] warning: function `mock_list_success` is never used
[INFO] [stdout]   --> tests/common/mod.rs:46:8
[INFO] [stdout]    |
[INFO] [stdout] 46 | pub fn mock_list_success() -> Mock {
[INFO] [stdout]    |        ^^^^^^^^^^^^^^^^^
[INFO] [stdout] 
[INFO] [stdout] 
[INFO] [stdout] warning: function `mock_get_success` is never used
[INFO] [stdout]   --> tests/common/mod.rs:75:8
[INFO] [stdout]    |
[INFO] [stdout] 75 | pub fn mock_get_success() -> Mock {
[INFO] [stdout]    |        ^^^^^^^^^^^^^^^^
[INFO] [stdout] 
[INFO] [stdout] 
[INFO] [stdout] warning: function `mock_auth_error` is never used
[INFO] [stdout]   --> tests/common/mod.rs:94:8
[INFO] [stdout]    |
[INFO] [stdout] 94 | pub fn mock_auth_error() -> Mock {
[INFO] [stdout]    |        ^^^^^^^^^^^^^^^
[INFO] [stdout] 
[INFO] [stdout] 
[INFO] [stdout] warning: function `mock_insufficient_credits` is never used
[INFO] [stdout]    --> tests/common/mod.rs:103:8
[INFO] [stdout]     |
[INFO] [stdout] 103 | pub fn mock_insufficient_credits() -> Mock {
[INFO] [stdout]     |        ^^^^^^^^^^^^^^^^^^^^^^^^^
[INFO] [stdout] 
[INFO] [stdout] 
[INFO] [stdout] warning: function `mock_not_found` is never used
[INFO] [stdout]    --> tests/common/mod.rs:112:8
[INFO] [stdout]     |
[INFO] [stdout] 112 | pub fn mock_not_found() -> Mock {
[INFO] [stdout]     |        ^^^^^^^^^^^^^^
[INFO] [stdout] 
[INFO] [stdout] 
[INFO] [stdout] warning: function `mock_rate_limit` is never used
[INFO] [stdout]    --> tests/common/mod.rs:121:8
[INFO] [stdout]     |
[INFO] [stdout] 121 | pub fn mock_rate_limit(retry_after: u64) -> Mock {
[INFO] [stdout]     |        ^^^^^^^^^^^^^^^
[INFO] [stdout] 
[INFO] [stdout] 
[INFO] [stdout] warning: function `mock_server_error` is never used
[INFO] [stdout]    --> tests/common/mod.rs:134:8
[INFO] [stdout]     |
[INFO] [stdout] 134 | pub fn mock_server_error() -> Mock {
[INFO] [stdout]     |        ^^^^^^^^^^^^^^^^^
[INFO] [stdout] 
[INFO] [stdout] 
[INFO] [stdout] warning: function `mock_schedule_success` is never used
[INFO] [stdout]    --> tests/common/mod.rs:143:8
[INFO] [stdout]     |
[INFO] [stdout] 143 | pub fn mock_schedule_success() -> Mock {
[INFO] [stdout]     |        ^^^^^^^^^^^^^^^^^^^^^
[INFO] [stdout] 
[INFO] [stdout] 
[INFO] [stdout] warning: function `mock_list_scheduled_success` is never used
[INFO] [stdout]    --> tests/common/mod.rs:159:8
[INFO] [stdout]     |
[INFO] [stdout] 159 | pub fn mock_list_scheduled_success() -> Mock {
[INFO] [stdout]     |        ^^^^^^^^^^^^^^^^^^^^^^^^^^^
[INFO] [stdout] 
[INFO] [stdout] 
[INFO] [stdout] warning: function `mock_get_scheduled_success` is never used
[INFO] [stdout]    --> tests/common/mod.rs:179:8
[INFO] [stdout]     |
[INFO] [stdout] 179 | pub fn mock_get_scheduled_success() -> Mock {
[INFO] [stdout]     |        ^^^^^^^^^^^^^^^^^^^^^^^^^^
[INFO] [stdout] 
[INFO] [stdout] 
[INFO] [stdout] warning: function `mock_cancel_scheduled_success` is never used
[INFO] [stdout]    --> tests/common/mod.rs:195:8
[INFO] [stdout]     |
[INFO] [stdout] 195 | pub fn mock_cancel_scheduled_success() -> Mock {
[INFO] [stdout]     |        ^^^^^^^^^^^^^^^^^^^^^^^^^^^^^
[INFO] [stdout] 
[INFO] [stdout] 
[INFO] [stdout] warning: function `mock_batch_send_success` is never used
[INFO] [stdout]    --> tests/common/mod.rs:206:8
[INFO] [stdout]     |
[INFO] [stdout] 206 | pub fn mock_batch_send_success() -> Mock {
[INFO] [stdout]     |        ^^^^^^^^^^^^^^^^^^^^^^^
[INFO] [stdout] 
[INFO] [stdout] 
[INFO] [stdout] warning: function `mock_get_batch_success` is never used
[INFO] [stdout]    --> tests/common/mod.rs:223:8
[INFO] [stdout]     |
[INFO] [stdout] 223 | pub fn mock_get_batch_success() -> Mock {
[INFO] [stdout]     |        ^^^^^^^^^^^^^^^^^^^^^^
[INFO] [stdout] 
[INFO] [stdout] 
[INFO] [stdout] warning: function `mock_list_batches_success` is never used
[INFO] [stdout]    --> tests/common/mod.rs:261:8
[INFO] [stdout]     |
[INFO] [stdout] 261 | pub fn mock_list_batches_success() -> Mock {
[INFO] [stdout]     |        ^^^^^^^^^^^^^^^^^^^^^^^^^
[INFO] [stdout] 
[INFO] [stdout] 
[INFO] [stdout] warning: struct `NonObjectJsonBody` is never constructed
[INFO] [stdout]    --> tests/common/mod.rs:285:12
[INFO] [stdout]     |
[INFO] [stdout] 285 | pub struct NonObjectJsonBody;
[INFO] [stdout]     |            ^^^^^^^^^^^^^^^^^
[INFO] [stdout] 
[INFO] [stdout] 
[INFO] [stdout] warning: function `mock_strict_json_parser` is never used
[INFO] [stdout]    --> tests/common/mod.rs:296:8
[INFO] [stdout]     |
[INFO] [stdout] 296 | pub fn mock_strict_json_parser() -> Mock {
[INFO] [stdout]     |        ^^^^^^^^^^^^^^^^^^^^^^^
[INFO] [stdout] 
[INFO] [stdout] 
[INFO] [stdout] warning: function `mock_send_success` is never used
[INFO] [stdout]   --> tests/common/mod.rs:23:8
[INFO] [stdout]    |
[INFO] [stdout] 23 | pub fn mock_send_success() -> Mock {
[INFO] [stdout]    |        ^^^^^^^^^^^^^^^^^
[INFO] [stdout]    |
[INFO] [stdout]    = note: `#[warn(dead_code)]` (part of `#[warn(unused)]`) on by default
[INFO] [stdout] 
[INFO] [stdout] 
[INFO] [stdout] warning: function `mock_list_success` is never used
[INFO] [stdout]   --> tests/common/mod.rs:46:8
[INFO] [stdout]    |
[INFO] [stdout] 46 | pub fn mock_list_success() -> Mock {
[INFO] [stdout]    |        ^^^^^^^^^^^^^^^^^
[INFO] [stdout] 
[INFO] [stdout] 
[INFO] [stdout] warning: function `mock_get_success` is never used
[INFO] [stdout]   --> tests/common/mod.rs:75:8
[INFO] [stdout]    |
[INFO] [stdout] 75 | pub fn mock_get_success() -> Mock {
[INFO] [stdout]    |        ^^^^^^^^^^^^^^^^
[INFO] [stdout] 
[INFO] [stdout] 
[INFO] [stdout] warning: function `mock_auth_error` is never used
[INFO] [stdout]   --> tests/common/mod.rs:94:8
[INFO] [stdout]    |
[INFO] [stdout] 94 | pub fn mock_auth_error() -> Mock {
[INFO] [stdout]    |        ^^^^^^^^^^^^^^^
[INFO] [stdout] 
[INFO] [stdout] 
[INFO] [stdout] warning: function `mock_insufficient_credits` is never used
[INFO] [stdout]    --> tests/common/mod.rs:103:8
[INFO] [stdout]     |
[INFO] [stdout] 103 | pub fn mock_insufficient_credits() -> Mock {
[INFO] [stdout]     |        ^^^^^^^^^^^^^^^^^^^^^^^^^
[INFO] [stdout] 
[INFO] [stdout] 
[INFO] [stdout] warning: function `mock_not_found` is never used
[INFO] [stdout]    --> tests/common/mod.rs:112:8
[INFO] [stdout]     |
[INFO] [stdout] 112 | pub fn mock_not_found() -> Mock {
[INFO] [stdout]     |        ^^^^^^^^^^^^^^
[INFO] [stdout] 
[INFO] [stdout] 
[INFO] [stdout] warning: function `mock_rate_limit` is never used
[INFO] [stdout]    --> tests/common/mod.rs:121:8
[INFO] [stdout]     |
[INFO] [stdout] 121 | pub fn mock_rate_limit(retry_after: u64) -> Mock {
[INFO] [stdout]     |        ^^^^^^^^^^^^^^^
[INFO] [stdout] 
[INFO] [stdout] 
[INFO] [stdout] warning: function `mock_server_error` is never used
[INFO] [stdout]    --> tests/common/mod.rs:134:8
[INFO] [stdout]     |
[INFO] [stdout] 134 | pub fn mock_server_error() -> Mock {
[INFO] [stdout]     |        ^^^^^^^^^^^^^^^^^
[INFO] [stdout] 
[INFO] [stdout] 
[INFO] [stdout] warning: function `mock_schedule_success` is never used
[INFO] [stdout]    --> tests/common/mod.rs:143:8
[INFO] [stdout]     |
[INFO] [stdout] 143 | pub fn mock_schedule_success() -> Mock {
[INFO] [stdout]     |        ^^^^^^^^^^^^^^^^^^^^^
[INFO] [stdout] 
[INFO] [stdout] 
[INFO] [stdout] warning: function `mock_list_scheduled_success` is never used
[INFO] [stdout]    --> tests/common/mod.rs:159:8
[INFO] [stdout]     |
[INFO] [stdout] 159 | pub fn mock_list_scheduled_success() -> Mock {
[INFO] [stdout]     |        ^^^^^^^^^^^^^^^^^^^^^^^^^^^
[INFO] [stdout] 
[INFO] [stdout] 
[INFO] [stdout] warning: function `mock_get_scheduled_success` is never used
[INFO] [stdout]    --> tests/common/mod.rs:179:8
[INFO] [stdout]     |
[INFO] [stdout] 179 | pub fn mock_get_scheduled_success() -> Mock {
[INFO] [stdout]     |        ^^^^^^^^^^^^^^^^^^^^^^^^^^
[INFO] [stdout] 
[INFO] [stdout] 
[INFO] [stdout] warning: function `mock_cancel_scheduled_success` is never used
[INFO] [stdout]    --> tests/common/mod.rs:195:8
[INFO] [stdout]     |
[INFO] [stdout] 195 | pub fn mock_cancel_scheduled_success() -> Mock {
[INFO] [stdout]     |        ^^^^^^^^^^^^^^^^^^^^^^^^^^^^^
[INFO] [stdout] 
[INFO] [stdout] 
[INFO] [stdout] warning: function `mock_batch_send_success` is never used
[INFO] [stdout]    --> tests/common/mod.rs:206:8
[INFO] [stdout]     |
[INFO] [stdout] 206 | pub fn mock_batch_send_success() -> Mock {
[INFO] [stdout]     |        ^^^^^^^^^^^^^^^^^^^^^^^
[INFO] [stdout] 
[INFO] [stdout] 
[INFO] [stdout] warning: function `mock_get_batch_success` is never used
[INFO] [stdout]    --> tests/common/mod.rs:223:8
[INFO] [stdout]     |
[INFO] [stdout] 223 | pub fn mock_get_batch_success() -> Mock {
[INFO] [stdout]     |        ^^^^^^^^^^^^^^^^^^^^^^
[INFO] [stdout] 
[INFO] [stdout] 
[INFO] [stdout] warning: function `mock_list_batches_success` is never used
[INFO] [stdout]    --> tests/common/mod.rs:261:8
[INFO] [stdout]     |
[INFO] [stdout] 261 | pub fn mock_list_batches_success() -> Mock {
[INFO] [stdout]     |        ^^^^^^^^^^^^^^^^^^^^^^^^^
[INFO] [stdout] 
[INFO] [stdout] 
[INFO] [stdout] warning: struct `NonObjectJsonBody` is never constructed
[INFO] [stdout]    --> tests/common/mod.rs:285:12
[INFO] [stdout]     |
[INFO] [stdout] 285 | pub struct NonObjectJsonBody;
[INFO] [stdout]     |            ^^^^^^^^^^^^^^^^^
[INFO] [stdout] 
[INFO] [stdout] 
[INFO] [stdout] warning: function `mock_strict_json_parser` is never used
[INFO] [stdout]    --> tests/common/mod.rs:296:8
[INFO] [stdout]     |
[INFO] [stdout] 296 | pub fn mock_strict_json_parser() -> Mock {
[INFO] [stdout]     |        ^^^^^^^^^^^^^^^^^^^^^^^
[INFO] [stdout] 
[INFO] [stdout] 
[INFO] [stdout] warning: function `mock_send_success` is never used
[INFO] [stdout]   --> tests/common/mod.rs:23:8
[INFO] [stdout]    |
[INFO] [stdout] 23 | pub fn mock_send_success() -> Mock {
[INFO] [stdout]    |        ^^^^^^^^^^^^^^^^^
[INFO] [stdout]    |
[INFO] [stdout]    = note: `#[warn(dead_code)]` (part of `#[warn(unused)]`) on by default
[INFO] [stdout] 
[INFO] [stdout] 
[INFO] [stdout] warning: function `mock_list_success` is never used
[INFO] [stdout]   --> tests/common/mod.rs:46:8
[INFO] [stdout]    |
[INFO] [stdout] 46 | pub fn mock_list_success() -> Mock {
[INFO] [stdout]    |        ^^^^^^^^^^^^^^^^^
[INFO] [stdout] 
[INFO] [stdout] 
[INFO] [stdout] warning: function `mock_get_success` is never used
[INFO] [stdout]   --> tests/common/mod.rs:75:8
[INFO] [stdout]    |
[INFO] [stdout] 75 | pub fn mock_get_success() -> Mock {
[INFO] [stdout]    |        ^^^^^^^^^^^^^^^^
[INFO] [stdout] 
[INFO] [stdout] 
[INFO] [stdout] warning: function `mock_auth_error` is never used
[INFO] [stdout]   --> tests/common/mod.rs:94:8
[INFO] [stdout]    |
[INFO] [stdout] 94 | pub fn mock_auth_error() -> Mock {
[INFO] [stdout]    |        ^^^^^^^^^^^^^^^
[INFO] [stdout] 
[INFO] [stdout] 
[INFO] [stdout] warning: function `mock_insufficient_credits` is never used
[INFO] [stdout]    --> tests/common/mod.rs:103:8
[INFO] [stdout]     |
[INFO] [stdout] 103 | pub fn mock_insufficient_credits() -> Mock {
[INFO] [stdout]     |        ^^^^^^^^^^^^^^^^^^^^^^^^^
[INFO] [stdout] 
[INFO] [stdout] 
[INFO] [stdout] warning: function `mock_not_found` is never used
[INFO] [stdout]    --> tests/common/mod.rs:112:8
[INFO] [stdout]     |
[INFO] [stdout] 112 | pub fn mock_not_found() -> Mock {
[INFO] [stdout]     |        ^^^^^^^^^^^^^^
[INFO] [stdout] 
[INFO] [stdout] 
[INFO] [stdout] warning: function `mock_rate_limit` is never used
[INFO] [stdout]    --> tests/common/mod.rs:121:8
[INFO] [stdout]     |
[INFO] [stdout] 121 | pub fn mock_rate_limit(retry_after: u64) -> Mock {
[INFO] [stdout]     |        ^^^^^^^^^^^^^^^
[INFO] [stdout] 
[INFO] [stdout] 
[INFO] [stdout] warning: function `mock_server_error` is never used
[INFO] [stdout]    --> tests/common/mod.rs:134:8
[INFO] [stdout]     |
[INFO] [stdout] 134 | pub fn mock_server_error() -> Mock {
[INFO] [stdout]     |        ^^^^^^^^^^^^^^^^^
[INFO] [stdout] 
[INFO] [stdout] 
[INFO] [stdout] warning: function `mock_schedule_success` is never used
[INFO] [stdout]    --> tests/common/mod.rs:143:8
[INFO] [stdout]     |
[INFO] [stdout] 143 | pub fn mock_schedule_success() -> Mock {
[INFO] [stdout]     |        ^^^^^^^^^^^^^^^^^^^^^
[INFO] [stdout] 
[INFO] [stdout] 
[INFO] [stdout] warning: function `mock_list_scheduled_success` is never used
[INFO] [stdout]    --> tests/common/mod.rs:159:8
[INFO] [stdout]     |
[INFO] [stdout] 159 | pub fn mock_list_scheduled_success() -> Mock {
[INFO] [stdout]     |        ^^^^^^^^^^^^^^^^^^^^^^^^^^^
[INFO] [stdout] 
[INFO] [stdout] 
[INFO] [stdout] warning: function `mock_get_scheduled_success` is never used
[INFO] [stdout]    --> tests/common/mod.rs:179:8
[INFO] [stdout]     |
[INFO] [stdout] 179 | pub fn mock_get_scheduled_success() -> Mock {
[INFO] [stdout]     |        ^^^^^^^^^^^^^^^^^^^^^^^^^^
[INFO] [stdout] 
[INFO] [stdout] 
[INFO] [stdout] warning: function `mock_cancel_scheduled_success` is never used
[INFO] [stdout]    --> tests/common/mod.rs:195:8
[INFO] [stdout]     |
[INFO] [stdout] 195 | pub fn mock_cancel_scheduled_success() -> Mock {
[INFO] [stdout]     |        ^^^^^^^^^^^^^^^^^^^^^^^^^^^^^
[INFO] [stdout] 
[INFO] [stdout] 
[INFO] [stdout] warning: function `mock_batch_send_success` is never used
[INFO] [stdout]    --> tests/common/mod.rs:206:8
[INFO] [stdout]     |
[INFO] [stdout] 206 | pub fn mock_batch_send_success() -> Mock {
[INFO] [stdout]     |        ^^^^^^^^^^^^^^^^^^^^^^^
[INFO] [stdout] 
[INFO] [stdout] 
[INFO] [stdout] warning: function `mock_get_batch_success` is never used
[INFO] [stdout]    --> tests/common/mod.rs:223:8
[INFO] [stdout]     |
[INFO] [stdout] 223 | pub fn mock_get_batch_success() -> Mock {
[INFO] [stdout]     |        ^^^^^^^^^^^^^^^^^^^^^^
[INFO] [stdout] 
[INFO] [stdout] 
[INFO] [stdout] warning: function `mock_list_batches_success` is never used
[INFO] [stdout]    --> tests/common/mod.rs:261:8
[INFO] [stdout]     |
[INFO] [stdout] 261 | pub fn mock_list_batches_success() -> Mock {
[INFO] [stdout]     |        ^^^^^^^^^^^^^^^^^^^^^^^^^
[INFO] [stdout] 
[INFO] [stdout] 
[INFO] [stdout] warning: function `mock_send_success` is never used
[INFO] [stdout]   --> tests/common/mod.rs:23:8
[INFO] [stdout]    |
[INFO] [stdout] 23 | pub fn mock_send_success() -> Mock {
[INFO] [stdout]    |        ^^^^^^^^^^^^^^^^^
[INFO] [stdout]    |
[INFO] [stdout]    = note: `#[warn(dead_code)]` (part of `#[warn(unused)]`) on by default
[INFO] [stdout] 
[INFO] [stdout] 
[INFO] [stdout] warning: function `mock_list_success` is never used
[INFO] [stdout]   --> tests/common/mod.rs:46:8
[INFO] [stdout]    |
[INFO] [stdout] 46 | pub fn mock_list_success() -> Mock {
[INFO] [stdout]    |        ^^^^^^^^^^^^^^^^^
[INFO] [stdout] 
[INFO] [stdout] 
[INFO] [stdout] warning: function `mock_get_success` is never used
[INFO] [stdout]   --> tests/common/mod.rs:75:8
[INFO] [stdout]    |
[INFO] [stdout] 75 | pub fn mock_get_success() -> Mock {
[INFO] [stdout]    |        ^^^^^^^^^^^^^^^^
[INFO] [stdout] 
[INFO] [stdout] 
[INFO] [stdout] warning: function `mock_auth_error` is never used
[INFO] [stdout]   --> tests/common/mod.rs:94:8
[INFO] [stdout]    |
[INFO] [stdout] 94 | pub fn mock_auth_error() -> Mock {
[INFO] [stdout]    |        ^^^^^^^^^^^^^^^
[INFO] [stdout] 
[INFO] [stdout] 
[INFO] [stdout] warning: function `mock_insufficient_credits` is never used
[INFO] [stdout]    --> tests/common/mod.rs:103:8
[INFO] [stdout]     |
[INFO] [stdout] 103 | pub fn mock_insufficient_credits() -> Mock {
[INFO] [stdout]     |        ^^^^^^^^^^^^^^^^^^^^^^^^^
[INFO] [stdout] 
[INFO] [stdout] 
[INFO] [stdout] warning: function `mock_not_found` is never used
[INFO] [stdout]    --> tests/common/mod.rs:112:8
[INFO] [stdout]     |
[INFO] [stdout] 112 | pub fn mock_not_found() -> Mock {
[INFO] [stdout]     |        ^^^^^^^^^^^^^^
[INFO] [stdout] 
[INFO] [stdout] 
[INFO] [stdout] warning: function `mock_rate_limit` is never used
[INFO] [stdout]    --> tests/common/mod.rs:121:8
[INFO] [stdout]     |
[INFO] [stdout] 121 | pub fn mock_rate_limit(retry_after: u64) -> Mock {
[INFO] [stdout]     |        ^^^^^^^^^^^^^^^
[INFO] [stdout] 
[INFO] [stdout] 
[INFO] [stdout] warning: function `mock_server_error` is never used
[INFO] [stdout]    --> tests/common/mod.rs:134:8
[INFO] [stdout]     |
[INFO] [stdout] 134 | pub fn mock_server_error() -> Mock {
[INFO] [stdout]     |        ^^^^^^^^^^^^^^^^^
[INFO] [stdout] 
[INFO] [stdout] 
[INFO] [stdout] warning: function `mock_schedule_success` is never used
[INFO] [stdout]    --> tests/common/mod.rs:143:8
[INFO] [stdout]     |
[INFO] [stdout] 143 | pub fn mock_schedule_success() -> Mock {
[INFO] [stdout]     |        ^^^^^^^^^^^^^^^^^^^^^
[INFO] [stdout] 
[INFO] [stdout] 
[INFO] [stdout] warning: function `mock_list_scheduled_success` is never used
[INFO] [stdout]    --> tests/common/mod.rs:159:8
[INFO] [stdout]     |
[INFO] [stdout] 159 | pub fn mock_list_scheduled_success() -> Mock {
[INFO] [stdout]     |        ^^^^^^^^^^^^^^^^^^^^^^^^^^^
[INFO] [stdout] 
[INFO] [stdout] 
[INFO] [stdout] warning: function `mock_get_scheduled_success` is never used
[INFO] [stdout]    --> tests/common/mod.rs:179:8
[INFO] [stdout]     |
[INFO] [stdout] 179 | pub fn mock_get_scheduled_success() -> Mock {
[INFO] [stdout]     |        ^^^^^^^^^^^^^^^^^^^^^^^^^^
[INFO] [stdout] 
[INFO] [stdout] 
[INFO] [stdout] warning: function `mock_cancel_scheduled_success` is never used
[INFO] [stdout]    --> tests/common/mod.rs:195:8
[INFO] [stdout]     |
[INFO] [stdout] 195 | pub fn mock_cancel_scheduled_success() -> Mock {
[INFO] [stdout]     |        ^^^^^^^^^^^^^^^^^^^^^^^^^^^^^
[INFO] [stdout] 
[INFO] [stdout] 
[INFO] [stdout] warning: function `mock_batch_send_success` is never used
[INFO] [stdout]    --> tests/common/mod.rs:206:8
[INFO] [stdout]     |
[INFO] [stdout] 206 | pub fn mock_batch_send_success() -> Mock {
[INFO] [stdout]     |        ^^^^^^^^^^^^^^^^^^^^^^^
[INFO] [stdout] 
[INFO] [stdout] 
[INFO] [stdout] warning: function `mock_get_batch_success` is never used
[INFO] [stdout]    --> tests/common/mod.rs:223:8
[INFO] [stdout]     |
[INFO] [stdout] 223 | pub fn mock_get_batch_success() -> Mock {
[INFO] [stdout]     |        ^^^^^^^^^^^^^^^^^^^^^^
[INFO] [stdout] 
[INFO] [stdout] 
[INFO] [stdout] warning: function `mock_list_batches_success` is never used
[INFO] [stdout]    --> tests/common/mod.rs:261:8
[INFO] [stdout]     |
[INFO] [stdout] 261 | pub fn mock_list_batches_success() -> Mock {
[INFO] [stdout]     |        ^^^^^^^^^^^^^^^^^^^^^^^^^
[INFO] [stdout] 
[INFO] [stdout] 
[INFO] [stdout] warning: struct `NonObjectJsonBody` is never constructed
[INFO] [stdout]    --> tests/common/mod.rs:285:12
[INFO] [stdout]     |
[INFO] [stdout] 285 | pub struct NonObjectJsonBody;
[INFO] [stdout]     |            ^^^^^^^^^^^^^^^^^
[INFO] [stdout] 
[INFO] [stdout] 
[INFO] [stdout] warning: function `mock_strict_json_parser` is never used
[INFO] [stdout]    --> tests/common/mod.rs:296:8
[INFO] [stdout]     |
[INFO] [stdout] 296 | pub fn mock_strict_json_parser() -> Mock {
[INFO] [stdout]     |        ^^^^^^^^^^^^^^^^^^^^^^^
[INFO] [stdout] 
[INFO] [stdout] 
[INFO] [stdout] warning: function `mock_send_success` is never used
[INFO] [stdout]   --> tests/common/mod.rs:23:8
[INFO] [stdout]    |
[INFO] [stdout] 23 | pub fn mock_send_success() -> Mock {
[INFO] [stdout]    |        ^^^^^^^^^^^^^^^^^
[INFO] [stdout]    |
[INFO] [stdout]    = note: `#[warn(dead_code)]` (part of `#[warn(unused)]`) on by default
[INFO] [stdout] 
[INFO] [stdout] 
[INFO] [stdout] warning: function `mock_list_success` is never used
[INFO] [stdout]   --> tests/common/mod.rs:46:8
[INFO] [stdout]    |
[INFO] [stdout] 46 | pub fn mock_list_success() -> Mock {
[INFO] [stdout]    |        ^^^^^^^^^^^^^^^^^
[INFO] [stdout] 
[INFO] [stdout] 
[INFO] [stdout] warning: function `mock_get_success` is never used
[INFO] [stdout]   --> tests/common/mod.rs:75:8
[INFO] [stdout]    |
[INFO] [stdout] 75 | pub fn mock_get_success() -> Mock {
[INFO] [stdout]    |        ^^^^^^^^^^^^^^^^
[INFO] [stdout] 
[INFO] [stdout] 
[INFO] [stdout] warning: function `mock_auth_error` is never used
[INFO] [stdout]   --> tests/common/mod.rs:94:8
[INFO] [stdout]    |
[INFO] [stdout] 94 | pub fn mock_auth_error() -> Mock {
[INFO] [stdout]    |        ^^^^^^^^^^^^^^^
[INFO] [stdout] 
[INFO] [stdout] 
[INFO] [stdout] warning: function `mock_insufficient_credits` is never used
[INFO] [stdout]    --> tests/common/mod.rs:103:8
[INFO] [stdout]     |
[INFO] [stdout] 103 | pub fn mock_insufficient_credits() -> Mock {
[INFO] [stdout]     |        ^^^^^^^^^^^^^^^^^^^^^^^^^
[INFO] [stdout] 
[INFO] [stdout] 
[INFO] [stdout] warning: function `mock_not_found` is never used
[INFO] [stdout]    --> tests/common/mod.rs:112:8
[INFO] [stdout]     |
[INFO] [stdout] 112 | pub fn mock_not_found() -> Mock {
[INFO] [stdout]     |        ^^^^^^^^^^^^^^
[INFO] [stdout] 
[INFO] [stdout] 
[INFO] [stdout] warning: function `mock_rate_limit` is never used
[INFO] [stdout]    --> tests/common/mod.rs:121:8
[INFO] [stdout]     |
[INFO] [stdout] 121 | pub fn mock_rate_limit(retry_after: u64) -> Mock {
[INFO] [stdout]     |        ^^^^^^^^^^^^^^^
[INFO] [stdout] 
[INFO] [stdout] 
[INFO] [stdout] warning: function `mock_server_error` is never used
[INFO] [stdout]    --> tests/common/mod.rs:134:8
[INFO] [stdout]     |
[INFO] [stdout] 134 | pub fn mock_server_error() -> Mock {
[INFO] [stdout]     |        ^^^^^^^^^^^^^^^^^
[INFO] [stdout] 
[INFO] [stdout] 
[INFO] [stdout] warning: function `mock_schedule_success` is never used
[INFO] [stdout]    --> tests/common/mod.rs:143:8
[INFO] [stdout]     |
[INFO] [stdout] 143 | pub fn mock_schedule_success() -> Mock {
[INFO] [stdout]     |        ^^^^^^^^^^^^^^^^^^^^^
[INFO] [stdout] 
[INFO] [stdout] 
[INFO] [stdout] warning: function `mock_list_scheduled_success` is never used
[INFO] [stdout]    --> tests/common/mod.rs:159:8
[INFO] [stdout]     |
[INFO] [stdout] 159 | pub fn mock_list_scheduled_success() -> Mock {
[INFO] [stdout]     |        ^^^^^^^^^^^^^^^^^^^^^^^^^^^
[INFO] [stdout] 
[INFO] [stdout] 
[INFO] [stdout] warning: function `mock_get_scheduled_success` is never used
[INFO] [stdout]    --> tests/common/mod.rs:179:8
[INFO] [stdout]     |
[INFO] [stdout] 179 | pub fn mock_get_scheduled_success() -> Mock {
[INFO] [stdout]     |        ^^^^^^^^^^^^^^^^^^^^^^^^^^
[INFO] [stdout] 
[INFO] [stdout] 
[INFO] [stdout] warning: function `mock_cancel_scheduled_success` is never used
[INFO] [stdout]    --> tests/common/mod.rs:195:8
[INFO] [stdout]     |
[INFO] [stdout] 195 | pub fn mock_cancel_scheduled_success() -> Mock {
[INFO] [stdout]     |        ^^^^^^^^^^^^^^^^^^^^^^^^^^^^^
[INFO] [stdout] 
[INFO] [stdout] 
[INFO] [stdout] warning: struct `NonObjectJsonBody` is never constructed
[INFO] [stdout]    --> tests/common/mod.rs:285:12
[INFO] [stdout]     |
[INFO] [stdout] 285 | pub struct NonObjectJsonBody;
[INFO] [stdout]     |            ^^^^^^^^^^^^^^^^^
[INFO] [stdout] 
[INFO] [stdout] 
[INFO] [stdout] warning: function `mock_strict_json_parser` is never used
[INFO] [stdout]    --> tests/common/mod.rs:296:8
[INFO] [stdout]     |
[INFO] [stdout] 296 | pub fn mock_strict_json_parser() -> Mock {
[INFO] [stdout]     |        ^^^^^^^^^^^^^^^^^^^^^^^
[INFO] [stdout] 
[INFO] [stdout] 
[INFO] [stdout] warning: function `mock_send_success` is never used
[INFO] [stdout]   --> tests/common/mod.rs:23:8
[INFO] [stdout]    |
[INFO] [stdout] 23 | pub fn mock_send_success() -> Mock {
[INFO] [stdout]    |        ^^^^^^^^^^^^^^^^^
[INFO] [stdout]    |
[INFO] [stdout]    = note: `#[warn(dead_code)]` (part of `#[warn(unused)]`) on by default
[INFO] [stdout] 
[INFO] [stdout] 
[INFO] [stdout] warning: function `mock_list_success` is never used
[INFO] [stdout]   --> tests/common/mod.rs:46:8
[INFO] [stdout]    |
[INFO] [stdout] 46 | pub fn mock_list_success() -> Mock {
[INFO] [stdout]    |        ^^^^^^^^^^^^^^^^^
[INFO] [stdout] 
[INFO] [stdout] 
[INFO] [stdout] warning: function `mock_get_success` is never used
[INFO] [stdout]   --> tests/common/mod.rs:75:8
[INFO] [stdout]    |
[INFO] [stdout] 75 | pub fn mock_get_success() -> Mock {
[INFO] [stdout]    |        ^^^^^^^^^^^^^^^^
[INFO] [stdout] 
[INFO] [stdout] 
[INFO] [stdout] warning: function `mock_auth_error` is never used
[INFO] [stdout]   --> tests/common/mod.rs:94:8
[INFO] [stdout]    |
[INFO] [stdout] 94 | pub fn mock_auth_error() -> Mock {
[INFO] [stdout]    |        ^^^^^^^^^^^^^^^
[INFO] [stdout] 
[INFO] [stdout] 
[INFO] [stdout] warning: function `mock_insufficient_credits` is never used
[INFO] [stdout]    --> tests/common/mod.rs:103:8
[INFO] [stdout]     |
[INFO] [stdout] 103 | pub fn mock_insufficient_credits() -> Mock {
[INFO] [stdout]     |        ^^^^^^^^^^^^^^^^^^^^^^^^^
[INFO] [stdout] 
[INFO] [stdout] 
[INFO] [stdout] warning: function `mock_not_found` is never used
[INFO] [stdout]    --> tests/common/mod.rs:112:8
[INFO] [stdout]     |
[INFO] [stdout] 112 | pub fn mock_not_found() -> Mock {
[INFO] [stdout]     |        ^^^^^^^^^^^^^^
[INFO] [stdout] 
[INFO] [stdout] 
[INFO] [stdout] warning: function `mock_rate_limit` is never used
[INFO] [stdout]    --> tests/common/mod.rs:121:8
[INFO] [stdout]     |
[INFO] [stdout] 121 | pub fn mock_rate_limit(retry_after: u64) -> Mock {
[INFO] [stdout]     |        ^^^^^^^^^^^^^^^
[INFO] [stdout] 
[INFO] [stdout] 
[INFO] [stdout] warning: function `mock_server_error` is never used
[INFO] [stdout]    --> tests/common/mod.rs:134:8
[INFO] [stdout]     |
[INFO] [stdout] 134 | pub fn mock_server_error() -> Mock {
[INFO] [stdout]     |        ^^^^^^^^^^^^^^^^^
[INFO] [stdout] 
[INFO] [stdout] 
[INFO] [stdout] warning: function `mock_schedule_success` is never used
[INFO] [stdout]    --> tests/common/mod.rs:143:8
[INFO] [stdout]     |
[INFO] [stdout] 143 | pub fn mock_schedule_success() -> Mock {
[INFO] [stdout]     |        ^^^^^^^^^^^^^^^^^^^^^
[INFO] [stdout] 
[INFO] [stdout] 
[INFO] [stdout] warning: function `mock_list_scheduled_success` is never used
[INFO] [stdout]    --> tests/common/mod.rs:159:8
[INFO] [stdout]     |
[INFO] [stdout] 159 | pub fn mock_list_scheduled_success() -> Mock {
[INFO] [stdout]     |        ^^^^^^^^^^^^^^^^^^^^^^^^^^^
[INFO] [stdout] 
[INFO] [stdout] 
[INFO] [stdout] warning: function `mock_get_scheduled_success` is never used
[INFO] [stdout]    --> tests/common/mod.rs:179:8
[INFO] [stdout]     |
[INFO] [stdout] 179 | pub fn mock_get_scheduled_success() -> Mock {
[INFO] [stdout]     |        ^^^^^^^^^^^^^^^^^^^^^^^^^^
[INFO] [stdout] 
[INFO] [stdout] 
[INFO] [stdout] warning: function `mock_cancel_scheduled_success` is never used
[INFO] [stdout]    --> tests/common/mod.rs:195:8
[INFO] [stdout]     |
[INFO] [stdout] 195 | pub fn mock_cancel_scheduled_success() -> Mock {
[INFO] [stdout]     |        ^^^^^^^^^^^^^^^^^^^^^^^^^^^^^
[INFO] [stdout] 
[INFO] [stdout] 
[INFO] [stdout] warning: function `mock_batch_send_success` is never used
[INFO] [stdout]    --> tests/common/mod.rs:206:8
[INFO] [stdout]     |
[INFO] [stdout] 206 | pub fn mock_batch_send_success() -> Mock {
[INFO] [stdout]     |        ^^^^^^^^^^^^^^^^^^^^^^^
[INFO] [stdout] 
[INFO] [stdout] 
[INFO] [stdout] warning: function `mock_get_batch_success` is never used
[INFO] [stdout]    --> tests/common/mod.rs:223:8
[INFO] [stdout]     |
[INFO] [stdout] 223 | pub fn mock_get_batch_success() -> Mock {
[INFO] [stdout]     |        ^^^^^^^^^^^^^^^^^^^^^^
[INFO] [stdout] 
[INFO] [stdout] 
[INFO] [stdout] warning: function `mock_list_batches_success` is never used
[INFO] [stdout]    --> tests/common/mod.rs:261:8
[INFO] [stdout]     |
[INFO] [stdout] 261 | pub fn mock_list_batches_success() -> Mock {
[INFO] [stdout]     |        ^^^^^^^^^^^^^^^^^^^^^^^^^
[INFO] [stdout] 
[INFO] [stdout] 
[INFO] [stdout] warning: struct `NonObjectJsonBody` is never constructed
[INFO] [stdout]    --> tests/common/mod.rs:285:12
[INFO] [stdout]     |
[INFO] [stdout] 285 | pub struct NonObjectJsonBody;
[INFO] [stdout]     |            ^^^^^^^^^^^^^^^^^
[INFO] [stdout] 
[INFO] [stdout] 
[INFO] [stdout] warning: function `mock_strict_json_parser` is never used
[INFO] [stdout]    --> tests/common/mod.rs:296:8
[INFO] [stdout]     |
[INFO] [stdout] 296 | pub fn mock_strict_json_parser() -> Mock {
[INFO] [stdout]     |        ^^^^^^^^^^^^^^^^^^^^^^^
[INFO] [stdout] 
[INFO] [stdout] 
[INFO] [stdout] warning: function `mock_get_success` is never used
[INFO] [stdout]   --> tests/common/mod.rs:75:8
[INFO] [stdout]    |
[INFO] [stdout] 75 | pub fn mock_get_success() -> Mock {
[INFO] [stdout]    |        ^^^^^^^^^^^^^^^^
[INFO] [stdout]    |
[INFO] [stdout]    = note: `#[warn(dead_code)]` (part of `#[warn(unused)]`) on by default
[INFO] [stdout] 
[INFO] [stdout] 
[INFO] [stdout] warning: function `mock_auth_error` is never used
[INFO] [stdout]   --> tests/common/mod.rs:94:8
[INFO] [stdout]    |
[INFO] [stdout] 94 | pub fn mock_auth_error() -> Mock {
[INFO] [stdout]    |        ^^^^^^^^^^^^^^^
[INFO] [stdout] 
[INFO] [stdout] 
[INFO] [stdout] warning: function `mock_insufficient_credits` is never used
[INFO] [stdout]    --> tests/common/mod.rs:103:8
[INFO] [stdout]     |
[INFO] [stdout] 103 | pub fn mock_insufficient_credits() -> Mock {
[INFO] [stdout]     |        ^^^^^^^^^^^^^^^^^^^^^^^^^
[INFO] [stdout] 
[INFO] [stdout] 
[INFO] [stdout] warning: function `mock_not_found` is never used
[INFO] [stdout]    --> tests/common/mod.rs:112:8
[INFO] [stdout]     |
[INFO] [stdout] 112 | pub fn mock_not_found() -> Mock {
[INFO] [stdout]     |        ^^^^^^^^^^^^^^
[INFO] [stdout] 
[INFO] [stdout] 
[INFO] [stdout] warning: function `mock_rate_limit` is never used
[INFO] [stdout]    --> tests/common/mod.rs:121:8
[INFO] [stdout]     |
[INFO] [stdout] 121 | pub fn mock_rate_limit(retry_after: u64) -> Mock {
[INFO] [stdout]     |        ^^^^^^^^^^^^^^^
[INFO] [stdout] 
[INFO] [stdout] 
[INFO] [stdout] warning: function `mock_server_error` is never used
[INFO] [stdout]    --> tests/common/mod.rs:134:8
[INFO] [stdout]     |
[INFO] [stdout] 134 | pub fn mock_server_error() -> Mock {
[INFO] [stdout]     |        ^^^^^^^^^^^^^^^^^
[INFO] [stdout] 
[INFO] [stdout] 
[INFO] [stdout] warning: function `mock_list_scheduled_success` is never used
[INFO] [stdout]    --> tests/common/mod.rs:159:8
[INFO] [stdout]     |
[INFO] [stdout] 159 | pub fn mock_list_scheduled_success() -> Mock {
[INFO] [stdout]     |        ^^^^^^^^^^^^^^^^^^^^^^^^^^^
[INFO] [stdout] 
[INFO] [stdout] 
[INFO] [stdout] warning: function `mock_get_scheduled_success` is never used
[INFO] [stdout]    --> tests/common/mod.rs:179:8
[INFO] [stdout]     |
[INFO] [stdout] 179 | pub fn mock_get_scheduled_success() -> Mock {
[INFO] [stdout]     |        ^^^^^^^^^^^^^^^^^^^^^^^^^^
[INFO] [stdout] 
[INFO] [stdout] 
[INFO] [stdout] warning: function `mock_get_batch_success` is never used
[INFO] [stdout]    --> tests/common/mod.rs:223:8
[INFO] [stdout]     |
[INFO] [stdout] 223 | pub fn mock_get_batch_success() -> Mock {
[INFO] [stdout]     |        ^^^^^^^^^^^^^^^^^^^^^^
[INFO] [stdout] 
[INFO] [stdout] 
[INFO] [stdout] warning: function `mock_list_batches_success` is never used
[INFO] [stdout]    --> tests/common/mod.rs:261:8
[INFO] [stdout]     |
[INFO] [stdout] 261 | pub fn mock_list_batches_success() -> Mock {
[INFO] [stdout]     |        ^^^^^^^^^^^^^^^^^^^^^^^^^
[INFO] [stdout] 
[INFO] [stdout] 
[INFO] [stdout] warning: struct `NonObjectJsonBody` is never constructed
[INFO] [stdout]    --> tests/common/mod.rs:285:12
[INFO] [stdout]     |
[INFO] [stdout] 285 | pub struct NonObjectJsonBody;
[INFO] [stdout]     |            ^^^^^^^^^^^^^^^^^
[INFO] [stdout] 
[INFO] [stdout] 
[INFO] [stdout] warning: function `mock_strict_json_parser` is never used
[INFO] [stdout]    --> tests/common/mod.rs:296:8
[INFO] [stdout]     |
[INFO] [stdout] 296 | pub fn mock_strict_json_parser() -> Mock {
[INFO] [stdout]     |        ^^^^^^^^^^^^^^^^^^^^^^^
[INFO] [stdout] 
[INFO] [stdout] 
[INFO] [stdout] warning: function `mock_send_success` is never used
[INFO] [stdout]   --> tests/common/mod.rs:23:8
[INFO] [stdout]    |
[INFO] [stdout] 23 | pub fn mock_send_success() -> Mock {
[INFO] [stdout]    |        ^^^^^^^^^^^^^^^^^
[INFO] [stdout]    |
[INFO] [stdout]    = note: `#[warn(dead_code)]` (part of `#[warn(unused)]`) on by default
[INFO] [stdout] 
[INFO] [stdout] 
[INFO] [stdout] warning: function `mock_list_success` is never used
[INFO] [stdout]   --> tests/common/mod.rs:46:8
[INFO] [stdout]    |
[INFO] [stdout] 46 | pub fn mock_list_success() -> Mock {
[INFO] [stdout]    |        ^^^^^^^^^^^^^^^^^
[INFO] [stdout] 
[INFO] [stdout] 
[INFO] [stdout] warning: function `mock_get_success` is never used
[INFO] [stdout]   --> tests/common/mod.rs:75:8
[INFO] [stdout]    |
[INFO] [stdout] 75 | pub fn mock_get_success() -> Mock {
[INFO] [stdout]    |        ^^^^^^^^^^^^^^^^
[INFO] [stdout] 
[INFO] [stdout] 
[INFO] [stdout] warning: function `mock_auth_error` is never used
[INFO] [stdout]   --> tests/common/mod.rs:94:8
[INFO] [stdout]    |
[INFO] [stdout] 94 | pub fn mock_auth_error() -> Mock {
[INFO] [stdout]    |        ^^^^^^^^^^^^^^^
[INFO] [stdout] 
[INFO] [stdout] 
[INFO] [stdout] warning: function `mock_insufficient_credits` is never used
[INFO] [stdout]    --> tests/common/mod.rs:103:8
[INFO] [stdout]     |
[INFO] [stdout] 103 | pub fn mock_insufficient_credits() -> Mock {
[INFO] [stdout]     |        ^^^^^^^^^^^^^^^^^^^^^^^^^
[INFO] [stdout] 
[INFO] [stdout] 
[INFO] [stdout] warning: function `mock_not_found` is never used
[INFO] [stdout]    --> tests/common/mod.rs:112:8
[INFO] [stdout]     |
[INFO] [stdout] 112 | pub fn mock_not_found() -> Mock {
[INFO] [stdout]     |        ^^^^^^^^^^^^^^
[INFO] [stdout] 
[INFO] [stdout] 
[INFO] [stdout] warning: function `mock_rate_limit` is never used
[INFO] [stdout]    --> tests/common/mod.rs:121:8
[INFO] [stdout]     |
[INFO] [stdout] 121 | pub fn mock_rate_limit(retry_after: u64) -> Mock {
[INFO] [stdout]     |        ^^^^^^^^^^^^^^^
[INFO] [stdout] 
[INFO] [stdout] 
[INFO] [stdout] warning: function `mock_server_error` is never used
[INFO] [stdout]    --> tests/common/mod.rs:134:8
[INFO] [stdout]     |
[INFO] [stdout] 134 | pub fn mock_server_error() -> Mock {
[INFO] [stdout]     |        ^^^^^^^^^^^^^^^^^
[INFO] [stdout] 
[INFO] [stdout] 
[INFO] [stdout] warning: function `mock_schedule_success` is never used
[INFO] [stdout]    --> tests/common/mod.rs:143:8
[INFO] [stdout]     |
[INFO] [stdout] 143 | pub fn mock_schedule_success() -> Mock {
[INFO] [stdout]     |        ^^^^^^^^^^^^^^^^^^^^^
[INFO] [stdout] 
[INFO] [stdout] 
[INFO] [stdout] warning: function `mock_list_scheduled_success` is never used
[INFO] [stdout]    --> tests/common/mod.rs:159:8
[INFO] [stdout]     |
[INFO] [stdout] 159 | pub fn mock_list_scheduled_success() -> Mock {
[INFO] [stdout]     |        ^^^^^^^^^^^^^^^^^^^^^^^^^^^
[INFO] [stdout] 
[INFO] [stdout] 
[INFO] [stdout] warning: function `mock_get_scheduled_success` is never used
[INFO] [stdout]    --> tests/common/mod.rs:179:8
[INFO] [stdout]     |
[INFO] [stdout] 179 | pub fn mock_get_scheduled_success() -> Mock {
[INFO] [stdout]     |        ^^^^^^^^^^^^^^^^^^^^^^^^^^
[INFO] [stdout] 
[INFO] [stdout] 
[INFO] [stdout] warning: function `mock_cancel_scheduled_success` is never used
[INFO] [stdout]    --> tests/common/mod.rs:195:8
[INFO] [stdout]     |
[INFO] [stdout] 195 | pub fn mock_cancel_scheduled_success() -> Mock {
[INFO] [stdout]     |        ^^^^^^^^^^^^^^^^^^^^^^^^^^^^^
[INFO] [stdout] 
[INFO] [stdout] 
[INFO] [stdout] warning: function `mock_batch_send_success` is never used
[INFO] [stdout]    --> tests/common/mod.rs:206:8
[INFO] [stdout]     |
[INFO] [stdout] 206 | pub fn mock_batch_send_success() -> Mock {
[INFO] [stdout]     |        ^^^^^^^^^^^^^^^^^^^^^^^
[INFO] [stdout] 
[INFO] [stdout] 
[INFO] [stdout] warning: function `mock_get_batch_success` is never used
[INFO] [stdout]    --> tests/common/mod.rs:223:8
[INFO] [stdout]     |
[INFO] [stdout] 223 | pub fn mock_get_batch_success() -> Mock {
[INFO] [stdout]     |        ^^^^^^^^^^^^^^^^^^^^^^
[INFO] [stdout] 
[INFO] [stdout] 
[INFO] [stdout] warning: function `mock_list_batches_success` is never used
[INFO] [stdout]    --> tests/common/mod.rs:261:8
[INFO] [stdout]     |
[INFO] [stdout] 261 | pub fn mock_list_batches_success() -> Mock {
[INFO] [stdout]     |        ^^^^^^^^^^^^^^^^^^^^^^^^^
[INFO] [stdout] 
[INFO] [stdout] 
[INFO] [stdout] warning: struct `NonObjectJsonBody` is never constructed
[INFO] [stdout]    --> tests/common/mod.rs:285:12
[INFO] [stdout]     |
[INFO] [stdout] 285 | pub struct NonObjectJsonBody;
[INFO] [stdout]     |            ^^^^^^^^^^^^^^^^^
[INFO] [stdout] 
[INFO] [stdout] 
[INFO] [stdout] warning: function `mock_strict_json_parser` is never used
[INFO] [stdout]    --> tests/common/mod.rs:296:8
[INFO] [stdout]     |
[INFO] [stdout] 296 | pub fn mock_strict_json_parser() -> Mock {
[INFO] [stdout]     |        ^^^^^^^^^^^^^^^^^^^^^^^
[INFO] [stdout] 
[INFO] [stdout] 
[INFO] [stdout] warning: function `mock_schedule_success` is never used
[INFO] [stdout]    --> tests/common/mod.rs:143:8
[INFO] [stdout]     |
[INFO] [stdout] 143 | pub fn mock_schedule_success() -> Mock {
[INFO] [stdout]     |        ^^^^^^^^^^^^^^^^^^^^^
[INFO] [stdout]     |
[INFO] [stdout]     = note: `#[warn(dead_code)]` (part of `#[warn(unused)]`) on by default
[INFO] [stdout] 
[INFO] [stdout] 
[INFO] [stdout] warning: function `mock_list_scheduled_success` is never used
[INFO] [stdout]    --> tests/common/mod.rs:159:8
[INFO] [stdout]     |
[INFO] [stdout] 159 | pub fn mock_list_scheduled_success() -> Mock {
[INFO] [stdout]     |        ^^^^^^^^^^^^^^^^^^^^^^^^^^^
[INFO] [stdout] 
[INFO] [stdout] 
[INFO] [stdout] warning: function `mock_get_scheduled_success` is never used
[INFO] [stdout]    --> tests/common/mod.rs:179:8
[INFO] [stdout]     |
[INFO] [stdout] 179 | pub fn mock_get_scheduled_success() -> Mock {
[INFO] [stdout]     |        ^^^^^^^^^^^^^^^^^^^^^^^^^^
[INFO] [stdout] 
[INFO] [stdout] 
[INFO] [stdout] warning: function `mock_cancel_scheduled_success` is never used
[INFO] [stdout]    --> tests/common/mod.rs:195:8
[INFO] [stdout]     |
[INFO] [stdout] 195 | pub fn mock_cancel_scheduled_success() -> Mock {
[INFO] [stdout]     |        ^^^^^^^^^^^^^^^^^^^^^^^^^^^^^
[INFO] [stdout] 
[INFO] [stdout] 
[INFO] [stdout] warning: function `mock_batch_send_success` is never used
[INFO] [stdout]    --> tests/common/mod.rs:206:8
[INFO] [stdout]     |
[INFO] [stdout] 206 | pub fn mock_batch_send_success() -> Mock {
[INFO] [stdout]     |        ^^^^^^^^^^^^^^^^^^^^^^^
[INFO] [stdout] 
[INFO] [stdout] 
[INFO] [stdout] warning: function `mock_get_batch_success` is never used
[INFO] [stdout]    --> tests/common/mod.rs:223:8
[INFO] [stdout]     |
[INFO] [stdout] 223 | pub fn mock_get_batch_success() -> Mock {
[INFO] [stdout]     |        ^^^^^^^^^^^^^^^^^^^^^^
[INFO] [stdout] 
[INFO] [stdout] 
[INFO] [stdout] warning: function `mock_list_batches_success` is never used
[INFO] [stdout]    --> tests/common/mod.rs:261:8
[INFO] [stdout]     |
[INFO] [stdout] 261 | pub fn mock_list_batches_success() -> Mock {
[INFO] [stdout]     |        ^^^^^^^^^^^^^^^^^^^^^^^^^
[INFO] [stdout] 
[INFO] [stdout] 
[INFO] [stdout] warning: struct `NonObjectJsonBody` is never constructed
[INFO] [stdout]    --> tests/common/mod.rs:285:12
[INFO] [stdout]     |
[INFO] [stdout] 285 | pub struct NonObjectJsonBody;
[INFO] [stdout]     |            ^^^^^^^^^^^^^^^^^
[INFO] [stdout] 
[INFO] [stdout] 
[INFO] [stdout] warning: function `mock_strict_json_parser` is never used
[INFO] [stdout]    --> tests/common/mod.rs:296:8
[INFO] [stdout]     |
[INFO] [stdout] 296 | pub fn mock_strict_json_parser() -> Mock {
[INFO] [stdout]     |        ^^^^^^^^^^^^^^^^^^^^^^^
[INFO] [stdout] 
[INFO] [stdout] 
[INFO] [stderr] error: could not compile `sendly` (test "idempotency_tests"); 12 warnings emitted
[INFO] [stderr] 
[INFO] [stderr] Caused by:
[INFO] [stderr]   process didn't exit successfully: `/opt/rustwide/rustup-home/toolchains/1.99.0-beta.8-x86_64-unknown-linux-gnu/bin/rustc --crate-name idempotency_tests --edition=2021 tests/idempotency_tests.rs --error-format=json --json=diagnostic-rendered-ansi,artifacts,future-incompat --emit=dep-info,link -C embed-bitcode=no -C debuginfo=2 --test --cfg 'feature="default"' --check-cfg 'cfg(docsrs,test)' --check-cfg 'cfg(feature, values("blocking", "default"))' -C metadata=6e46525c16a06ded -C extra-filename=-ff2466451517ecc3 --out-dir /opt/rustwide/target/debug/deps -L dependency=/opt/rustwide/target/debug/deps --extern async_stream=/opt/rustwide/target/debug/deps/libasync_stream-b0bd1653685f16a4.rlib --extern async_trait=/opt/rustwide/target/debug/deps/libasync_trait-50ba87871cfc8a53.so --extern futures=/opt/rustwide/target/debug/deps/libfutures-530abbeb9397bea5.rlib --extern hex=/opt/rustwide/target/debug/deps/libhex-13e08b3b00984ab7.rlib --extern hmac=/opt/rustwide/target/debug/deps/libhmac-7ccda8cdd6fa6142.rlib --extern regex=/opt/rustwide/target/debug/deps/libregex-237bd915ad8bb59d.rlib --extern reqwest=/opt/rustwide/target/debug/deps/libreqwest-8032ef68df588101.rlib --extern sendly=/opt/rustwide/target/debug/deps/libsendly-8cd1809388922c2c.rlib --extern serde=/opt/rustwide/target/debug/deps/libserde-dd00f2a446fc1379.rlib --extern serde_json=/opt/rustwide/target/debug/deps/libserde_json-7a51d6f1ff28ecb0.rlib --extern sha2=/opt/rustwide/target/debug/deps/libsha2-43a7db12029a3996.rlib --extern thiserror=/opt/rustwide/target/debug/deps/libthiserror-8308bf4e1f0c3bda.rlib --extern tokio=/opt/rustwide/target/debug/deps/libtokio-9b92861de22d335b.rlib --extern urlencoding=/opt/rustwide/target/debug/deps/liburlencoding-061758bc6028ea3e.rlib --extern uuid=/opt/rustwide/target/debug/deps/libuuid-31732bad87354790.rlib --extern wiremock=/opt/rustwide/target/debug/deps/libwiremock-97307d4d80afd6f0.rlib --cap-lints=warn` (signal: 9, SIGKILL: kill)
[INFO] [stderr] warning: build failed, waiting for other jobs to finish...
[INFO] [stderr] error: could not compile `sendly` (lib test); 22 warnings emitted
[INFO] [stderr] 
[INFO] [stderr] Caused by:
[INFO] [stderr]   process didn't exit successfully: `/opt/rustwide/rustup-home/toolchains/1.99.0-beta.8-x86_64-unknown-linux-gnu/bin/rustc --crate-name sendly --edition=2021 src/lib.rs --error-format=json --json=diagnostic-rendered-ansi,artifacts,future-incompat --emit=dep-info,link -C embed-bitcode=no -C debuginfo=2 --test --cfg 'feature="default"' --check-cfg 'cfg(docsrs,test)' --check-cfg 'cfg(feature, values("blocking", "default"))' -C metadata=faef5953deac1006 -C extra-filename=-f063e82d57df98ee --out-dir /opt/rustwide/target/debug/deps -L dependency=/opt/rustwide/target/debug/deps --extern async_stream=/opt/rustwide/target/debug/deps/libasync_stream-b0bd1653685f16a4.rlib --extern async_trait=/opt/rustwide/target/debug/deps/libasync_trait-50ba87871cfc8a53.so --extern futures=/opt/rustwide/target/debug/deps/libfutures-530abbeb9397bea5.rlib --extern hex=/opt/rustwide/target/debug/deps/libhex-13e08b3b00984ab7.rlib --extern hmac=/opt/rustwide/target/debug/deps/libhmac-7ccda8cdd6fa6142.rlib --extern regex=/opt/rustwide/target/debug/deps/libregex-237bd915ad8bb59d.rlib --extern reqwest=/opt/rustwide/target/debug/deps/libreqwest-8032ef68df588101.rlib --extern serde=/opt/rustwide/target/debug/deps/libserde-dd00f2a446fc1379.rlib --extern serde_json=/opt/rustwide/target/debug/deps/libserde_json-7a51d6f1ff28ecb0.rlib --extern sha2=/opt/rustwide/target/debug/deps/libsha2-43a7db12029a3996.rlib --extern thiserror=/opt/rustwide/target/debug/deps/libthiserror-8308bf4e1f0c3bda.rlib --extern tokio=/opt/rustwide/target/debug/deps/libtokio-9b92861de22d335b.rlib --extern urlencoding=/opt/rustwide/target/debug/deps/liburlencoding-061758bc6028ea3e.rlib --extern uuid=/opt/rustwide/target/debug/deps/libuuid-31732bad87354790.rlib --extern wiremock=/opt/rustwide/target/debug/deps/libwiremock-97307d4d80afd6f0.rlib --cap-lints=warn` (signal: 9, SIGKILL: kill)
[INFO] [stderr] error: could not compile `sendly` (test "calls_tests"); 17 warnings emitted
[INFO] [stderr] 
[INFO] [stderr] Caused by:
[INFO] [stderr]   process didn't exit successfully: `/opt/rustwide/rustup-home/toolchains/1.99.0-beta.8-x86_64-unknown-linux-gnu/bin/rustc --crate-name calls_tests --edition=2021 tests/calls_tests.rs --error-format=json --json=diagnostic-rendered-ansi,artifacts,future-incompat --emit=dep-info,link -C embed-bitcode=no -C debuginfo=2 --test --cfg 'feature="default"' --check-cfg 'cfg(docsrs,test)' --check-cfg 'cfg(feature, values("blocking", "default"))' -C metadata=808f872a9fb3d0a3 -C extra-filename=-bce01f8433751220 --out-dir /opt/rustwide/target/debug/deps -L dependency=/opt/rustwide/target/debug/deps --extern async_stream=/opt/rustwide/target/debug/deps/libasync_stream-b0bd1653685f16a4.rlib --extern async_trait=/opt/rustwide/target/debug/deps/libasync_trait-50ba87871cfc8a53.so --extern futures=/opt/rustwide/target/debug/deps/libfutures-530abbeb9397bea5.rlib --extern hex=/opt/rustwide/target/debug/deps/libhex-13e08b3b00984ab7.rlib --extern hmac=/opt/rustwide/target/debug/deps/libhmac-7ccda8cdd6fa6142.rlib --extern regex=/opt/rustwide/target/debug/deps/libregex-237bd915ad8bb59d.rlib --extern reqwest=/opt/rustwide/target/debug/deps/libreqwest-8032ef68df588101.rlib --extern sendly=/opt/rustwide/target/debug/deps/libsendly-8cd1809388922c2c.rlib --extern serde=/opt/rustwide/target/debug/deps/libserde-dd00f2a446fc1379.rlib --extern serde_json=/opt/rustwide/target/debug/deps/libserde_json-7a51d6f1ff28ecb0.rlib --extern sha2=/opt/rustwide/target/debug/deps/libsha2-43a7db12029a3996.rlib --extern thiserror=/opt/rustwide/target/debug/deps/libthiserror-8308bf4e1f0c3bda.rlib --extern tokio=/opt/rustwide/target/debug/deps/libtokio-9b92861de22d335b.rlib --extern urlencoding=/opt/rustwide/target/debug/deps/liburlencoding-061758bc6028ea3e.rlib --extern uuid=/opt/rustwide/target/debug/deps/libuuid-31732bad87354790.rlib --extern wiremock=/opt/rustwide/target/debug/deps/libwiremock-97307d4d80afd6f0.rlib --cap-lints=warn` (signal: 9, SIGKILL: kill)
[INFO] [stderr] error: could not compile `sendly` (test "messages_tests"); 9 warnings emitted
[INFO] [stderr] 
[INFO] [stderr] Caused by:
[INFO] [stderr]   process didn't exit successfully: `/opt/rustwide/rustup-home/toolchains/1.99.0-beta.8-x86_64-unknown-linux-gnu/bin/rustc --crate-name messages_tests --edition=2021 tests/messages_tests.rs --error-format=json --json=diagnostic-rendered-ansi,artifacts,future-incompat --emit=dep-info,link -C embed-bitcode=no -C debuginfo=2 --test --cfg 'feature="default"' --check-cfg 'cfg(docsrs,test)' --check-cfg 'cfg(feature, values("blocking", "default"))' -C metadata=aefdca95fdfda169 -C extra-filename=-52bc8062a872e352 --out-dir /opt/rustwide/target/debug/deps -L dependency=/opt/rustwide/target/debug/deps --extern async_stream=/opt/rustwide/target/debug/deps/libasync_stream-b0bd1653685f16a4.rlib --extern async_trait=/opt/rustwide/target/debug/deps/libasync_trait-50ba87871cfc8a53.so --extern futures=/opt/rustwide/target/debug/deps/libfutures-530abbeb9397bea5.rlib --extern hex=/opt/rustwide/target/debug/deps/libhex-13e08b3b00984ab7.rlib --extern hmac=/opt/rustwide/target/debug/deps/libhmac-7ccda8cdd6fa6142.rlib --extern regex=/opt/rustwide/target/debug/deps/libregex-237bd915ad8bb59d.rlib --extern reqwest=/opt/rustwide/target/debug/deps/libreqwest-8032ef68df588101.rlib --extern sendly=/opt/rustwide/target/debug/deps/libsendly-8cd1809388922c2c.rlib --extern serde=/opt/rustwide/target/debug/deps/libserde-dd00f2a446fc1379.rlib --extern serde_json=/opt/rustwide/target/debug/deps/libserde_json-7a51d6f1ff28ecb0.rlib --extern sha2=/opt/rustwide/target/debug/deps/libsha2-43a7db12029a3996.rlib --extern thiserror=/opt/rustwide/target/debug/deps/libthiserror-8308bf4e1f0c3bda.rlib --extern tokio=/opt/rustwide/target/debug/deps/libtokio-9b92861de22d335b.rlib --extern urlencoding=/opt/rustwide/target/debug/deps/liburlencoding-061758bc6028ea3e.rlib --extern uuid=/opt/rustwide/target/debug/deps/libuuid-31732bad87354790.rlib --extern wiremock=/opt/rustwide/target/debug/deps/libwiremock-97307d4d80afd6f0.rlib --cap-lints=warn` (signal: 9, SIGKILL: kill)
[INFO] [stderr] error: could not compile `sendly` (test "unit_body_tests"); 15 warnings emitted
[INFO] [stderr] 
[INFO] [stderr] Caused by:
[INFO] [stderr]   process didn't exit successfully: `/opt/rustwide/rustup-home/toolchains/1.99.0-beta.8-x86_64-unknown-linux-gnu/bin/rustc --crate-name unit_body_tests --edition=2021 tests/unit_body_tests.rs --error-format=json --json=diagnostic-rendered-ansi,artifacts,future-incompat --emit=dep-info,link -C embed-bitcode=no -C debuginfo=2 --test --cfg 'feature="default"' --check-cfg 'cfg(docsrs,test)' --check-cfg 'cfg(feature, values("blocking", "default"))' -C metadata=8b27a307bc6c3c37 -C extra-filename=-d2a2ca41cdb625ef --out-dir /opt/rustwide/target/debug/deps -L dependency=/opt/rustwide/target/debug/deps --extern async_stream=/opt/rustwide/target/debug/deps/libasync_stream-b0bd1653685f16a4.rlib --extern async_trait=/opt/rustwide/target/debug/deps/libasync_trait-50ba87871cfc8a53.so --extern futures=/opt/rustwide/target/debug/deps/libfutures-530abbeb9397bea5.rlib --extern hex=/opt/rustwide/target/debug/deps/libhex-13e08b3b00984ab7.rlib --extern hmac=/opt/rustwide/target/debug/deps/libhmac-7ccda8cdd6fa6142.rlib --extern regex=/opt/rustwide/target/debug/deps/libregex-237bd915ad8bb59d.rlib --extern reqwest=/opt/rustwide/target/debug/deps/libreqwest-8032ef68df588101.rlib --extern sendly=/opt/rustwide/target/debug/deps/libsendly-8cd1809388922c2c.rlib --extern serde=/opt/rustwide/target/debug/deps/libserde-dd00f2a446fc1379.rlib --extern serde_json=/opt/rustwide/target/debug/deps/libserde_json-7a51d6f1ff28ecb0.rlib --extern sha2=/opt/rustwide/target/debug/deps/libsha2-43a7db12029a3996.rlib --extern thiserror=/opt/rustwide/target/debug/deps/libthiserror-8308bf4e1f0c3bda.rlib --extern tokio=/opt/rustwide/target/debug/deps/libtokio-9b92861de22d335b.rlib --extern urlencoding=/opt/rustwide/target/debug/deps/liburlencoding-061758bc6028ea3e.rlib --extern uuid=/opt/rustwide/target/debug/deps/libuuid-31732bad87354790.rlib --extern wiremock=/opt/rustwide/target/debug/deps/libwiremock-97307d4d80afd6f0.rlib --cap-lints=warn` (signal: 9, SIGKILL: kill)
[INFO] [stderr] error: could not compile `sendly` (test "account_tests"); 17 warnings emitted
[INFO] [stderr] 
[INFO] [stderr] Caused by:
[INFO] [stderr]   process didn't exit successfully: `/opt/rustwide/rustup-home/toolchains/1.99.0-beta.8-x86_64-unknown-linux-gnu/bin/rustc --crate-name account_tests --edition=2021 tests/account_tests.rs --error-format=json --json=diagnostic-rendered-ansi,artifacts,future-incompat --emit=dep-info,link -C embed-bitcode=no -C debuginfo=2 --test --cfg 'feature="default"' --check-cfg 'cfg(docsrs,test)' --check-cfg 'cfg(feature, values("blocking", "default"))' -C metadata=1270bac0875ef376 -C extra-filename=-cffaf239bf037567 --out-dir /opt/rustwide/target/debug/deps -L dependency=/opt/rustwide/target/debug/deps --extern async_stream=/opt/rustwide/target/debug/deps/libasync_stream-b0bd1653685f16a4.rlib --extern async_trait=/opt/rustwide/target/debug/deps/libasync_trait-50ba87871cfc8a53.so --extern futures=/opt/rustwide/target/debug/deps/libfutures-530abbeb9397bea5.rlib --extern hex=/opt/rustwide/target/debug/deps/libhex-13e08b3b00984ab7.rlib --extern hmac=/opt/rustwide/target/debug/deps/libhmac-7ccda8cdd6fa6142.rlib --extern regex=/opt/rustwide/target/debug/deps/libregex-237bd915ad8bb59d.rlib --extern reqwest=/opt/rustwide/target/debug/deps/libreqwest-8032ef68df588101.rlib --extern sendly=/opt/rustwide/target/debug/deps/libsendly-8cd1809388922c2c.rlib --extern serde=/opt/rustwide/target/debug/deps/libserde-dd00f2a446fc1379.rlib --extern serde_json=/opt/rustwide/target/debug/deps/libserde_json-7a51d6f1ff28ecb0.rlib --extern sha2=/opt/rustwide/target/debug/deps/libsha2-43a7db12029a3996.rlib --extern thiserror=/opt/rustwide/target/debug/deps/libthiserror-8308bf4e1f0c3bda.rlib --extern tokio=/opt/rustwide/target/debug/deps/libtokio-9b92861de22d335b.rlib --extern urlencoding=/opt/rustwide/target/debug/deps/liburlencoding-061758bc6028ea3e.rlib --extern uuid=/opt/rustwide/target/debug/deps/libuuid-31732bad87354790.rlib --extern wiremock=/opt/rustwide/target/debug/deps/libwiremock-97307d4d80afd6f0.rlib --cap-lints=warn` (signal: 9, SIGKILL: kill)
[INFO] [stdout] error: linking with `cc` failed: exit status: 1
[INFO] [stdout]   |
[INFO] [stdout]   = note:  "cc" "-m64" "/opt/rustwide/target/debug/deps/rustc71Oovh/symbols.o" "<10 object files omitted>" "-Wl,--as-needed" "-Wl,-Bstatic" "<sysroot>/lib/rustlib/x86_64-unknown-linux-gnu/lib/{libtest-*,libgetopts-*,librustc_std_workspace_std-*}.rlib" "/opt/rustwide/target/debug/deps/{libsendly-8cd1809388922c2c,libhex-13e08b3b00984ab7,libuuid-31732bad87354790,libgetrandom-a613c9f3568b65d3,liburlencoding-061758bc6028ea3e,libasync_stream-b0bd1653685f16a4,libsha2-43a7db12029a3996,libcpufeatures-e04321643d03190d,libhmac-7ccda8cdd6fa6142,libdigest-f23ab88b81a178a7,libsubtle-2ae6a7038b9a0630,libblock_buffer-43b51fc1d06b3057,libcrypto_common-43b177a3b314e9dd,libgeneric_array-745cace30f1ed372,libtypenum-ed2b1c93b2a4333a,libreqwest-8032ef68df588101,librustls_pemfile-30aaf682314043cb,libhyper_tls-823c290544a9858c,libipnet-9dfae905f44e7daa,libtokio_native_tls-565cf85bffec59ac,libencoding_rs-f91b166176b843f5,libsimdutf8-8229586393ebc95e,libcore_detect-c9fbe0541ea45249,libmime_guess-96fc0112437da5c5,libunicase-14ef8cc0d70eefb8,libmime-0188e0814ca7ddbf,libnative_tls-178745bfa70ab3f4,libopenssl_probe-6b1b371432012237,libopenssl-6bdcaf68b37abd97,libbitflags-f1dadb638be7cd27,libforeign_types-4fe1886d5d9265b9,libforeign_types_shared-47b443a4583fd949,libopenssl_sys-c5b18de418ac7fe1,libsync_wrapper-b5d3a794a1e9deea,libwiremock-97307d4d80afd6f0,libfutures-530abbeb9397bea5,libfutures_executor-6a9c8e19174101b9,libfutures_timer-ad42fa842b203f01,libdeadpool-8ffe6aa9aa31529b,libnum_cpus-4f04293a826bf90a,libretain_mut-ce7177b237dafe2d,libdeadpool_runtime-6f57829d3c306cb7,libhyper-25e67f5e25eda5af,libwant-7a6260b9c50f1479,libtry_lock-8fa2f6971035be84,libsocket2-e1543db9b3009e21,libhttparse-8c9b827b8f345444,libh2-9350860b97c71b32,libindexmap-f8362b905c005e10,libequivalent-6a754676e6af62ae,libhashbrown-d7214d631586fd51,libtokio_util-3bd7a446e96d338a,libtower_service-3fb88d28c2218805,libtracing-8891879938231fdd,libtracing_core-89b602bc4a7d7f8a,libonce_cell-b5bdc597ed9676b3,libhttp_body-3acf28ab7be8183b,libfutures_util-27d9eca47029d666,libslab-0582d648e59ab406,libfutures_channel-e55265846f1ca713,libfutures_sink-690a515e9c61c93a,libfutures_task-06c0578367ad4cff,libhttpdate-331798cefc82cc7e,libtokio-9b92861de22d335b,libsignal_hook_registry-f069228503febc45,liberrno-8e3700cb740322be,libsocket2-380ed4e5002278b4,libmio-f3f5c0f25170586f,libparking_lot-1fff89a08a9d2eef,libparking_lot_core-9c3dc6828aa72b86,liblock_api-16d46fed645f7bff,libscopeguard-7ec2214574194454,libregex-237bd915ad8bb59d,libregex_automata-694fce47bc798ac9,libaho_corasick-d1ae79b76a6f7869,libregex_syntax-801391c65a42f645,liblog-22b5be7f6ba2d64a,libbase64-13144a1f1e192158,libassert_json_diff-0a415a08c81a13b9,libhttp_types-8055a5c7ccd5a6a1,libhttp-3d0185516e63a661,libbytes-5f66263ae3d5daa8,libfnv-79e2cbfbe03dcd16,libserde_qs-c3434725a5353c59,libthiserror-8308bf4e1f0c3bda,libanyhow-eeb2152985963809,libserde_urlencoded-07aa529decb8c8b9,libryu-1f4f40e4352371e5,libasync_channel-3bfb911f9dbdd744,libevent_listener-0282a877755a83ef,libconcurrent_queue-cb598e227e5e113b,libcrossbeam_utils-99dea3fd668e5000,libbase64-42295ac2e0e134a3,libfutures_lite-093fa427648c3f9d,libfastrand-273731efb4a6b13e,libfutures_io-b3563908762f27f5,libfutures_core-97d9bb84a61d4536,libwaker_fn-9e7b89ace1562e3c,libparking-a9ae72c6c16ee980,libpin_project_lite-0a15d51c77964692,librand-aa4ca0efeaef59e4,librand_chacha-a02217185a320fc5,libppv_lite86-f66e9e171f6f7489,libzerocopy-a9cdbd75168f44bb,librand_core-6acf05d0193c3734,libgetrandom-febb5e474d5d82d0,liblibc-32464e1b8391e223,libcfg_if-5addb699396bfe5f,libinfer-5dfce7e4c0072ccb,liburl-84459c55a76fa531,libidna-d04c79440daf069e,libidna_adapter-23f0f608cff7e2c5,libicu_properties-5c176a94ac24ba21,libicu_properties_data-3f856f5bc2063921,libicu_normalizer-a916f95cd2b4be84,libsmallvec-b8b62d41308805e6,libicu_normalizer_data-8b25f9eb7a72d68e,libicu_collections-438f51b186b949a8,libutf8_iter-51566bbad89f3a68,libpotential_utf-885aceaf39ee583f,libicu_provider-b54b6371e55b82eb,libicu_locale_core-20acd1365465ffdb,libtinystr-2ef10827d4228079,liblitemap-abaddab7afb37065,libwriteable-36514dcf36d12676,libzerovec-27a92a25b9c524c3,libzerotrie-85d8ff817df4fb0d,libyoke-7005b9abfd1543dc,libstable_deref_trait-63cbf3f3d3f94e56,libzerofrom-9a7a1c35a45876b9,libform_urlencoded-58b0f0edb59b40d2,libpercent_encoding-fa055ecaa1e57cfa,libserde-dd00f2a446fc1379,libserde_json-7a51d6f1ff28ecb0,libmemchr-a932478bde794617,libitoa-5de11b3b23bfe572,libzmij-2ca2f302097868c6,libserde_core-ff96c4ffe6afdb18}.rlib" "<sysroot>/lib/rustlib/x86_64-unknown-linux-gnu/lib/{libstd-*,libpanic_unwind-*,libobject-*,libmemchr-*,libaddr2line-*,libgimli-*,libcfg_if-*,librustc_demangle-*,libstd_detect-*,libhashbrown-*,librustc_std_workspace_alloc-*,libminiz_oxide-*,libadler2-*,libunwind-*,liblibc-*,librustc_std_workspace_core-*,liballoc-*,libcore-*,libcompiler_builtins-*}.rlib" "-Wl,-Bdynamic" "-lssl" "-lcrypto" "-lgcc_s" "-lutil" "-lrt" "-lpthread" "-lm" "-ldl" "-lc" "-L" "/opt/rustwide/target/debug/deps/rustc71Oovh/raw-dylibs" "-B<sysroot>/lib/rustlib/x86_64-unknown-linux-gnu/bin/gcc-ld" "-fuse-ld=lld" "-Wl,--eh-frame-hdr" "-Wl,-z,noexecstack" "-L" "<sysroot>/lib/rustlib/x86_64-unknown-linux-gnu/lib" "-o" "/opt/rustwide/target/debug/deps/client_tests-97b87dba6893c801" "-Wl,--gc-sections" "-pie" "-Wl,-z,relro,-z,now" "-nodefaultlibs"
[INFO] [stdout]   = note: some arguments are omitted. use `--verbose` to show all linker arguments
[INFO] [stdout]   = note: collect2: fatal error: ld terminated with signal 9 [Killed]
[INFO] [stdout]           compilation terminated.
[INFO] [stdout]           
[INFO] [stdout] 
[INFO] [stdout] 
[INFO] [stderr] error: could not compile `sendly` (test "client_tests") due to 1 previous error; 17 warnings emitted
[INFO] [stderr] error: could not compile `sendly` (test "messages_batch_tests"); 14 warnings emitted
[INFO] [stderr] 
[INFO] [stderr] Caused by:
[INFO] [stderr]   process didn't exit successfully: `/opt/rustwide/rustup-home/toolchains/1.99.0-beta.8-x86_64-unknown-linux-gnu/bin/rustc --crate-name messages_batch_tests --edition=2021 tests/messages_batch_tests.rs --error-format=json --json=diagnostic-rendered-ansi,artifacts,future-incompat --emit=dep-info,link -C embed-bitcode=no -C debuginfo=2 --test --cfg 'feature="default"' --check-cfg 'cfg(docsrs,test)' --check-cfg 'cfg(feature, values("blocking", "default"))' -C metadata=7f586a56449c8556 -C extra-filename=-55811c8462852546 --out-dir /opt/rustwide/target/debug/deps -L dependency=/opt/rustwide/target/debug/deps --extern async_stream=/opt/rustwide/target/debug/deps/libasync_stream-b0bd1653685f16a4.rlib --extern async_trait=/opt/rustwide/target/debug/deps/libasync_trait-50ba87871cfc8a53.so --extern futures=/opt/rustwide/target/debug/deps/libfutures-530abbeb9397bea5.rlib --extern hex=/opt/rustwide/target/debug/deps/libhex-13e08b3b00984ab7.rlib --extern hmac=/opt/rustwide/target/debug/deps/libhmac-7ccda8cdd6fa6142.rlib --extern regex=/opt/rustwide/target/debug/deps/libregex-237bd915ad8bb59d.rlib --extern reqwest=/opt/rustwide/target/debug/deps/libreqwest-8032ef68df588101.rlib --extern sendly=/opt/rustwide/target/debug/deps/libsendly-8cd1809388922c2c.rlib --extern serde=/opt/rustwide/target/debug/deps/libserde-dd00f2a446fc1379.rlib --extern serde_json=/opt/rustwide/target/debug/deps/libserde_json-7a51d6f1ff28ecb0.rlib --extern sha2=/opt/rustwide/target/debug/deps/libsha2-43a7db12029a3996.rlib --extern thiserror=/opt/rustwide/target/debug/deps/libthiserror-8308bf4e1f0c3bda.rlib --extern tokio=/opt/rustwide/target/debug/deps/libtokio-9b92861de22d335b.rlib --extern urlencoding=/opt/rustwide/target/debug/deps/liburlencoding-061758bc6028ea3e.rlib --extern uuid=/opt/rustwide/target/debug/deps/libuuid-31732bad87354790.rlib --extern wiremock=/opt/rustwide/target/debug/deps/libwiremock-97307d4d80afd6f0.rlib --cap-lints=warn` (signal: 9, SIGKILL: kill)
[INFO] [stdout] error: linking with `cc` failed: exit status: 1
[INFO] [stdout]   |
[INFO] [stdout]   = note:  "cc" "-m64" "/opt/rustwide/target/debug/deps/rustcBXatZf/symbols.o" "<10 object files omitted>" "-Wl,--as-needed" "-Wl,-Bstatic" "<sysroot>/lib/rustlib/x86_64-unknown-linux-gnu/lib/{libtest-*,libgetopts-*,librustc_std_workspace_std-*}.rlib" "/opt/rustwide/target/debug/deps/{libsendly-8cd1809388922c2c,libhex-13e08b3b00984ab7,libuuid-31732bad87354790,libgetrandom-a613c9f3568b65d3,liburlencoding-061758bc6028ea3e,libasync_stream-b0bd1653685f16a4,libsha2-43a7db12029a3996,libcpufeatures-e04321643d03190d,libhmac-7ccda8cdd6fa6142,libdigest-f23ab88b81a178a7,libsubtle-2ae6a7038b9a0630,libblock_buffer-43b51fc1d06b3057,libcrypto_common-43b177a3b314e9dd,libgeneric_array-745cace30f1ed372,libtypenum-ed2b1c93b2a4333a,libreqwest-8032ef68df588101,librustls_pemfile-30aaf682314043cb,libhyper_tls-823c290544a9858c,libipnet-9dfae905f44e7daa,libtokio_native_tls-565cf85bffec59ac,libencoding_rs-f91b166176b843f5,libsimdutf8-8229586393ebc95e,libcore_detect-c9fbe0541ea45249,libmime_guess-96fc0112437da5c5,libunicase-14ef8cc0d70eefb8,libmime-0188e0814ca7ddbf,libnative_tls-178745bfa70ab3f4,libopenssl_probe-6b1b371432012237,libopenssl-6bdcaf68b37abd97,libbitflags-f1dadb638be7cd27,libforeign_types-4fe1886d5d9265b9,libforeign_types_shared-47b443a4583fd949,libopenssl_sys-c5b18de418ac7fe1,libsync_wrapper-b5d3a794a1e9deea,libwiremock-97307d4d80afd6f0,libfutures-530abbeb9397bea5,libfutures_executor-6a9c8e19174101b9,libfutures_timer-ad42fa842b203f01,libdeadpool-8ffe6aa9aa31529b,libnum_cpus-4f04293a826bf90a,libretain_mut-ce7177b237dafe2d,libdeadpool_runtime-6f57829d3c306cb7,libhyper-25e67f5e25eda5af,libwant-7a6260b9c50f1479,libtry_lock-8fa2f6971035be84,libsocket2-e1543db9b3009e21,libhttparse-8c9b827b8f345444,libh2-9350860b97c71b32,libindexmap-f8362b905c005e10,libequivalent-6a754676e6af62ae,libhashbrown-d7214d631586fd51,libtokio_util-3bd7a446e96d338a,libtower_service-3fb88d28c2218805,libtracing-8891879938231fdd,libtracing_core-89b602bc4a7d7f8a,libonce_cell-b5bdc597ed9676b3,libhttp_body-3acf28ab7be8183b,libfutures_util-27d9eca47029d666,libslab-0582d648e59ab406,libfutures_channel-e55265846f1ca713,libfutures_sink-690a515e9c61c93a,libfutures_task-06c0578367ad4cff,libhttpdate-331798cefc82cc7e,libtokio-9b92861de22d335b,libsignal_hook_registry-f069228503febc45,liberrno-8e3700cb740322be,libsocket2-380ed4e5002278b4,libmio-f3f5c0f25170586f,libparking_lot-1fff89a08a9d2eef,libparking_lot_core-9c3dc6828aa72b86,liblock_api-16d46fed645f7bff,libscopeguard-7ec2214574194454,libregex-237bd915ad8bb59d,libregex_automata-694fce47bc798ac9,libaho_corasick-d1ae79b76a6f7869,libregex_syntax-801391c65a42f645,liblog-22b5be7f6ba2d64a,libbase64-13144a1f1e192158,libassert_json_diff-0a415a08c81a13b9,libhttp_types-8055a5c7ccd5a6a1,libhttp-3d0185516e63a661,libbytes-5f66263ae3d5daa8,libfnv-79e2cbfbe03dcd16,libserde_qs-c3434725a5353c59,libthiserror-8308bf4e1f0c3bda,libanyhow-eeb2152985963809,libserde_urlencoded-07aa529decb8c8b9,libryu-1f4f40e4352371e5,libasync_channel-3bfb911f9dbdd744,libevent_listener-0282a877755a83ef,libconcurrent_queue-cb598e227e5e113b,libcrossbeam_utils-99dea3fd668e5000,libbase64-42295ac2e0e134a3,libfutures_lite-093fa427648c3f9d,libfastrand-273731efb4a6b13e,libfutures_io-b3563908762f27f5,libfutures_core-97d9bb84a61d4536,libwaker_fn-9e7b89ace1562e3c,libparking-a9ae72c6c16ee980,libpin_project_lite-0a15d51c77964692,librand-aa4ca0efeaef59e4,librand_chacha-a02217185a320fc5,libppv_lite86-f66e9e171f6f7489,libzerocopy-a9cdbd75168f44bb,librand_core-6acf05d0193c3734,libgetrandom-febb5e474d5d82d0,liblibc-32464e1b8391e223,libcfg_if-5addb699396bfe5f,libinfer-5dfce7e4c0072ccb,liburl-84459c55a76fa531,libidna-d04c79440daf069e,libidna_adapter-23f0f608cff7e2c5,libicu_properties-5c176a94ac24ba21,libicu_properties_data-3f856f5bc2063921,libicu_normalizer-a916f95cd2b4be84,libsmallvec-b8b62d41308805e6,libicu_normalizer_data-8b25f9eb7a72d68e,libicu_collections-438f51b186b949a8,libutf8_iter-51566bbad89f3a68,libpotential_utf-885aceaf39ee583f,libicu_provider-b54b6371e55b82eb,libicu_locale_core-20acd1365465ffdb,libtinystr-2ef10827d4228079,liblitemap-abaddab7afb37065,libwriteable-36514dcf36d12676,libzerovec-27a92a25b9c524c3,libzerotrie-85d8ff817df4fb0d,libyoke-7005b9abfd1543dc,libstable_deref_trait-63cbf3f3d3f94e56,libzerofrom-9a7a1c35a45876b9,libform_urlencoded-58b0f0edb59b40d2,libpercent_encoding-fa055ecaa1e57cfa,libserde-dd00f2a446fc1379,libserde_json-7a51d6f1ff28ecb0,libmemchr-a932478bde794617,libitoa-5de11b3b23bfe572,libzmij-2ca2f302097868c6,libserde_core-ff96c4ffe6afdb18}.rlib" "<sysroot>/lib/rustlib/x86_64-unknown-linux-gnu/lib/{libstd-*,libpanic_unwind-*,libobject-*,libmemchr-*,libaddr2line-*,libgimli-*,libcfg_if-*,librustc_demangle-*,libstd_detect-*,libhashbrown-*,librustc_std_workspace_alloc-*,libminiz_oxide-*,libadler2-*,libunwind-*,liblibc-*,librustc_std_workspace_core-*,liballoc-*,libcore-*,libcompiler_builtins-*}.rlib" "-Wl,-Bdynamic" "-lssl" "-lcrypto" "-lgcc_s" "-lutil" "-lrt" "-lpthread" "-lm" "-ldl" "-lc" "-L" "/opt/rustwide/target/debug/deps/rustcBXatZf/raw-dylibs" "-B<sysroot>/lib/rustlib/x86_64-unknown-linux-gnu/bin/gcc-ld" "-fuse-ld=lld" "-Wl,--eh-frame-hdr" "-Wl,-z,noexecstack" "-L" "<sysroot>/lib/rustlib/x86_64-unknown-linux-gnu/lib" "-o" "/opt/rustwide/target/debug/deps/templates_legacy_compat_tests-a8eac8bf96c1a119" "-Wl,--gc-sections" "-pie" "-Wl,-z,relro,-z,now" "-nodefaultlibs"
[INFO] [stdout]   = note: some arguments are omitted. use `--verbose` to show all linker arguments
[INFO] [stdout]   = note: collect2: fatal error: ld terminated with signal 9 [Killed]
[INFO] [stdout]           compilation terminated.
[INFO] [stdout]           
[INFO] [stdout] 
[INFO] [stdout] 
[INFO] [stderr] error: could not compile `sendly` (test "templates_legacy_compat_tests") due to 1 previous error; 17 warnings emitted
[INFO] [stdout] error: linking with `cc` failed: exit status: 1
[INFO] [stdout]   |
[INFO] [stdout]   = note:  "cc" "-m64" "/opt/rustwide/target/debug/deps/rustcKeUIdW/symbols.o" "<11 object files omitted>" "-Wl,--as-needed" "-Wl,-Bstatic" "<sysroot>/lib/rustlib/x86_64-unknown-linux-gnu/lib/{libtest-*,libgetopts-*,librustc_std_workspace_std-*}.rlib" "/opt/rustwide/target/debug/deps/{libsendly-8cd1809388922c2c,libhex-13e08b3b00984ab7,libuuid-31732bad87354790,libgetrandom-a613c9f3568b65d3,liburlencoding-061758bc6028ea3e,libasync_stream-b0bd1653685f16a4,libsha2-43a7db12029a3996,libcpufeatures-e04321643d03190d,libhmac-7ccda8cdd6fa6142,libdigest-f23ab88b81a178a7,libsubtle-2ae6a7038b9a0630,libblock_buffer-43b51fc1d06b3057,libcrypto_common-43b177a3b314e9dd,libgeneric_array-745cace30f1ed372,libtypenum-ed2b1c93b2a4333a,libreqwest-8032ef68df588101,librustls_pemfile-30aaf682314043cb,libhyper_tls-823c290544a9858c,libipnet-9dfae905f44e7daa,libtokio_native_tls-565cf85bffec59ac,libencoding_rs-f91b166176b843f5,libsimdutf8-8229586393ebc95e,libcore_detect-c9fbe0541ea45249,libmime_guess-96fc0112437da5c5,libunicase-14ef8cc0d70eefb8,libmime-0188e0814ca7ddbf,libnative_tls-178745bfa70ab3f4,libopenssl_probe-6b1b371432012237,libopenssl-6bdcaf68b37abd97,libbitflags-f1dadb638be7cd27,libforeign_types-4fe1886d5d9265b9,libforeign_types_shared-47b443a4583fd949,libopenssl_sys-c5b18de418ac7fe1,libsync_wrapper-b5d3a794a1e9deea,libwiremock-97307d4d80afd6f0,libfutures-530abbeb9397bea5,libfutures_executor-6a9c8e19174101b9,libfutures_timer-ad42fa842b203f01,libdeadpool-8ffe6aa9aa31529b,libnum_cpus-4f04293a826bf90a,libretain_mut-ce7177b237dafe2d,libdeadpool_runtime-6f57829d3c306cb7,libhyper-25e67f5e25eda5af,libwant-7a6260b9c50f1479,libtry_lock-8fa2f6971035be84,libsocket2-e1543db9b3009e21,libhttparse-8c9b827b8f345444,libh2-9350860b97c71b32,libindexmap-f8362b905c005e10,libequivalent-6a754676e6af62ae,libhashbrown-d7214d631586fd51,libtokio_util-3bd7a446e96d338a,libtower_service-3fb88d28c2218805,libtracing-8891879938231fdd,libtracing_core-89b602bc4a7d7f8a,libonce_cell-b5bdc597ed9676b3,libhttp_body-3acf28ab7be8183b,libfutures_util-27d9eca47029d666,libslab-0582d648e59ab406,libfutures_channel-e55265846f1ca713,libfutures_sink-690a515e9c61c93a,libfutures_task-06c0578367ad4cff,libhttpdate-331798cefc82cc7e,libtokio-9b92861de22d335b,libsignal_hook_registry-f069228503febc45,liberrno-8e3700cb740322be,libsocket2-380ed4e5002278b4,libmio-f3f5c0f25170586f,libparking_lot-1fff89a08a9d2eef,libparking_lot_core-9c3dc6828aa72b86,liblock_api-16d46fed645f7bff,libscopeguard-7ec2214574194454,libregex-237bd915ad8bb59d,libregex_automata-694fce47bc798ac9,libaho_corasick-d1ae79b76a6f7869,libregex_syntax-801391c65a42f645,liblog-22b5be7f6ba2d64a,libbase64-13144a1f1e192158,libassert_json_diff-0a415a08c81a13b9,libhttp_types-8055a5c7ccd5a6a1,libhttp-3d0185516e63a661,libbytes-5f66263ae3d5daa8,libfnv-79e2cbfbe03dcd16,libserde_qs-c3434725a5353c59,libthiserror-8308bf4e1f0c3bda,libanyhow-eeb2152985963809,libserde_urlencoded-07aa529decb8c8b9,libryu-1f4f40e4352371e5,libasync_channel-3bfb911f9dbdd744,libevent_listener-0282a877755a83ef,libconcurrent_queue-cb598e227e5e113b,libcrossbeam_utils-99dea3fd668e5000,libbase64-42295ac2e0e134a3,libfutures_lite-093fa427648c3f9d,libfastrand-273731efb4a6b13e,libfutures_io-b3563908762f27f5,libfutures_core-97d9bb84a61d4536,libwaker_fn-9e7b89ace1562e3c,libparking-a9ae72c6c16ee980,libpin_project_lite-0a15d51c77964692,librand-aa4ca0efeaef59e4,librand_chacha-a02217185a320fc5,libppv_lite86-f66e9e171f6f7489,libzerocopy-a9cdbd75168f44bb,librand_core-6acf05d0193c3734,libgetrandom-febb5e474d5d82d0,liblibc-32464e1b8391e223,libcfg_if-5addb699396bfe5f,libinfer-5dfce7e4c0072ccb,liburl-84459c55a76fa531,libidna-d04c79440daf069e,libidna_adapter-23f0f608cff7e2c5,libicu_properties-5c176a94ac24ba21,libicu_properties_data-3f856f5bc2063921,libicu_normalizer-a916f95cd2b4be84,libsmallvec-b8b62d41308805e6,libicu_normalizer_data-8b25f9eb7a72d68e,libicu_collections-438f51b186b949a8,libutf8_iter-51566bbad89f3a68,libpotential_utf-885aceaf39ee583f,libicu_provider-b54b6371e55b82eb,libicu_locale_core-20acd1365465ffdb,libtinystr-2ef10827d4228079,liblitemap-abaddab7afb37065,libwriteable-36514dcf36d12676,libzerovec-27a92a25b9c524c3,libzerotrie-85d8ff817df4fb0d,libyoke-7005b9abfd1543dc,libstable_deref_trait-63cbf3f3d3f94e56,libzerofrom-9a7a1c35a45876b9,libform_urlencoded-58b0f0edb59b40d2,libpercent_encoding-fa055ecaa1e57cfa,libserde-dd00f2a446fc1379,libserde_json-7a51d6f1ff28ecb0,libmemchr-a932478bde794617,libitoa-5de11b3b23bfe572,libzmij-2ca2f302097868c6,libserde_core-ff96c4ffe6afdb18}.rlib" "<sysroot>/lib/rustlib/x86_64-unknown-linux-gnu/lib/{libstd-*,libpanic_unwind-*,libobject-*,libmemchr-*,libaddr2line-*,libgimli-*,libcfg_if-*,librustc_demangle-*,libstd_detect-*,libhashbrown-*,librustc_std_workspace_alloc-*,libminiz_oxide-*,libadler2-*,libunwind-*,liblibc-*,librustc_std_workspace_core-*,liballoc-*,libcore-*,libcompiler_builtins-*}.rlib" "-Wl,-Bdynamic" "-lssl" "-lcrypto" "-lgcc_s" "-lutil" "-lrt" "-lpthread" "-lm" "-ldl" "-lc" "-L" "/opt/rustwide/target/debug/deps/rustcKeUIdW/raw-dylibs" "-B<sysroot>/lib/rustlib/x86_64-unknown-linux-gnu/bin/gcc-ld" "-fuse-ld=lld" "-Wl,--eh-frame-hdr" "-Wl,-z,noexecstack" "-L" "<sysroot>/lib/rustlib/x86_64-unknown-linux-gnu/lib" "-o" "/opt/rustwide/target/debug/deps/messages_rcs_tests-660e68b9a101ddf1" "-Wl,--gc-sections" "-pie" "-Wl,-z,relro,-z,now" "-nodefaultlibs"
[INFO] [stdout]   = note: some arguments are omitted. use `--verbose` to show all linker arguments
[INFO] [stdout]   = note: collect2: fatal error: ld terminated with signal 9 [Killed]
[INFO] [stdout]           compilation terminated.
[INFO] [stdout]           
[INFO] [stdout] 
[INFO] [stdout] 
[INFO] [stderr] error: could not compile `sendly` (test "messages_rcs_tests") due to 1 previous error; 17 warnings emitted
[INFO] running `Command { std: "docker" "inspect" "e33a2f53b9c09364df15d0de5007b7fb264ddfcc8fe57ead7bd01bf05dbf3c7c", kill_on_drop: false }`
[INFO] running `Command { std: "docker" "rm" "-f" "e33a2f53b9c09364df15d0de5007b7fb264ddfcc8fe57ead7bd01bf05dbf3c7c", kill_on_drop: false }`
[INFO] [stdout] e33a2f53b9c09364df15d0de5007b7fb264ddfcc8fe57ead7bd01bf05dbf3c7c
