[INFO] fetching crate selium-remote-client 0.3.3...
[INFO] testing selium-remote-client-0.3.3 against 1.100.0-beta.1 for beta-1.100-2
[INFO] extracting crate selium-remote-client 0.3.3 into /workspace/builds/worker-3-tc2/source
[INFO] started tweaking crates.io crate selium-remote-client 0.3.3
[INFO] finished tweaking crates.io crate selium-remote-client 0.3.3
[INFO] tweaked toml for crates.io crate selium-remote-client 0.3.3 written to /workspace/builds/worker-3-tc2/source/Cargo.toml
[INFO] validating manifest of crates.io crate selium-remote-client 0.3.3 on toolchain 1.100.0-beta.1
[INFO] running `Command { std: CARGO_HOME="/workspace/cargo-home" RUSTUP_HOME="/workspace/rustup-home" "/workspace/cargo-home/bin/cargo" "+1.100.0-beta.1" "metadata" "--manifest-path" "Cargo.toml" "--no-deps", kill_on_drop: false }`
[INFO] crate crates.io crate selium-remote-client 0.3.3 already has a lockfile, it will not be regenerated
[INFO] running `Command { std: CARGO_HOME="/workspace/cargo-home" RUSTUP_HOME="/workspace/rustup-home" "/workspace/cargo-home/bin/cargo" "+1.100.0-beta.1" "fetch" "--manifest-path" "Cargo.toml", kill_on_drop: false }`
[INFO] running `Command { std: "docker" "create" "-v" "/var/lib/crater-agent-workspace/builds/worker-3-tc2/source:/opt/rustwide/workdir:ro,Z" "-v" "/var/lib/crater-agent-workspace/builds/worker-3-tc2/target:/opt/rustwide/target:rw,Z" "-v" "/var/lib/crater-agent-workspace/cargo-home:/opt/rustwide/cargo-home:ro,Z" "-v" "/var/lib/crater-agent-workspace/rustup-home:/opt/rustwide/rustup-home:ro,Z" "-m" "1610612736" "--network" "none" "ghcr.io/rust-lang/crates-build-env/linux@sha256:3111399a4047eeb3a02b7a90e478d715f38a8c6669b5c4b49d30a17385265909" "sleep" "infinity", kill_on_drop: false }`
[INFO] [stdout] c776b3c67923dd42d2f4feedecdac81166acbf56fbfd0865eb98a776a900c762
[INFO] running `Command { std: "docker" "start" "c776b3c67923dd42d2f4feedecdac81166acbf56fbfd0865eb98a776a900c762", kill_on_drop: false }`
[INFO] running `Command { std: "docker" "inspect" "c776b3c67923dd42d2f4feedecdac81166acbf56fbfd0865eb98a776a900c762", kill_on_drop: false }`
[INFO] running `Command { std: "docker" "exec" "-e" "SOURCE_DIR=/opt/rustwide/workdir" "-e" "CARGO_HOME=/opt/rustwide/cargo-home" "-e" "RUSTUP_HOME=/opt/rustwide/rustup-home" "-e" "CARGO_TARGET_DIR=/opt/rustwide/target" "-w" "/opt/rustwide/workdir" "--user" "0:0" "c776b3c67923dd42d2f4feedecdac81166acbf56fbfd0865eb98a776a900c762" "/opt/rustwide/cargo-home/bin/cargo" "+1.100.0-beta.1" "metadata" "--no-deps" "--format-version=1", kill_on_drop: false }`
[INFO] running `Command { std: "docker" "inspect" "c776b3c67923dd42d2f4feedecdac81166acbf56fbfd0865eb98a776a900c762", kill_on_drop: false }`
[INFO] running `Command { std: "docker" "exec" "-e" "SOURCE_DIR=/opt/rustwide/workdir" "-e" "CARGO_HOME=/opt/rustwide/cargo-home" "-e" "RUSTUP_HOME=/opt/rustwide/rustup-home" "-e" "CARGO_TARGET_DIR=/opt/rustwide/target" "-e" "CARGO_INCREMENTAL=0" "-e" "RUST_BACKTRACE=full" "-e" "RUSTFLAGS=--cap-lints=warn" "-e" "RUSTDOCFLAGS=--cap-lints=warn" "-w" "/opt/rustwide/workdir" "--user" "0:0" "c776b3c67923dd42d2f4feedecdac81166acbf56fbfd0865eb98a776a900c762" "/opt/rustwide/cargo-home/bin/cargo" "+1.100.0-beta.1" "build" "--frozen" "--message-format=json", kill_on_drop: false }`
[INFO] [stderr]    Compiling quote v1.0.45
[INFO] [stderr]    Compiling shlex v1.3.0
[INFO] [stderr]    Compiling find-msvc-tools v0.1.9
[INFO] [stderr]    Compiling libc v0.2.184
[INFO] [stderr]    Compiling getrandom v0.3.4
[INFO] [stderr]    Compiling pin-project-lite v0.2.17
[INFO] [stderr]    Compiling zerocopy v0.8.48
[INFO] [stderr]    Compiling once_cell v1.21.4
[INFO] [stderr]    Compiling thiserror v1.0.69
[INFO] [stderr]    Compiling cfg_aliases v0.2.1
[INFO] [stderr]    Compiling zeroize v1.8.2
[INFO] [stderr]    Compiling flatbuffers-build v0.2.4+flatc-25.12.19
[INFO] [stderr]    Compiling untrusted v0.9.0
[INFO] [stderr]    Compiling semver v1.0.28
[INFO] [stderr]    Compiling simdutf8 v0.1.5
[INFO] [stderr]    Compiling rustls v0.23.37
[INFO] [stderr]    Compiling slab v0.4.12
[INFO] [stderr]    Compiling quinn-udp v0.5.14
[INFO] [stderr]    Compiling futures-sink v0.3.32
[INFO] [stderr]    Compiling tinyvec_macros v0.1.1
[INFO] [stderr]    Compiling subtle v2.6.1
[INFO] [stderr]    Compiling hashbrown v0.16.1
[INFO] [stderr]    Compiling futures-core v0.3.32
[INFO] [stderr]    Compiling rustls-pki-types v1.14.0
[INFO] [stderr]    Compiling tinyvec v1.11.0
[INFO] [stderr]    Compiling quinn v0.11.9
[INFO] [stderr]    Compiling cc v1.2.59
[INFO] [stderr]    Compiling futures-channel v0.3.32
[INFO] [stderr]    Compiling tracing-core v0.1.36
[INFO] [stderr]    Compiling rustc_version v0.4.1
[INFO] [stderr]    Compiling futures-io v0.3.32
[INFO] [stderr]    Compiling memchr v2.8.0
[INFO] [stderr]    Compiling lru-slab v0.1.2
[INFO] [stderr]    Compiling futures-task v0.3.32
[INFO] [stderr]    Compiling bytes v1.11.1
[INFO] [stderr]    Compiling rustc-hash v2.1.2
[INFO] [stderr]    Compiling bitflags v2.11.0
[INFO] [stderr]    Compiling syn v2.0.117
[INFO] [stderr]    Compiling flatbuffers v25.12.19
[INFO] [stderr]    Compiling tracing v0.1.44
[INFO] [stderr]    Compiling cmake v0.1.58
[INFO] [stderr]    Compiling futures-util v0.3.32
[INFO] [stderr]    Compiling ring v0.17.14
[INFO] [stderr]    Compiling flatc-fork v0.6.0+25.12.19-2026-02-06-03fffb2
[INFO] [stderr]    Compiling getrandom v0.2.17
[INFO] [stderr]    Compiling socket2 v0.6.3
[INFO] [stderr]    Compiling mio v1.2.0
[INFO] [stderr]    Compiling rand_core v0.9.5
[INFO] [stderr]    Compiling ptr_meta_derive v0.3.1
[INFO] [stderr]    Compiling ptr_meta v0.3.1
[INFO] [stderr]    Compiling rancor v0.1.1
[INFO] [stderr]    Compiling thiserror-impl v2.0.18
[INFO] [stderr]    Compiling thiserror-impl v1.0.69
[INFO] [stderr] error: could not compile `futures-util` (lib)
[INFO] [stderr] 
[INFO] [stderr] Caused by:
[INFO] [stderr]   process didn't exit successfully: `/opt/rustwide/rustup-home/toolchains/1.100.0-beta.1-x86_64-unknown-linux-gnu/bin/rustc --crate-name futures_util --edition=2018 /opt/rustwide/cargo-home/registry/src/index.crates.io-1949cf8c6b5b557f/futures-util-0.3.32/src/lib.rs --error-format=json --json=diagnostic-rendered-ansi,artifacts,future-incompat,unused-externs-silent --crate-type lib --emit=dep-info,metadata,link -C embed-bitcode=no -C debuginfo=2 --cfg 'feature="alloc"' --cfg 'feature="channel"' --cfg 'feature="futures-channel"' --cfg 'feature="futures-io"' --cfg 'feature="futures-sink"' --cfg 'feature="io"' --cfg 'feature="memchr"' --cfg 'feature="sink"' --cfg 'feature="slab"' --cfg 'feature="std"' --check-cfg 'cfg(docsrs,test)' --check-cfg 'cfg(feature, values("alloc", "async-await", "async-await-macro", "bilock", "cfg-target-has-atomic", "channel", "compat", "default", "futures-channel", "futures-io", "futures-macro", "futures-sink", "futures_01", "io", "io-compat", "libc", "memchr", "portable-atomic", "sink", "slab", "spin", "std", "tokio-io", "unstable", "write-all-vectored"))' -C metadata=0ba6d1c2f9e0eca9 -C extra-filename=-560368a3e1e51ccb --out-dir /opt/rustwide/target/debug/build/futures-util/560368a3e1e51ccb/out -L dependency=/opt/rustwide/target/debug/build/futures-core/0e1ee7e484a09e5a/out -L dependency=/opt/rustwide/target/debug/build/futures-sink/2422b5cc970bfebd/out --extern futures_channel=/opt/rustwide/target/debug/build/futures-channel/709aca3cddebd0a0/out/libfutures_channel-709aca3cddebd0a0.rmeta --extern futures_core=/opt/rustwide/target/debug/build/futures-core/0e1ee7e484a09e5a/out/libfutures_core-0e1ee7e484a09e5a.rmeta --extern futures_io=/opt/rustwide/target/debug/build/futures-io/a8805bd12b2ab705/out/libfutures_io-a8805bd12b2ab705.rmeta --extern futures_sink=/opt/rustwide/target/debug/build/futures-sink/2422b5cc970bfebd/out/libfutures_sink-2422b5cc970bfebd.rmeta --extern futures_task=/opt/rustwide/target/debug/build/futures-task/36f327cfab86eddc/out/libfutures_task-36f327cfab86eddc.rmeta --extern memchr=/opt/rustwide/target/debug/build/memchr/5cfa70d22cb32987/out/libmemchr-5cfa70d22cb32987.rmeta --extern pin_project_lite=/opt/rustwide/target/debug/build/pin-project-lite/0a15d51c77964692/out/libpin_project_lite-0a15d51c77964692.rmeta --extern slab=/opt/rustwide/target/debug/build/slab/0582d648e59ab406/out/libslab-0582d648e59ab406.rmeta --cap-lints allow --cap-lints=warn --force-warn=unused_crate_dependencies` (signal: 9, SIGKILL: kill)
[INFO] [stderr] warning: build failed, waiting for other jobs to finish...
[INFO] [stderr] error: could not compile `zerocopy` (lib)
[INFO] [stderr] 
[INFO] [stderr] Caused by:
[INFO] [stderr]   process didn't exit successfully: `/opt/rustwide/rustup-home/toolchains/1.100.0-beta.1-x86_64-unknown-linux-gnu/bin/rustc --crate-name zerocopy --edition=2021 /opt/rustwide/cargo-home/registry/src/index.crates.io-1949cf8c6b5b557f/zerocopy-0.8.48/src/lib.rs --error-format=json --json=diagnostic-rendered-ansi,artifacts,future-incompat,unused-externs-silent --crate-type lib --emit=dep-info,metadata,link -C embed-bitcode=no -C debuginfo=2 --cfg 'feature="simd"' --check-cfg 'cfg(docsrs,test)' --check-cfg 'cfg(feature, values("__internal_use_only_features_that_work_on_stable", "alloc", "derive", "float-nightly", "simd", "simd-nightly", "std", "zerocopy-derive"))' -C metadata=fa6c65523c6f8f0b -C extra-filename=-ad92ccf16844b543 --out-dir /opt/rustwide/target/debug/build/zerocopy/ad92ccf16844b543/out --cap-lints allow --cap-lints=warn --force-warn=unused_crate_dependencies --check-cfg 'cfg(no_zerocopy_simd_x86_avx12_1_89_0)' --check-cfg 'cfg(rust, values("1.89.0"))' --check-cfg 'cfg(no_zerocopy_core_error_1_81_0)' --check-cfg 'cfg(rust, values("1.81.0"))' --check-cfg 'cfg(no_zerocopy_diagnostic_on_unimplemented_1_78_0)' --check-cfg 'cfg(rust, values("1.78.0"))' --check-cfg 'cfg(no_zerocopy_generic_bounds_in_const_fn_1_61_0)' --check-cfg 'cfg(rust, values("1.61.0"))' --check-cfg 'cfg(no_zerocopy_target_has_atomics_1_60_0)' --check-cfg 'cfg(rust, values("1.60.0"))' --check-cfg 'cfg(no_zerocopy_aarch64_simd_1_59_0)' --check-cfg 'cfg(rust, values("1.59.0"))' --check-cfg 'cfg(no_zerocopy_aarch64_simd_be_1_87_0)' --check-cfg 'cfg(rust, values("1.87.0"))' --check-cfg 'cfg(no_zerocopy_panic_in_const_and_vec_try_reserve_1_57_0)' --check-cfg 'cfg(rust, values("1.57.0"))' --check-cfg 'cfg(doc_cfg)' --check-cfg 'cfg(kani)' --check-cfg 'cfg(__ZEROCOPY_INTERNAL_USE_ONLY_NIGHTLY_FEATURES_IN_TESTS)' --check-cfg 'cfg(__ZEROCOPY_INTERNAL_USE_ONLY_DEV_MODE)' --check-cfg 'cfg(coverage_nightly)' --check-cfg 'cfg(zerocopy_inline_always)'` (signal: 9, SIGKILL: kill)
[INFO] [stderr] error: could not compile `thiserror-impl` (lib)
[INFO] [stderr] 
[INFO] [stderr] Caused by:
[INFO] [stderr]   process didn't exit successfully: `/opt/rustwide/rustup-home/toolchains/1.100.0-beta.1-x86_64-unknown-linux-gnu/bin/rustc --crate-name thiserror_impl --edition=2021 /opt/rustwide/cargo-home/registry/src/index.crates.io-1949cf8c6b5b557f/thiserror-impl-2.0.18/src/lib.rs --error-format=json --json=diagnostic-rendered-ansi,artifacts,future-incompat,unused-externs-silent --crate-type proc-macro --emit=dep-info,link -C prefer-dynamic -C embed-bitcode=no --check-cfg 'cfg(docsrs,test)' --check-cfg 'cfg(feature, values())' -C metadata=a2e3a3b9277f1426 -C extra-filename=-0f786e2178b27d4c --out-dir /opt/rustwide/target/debug/build/thiserror-impl/0f786e2178b27d4c/out -L dependency=/opt/rustwide/target/debug/build/proc-macro2/154be7f81f34ed1b/out -L dependency=/opt/rustwide/target/debug/build/quote/a87dd5cb7e80719c/out -L dependency=/opt/rustwide/target/debug/build/unicode-ident/86faa6b6bcc5b157/out --extern proc_macro2=/opt/rustwide/target/debug/build/proc-macro2/154be7f81f34ed1b/out/libproc_macro2-154be7f81f34ed1b.rlib --extern quote=/opt/rustwide/target/debug/build/quote/a87dd5cb7e80719c/out/libquote-a87dd5cb7e80719c.rlib --extern syn=/opt/rustwide/target/debug/build/syn/c8cfb3ee9cd00a7b/out/libsyn-c8cfb3ee9cd00a7b.rlib --extern proc_macro --cap-lints allow --cap-lints=warn --force-warn=unused_crate_dependencies` (signal: 9, SIGKILL: kill)
[INFO] [stderr] error: could not compile `thiserror-impl` (lib)
[INFO] [stderr] 
[INFO] [stderr] Caused by:
[INFO] [stderr]   process didn't exit successfully: `/opt/rustwide/rustup-home/toolchains/1.100.0-beta.1-x86_64-unknown-linux-gnu/bin/rustc --crate-name thiserror_impl --edition=2021 /opt/rustwide/cargo-home/registry/src/index.crates.io-1949cf8c6b5b557f/thiserror-impl-1.0.69/src/lib.rs --error-format=json --json=diagnostic-rendered-ansi,artifacts,future-incompat,unused-externs-silent --crate-type proc-macro --emit=dep-info,link -C prefer-dynamic -C embed-bitcode=no --check-cfg 'cfg(docsrs,test)' --check-cfg 'cfg(feature, values())' -C metadata=01dc9851e346109c -C extra-filename=-dbb155610c11da08 --out-dir /opt/rustwide/target/debug/build/thiserror-impl/dbb155610c11da08/out -L dependency=/opt/rustwide/target/debug/build/proc-macro2/154be7f81f34ed1b/out -L dependency=/opt/rustwide/target/debug/build/quote/a87dd5cb7e80719c/out -L dependency=/opt/rustwide/target/debug/build/unicode-ident/86faa6b6bcc5b157/out --extern proc_macro2=/opt/rustwide/target/debug/build/proc-macro2/154be7f81f34ed1b/out/libproc_macro2-154be7f81f34ed1b.rlib --extern quote=/opt/rustwide/target/debug/build/quote/a87dd5cb7e80719c/out/libquote-a87dd5cb7e80719c.rlib --extern syn=/opt/rustwide/target/debug/build/syn/c8cfb3ee9cd00a7b/out/libsyn-c8cfb3ee9cd00a7b.rlib --extern proc_macro --cap-lints allow --cap-lints=warn --force-warn=unused_crate_dependencies` (signal: 9, SIGKILL: kill)
[INFO] [stderr] error: failed to run custom build command for `flatc-fork v0.6.0+25.12.19-2026-02-06-03fffb2`
[INFO] [stderr] note: To improve backtraces for build dependencies, set the CARGO_PROFILE_DEV_BUILD_OVERRIDE_DEBUG=true environment variable to enable debug information generation.
[INFO] [stderr] 
[INFO] [stderr] Caused by:
[INFO] [stderr]   process didn't exit successfully: `/opt/rustwide/target/debug/build/flatc-fork/ad63ad55fc43f2ee/out/build_script_build` (exit status: 101)
[INFO] [stderr]   --- stdout
[INFO] [stderr]   CMAKE_TOOLCHAIN_FILE_x86_64-unknown-linux-gnu = None
[INFO] [stderr]   CMAKE_TOOLCHAIN_FILE_x86_64_unknown_linux_gnu = None
[INFO] [stderr]   HOST_CMAKE_TOOLCHAIN_FILE = None
[INFO] [stderr]   CMAKE_TOOLCHAIN_FILE = None
[INFO] [stderr]   CMAKE_GENERATOR_x86_64-unknown-linux-gnu = None
[INFO] [stderr]   CMAKE_GENERATOR_x86_64_unknown_linux_gnu = None
[INFO] [stderr]   HOST_CMAKE_GENERATOR = None
[INFO] [stderr]   CMAKE_GENERATOR = None
[INFO] [stderr]   CMAKE_PREFIX_PATH_x86_64-unknown-linux-gnu = None
[INFO] [stderr]   CMAKE_PREFIX_PATH_x86_64_unknown_linux_gnu = None
[INFO] [stderr]   HOST_CMAKE_PREFIX_PATH = None
[INFO] [stderr]   CMAKE_PREFIX_PATH = None
[INFO] [stderr]   CMAKE_x86_64-unknown-linux-gnu = None
[INFO] [stderr]   CMAKE_x86_64_unknown_linux_gnu = None
[INFO] [stderr]   HOST_CMAKE = None
[INFO] [stderr]   CMAKE = None
[INFO] [stderr]   -- Proceeding with version: 25.12.19.0
[INFO] [stderr]   -- The CXX compiler identification is GNU 15.2.0
[INFO] [stderr]   -- Detecting CXX compiler ABI info
[INFO] [stderr]   -- Detecting CXX compiler ABI info - done
[INFO] [stderr]   -- Check for working CXX compiler: /usr/bin/c++ - skipped
[INFO] [stderr]   -- Detecting CXX compile features
[INFO] [stderr]   -- Detecting CXX compile features - done
[INFO] [stderr]   -- Looking for strtof_l
[INFO] [stderr]   -- Looking for strtof_l - found
[INFO] [stderr]   -- Looking for strtoull_l
[INFO] [stderr]   -- Looking for strtoull_l - found
[INFO] [stderr]   -- Looking for realpath
[INFO] [stderr]   -- Looking for realpath - found
[INFO] [stderr]   -- CMAKE_CXX_FLAGS:  -ffunction-sections -fdata-sections -fPIC -m64 -w
[INFO] [stderr]   -- Configuring done (3.5s)
[INFO] [stderr]   -- Generating done (0.2s)
[INFO] [stderr]   -- Build files have been written to: /opt/rustwide/target/debug/build/flatc-fork/494f3f5a3eec45de/out/build
[INFO] [stderr]   [  1%] Building CXX object CMakeFiles/flatsamplebfbs.dir/src/file_name_manager.cpp.o
[INFO] [stderr]   [  2%] Building CXX object CMakeFiles/flatsamplebfbs.dir/src/idl_parser.cpp.o
[INFO] [stderr]   [  3%] Building CXX object CMakeFiles/flatc.dir/src/file_name_manager.cpp.o
[INFO] [stderr]   [  4%] Building CXX object CMakeFiles/flatsamplebfbs.dir/src/file_manager.cpp.o
[INFO] [stderr]   [  5%] Building CXX object CMakeFiles/flatsampletext.dir/src/file_manager.cpp.o
[INFO] [stderr]   [  7%] Building CXX object CMakeFiles/flatsamplebinary.dir/samples/sample_binary.cpp.o
[INFO] [stderr]   [  6%] Building CXX object CMakeFiles/flatc.dir/src/file_manager.cpp.o
[INFO] [stderr]   [  7%] Building CXX object CMakeFiles/flatbuffers.dir/src/file_manager.cpp.o
[INFO] [stderr]   [  8%] Building CXX object CMakeFiles/flatsamplebfbs.dir/src/idl_gen_text.cpp.o
[INFO] [stderr]   [  9%] Building CXX object CMakeFiles/flatsamplebfbs.dir/src/reflection.cpp.o
[INFO] [stderr]   [ 10%] Building CXX object CMakeFiles/flatsampletext.dir/src/file_name_manager.cpp.o
[INFO] [stderr]   [ 11%] Building CXX object CMakeFiles/flatbuffers.dir/src/file_name_manager.cpp.o
[INFO] [stderr]   [ 12%] Building CXX object CMakeFiles/flatbuffers.dir/src/idl_parser.cpp.o
[INFO] [stderr]   [ 13%] Building CXX object CMakeFiles/flatsamplebfbs.dir/src/util.cpp.o
[INFO] [stderr]   [ 14%] Building CXX object CMakeFiles/flatsampletext.dir/src/idl_parser.cpp.o
[INFO] [stderr]   [ 15%] Building CXX object CMakeFiles/flatbuffers.dir/src/idl_gen_text.cpp.o
[INFO] [stderr]   [ 16%] Building CXX object CMakeFiles/flatc.dir/src/idl_parser.cpp.o
[INFO] [stderr]   [ 17%] Building CXX object CMakeFiles/flatbuffers.dir/src/reflection.cpp.o
[INFO] [stderr]   [ 18%] Building CXX object CMakeFiles/flatsampletext.dir/src/idl_gen_text.cpp.o
[INFO] [stderr]   [ 19%] Building CXX object CMakeFiles/flatc.dir/src/idl_gen_text.cpp.o
[INFO] [stderr]   [ 20%] Building CXX object CMakeFiles/flatsamplebfbs.dir/samples/sample_bfbs.cpp.o
[INFO] [stderr]   [ 21%] Linking CXX executable flatsamplebinary
[INFO] [stderr]   [ 22%] Building CXX object CMakeFiles/flatsampletext.dir/src/reflection.cpp.o
[INFO] [stderr]   [ 22%] Built target flatsamplebinary
[INFO] [stderr]   [ 23%] Building CXX object CMakeFiles/flatbuffers.dir/src/util.cpp.o
[INFO] [stderr]   [ 24%] Building CXX object CMakeFiles/flatc.dir/src/reflection.cpp.o
[INFO] [stderr]   [ 25%] Building CXX object CMakeFiles/flatc.dir/src/util.cpp.o
[INFO] [stderr]   [ 26%] Building CXX object CMakeFiles/flatsampletext.dir/src/util.cpp.o
[INFO] [stderr]   [ 27%] Building CXX object CMakeFiles/flatc.dir/src/idl_gen_binary.cpp.o
[INFO] [stderr]   [ 28%] Building CXX object CMakeFiles/flatsampletext.dir/samples/sample_text.cpp.o
[INFO] [stderr]   [ 29%] Building CXX object CMakeFiles/flatc.dir/src/idl_gen_cpp.cpp.o
[INFO] [stderr]   [ 30%] Building CXX object CMakeFiles/flatc.dir/src/idl_gen_csharp.cpp.o
[INFO] [stderr]   [ 31%] Building CXX object CMakeFiles/flatc.dir/src/idl_gen_dart.cpp.o
[INFO] [stderr]   [ 32%] Building CXX object CMakeFiles/flatc.dir/src/idl_gen_kotlin.cpp.o
[INFO] [stderr] 
[INFO] [stderr]   --- stderr
[INFO] [stderr]   running: cd "/opt/rustwide/target/debug/build/flatc-fork/494f3f5a3eec45de/out/build" && CMAKE_PREFIX_PATH="" LC_ALL="C" "cmake" "/opt/rustwide/cargo-home/registry/src/index.crates.io-1949cf8c6b5b557f/flatc-fork-0.6.0+25.12.19-2026-02-06-03fffb2/flatbuffers" "-B" "/opt/rustwide/target/debug/build/flatc-fork/494f3f5a3eec45de/out/build" "-DCMAKE_INSTALL_PREFIX=/opt/rustwide/target/debug/build/flatc-fork/494f3f5a3eec45de/out" "-DCMAKE_C_FLAGS= -ffunction-sections -fdata-sections -fPIC -m64 -w" "-DCMAKE_C_COMPILER=/usr/bin/cc" "-DCMAKE_CXX_FLAGS= -ffunction-sections -fdata-sections -fPIC -m64 -w" "-DCMAKE_CXX_COMPILER=/usr/bin/c++" "-DCMAKE_ASM_FLAGS= -ffunction-sections -fdata-sections -fPIC -m64 -w" "-DCMAKE_ASM_COMPILER=/usr/bin/cc" "-DCMAKE_BUILD_TYPE=Debug"
[INFO] [stderr]   CMake Warning:
[INFO] [stderr]     Manually-specified variables were not used by the project:
[INFO] [stderr] 
[INFO] [stderr]       CMAKE_ASM_COMPILER
[INFO] [stderr]       CMAKE_ASM_FLAGS
[INFO] [stderr]       CMAKE_C_COMPILER
[INFO] [stderr]       CMAKE_C_FLAGS
[INFO] [stderr] 
[INFO] [stderr] 
[INFO] [stderr]   running: cd "/opt/rustwide/target/debug/build/flatc-fork/494f3f5a3eec45de/out/build" && LC_ALL="C" MAKEFLAGS="-j --jobserver-fds=4,5 --jobserver-auth=4,5" "cmake" "--build" "/opt/rustwide/target/debug/build/flatc-fork/494f3f5a3eec45de/out/build" "--target" "install" "--config" "Debug"
[INFO] [stderr]   c++: fatal error: Killed signal terminated program cc1plus
[INFO] [stderr]   compilation terminated.
[INFO] [stderr]   gmake[2]: *** [CMakeFiles/flatsamplebfbs.dir/build.make:121: CMakeFiles/flatsamplebfbs.dir/src/idl_gen_text.cpp.o] Error 1
[INFO] [stderr]   gmake[2]: *** Waiting for unfinished jobs....
[INFO] [stderr]   c++: fatal error: Killed signal terminated program cc1plus
[INFO] [stderr]   compilation terminated.
[INFO] [stderr]   gmake[2]: *** [CMakeFiles/flatsamplebfbs.dir/build.make:135: CMakeFiles/flatsamplebfbs.dir/src/reflection.cpp.o] Error 1
[INFO] [stderr]   c++: fatal error: Killed signal terminated program cc1plus
[INFO] [stderr]   compilation terminated.
[INFO] [stderr]   gmake[2]: *** [CMakeFiles/flatbuffers.dir/build.make:107: CMakeFiles/flatbuffers.dir/src/idl_parser.cpp.o] Error 1
[INFO] [stderr]   gmake[2]: *** Waiting for unfinished jobs....
[INFO] [stderr]   c++: fatal error: Killed signal terminated program cc1plus
[INFO] [stderr]   compilation terminated.
[INFO] [stderr]   gmake[2]: *** [CMakeFiles/flatsampletext.dir/build.make:107: CMakeFiles/flatsampletext.dir/src/idl_parser.cpp.o] Error 1
[INFO] [stderr]   c++: fatal error: Killed signal terminated program cc1plus
[INFO] [stderr]   compilation terminated.
[INFO] [stderr]   gmake[2]: *** Waiting for unfinished jobs....
[INFO] [stderr]   gmake[2]: *** [CMakeFiles/flatsamplebfbs.dir/build.make:107: CMakeFiles/flatsamplebfbs.dir/src/idl_parser.cpp.o] Error 1
[INFO] [stderr]   c++: fatal error: Killed signal terminated program cc1plus
[INFO] [stderr]   compilation terminated.
[INFO] [stderr]   gmake[2]: *** [CMakeFiles/flatbuffers.dir/build.make:121: CMakeFiles/flatbuffers.dir/src/idl_gen_text.cpp.o] Error 1
[INFO] [stderr]   c++: fatal error: Killed signal terminated program cc1plus
[INFO] [stderr]   compilation terminated.
[INFO] [stderr]   gmake[2]: *** [CMakeFiles/flatc.dir/build.make:107: CMakeFiles/flatc.dir/src/idl_parser.cpp.o] Error 1
[INFO] [stderr]   gmake[2]: *** Waiting for unfinished jobs....
[INFO] [stderr]   c++: fatal error: Killed signal terminated program cc1plus
[INFO] [stderr]   compilation terminated.
[INFO] [stderr]   gmake[2]: *** [CMakeFiles/flatc.dir/build.make:121: CMakeFiles/flatc.dir/src/idl_gen_text.cpp.o] Error 1
[INFO] [stderr]   c++: fatal error: Killed signal terminated program cc1plus
[INFO] [stderr]   compilation terminated.
[INFO] [stderr]   gmake[2]: *** [CMakeFiles/flatsampletext.dir/build.make:121: CMakeFiles/flatsampletext.dir/src/idl_gen_text.cpp.o] Error 1
[INFO] [stderr]   c++: fatal error: Killed signal terminated program cc1plus
[INFO] [stderr]   compilation terminated.
[INFO] [stderr]   gmake[2]: *** [CMakeFiles/flatsampletext.dir/build.make:135: CMakeFiles/flatsampletext.dir/src/reflection.cpp.o] Error 1
[INFO] [stderr]   c++: fatal error: Killed signal terminated program cc1plus
[INFO] [stderr]   compilation terminated.
[INFO] [stderr]   gmake[2]: *** [CMakeFiles/flatsamplebfbs.dir/build.make:163: CMakeFiles/flatsamplebfbs.dir/samples/sample_bfbs.cpp.o] Error 1
[INFO] [stderr]   gmake[1]: *** [CMakeFiles/Makefile2:262: CMakeFiles/flatsamplebfbs.dir/all] Error 2
[INFO] [stderr]   gmake[1]: *** Waiting for unfinished jobs....
[INFO] [stderr]   c++: fatal error: Killed signal terminated program cc1plus
[INFO] [stderr]   compilation terminated.
[INFO] [stderr]   gmake[2]: *** [CMakeFiles/flatbuffers.dir/build.make:135: CMakeFiles/flatbuffers.dir/src/reflection.cpp.o] Error 1
[INFO] [stderr]   gmake[1]: *** [CMakeFiles/Makefile2:102: CMakeFiles/flatbuffers.dir/all] Error 2
[INFO] [stderr]   gmake[1]: *** [CMakeFiles/Makefile2:230: CMakeFiles/flatsampletext.dir/all] Error 2
[INFO] [stderr]   gmake[1]: *** [CMakeFiles/Makefile2:134: CMakeFiles/flatc.dir/all] Error 2
[INFO] [stderr]   gmake: *** [Makefile:146: all] Error 2
[INFO] [stderr] 
[INFO] [stderr]   thread 'main' (635) panicked at /opt/rustwide/cargo-home/registry/src/index.crates.io-1949cf8c6b5b557f/cmake-0.1.58/src/lib.rs:1132:5:
[INFO] [stderr] 
[INFO] [stderr]   command did not execute successfully, got: exit status: 2
[INFO] [stderr] 
[INFO] [stderr]   build script failed, must exit now
[INFO] [stderr]   stack backtrace:
[INFO] [stderr]      0:     0x587401850231 - std[617be2ca0a6fd877]::backtrace_rs::backtrace::libunwind::trace
[INFO] [stderr]                                  at /rustc/e3feeb59cd1bdd011a2bfcc0747b55125d9b8527/library/std/src/../../backtrace/src/backtrace/libunwind.rs:117:9
[INFO] [stderr]      1:     0x587401850231 - std[617be2ca0a6fd877]::backtrace_rs::backtrace::trace_unsynchronized::<std[617be2ca0a6fd877]::sys::backtrace::_print_fmt::{closure#1}>
[INFO] [stderr]                                  at /rustc/e3feeb59cd1bdd011a2bfcc0747b55125d9b8527/library/std/src/../../backtrace/src/backtrace/mod.rs:66:14
[INFO] [stderr]      2:     0x587401850231 - std[617be2ca0a6fd877]::sys::backtrace::_print_fmt
[INFO] [stderr]                                  at /rustc/e3feeb59cd1bdd011a2bfcc0747b55125d9b8527/library/std/src/sys/backtrace.rs:74:9
[INFO] [stderr]      3:     0x587401850231 - <<std[617be2ca0a6fd877]::sys::backtrace::BacktraceLock>::print::DisplayBacktrace as core[a373ad73a504971]::fmt::Display>::fmt
[INFO] [stderr]                                  at /rustc/e3feeb59cd1bdd011a2bfcc0747b55125d9b8527/library/std/src/sys/backtrace.rs:44:26
[INFO] [stderr]      4:     0x5874018641ca - <core[a373ad73a504971]::fmt::rt::Argument>::fmt
[INFO] [stderr]                                  at /rustc/e3feeb59cd1bdd011a2bfcc0747b55125d9b8527/library/core/src/fmt/rt.rs:152:76
[INFO] [stderr]      5:     0x5874018641ca - core[a373ad73a504971]::fmt::write
[INFO] [stderr]      6:     0x587401855a1c - core[a373ad73a504971]::io::write::default_write_fmt::<std[617be2ca0a6fd877]::sys::stdio::unix::Stderr>
[INFO] [stderr]                                  at /rustc/e3feeb59cd1bdd011a2bfcc0747b55125d9b8527/library/core/src/io/write.rs:402:11
[INFO] [stderr]      7:     0x587401855a1c - <std[617be2ca0a6fd877]::sys::stdio::unix::Stderr as core[a373ad73a504971]::io::write::Write>::write_fmt
[INFO] [stderr]                                  at /rustc/e3feeb59cd1bdd011a2bfcc0747b55125d9b8527/library/core/src/io/write.rs:335:13
[INFO] [stderr]      8:     0x58740182f7a6 - <std[617be2ca0a6fd877]::sys::backtrace::BacktraceLock>::print
[INFO] [stderr]                                  at /rustc/e3feeb59cd1bdd011a2bfcc0747b55125d9b8527/library/std/src/sys/backtrace.rs:47:9
[INFO] [stderr]      9:     0x58740182f7a6 - std[617be2ca0a6fd877]::panicking::default_hook::{closure#0}
[INFO] [stderr]                                  at /rustc/e3feeb59cd1bdd011a2bfcc0747b55125d9b8527/library/std/src/panicking.rs:289:27
[INFO] [stderr]     10:     0x58740184af51 - std[617be2ca0a6fd877]::panicking::default_hook
[INFO] [stderr]                                  at /rustc/e3feeb59cd1bdd011a2bfcc0747b55125d9b8527/library/std/src/panicking.rs:316:9
[INFO] [stderr]     11:     0x58740184b10b - std[617be2ca0a6fd877]::panicking::panic_with_hook
[INFO] [stderr]                                  at /rustc/e3feeb59cd1bdd011a2bfcc0747b55125d9b8527/library/std/src/panicking.rs:811:13
[INFO] [stderr]     12:     0x58740182f852 - std[617be2ca0a6fd877]::panicking::panic_handler::{closure#0}
[INFO] [stderr]                                  at /rustc/e3feeb59cd1bdd011a2bfcc0747b55125d9b8527/library/std/src/panicking.rs:685:13
[INFO] [stderr]     13:     0x5874018284c9 - std[617be2ca0a6fd877]::sys::backtrace::__rust_end_short_backtrace::<std[617be2ca0a6fd877]::panicking::panic_handler::{closure#0}, !>
[INFO] [stderr]                                  at /rustc/e3feeb59cd1bdd011a2bfcc0747b55125d9b8527/library/std/src/sys/backtrace.rs:182:18
[INFO] [stderr]     14:     0x58740183003d - __rustc[ea4f61d10b84890b]::rust_begin_unwind
[INFO] [stderr]                                  at /rustc/e3feeb59cd1bdd011a2bfcc0747b55125d9b8527/library/std/src/panicking.rs:676:5
[INFO] [stderr]     15:     0x5874018649bc - core[a373ad73a504971]::panicking::panic_fmt
[INFO] [stderr]                                  at /rustc/e3feeb59cd1bdd011a2bfcc0747b55125d9b8527/library/core/src/panicking.rs:80:14
[INFO] [stderr]     16:     0x5874017bbed7 - cmake[6e474e9c737cb2c8]::fail
[INFO] [stderr]     17:     0x5874017bbb63 - cmake[6e474e9c737cb2c8]::run
[INFO] [stderr]     18:     0x5874017c1b35 - <cmake[6e474e9c737cb2c8]::Config>::build
[INFO] [stderr]     19:     0x5874017adf94 - build_script_build[2eaac9b518a210b9]::main
[INFO] [stderr]     20:     0x5874017ae6a3 - <fn() as core[a373ad73a504971]::ops::function::FnOnce<()>>::call_once
[INFO] [stderr]     21:     0x5874017adc46 - std[617be2ca0a6fd877]::sys::backtrace::__rust_begin_short_backtrace::<fn(), ()>
[INFO] [stderr]     22:     0x5874017adc59 - std[617be2ca0a6fd877]::rt::lang_start::<()>::{closure#0}
[INFO] [stderr]     23:     0x58740184a258 - <&dyn core[a373ad73a504971]::ops::function::Fn<(), Output = i32> + core[a373ad73a504971]::marker::Sync + core[a373ad73a504971]::panic::unwind_safe::RefUnwindSafe as core[a373ad73a504971]::ops::function::FnOnce<()>>::call_once
[INFO] [stderr]                                  at /rustc/e3feeb59cd1bdd011a2bfcc0747b55125d9b8527/library/core/src/ops/function.rs:287:21
[INFO] [stderr]     24:     0x58740184a258 - std[617be2ca0a6fd877]::panicking::catch_unwind::do_call::<&dyn core[a373ad73a504971]::ops::function::Fn<(), Output = i32> + core[a373ad73a504971]::marker::Sync + core[a373ad73a504971]::panic::unwind_safe::RefUnwindSafe, i32>
[INFO] [stderr]                                  at /rustc/e3feeb59cd1bdd011a2bfcc0747b55125d9b8527/library/std/src/panicking.rs:573:43
[INFO] [stderr]     25:     0x58740184a258 - std[617be2ca0a6fd877]::panicking::catch_unwind::<i32, &dyn core[a373ad73a504971]::ops::function::Fn<(), Output = i32> + core[a373ad73a504971]::marker::Sync + core[a373ad73a504971]::panic::unwind_safe::RefUnwindSafe>
[INFO] [stderr]                                  at /rustc/e3feeb59cd1bdd011a2bfcc0747b55125d9b8527/library/std/src/panicking.rs:541:19
[INFO] [stderr]     26:     0x58740184a258 - std[617be2ca0a6fd877]::panic::catch_unwind::<&dyn core[a373ad73a504971]::ops::function::Fn<(), Output = i32> + core[a373ad73a504971]::marker::Sync + core[a373ad73a504971]::panic::unwind_safe::RefUnwindSafe, i32>
[INFO] [stderr]                                  at /rustc/e3feeb59cd1bdd011a2bfcc0747b55125d9b8527/library/std/src/panic.rs:359:14
[INFO] [stderr]     27:     0x58740184a258 - std[617be2ca0a6fd877]::rt::lang_start_internal::{closure#0}
[INFO] [stderr]                                  at /rustc/e3feeb59cd1bdd011a2bfcc0747b55125d9b8527/library/std/src/rt.rs:175:24
[INFO] [stderr]     28:     0x58740184a258 - std[617be2ca0a6fd877]::panicking::catch_unwind::do_call::<std[617be2ca0a6fd877]::rt::lang_start_internal::{closure#0}, isize>
[INFO] [stderr]                                  at /rustc/e3feeb59cd1bdd011a2bfcc0747b55125d9b8527/library/std/src/panicking.rs:573:43
[INFO] [stderr]     29:     0x58740184a258 - std[617be2ca0a6fd877]::panicking::catch_unwind::<isize, std[617be2ca0a6fd877]::rt::lang_start_internal::{closure#0}>
[INFO] [stderr]                                  at /rustc/e3feeb59cd1bdd011a2bfcc0747b55125d9b8527/library/std/src/panicking.rs:541:19
[INFO] [stderr]     30:     0x58740184a258 - std[617be2ca0a6fd877]::panic::catch_unwind::<std[617be2ca0a6fd877]::rt::lang_start_internal::{closure#0}, isize>
[INFO] [stderr]                                  at /rustc/e3feeb59cd1bdd011a2bfcc0747b55125d9b8527/library/std/src/panic.rs:359:14
[INFO] [stderr]     31:     0x58740184a258 - std[617be2ca0a6fd877]::rt::lang_start_internal
[INFO] [stderr]                                  at /rustc/e3feeb59cd1bdd011a2bfcc0747b55125d9b8527/library/std/src/rt.rs:171:5
[INFO] [stderr]     32:     0x5874017ad7d1 - std[617be2ca0a6fd877]::rt::lang_start::<()>
[INFO] [stderr]     33:     0x5874017ae715 - main
[INFO] [stderr]     34:     0x75bf11af1601 - <unknown>
[INFO] [stderr]     35:     0x75bf11af1718 - __libc_start_main
[INFO] [stderr]     36:     0x5874017acb25 - _start
[INFO] [stderr]     37:                0x0 - <unknown>
[INFO] running `Command { std: "docker" "inspect" "c776b3c67923dd42d2f4feedecdac81166acbf56fbfd0865eb98a776a900c762", kill_on_drop: false }`
[INFO] running `Command { std: "docker" "rm" "-f" "c776b3c67923dd42d2f4feedecdac81166acbf56fbfd0865eb98a776a900c762", kill_on_drop: false }`
[INFO] [stdout] c776b3c67923dd42d2f4feedecdac81166acbf56fbfd0865eb98a776a900c762
