[INFO] fetching crate selium-atlas-protocol 0.2.3...
[INFO] testing selium-atlas-protocol-0.2.3 against 1.100.0-beta.1 for beta-1.100-2
[INFO] extracting crate selium-atlas-protocol 0.2.3 into /workspace/builds/worker-5-tc2/source
[INFO] started tweaking crates.io crate selium-atlas-protocol 0.2.3
[INFO] finished tweaking crates.io crate selium-atlas-protocol 0.2.3
[INFO] tweaked toml for crates.io crate selium-atlas-protocol 0.2.3 written to /workspace/builds/worker-5-tc2/source/Cargo.toml
[INFO] validating manifest of crates.io crate selium-atlas-protocol 0.2.3 on toolchain 1.100.0-beta.1
[INFO] running `Command { std: CARGO_HOME="/workspace/cargo-home" RUSTUP_HOME="/workspace/rustup-home" "/workspace/cargo-home/bin/cargo" "+1.100.0-beta.1" "metadata" "--manifest-path" "Cargo.toml" "--no-deps", kill_on_drop: false }`
[INFO] crate crates.io crate selium-atlas-protocol 0.2.3 already has a lockfile, it will not be regenerated
[INFO] running `Command { std: CARGO_HOME="/workspace/cargo-home" RUSTUP_HOME="/workspace/rustup-home" "/workspace/cargo-home/bin/cargo" "+1.100.0-beta.1" "fetch" "--manifest-path" "Cargo.toml", kill_on_drop: false }`
[INFO] running `Command { std: "docker" "create" "-v" "/var/lib/crater-agent-workspace/builds/worker-5-tc2/source:/opt/rustwide/workdir:ro,Z" "-v" "/var/lib/crater-agent-workspace/builds/worker-5-tc2/target:/opt/rustwide/target:rw,Z" "-v" "/var/lib/crater-agent-workspace/cargo-home:/opt/rustwide/cargo-home:ro,Z" "-v" "/var/lib/crater-agent-workspace/rustup-home:/opt/rustwide/rustup-home:ro,Z" "-m" "1610612736" "--network" "none" "ghcr.io/rust-lang/crates-build-env/linux@sha256:3111399a4047eeb3a02b7a90e478d715f38a8c6669b5c4b49d30a17385265909" "sleep" "infinity", kill_on_drop: false }`
[INFO] [stdout] 9f10c7e753991f32ac59b9488d56025c499933c060921026cb1a9690b5381bef
[INFO] running `Command { std: "docker" "start" "9f10c7e753991f32ac59b9488d56025c499933c060921026cb1a9690b5381bef", kill_on_drop: false }`
[INFO] running `Command { std: "docker" "inspect" "9f10c7e753991f32ac59b9488d56025c499933c060921026cb1a9690b5381bef", kill_on_drop: false }`
[INFO] running `Command { std: "docker" "exec" "-e" "SOURCE_DIR=/opt/rustwide/workdir" "-e" "CARGO_HOME=/opt/rustwide/cargo-home" "-e" "RUSTUP_HOME=/opt/rustwide/rustup-home" "-e" "CARGO_TARGET_DIR=/opt/rustwide/target" "-w" "/opt/rustwide/workdir" "--user" "0:0" "9f10c7e753991f32ac59b9488d56025c499933c060921026cb1a9690b5381bef" "/opt/rustwide/cargo-home/bin/cargo" "+1.100.0-beta.1" "metadata" "--no-deps" "--format-version=1", kill_on_drop: false }`
[INFO] running `Command { std: "docker" "inspect" "9f10c7e753991f32ac59b9488d56025c499933c060921026cb1a9690b5381bef", kill_on_drop: false }`
[INFO] running `Command { std: "docker" "exec" "-e" "SOURCE_DIR=/opt/rustwide/workdir" "-e" "CARGO_HOME=/opt/rustwide/cargo-home" "-e" "RUSTUP_HOME=/opt/rustwide/rustup-home" "-e" "CARGO_TARGET_DIR=/opt/rustwide/target" "-e" "CARGO_INCREMENTAL=0" "-e" "RUST_BACKTRACE=full" "-e" "RUSTFLAGS=--cap-lints=warn" "-e" "RUSTDOCFLAGS=--cap-lints=warn" "-w" "/opt/rustwide/workdir" "--user" "0:0" "9f10c7e753991f32ac59b9488d56025c499933c060921026cb1a9690b5381bef" "/opt/rustwide/cargo-home/bin/cargo" "+1.100.0-beta.1" "build" "--frozen" "--message-format=json", kill_on_drop: false }`
[INFO] [stderr]    Compiling syn v2.0.117
[INFO] [stderr]    Compiling cc v1.2.59
[INFO] [stderr]    Compiling thiserror v1.0.69
[INFO] [stderr]    Compiling flatbuffers-build v0.2.4+flatc-25.12.19
[INFO] [stderr]    Compiling semver v1.0.28
[INFO] [stderr]    Compiling percent-encoding v2.3.2
[INFO] [stderr]    Compiling thiserror v2.0.18
[INFO] [stderr]    Compiling rustc_version v0.4.1
[INFO] [stderr]    Compiling form_urlencoded v1.2.2
[INFO] [stderr]    Compiling flatbuffers v25.12.19
[INFO] [stderr]    Compiling cmake v0.1.58
[INFO] [stderr]    Compiling flatc-fork v0.6.0+25.12.19-2026-02-06-03fffb2
[INFO] [stderr]    Compiling synstructure v0.13.2
[INFO] [stderr]    Compiling zerofrom-derive v0.1.7
[INFO] [stderr]    Compiling yoke-derive v0.8.2
[INFO] [stderr]    Compiling zerovec-derive v0.11.3
[INFO] [stderr]    Compiling displaydoc v0.2.5
[INFO] [stderr]    Compiling thiserror-impl v1.0.69
[INFO] [stderr]    Compiling thiserror-impl v2.0.18
[INFO] [stderr]    Compiling zerofrom v0.1.7
[INFO] [stderr]    Compiling yoke v0.8.2
[INFO] [stderr]    Compiling zerotrie v0.2.4
[INFO] [stderr]    Compiling zerovec v0.11.6
[INFO] [stderr] error: could not compile `zerovec` (lib)
[INFO] [stderr] 
[INFO] [stderr] Caused by:
[INFO] [stderr]   process didn't exit successfully: `/opt/rustwide/rustup-home/toolchains/1.100.0-beta.1-x86_64-unknown-linux-gnu/bin/rustc --crate-name zerovec --edition=2021 /opt/rustwide/cargo-home/registry/src/index.crates.io-1949cf8c6b5b557f/zerovec-0.11.6/src/lib.rs --error-format=json --json=diagnostic-rendered-ansi,artifacts,future-incompat,unused-externs-silent --crate-type lib --emit=dep-info,metadata,link -C embed-bitcode=no -C debuginfo=2 --cfg 'feature="derive"' --cfg 'feature="yoke"' --check-cfg 'cfg(docsrs,test)' --check-cfg 'cfg(feature, values("alloc", "databake", "derive", "hashmap", "schemars", "serde", "std", "yoke"))' -C metadata=72e8ff9e9bb4d55d -C extra-filename=-6f99911b93727882 --out-dir /opt/rustwide/target/debug/build/zerovec/6f99911b93727882/out -L dependency=/opt/rustwide/target/debug/build/stable_deref_trait/63cbf3f3d3f94e56/out -L dependency=/opt/rustwide/target/debug/build/yoke-derive/58324627a0f9531f/out -L dependency=/opt/rustwide/target/debug/build/zerofrom-derive/0f3c046881e13030/out -L dependency=/opt/rustwide/target/debug/build/zerofrom/2eb10ebc4f9e59ad/out --extern yoke=/opt/rustwide/target/debug/build/yoke/a24689f7be2db36b/out/libyoke-a24689f7be2db36b.rmeta --extern zerofrom=/opt/rustwide/target/debug/build/zerofrom/2eb10ebc4f9e59ad/out/libzerofrom-2eb10ebc4f9e59ad.rmeta --extern zerovec_derive=/opt/rustwide/target/debug/build/zerovec-derive/390cde69462b9618/out/libzerovec_derive-390cde69462b9618.so --cap-lints allow --cap-lints=warn --force-warn=unused_crate_dependencies` (signal: 9, SIGKILL: kill)
[INFO] [stderr] warning: build failed, waiting for other jobs to finish...
[INFO] [stderr] error: failed to run custom build command for `flatc-fork v0.6.0+25.12.19-2026-02-06-03fffb2`
[INFO] [stderr] note: To improve backtraces for build dependencies, set the CARGO_PROFILE_DEV_BUILD_OVERRIDE_DEBUG=true environment variable to enable debug information generation.
[INFO] [stderr] 
[INFO] [stderr] Caused by:
[INFO] [stderr]   process didn't exit successfully: `/opt/rustwide/target/debug/build/flatc-fork/ad63ad55fc43f2ee/out/build_script_build` (exit status: 101)
[INFO] [stderr]   --- stdout
[INFO] [stderr]   CMAKE_TOOLCHAIN_FILE_x86_64-unknown-linux-gnu = None
[INFO] [stderr]   CMAKE_TOOLCHAIN_FILE_x86_64_unknown_linux_gnu = None
[INFO] [stderr]   HOST_CMAKE_TOOLCHAIN_FILE = None
[INFO] [stderr]   CMAKE_TOOLCHAIN_FILE = None
[INFO] [stderr]   CMAKE_GENERATOR_x86_64-unknown-linux-gnu = None
[INFO] [stderr]   CMAKE_GENERATOR_x86_64_unknown_linux_gnu = None
[INFO] [stderr]   HOST_CMAKE_GENERATOR = None
[INFO] [stderr]   CMAKE_GENERATOR = None
[INFO] [stderr]   CMAKE_PREFIX_PATH_x86_64-unknown-linux-gnu = None
[INFO] [stderr]   CMAKE_PREFIX_PATH_x86_64_unknown_linux_gnu = None
[INFO] [stderr]   HOST_CMAKE_PREFIX_PATH = None
[INFO] [stderr]   CMAKE_PREFIX_PATH = None
[INFO] [stderr]   CMAKE_x86_64-unknown-linux-gnu = None
[INFO] [stderr]   CMAKE_x86_64_unknown_linux_gnu = None
[INFO] [stderr]   HOST_CMAKE = None
[INFO] [stderr]   CMAKE = None
[INFO] [stderr]   -- Proceeding with version: 25.12.19.0
[INFO] [stderr]   -- The CXX compiler identification is GNU 15.2.0
[INFO] [stderr]   -- Detecting CXX compiler ABI info
[INFO] [stderr]   -- Detecting CXX compiler ABI info - done
[INFO] [stderr]   -- Check for working CXX compiler: /usr/bin/c++ - skipped
[INFO] [stderr]   -- Detecting CXX compile features
[INFO] [stderr]   -- Detecting CXX compile features - done
[INFO] [stderr]   -- Looking for strtof_l
[INFO] [stderr]   -- Looking for strtof_l - found
[INFO] [stderr]   -- Looking for strtoull_l
[INFO] [stderr]   -- Looking for strtoull_l - found
[INFO] [stderr]   -- Looking for realpath
[INFO] [stderr]   -- Looking for realpath - found
[INFO] [stderr]   -- CMAKE_CXX_FLAGS:  -ffunction-sections -fdata-sections -fPIC -m64 -w
[INFO] [stderr]   -- Configuring done (1.7s)
[INFO] [stderr]   -- Generating done (0.1s)
[INFO] [stderr]   -- Build files have been written to: /opt/rustwide/target/debug/build/flatc-fork/494f3f5a3eec45de/out/build
[INFO] [stderr]   [  1%] Building CXX object CMakeFiles/flatc.dir/src/file_name_manager.cpp.o
[INFO] [stderr]   [  1%] Building CXX object CMakeFiles/flatbuffers.dir/src/file_manager.cpp.o
[INFO] [stderr]   [  2%] Building CXX object CMakeFiles/flatc.dir/src/idl_parser.cpp.o
[INFO] [stderr]   [  3%] Building CXX object CMakeFiles/flatc.dir/src/idl_gen_text.cpp.o
[INFO] [stderr]   [  4%] Building CXX object CMakeFiles/flatc.dir/src/reflection.cpp.o
[INFO] [stderr]   [  5%] Building CXX object CMakeFiles/flatc.dir/src/file_manager.cpp.o
[INFO] [stderr]   [  6%] Building CXX object CMakeFiles/flatbuffers.dir/src/file_name_manager.cpp.o
[INFO] [stderr]   [  7%] Building CXX object CMakeFiles/flatsamplebfbs.dir/src/file_manager.cpp.o
[INFO] [stderr]   [  8%] Building CXX object CMakeFiles/flatsamplebinary.dir/samples/sample_binary.cpp.o
[INFO] [stderr]   [  9%] Building CXX object CMakeFiles/flatsampletext.dir/src/file_manager.cpp.o
[INFO] [stderr]   [ 10%] Building CXX object CMakeFiles/flatbuffers.dir/src/idl_parser.cpp.o
[INFO] [stderr]   [ 11%] Building CXX object CMakeFiles/flatc.dir/src/util.cpp.o
[INFO] [stderr]   [ 12%] Building CXX object CMakeFiles/flatbuffers.dir/src/idl_gen_text.cpp.o
[INFO] [stderr]   [ 13%] Building CXX object CMakeFiles/flatsamplebfbs.dir/src/file_name_manager.cpp.o
[INFO] [stderr]   [ 14%] Building CXX object CMakeFiles/flatc.dir/src/idl_gen_binary.cpp.o
[INFO] [stderr]   [ 15%] Building CXX object CMakeFiles/flatsampletext.dir/src/file_name_manager.cpp.o
[INFO] [stderr]   [ 16%] Building CXX object CMakeFiles/flatsamplebfbs.dir/src/idl_parser.cpp.o
[INFO] [stderr]   [ 17%] Building CXX object CMakeFiles/flatbuffers.dir/src/reflection.cpp.o
[INFO] [stderr]   [ 18%] Building CXX object CMakeFiles/flatc.dir/src/idl_gen_cpp.cpp.o
[INFO] [stderr]   [ 19%] Linking CXX executable flatsamplebinary
[INFO] [stderr]   [ 20%] Building CXX object CMakeFiles/flatsampletext.dir/src/idl_parser.cpp.o
[INFO] [stderr]   [ 21%] Building CXX object CMakeFiles/flatsamplebfbs.dir/src/idl_gen_text.cpp.o
[INFO] [stderr]   [ 21%] Built target flatsamplebinary
[INFO] [stderr]   [ 22%] Building CXX object CMakeFiles/flatbuffers.dir/src/util.cpp.o
[INFO] [stderr]   [ 23%] Building CXX object CMakeFiles/flatc.dir/src/idl_gen_csharp.cpp.o
[INFO] [stderr]   [ 24%] Building CXX object CMakeFiles/flatc.dir/src/idl_gen_dart.cpp.o
[INFO] [stderr]   [ 25%] Building CXX object CMakeFiles/flatsampletext.dir/src/reflection.cpp.o
[INFO] [stderr]   [ 26%] Building CXX object CMakeFiles/flatsampletext.dir/src/idl_gen_text.cpp.o
[INFO] [stderr]   [ 27%] Building CXX object CMakeFiles/flatsamplebfbs.dir/src/reflection.cpp.o
[INFO] [stderr]   [ 29%] Building CXX object CMakeFiles/flatsamplebfbs.dir/samples/sample_bfbs.cpp.o
[INFO] [stderr]   [ 29%] Building CXX object CMakeFiles/flatsamplebfbs.dir/src/util.cpp.o
[INFO] [stderr]   [ 30%] Building CXX object CMakeFiles/flatsampletext.dir/src/util.cpp.o
[INFO] [stderr]   [ 31%] Building CXX object CMakeFiles/flatsampletext.dir/samples/sample_text.cpp.o
[INFO] [stderr] 
[INFO] [stderr]   --- stderr
[INFO] [stderr]   running: cd "/opt/rustwide/target/debug/build/flatc-fork/494f3f5a3eec45de/out/build" && CMAKE_PREFIX_PATH="" LC_ALL="C" "cmake" "/opt/rustwide/cargo-home/registry/src/index.crates.io-1949cf8c6b5b557f/flatc-fork-0.6.0+25.12.19-2026-02-06-03fffb2/flatbuffers" "-B" "/opt/rustwide/target/debug/build/flatc-fork/494f3f5a3eec45de/out/build" "-DCMAKE_INSTALL_PREFIX=/opt/rustwide/target/debug/build/flatc-fork/494f3f5a3eec45de/out" "-DCMAKE_C_FLAGS= -ffunction-sections -fdata-sections -fPIC -m64 -w" "-DCMAKE_C_COMPILER=/usr/bin/cc" "-DCMAKE_CXX_FLAGS= -ffunction-sections -fdata-sections -fPIC -m64 -w" "-DCMAKE_CXX_COMPILER=/usr/bin/c++" "-DCMAKE_ASM_FLAGS= -ffunction-sections -fdata-sections -fPIC -m64 -w" "-DCMAKE_ASM_COMPILER=/usr/bin/cc" "-DCMAKE_BUILD_TYPE=Debug"
[INFO] [stderr]   CMake Warning:
[INFO] [stderr]     Manually-specified variables were not used by the project:
[INFO] [stderr] 
[INFO] [stderr]       CMAKE_ASM_COMPILER
[INFO] [stderr]       CMAKE_ASM_FLAGS
[INFO] [stderr]       CMAKE_C_COMPILER
[INFO] [stderr]       CMAKE_C_FLAGS
[INFO] [stderr] 
[INFO] [stderr] 
[INFO] [stderr]   running: cd "/opt/rustwide/target/debug/build/flatc-fork/494f3f5a3eec45de/out/build" && LC_ALL="C" MAKEFLAGS="-j --jobserver-fds=4,5 --jobserver-auth=4,5" "cmake" "--build" "/opt/rustwide/target/debug/build/flatc-fork/494f3f5a3eec45de/out/build" "--target" "install" "--config" "Debug"
[INFO] [stderr]   c++: fatal error: Killed signal terminated program cc1plus
[INFO] [stderr]   compilation terminated.
[INFO] [stderr]   gmake[2]: *** [CMakeFiles/flatc.dir/build.make:107: CMakeFiles/flatc.dir/src/idl_parser.cpp.o] Error 1
[INFO] [stderr]   gmake[2]: *** Waiting for unfinished jobs....
[INFO] [stderr]   c++: fatal error: Killed signal terminated program cc1plus
[INFO] [stderr]   compilation terminated.
[INFO] [stderr]   gmake[2]: *** [CMakeFiles/flatc.dir/build.make:135: CMakeFiles/flatc.dir/src/reflection.cpp.o] Error 1
[INFO] [stderr]   c++: fatal error: Killed signal terminated program cc1plus
[INFO] [stderr]   compilation terminated.
[INFO] [stderr]   gmake[2]: *** [CMakeFiles/flatbuffers.dir/build.make:121: CMakeFiles/flatbuffers.dir/src/idl_gen_text.cpp.o] Error 1
[INFO] [stderr]   gmake[2]: *** Waiting for unfinished jobs....
[INFO] [stderr]   c++: fatal error: Killed signal terminated program cc1plus
[INFO] [stderr]   compilation terminated.
[INFO] [stderr]   gmake[2]: *** [CMakeFiles/flatc.dir/build.make:121: CMakeFiles/flatc.dir/src/idl_gen_text.cpp.o] Error 1
[INFO] [stderr]   c++: fatal error: Killed signal terminated program cc1plus
[INFO] [stderr]   compilation terminated.
[INFO] [stderr]   gmake[2]: *** [CMakeFiles/flatsamplebfbs.dir/build.make:107: CMakeFiles/flatsamplebfbs.dir/src/idl_parser.cpp.o] Error 1
[INFO] [stderr]   gmake[2]: *** Waiting for unfinished jobs....
[INFO] [stderr]   c++: fatal error: Killed signal terminated program cc1plus
[INFO] [stderr]   compilation terminated.
[INFO] [stderr]   gmake[2]: *** [CMakeFiles/flatc.dir/build.make:163: CMakeFiles/flatc.dir/src/idl_gen_binary.cpp.o] Error 1
[INFO] [stderr]   c++: fatal error: Killed signal terminated program cc1plus
[INFO] [stderr]   compilation terminated.
[INFO] [stderr]   gmake[2]: *** [CMakeFiles/flatsamplebfbs.dir/build.make:121: CMakeFiles/flatsamplebfbs.dir/src/idl_gen_text.cpp.o] Error 1
[INFO] [stderr]   c++: fatal error: Killed signal terminated program cc1plus
[INFO] [stderr]   compilation terminated.
[INFO] [stderr]   gmake[2]: *** [CMakeFiles/flatbuffers.dir/build.make:135: CMakeFiles/flatbuffers.dir/src/reflection.cpp.o] Error 1
[INFO] [stderr]   c++: fatal error: Killed signal terminated program cc1plus
[INFO] [stderr]   compilation terminated.
[INFO] [stderr]   gmake[2]: *** [CMakeFiles/flatbuffers.dir/build.make:107: CMakeFiles/flatbuffers.dir/src/idl_parser.cpp.o] Error 1
[INFO] [stderr]   gmake[1]: *** [CMakeFiles/Makefile2:102: CMakeFiles/flatbuffers.dir/all] Error 2
[INFO] [stderr]   gmake[1]: *** Waiting for unfinished jobs....
[INFO] [stderr]   c++: fatal error: Killed signal terminated program cc1plus
[INFO] [stderr]   compilation terminated.
[INFO] [stderr]   gmake[2]: *** [CMakeFiles/flatc.dir/build.make:191: CMakeFiles/flatc.dir/src/idl_gen_csharp.cpp.o] Error 1
[INFO] [stderr]   c++: fatal error: Killed signal terminated program cc1plus
[INFO] [stderr]   compilation terminated.
[INFO] [stderr]   gmake[2]: *** [CMakeFiles/flatsampletext.dir/build.make:107: CMakeFiles/flatsampletext.dir/src/idl_parser.cpp.o] Error 1
[INFO] [stderr]   gmake[2]: *** Waiting for unfinished jobs....
[INFO] [stderr]   c++: fatal error: Killed signal terminated program cc1plus
[INFO] [stderr]   compilation terminated.
[INFO] [stderr]   gmake[2]: *** [CMakeFiles/flatc.dir/build.make:177: CMakeFiles/flatc.dir/src/idl_gen_cpp.cpp.o] Error 1
[INFO] [stderr]   gmake[1]: *** [CMakeFiles/Makefile2:134: CMakeFiles/flatc.dir/all] Error 2
[INFO] [stderr]   gmake[1]: *** [CMakeFiles/Makefile2:262: CMakeFiles/flatsamplebfbs.dir/all] Error 2
[INFO] [stderr]   gmake[1]: *** [CMakeFiles/Makefile2:230: CMakeFiles/flatsampletext.dir/all] Error 2
[INFO] [stderr]   gmake: *** [Makefile:146: all] Error 2
[INFO] [stderr] 
[INFO] [stderr]   thread 'main' (242) panicked at /opt/rustwide/cargo-home/registry/src/index.crates.io-1949cf8c6b5b557f/cmake-0.1.58/src/lib.rs:1132:5:
[INFO] [stderr] 
[INFO] [stderr]   command did not execute successfully, got: exit status: 2
[INFO] [stderr] 
[INFO] [stderr]   build script failed, must exit now
[INFO] [stderr]   stack backtrace:
[INFO] [stderr]      0:     0x59a277ca4231 - std[617be2ca0a6fd877]::backtrace_rs::backtrace::libunwind::trace
[INFO] [stderr]                                  at /rustc/e3feeb59cd1bdd011a2bfcc0747b55125d9b8527/library/std/src/../../backtrace/src/backtrace/libunwind.rs:117:9
[INFO] [stderr]      1:     0x59a277ca4231 - std[617be2ca0a6fd877]::backtrace_rs::backtrace::trace_unsynchronized::<std[617be2ca0a6fd877]::sys::backtrace::_print_fmt::{closure#1}>
[INFO] [stderr]                                  at /rustc/e3feeb59cd1bdd011a2bfcc0747b55125d9b8527/library/std/src/../../backtrace/src/backtrace/mod.rs:66:14
[INFO] [stderr]      2:     0x59a277ca4231 - std[617be2ca0a6fd877]::sys::backtrace::_print_fmt
[INFO] [stderr]                                  at /rustc/e3feeb59cd1bdd011a2bfcc0747b55125d9b8527/library/std/src/sys/backtrace.rs:74:9
[INFO] [stderr]      3:     0x59a277ca4231 - <<std[617be2ca0a6fd877]::sys::backtrace::BacktraceLock>::print::DisplayBacktrace as core[a373ad73a504971]::fmt::Display>::fmt
[INFO] [stderr]                                  at /rustc/e3feeb59cd1bdd011a2bfcc0747b55125d9b8527/library/std/src/sys/backtrace.rs:44:26
[INFO] [stderr]      4:     0x59a277cb81ca - <core[a373ad73a504971]::fmt::rt::Argument>::fmt
[INFO] [stderr]                                  at /rustc/e3feeb59cd1bdd011a2bfcc0747b55125d9b8527/library/core/src/fmt/rt.rs:152:76
[INFO] [stderr]      5:     0x59a277cb81ca - core[a373ad73a504971]::fmt::write
[INFO] [stderr]      6:     0x59a277ca9a1c - core[a373ad73a504971]::io::write::default_write_fmt::<std[617be2ca0a6fd877]::sys::stdio::unix::Stderr>
[INFO] [stderr]                                  at /rustc/e3feeb59cd1bdd011a2bfcc0747b55125d9b8527/library/core/src/io/write.rs:402:11
[INFO] [stderr]      7:     0x59a277ca9a1c - <std[617be2ca0a6fd877]::sys::stdio::unix::Stderr as core[a373ad73a504971]::io::write::Write>::write_fmt
[INFO] [stderr]                                  at /rustc/e3feeb59cd1bdd011a2bfcc0747b55125d9b8527/library/core/src/io/write.rs:335:13
[INFO] [stderr]      8:     0x59a277c837a6 - <std[617be2ca0a6fd877]::sys::backtrace::BacktraceLock>::print
[INFO] [stderr]                                  at /rustc/e3feeb59cd1bdd011a2bfcc0747b55125d9b8527/library/std/src/sys/backtrace.rs:47:9
[INFO] [stderr]      9:     0x59a277c837a6 - std[617be2ca0a6fd877]::panicking::default_hook::{closure#0}
[INFO] [stderr]                                  at /rustc/e3feeb59cd1bdd011a2bfcc0747b55125d9b8527/library/std/src/panicking.rs:289:27
[INFO] [stderr]     10:     0x59a277c9ef51 - std[617be2ca0a6fd877]::panicking::default_hook
[INFO] [stderr]                                  at /rustc/e3feeb59cd1bdd011a2bfcc0747b55125d9b8527/library/std/src/panicking.rs:316:9
[INFO] [stderr]     11:     0x59a277c9f10b - std[617be2ca0a6fd877]::panicking::panic_with_hook
[INFO] [stderr]                                  at /rustc/e3feeb59cd1bdd011a2bfcc0747b55125d9b8527/library/std/src/panicking.rs:811:13
[INFO] [stderr]     12:     0x59a277c83852 - std[617be2ca0a6fd877]::panicking::panic_handler::{closure#0}
[INFO] [stderr]                                  at /rustc/e3feeb59cd1bdd011a2bfcc0747b55125d9b8527/library/std/src/panicking.rs:685:13
[INFO] [stderr]     13:     0x59a277c7c4c9 - std[617be2ca0a6fd877]::sys::backtrace::__rust_end_short_backtrace::<std[617be2ca0a6fd877]::panicking::panic_handler::{closure#0}, !>
[INFO] [stderr]                                  at /rustc/e3feeb59cd1bdd011a2bfcc0747b55125d9b8527/library/std/src/sys/backtrace.rs:182:18
[INFO] [stderr]     14:     0x59a277c8403d - __rustc[ea4f61d10b84890b]::rust_begin_unwind
[INFO] [stderr]                                  at /rustc/e3feeb59cd1bdd011a2bfcc0747b55125d9b8527/library/std/src/panicking.rs:676:5
[INFO] [stderr]     15:     0x59a277cb89bc - core[a373ad73a504971]::panicking::panic_fmt
[INFO] [stderr]                                  at /rustc/e3feeb59cd1bdd011a2bfcc0747b55125d9b8527/library/core/src/panicking.rs:80:14
[INFO] [stderr]     16:     0x59a277c0fed7 - cmake[6e474e9c737cb2c8]::fail
[INFO] [stderr]     17:     0x59a277c0fb63 - cmake[6e474e9c737cb2c8]::run
[INFO] [stderr]     18:     0x59a277c15b35 - <cmake[6e474e9c737cb2c8]::Config>::build
[INFO] [stderr]     19:     0x59a277c01f94 - build_script_build[2eaac9b518a210b9]::main
[INFO] [stderr]     20:     0x59a277c026a3 - <fn() as core[a373ad73a504971]::ops::function::FnOnce<()>>::call_once
[INFO] [stderr]     21:     0x59a277c01c46 - std[617be2ca0a6fd877]::sys::backtrace::__rust_begin_short_backtrace::<fn(), ()>
[INFO] [stderr]     22:     0x59a277c01c59 - std[617be2ca0a6fd877]::rt::lang_start::<()>::{closure#0}
[INFO] [stderr]     23:     0x59a277c9e258 - <&dyn core[a373ad73a504971]::ops::function::Fn<(), Output = i32> + core[a373ad73a504971]::marker::Sync + core[a373ad73a504971]::panic::unwind_safe::RefUnwindSafe as core[a373ad73a504971]::ops::function::FnOnce<()>>::call_once
[INFO] [stderr]                                  at /rustc/e3feeb59cd1bdd011a2bfcc0747b55125d9b8527/library/core/src/ops/function.rs:287:21
[INFO] [stderr]     24:     0x59a277c9e258 - std[617be2ca0a6fd877]::panicking::catch_unwind::do_call::<&dyn core[a373ad73a504971]::ops::function::Fn<(), Output = i32> + core[a373ad73a504971]::marker::Sync + core[a373ad73a504971]::panic::unwind_safe::RefUnwindSafe, i32>
[INFO] [stderr]                                  at /rustc/e3feeb59cd1bdd011a2bfcc0747b55125d9b8527/library/std/src/panicking.rs:573:43
[INFO] [stderr]     25:     0x59a277c9e258 - std[617be2ca0a6fd877]::panicking::catch_unwind::<i32, &dyn core[a373ad73a504971]::ops::function::Fn<(), Output = i32> + core[a373ad73a504971]::marker::Sync + core[a373ad73a504971]::panic::unwind_safe::RefUnwindSafe>
[INFO] [stderr]                                  at /rustc/e3feeb59cd1bdd011a2bfcc0747b55125d9b8527/library/std/src/panicking.rs:541:19
[INFO] [stderr]     26:     0x59a277c9e258 - std[617be2ca0a6fd877]::panic::catch_unwind::<&dyn core[a373ad73a504971]::ops::function::Fn<(), Output = i32> + core[a373ad73a504971]::marker::Sync + core[a373ad73a504971]::panic::unwind_safe::RefUnwindSafe, i32>
[INFO] [stderr]                                  at /rustc/e3feeb59cd1bdd011a2bfcc0747b55125d9b8527/library/std/src/panic.rs:359:14
[INFO] [stderr]     27:     0x59a277c9e258 - std[617be2ca0a6fd877]::rt::lang_start_internal::{closure#0}
[INFO] [stderr]                                  at /rustc/e3feeb59cd1bdd011a2bfcc0747b55125d9b8527/library/std/src/rt.rs:175:24
[INFO] [stderr]     28:     0x59a277c9e258 - std[617be2ca0a6fd877]::panicking::catch_unwind::do_call::<std[617be2ca0a6fd877]::rt::lang_start_internal::{closure#0}, isize>
[INFO] [stderr]                                  at /rustc/e3feeb59cd1bdd011a2bfcc0747b55125d9b8527/library/std/src/panicking.rs:573:43
[INFO] [stderr]     29:     0x59a277c9e258 - std[617be2ca0a6fd877]::panicking::catch_unwind::<isize, std[617be2ca0a6fd877]::rt::lang_start_internal::{closure#0}>
[INFO] [stderr]                                  at /rustc/e3feeb59cd1bdd011a2bfcc0747b55125d9b8527/library/std/src/panicking.rs:541:19
[INFO] [stderr]     30:     0x59a277c9e258 - std[617be2ca0a6fd877]::panic::catch_unwind::<std[617be2ca0a6fd877]::rt::lang_start_internal::{closure#0}, isize>
[INFO] [stderr]                                  at /rustc/e3feeb59cd1bdd011a2bfcc0747b55125d9b8527/library/std/src/panic.rs:359:14
[INFO] [stderr]     31:     0x59a277c9e258 - std[617be2ca0a6fd877]::rt::lang_start_internal
[INFO] [stderr]                                  at /rustc/e3feeb59cd1bdd011a2bfcc0747b55125d9b8527/library/std/src/rt.rs:171:5
[INFO] [stderr]     32:     0x59a277c017d1 - std[617be2ca0a6fd877]::rt::lang_start::<()>
[INFO] [stderr]     33:     0x59a277c02715 - main
[INFO] [stderr]     34:     0x74faf7538601 - <unknown>
[INFO] [stderr]     35:     0x74faf7538718 - __libc_start_main
[INFO] [stderr]     36:     0x59a277c00b25 - _start
[INFO] [stderr]     37:                0x0 - <unknown>
[INFO] running `Command { std: "docker" "inspect" "9f10c7e753991f32ac59b9488d56025c499933c060921026cb1a9690b5381bef", kill_on_drop: false }`
[INFO] running `Command { std: "docker" "rm" "-f" "9f10c7e753991f32ac59b9488d56025c499933c060921026cb1a9690b5381bef", kill_on_drop: false }`
[INFO] [stdout] 9f10c7e753991f32ac59b9488d56025c499933c060921026cb1a9690b5381bef
