[INFO] fetching crate self-awareness 0.1.1...
[INFO] testing self-awareness-0.1.1 against 1.100.0-beta.1 for beta-1.100-2
[INFO] extracting crate self-awareness 0.1.1 into /workspace/builds/worker-7-tc2/source
[INFO] started tweaking crates.io crate self-awareness 0.1.1
[INFO] finished tweaking crates.io crate self-awareness 0.1.1
[INFO] tweaked toml for crates.io crate self-awareness 0.1.1 written to /workspace/builds/worker-7-tc2/source/Cargo.toml
[INFO] validating manifest of crates.io crate self-awareness 0.1.1 on toolchain 1.100.0-beta.1
[INFO] running `Command { std: CARGO_HOME="/workspace/cargo-home" RUSTUP_HOME="/workspace/rustup-home" "/workspace/cargo-home/bin/cargo" "+1.100.0-beta.1" "metadata" "--manifest-path" "Cargo.toml" "--no-deps", kill_on_drop: false }`
[INFO] crate crates.io crate self-awareness 0.1.1 already has a lockfile, it will not be regenerated
[INFO] running `Command { std: CARGO_HOME="/workspace/cargo-home" RUSTUP_HOME="/workspace/rustup-home" "/workspace/cargo-home/bin/cargo" "+1.100.0-beta.1" "fetch" "--manifest-path" "Cargo.toml", kill_on_drop: false }`
[INFO] running `Command { std: "docker" "create" "-v" "/var/lib/crater-agent-workspace/builds/worker-7-tc2/source:/opt/rustwide/workdir:ro,Z" "-v" "/var/lib/crater-agent-workspace/builds/worker-7-tc2/target:/opt/rustwide/target:rw,Z" "-v" "/var/lib/crater-agent-workspace/cargo-home:/opt/rustwide/cargo-home:ro,Z" "-v" "/var/lib/crater-agent-workspace/rustup-home:/opt/rustwide/rustup-home:ro,Z" "-m" "1610612736" "--network" "none" "ghcr.io/rust-lang/crates-build-env/linux@sha256:3111399a4047eeb3a02b7a90e478d715f38a8c6669b5c4b49d30a17385265909" "sleep" "infinity", kill_on_drop: false }`
[INFO] [stdout] d0164702a7f121f8c8635e01e15b159e99d394bce52df6a034b5c91a9e7fd1db
[INFO] running `Command { std: "docker" "start" "d0164702a7f121f8c8635e01e15b159e99d394bce52df6a034b5c91a9e7fd1db", kill_on_drop: false }`
[INFO] running `Command { std: "docker" "inspect" "d0164702a7f121f8c8635e01e15b159e99d394bce52df6a034b5c91a9e7fd1db", kill_on_drop: false }`
[INFO] running `Command { std: "docker" "exec" "-e" "SOURCE_DIR=/opt/rustwide/workdir" "-e" "CARGO_HOME=/opt/rustwide/cargo-home" "-e" "RUSTUP_HOME=/opt/rustwide/rustup-home" "-e" "CARGO_TARGET_DIR=/opt/rustwide/target" "-w" "/opt/rustwide/workdir" "--user" "0:0" "d0164702a7f121f8c8635e01e15b159e99d394bce52df6a034b5c91a9e7fd1db" "/opt/rustwide/cargo-home/bin/cargo" "+1.100.0-beta.1" "metadata" "--no-deps" "--format-version=1", kill_on_drop: false }`
[INFO] running `Command { std: "docker" "inspect" "d0164702a7f121f8c8635e01e15b159e99d394bce52df6a034b5c91a9e7fd1db", kill_on_drop: false }`
[INFO] running `Command { std: "docker" "exec" "-e" "SOURCE_DIR=/opt/rustwide/workdir" "-e" "CARGO_HOME=/opt/rustwide/cargo-home" "-e" "RUSTUP_HOME=/opt/rustwide/rustup-home" "-e" "CARGO_TARGET_DIR=/opt/rustwide/target" "-e" "CARGO_INCREMENTAL=0" "-e" "RUST_BACKTRACE=full" "-e" "RUSTFLAGS=--cap-lints=warn" "-e" "RUSTDOCFLAGS=--cap-lints=warn" "-w" "/opt/rustwide/workdir" "--user" "0:0" "d0164702a7f121f8c8635e01e15b159e99d394bce52df6a034b5c91a9e7fd1db" "/opt/rustwide/cargo-home/bin/cargo" "+1.100.0-beta.1" "build" "--frozen" "--message-format=json", kill_on_drop: false }`
[INFO] [stderr]    Compiling getrandom v0.2.17
[INFO] [stderr]    Compiling zerocopy v0.8.48
[INFO] [stderr]    Compiling simd-adler32 v0.3.9
[INFO] [stderr]    Compiling windows_x86_64_gnu v0.52.6
[INFO] [stderr]    Compiling either v1.15.0
[INFO] [stderr]    Compiling smallvec v1.15.1
[INFO] [stderr]    Compiling ident_case v1.0.1
[INFO] [stderr]    Compiling generic-array v0.14.7
[INFO] [stderr]    Compiling signal-hook v0.3.18
[INFO] [stderr]    Compiling autocfg v1.5.0
[INFO] [stderr]    Compiling strsim v0.11.1
[INFO] [stderr]    Compiling syn v2.0.117
[INFO] [stderr]    Compiling crossbeam-epoch v0.9.18
[INFO] [stderr]    Compiling hybrid-array v0.4.11
[INFO] [stderr]    Compiling rustix v0.38.44
[INFO] [stderr]    Compiling log v0.4.29
[INFO] [stderr]    Compiling serde_core v1.0.228
[INFO] [stderr]    Compiling rand_core v0.6.4
[INFO] [stderr]    Compiling miniz_oxide v0.8.9
[INFO] [stderr]    Compiling windows-targets v0.52.6
[INFO] [stderr]    Compiling mio v1.2.0
[INFO] [stderr]    Compiling bitflags v2.11.1
[INFO] [stderr]    Compiling crossbeam-deque v0.8.6
[INFO] [stderr]    Compiling windows-result v0.2.0
[INFO] [stderr]    Compiling parking_lot_core v0.9.12
[INFO] [stderr]    Compiling weezl v0.1.12
[INFO] [stderr]    Compiling linux-raw-sys v0.4.15
[INFO] [stderr]    Compiling instability v0.3.12
[INFO] [stderr]    Compiling rayon-core v1.13.0
[INFO] [stderr]    Compiling opaque-debug v0.3.1
[INFO] [stderr]    Compiling windows-strings v0.1.0
[INFO] [stderr]    Compiling itertools v0.13.0
[INFO] [stderr]    Compiling fdeflate v0.3.7
[INFO] [stderr]    Compiling zune-inflate v0.2.54
[INFO] [stderr]    Compiling parking_lot v0.12.5
[INFO] [stderr]    Compiling castaway v0.2.4
[INFO] [stderr]    Compiling num-traits v0.2.19
[INFO] [stderr]    Compiling unicode-segmentation v1.13.2
[INFO] [stderr]    Compiling crypto-common v0.1.7
[INFO] [stderr]    Compiling inout v0.1.4
[INFO] [stderr]    Compiling universal-hash v0.5.1
[INFO] [stderr]    Compiling cipher v0.4.4
[INFO] [stderr]    Compiling block-buffer v0.10.4
[INFO] [stderr]    Compiling polyval v0.6.2
[INFO] [stderr]    Compiling digest v0.10.7
[INFO] [stderr]    Compiling signal-hook-mio v0.2.5
[INFO] [stderr]    Compiling crypto-common v0.2.1
[INFO] [stderr]    Compiling flate2 v1.1.9
[INFO] [stderr]    Compiling block-buffer v0.12.0
[INFO] [stderr]    Compiling bytemuck v1.25.0
[INFO] [stderr]    Compiling bit_field v0.10.3
[INFO] [stderr]    Compiling rayon v1.12.0
[INFO] [stderr]    Compiling serde_json v1.0.149
[INFO] [stderr]    Compiling color_quant v1.1.0
[INFO] [stderr]    Compiling option-ext v0.2.0
[INFO] [stderr]    Compiling serde v1.0.228
[INFO] [stderr]    Compiling lebe v0.5.3
[INFO] [stderr]    Compiling indoc v2.0.7
[INFO] [stderr]    Compiling unicode-width v0.1.14
[INFO] [stderr]    Compiling compact_str v0.8.1
[INFO] [stderr]    Compiling qoi v0.4.1
[INFO] [stderr]    Compiling png v0.17.16
[INFO] [stderr]    Compiling password-hash v0.5.0
[INFO] [stderr]    Compiling dirs-sys v0.4.1
[INFO] [stderr]    Compiling gif v0.13.3
[INFO] [stderr]    Compiling blake2 v0.10.6
[INFO] [stderr]    Compiling ctr v0.9.2
[INFO] [stderr]    Compiling aes v0.8.4
[INFO] [stderr]    Compiling ghash v0.5.1
[INFO] [stderr]    Compiling aead v0.5.2
[INFO] [stderr]    Compiling lru v0.12.5
[INFO] [stderr]    Compiling rtoolbox v0.0.5
[INFO] [stderr]    Compiling cassowary v0.3.0
[INFO] [stderr]    Compiling memchr v2.8.0
[INFO] [stderr]    Compiling unicode-width v0.2.0
[INFO] [stderr]    Compiling rpassword v7.5.1
[INFO] [stderr]    Compiling chrono v0.4.44
[INFO] [stderr]    Compiling crossterm v0.28.1
[INFO] [stderr]    Compiling aes-gcm v0.10.3
[INFO] [stderr]    Compiling digest v0.11.2
[INFO] [stderr]    Compiling dirs v5.0.1
[INFO] [stderr]    Compiling argon2 v0.5.3
[INFO] [stderr]    Compiling anyhow v1.0.102
[INFO] [stderr]    Compiling sha2 v0.11.0
[INFO] [stderr]    Compiling unicode-truncate v1.1.0
[INFO] [stderr]    Compiling darling_core v0.23.0
[INFO] [stderr]    Compiling jpeg-decoder v0.3.2
[INFO] [stderr]    Compiling zerocopy-derive v0.8.48
[INFO] [stderr]    Compiling windows-interface v0.58.0
[INFO] [stderr]    Compiling windows-implement v0.58.0
[INFO] [stderr]    Compiling strum_macros v0.26.4
[INFO] [stderr]    Compiling serde_derive v1.0.228
[INFO] [stderr]    Compiling tiff v0.9.1
[INFO] [stderr]    Compiling windows-core v0.58.0
[INFO] [stderr]    Compiling windows v0.58.0
[INFO] [stderr]    Compiling darling_macro v0.23.0
[INFO] [stderr]    Compiling darling v0.23.0
[INFO] [stderr]    Compiling strum v0.26.3
[INFO] [stderr]    Compiling ratatui v0.29.0
[INFO] [stderr]    Compiling half v2.7.1
[INFO] [stderr]    Compiling ppv-lite86 v0.2.21
[INFO] [stderr]    Compiling exr v1.74.0
[INFO] [stderr]    Compiling rand_chacha v0.3.1
[INFO] [stderr]    Compiling rand v0.8.6
[INFO] [stderr]    Compiling image v0.24.9
[INFO] [stderr]    Compiling self-awareness v0.1.1 (/opt/rustwide/workdir)
[INFO] [stdout] error[E0433]: cannot find `Win32` in `windows`
[INFO] [stdout]   --> src/capture.rs:70:18
[INFO] [stdout]    |
[INFO] [stdout] 70 |     use windows::Win32::Foundation::{CloseHandle, HANDLE};
[INFO] [stdout]    |                  ^^^^^ could not find `Win32` in `windows`
[INFO] [stdout] 
[INFO] [stdout] 
[INFO] [stdout] error[E0433]: cannot find `Win32` in `windows`
[INFO] [stdout]   --> src/capture.rs:71:18
[INFO] [stdout]    |
[INFO] [stdout] 71 |     use windows::Win32::Graphics::Gdi::{
[INFO] [stdout]    |                  ^^^^^ could not find `Win32` in `windows`
[INFO] [stdout] 
[INFO] [stdout] 
[INFO] [stdout] error[E0433]: cannot find `Win32` in `windows`
[INFO] [stdout]   --> src/capture.rs:77:26
[INFO] [stdout]    |
[INFO] [stdout] 77 |         let w = windows::Win32::UI::WindowsAndMessaging::GetSystemMetrics(
[INFO] [stdout]    |                          ^^^^^ could not find `Win32` in `windows`
[INFO] [stdout] 
[INFO] [stdout] 
[INFO] [stdout] error[E0433]: cannot find `Win32` in `windows`
[INFO] [stdout]   --> src/capture.rs:78:22
[INFO] [stdout]    |
[INFO] [stdout] 78 |             windows::Win32::UI::WindowsAndMessaging::SM_CXSCREEN,
[INFO] [stdout]    |                      ^^^^^ could not find `Win32` in `windows`
[INFO] [stdout] 
[INFO] [stdout] 
[INFO] [stdout] error[E0433]: cannot find `Win32` in `windows`
[INFO] [stdout]   --> src/capture.rs:80:26
[INFO] [stdout]    |
[INFO] [stdout] 80 |         let h = windows::Win32::UI::WindowsAndMessaging::GetSystemMetrics(
[INFO] [stdout]    |                          ^^^^^ could not find `Win32` in `windows`
[INFO] [stdout] 
[INFO] [stdout] 
[INFO] [stdout] error[E0433]: cannot find `Win32` in `windows`
[INFO] [stdout]   --> src/capture.rs:81:22
[INFO] [stdout]    |
[INFO] [stdout] 81 |             windows::Win32::UI::WindowsAndMessaging::SM_CYSCREEN,
[INFO] [stdout]    |                      ^^^^^ could not find `Win32` in `windows`
[INFO] [stdout] 
[INFO] [stdout] 
[INFO] [stdout] error[E0433]: cannot find `Win32` in `windows`
[INFO] [stdout]   --> src/capture.rs:92:32
[INFO] [stdout]    |
[INFO] [stdout] 92 |         let desktop = windows::Win32::UI::WindowsAndMessaging::GetDesktopWindow();
[INFO] [stdout]    |                                ^^^^^ could not find `Win32` in `windows`
[INFO] [stdout] 
[INFO] [stdout] 
[INFO] [stdout] error[E0433]: cannot find `Win32` in `windows`
[INFO] [stdout]    --> src/capture.rs:131:31
[INFO] [stdout]     |
[INFO] [stdout] 131 |         let mut bmi: windows::Win32::Graphics::Gdi::BITMAPINFO =
[INFO] [stdout]     |                               ^^^^^ could not find `Win32` in `windows`
[INFO] [stdout] 
[INFO] [stdout] 
[INFO] [stdout] error[E0433]: cannot find `Win32` in `windows`
[INFO] [stdout]    --> src/capture.rs:134:42
[INFO] [stdout]     |
[INFO] [stdout] 134 |             std::mem::size_of::<windows::Win32::Graphics::Gdi::BITMAPINFOHEADER>() as u32;
[INFO] [stdout]     |                                          ^^^^^ could not find `Win32` in `windows`
[INFO] [stdout] 
[INFO] [stdout] 
[INFO] [stdout] error[E0433]: cannot find `Win32` in `windows`
[INFO] [stdout]    --> src/capture.rs:149:22
[INFO] [stdout]     |
[INFO] [stdout] 149 |             windows::Win32::Graphics::Gdi::DIB_RGB_COLORS,
[INFO] [stdout]     |                      ^^^^^ could not find `Win32` in `windows`
[INFO] [stdout] 
[INFO] [stdout] 
[INFO] [stdout] error[E0433]: cannot find `Win32` in `windows`
[INFO] [stdout]   --> src/elevate.rs:42:22
[INFO] [stdout]    |
[INFO] [stdout] 42 |             windows::Win32::UI::Shell::ShellExecuteW(
[INFO] [stdout]    |                      ^^^^^ could not find `Win32` in `windows`
[INFO] [stdout] 
[INFO] [stdout] 
[INFO] [stdout] error[E0433]: cannot find `core` in `windows`
[INFO] [stdout]   --> src/elevate.rs:44:26
[INFO] [stdout]    |
[INFO] [stdout] 44 |                 windows::core::PCWSTR(operation.as_ptr()),
[INFO] [stdout]    |                          ^^^^ could not find `core` in `windows`
[INFO] [stdout] 
[INFO] [stdout] 
[INFO] [stdout] error[E0433]: cannot find `core` in `windows`
[INFO] [stdout]   --> src/elevate.rs:45:26
[INFO] [stdout]    |
[INFO] [stdout] 45 |                 windows::core::PCWSTR(file.as_ptr()),
[INFO] [stdout]    |                          ^^^^ could not find `core` in `windows`
[INFO] [stdout] 
[INFO] [stdout] 
[INFO] [stdout] error[E0433]: cannot find `core` in `windows`
[INFO] [stdout]   --> src/elevate.rs:46:26
[INFO] [stdout]    |
[INFO] [stdout] 46 |                 windows::core::PCWSTR(params.as_ptr()),
[INFO] [stdout]    |                          ^^^^ could not find `core` in `windows`
[INFO] [stdout] 
[INFO] [stdout] 
[INFO] [stdout] error[E0433]: cannot find `Win32` in `windows`
[INFO] [stdout]   --> src/elevate.rs:48:26
[INFO] [stdout]    |
[INFO] [stdout] 48 |                 windows::Win32::UI::WindowsAndMessaging::SW_SHOWNORMAL,
[INFO] [stdout]    |                          ^^^^^ could not find `Win32` in `windows`
[INFO] [stdout] 
[INFO] [stdout] 
[INFO] [stdout] For more information about this error, try `rustc --explain E0433`.
[INFO] [stdout] 
[INFO] [stderr] error: could not compile `self-awareness` (bin "self-awareness") due to 15 previous errors
[INFO] running `Command { std: "docker" "inspect" "d0164702a7f121f8c8635e01e15b159e99d394bce52df6a034b5c91a9e7fd1db", kill_on_drop: false }`
[INFO] running `Command { std: "docker" "rm" "-f" "d0164702a7f121f8c8635e01e15b159e99d394bce52df6a034b5c91a9e7fd1db", kill_on_drop: false }`
[INFO] [stdout] d0164702a7f121f8c8635e01e15b159e99d394bce52df6a034b5c91a9e7fd1db
