[INFO] fetching crate seedlink-rs-server 0.4.0...
[INFO] testing seedlink-rs-server-0.4.0 against 1.99.0-beta.8 for beta-1.100-2
[INFO] extracting crate seedlink-rs-server 0.4.0 into /workspace/builds/worker-7-tc1/source
[INFO] started tweaking crates.io crate seedlink-rs-server 0.4.0
[INFO] removed 0 missing examples
[INFO] finished tweaking crates.io crate seedlink-rs-server 0.4.0
[INFO] tweaked toml for crates.io crate seedlink-rs-server 0.4.0 written to /workspace/builds/worker-7-tc1/source/Cargo.toml
[INFO] validating manifest of crates.io crate seedlink-rs-server 0.4.0 on toolchain 1.99.0-beta.8
[INFO] running `Command { std: CARGO_HOME="/workspace/cargo-home" RUSTUP_HOME="/workspace/rustup-home" "/workspace/cargo-home/bin/cargo" "+1.99.0-beta.8" "metadata" "--manifest-path" "Cargo.toml" "--no-deps", kill_on_drop: false }`
[INFO] crate crates.io crate seedlink-rs-server 0.4.0 already has a lockfile, it will not be regenerated
[INFO] running `Command { std: CARGO_HOME="/workspace/cargo-home" RUSTUP_HOME="/workspace/rustup-home" "/workspace/cargo-home/bin/cargo" "+1.99.0-beta.8" "fetch" "--manifest-path" "Cargo.toml", kill_on_drop: false }`
[INFO] [stderr]     Blocking waiting for file lock on package cache
[INFO] [stderr]     Updating crates.io index
[INFO] [stderr]  Downloading crates ...
[INFO] [stderr]   Downloaded socket2 v0.6.2
[INFO] [stderr]   Downloaded seedlink-rs-protocol v0.4.0
[INFO] [stderr]   Downloaded unicode-ident v1.0.23
[INFO] [stderr]   Downloaded miniseed-rs v0.2.0
[INFO] [stderr]   Downloaded libc v0.2.181
[INFO] running `Command { std: "docker" "create" "-v" "/var/lib/crater-agent-workspace/builds/worker-7-tc1/source:/opt/rustwide/workdir:ro,Z" "-v" "/var/lib/crater-agent-workspace/builds/worker-7-tc1/target:/opt/rustwide/target:rw,Z" "-v" "/var/lib/crater-agent-workspace/cargo-home:/opt/rustwide/cargo-home:ro,Z" "-v" "/var/lib/crater-agent-workspace/rustup-home:/opt/rustwide/rustup-home:ro,Z" "-m" "1610612736" "--network" "none" "ghcr.io/rust-lang/crates-build-env/linux@sha256:3111399a4047eeb3a02b7a90e478d715f38a8c6669b5c4b49d30a17385265909" "sleep" "infinity", kill_on_drop: false }`
[INFO] [stdout] 9484f0869fa78291c7196cc69f1735af9dd28b228f549392a06024cd4da1398f
[INFO] running `Command { std: "docker" "start" "9484f0869fa78291c7196cc69f1735af9dd28b228f549392a06024cd4da1398f", kill_on_drop: false }`
[INFO] running `Command { std: "docker" "inspect" "9484f0869fa78291c7196cc69f1735af9dd28b228f549392a06024cd4da1398f", kill_on_drop: false }`
[INFO] running `Command { std: "docker" "exec" "-e" "SOURCE_DIR=/opt/rustwide/workdir" "-e" "CARGO_HOME=/opt/rustwide/cargo-home" "-e" "RUSTUP_HOME=/opt/rustwide/rustup-home" "-e" "CARGO_TARGET_DIR=/opt/rustwide/target" "-w" "/opt/rustwide/workdir" "--user" "0:0" "9484f0869fa78291c7196cc69f1735af9dd28b228f549392a06024cd4da1398f" "/opt/rustwide/cargo-home/bin/cargo" "+1.99.0-beta.8" "metadata" "--no-deps" "--format-version=1", kill_on_drop: false }`
[INFO] running `Command { std: "docker" "inspect" "9484f0869fa78291c7196cc69f1735af9dd28b228f549392a06024cd4da1398f", kill_on_drop: false }`
[INFO] running `Command { std: "docker" "exec" "-e" "SOURCE_DIR=/opt/rustwide/workdir" "-e" "CARGO_HOME=/opt/rustwide/cargo-home" "-e" "RUSTUP_HOME=/opt/rustwide/rustup-home" "-e" "CARGO_TARGET_DIR=/opt/rustwide/target" "-e" "CARGO_INCREMENTAL=0" "-e" "RUST_BACKTRACE=full" "-e" "RUSTFLAGS=--cap-lints=warn" "-e" "RUSTDOCFLAGS=--cap-lints=warn" "-w" "/opt/rustwide/workdir" "--user" "0:0" "9484f0869fa78291c7196cc69f1735af9dd28b228f549392a06024cd4da1398f" "/opt/rustwide/cargo-home/bin/cargo" "+1.99.0-beta.8" "build" "--frozen" "--message-format=json", kill_on_drop: false }`
[INFO] [stderr]    Compiling quote v1.0.44
[INFO] [stderr]    Compiling unicode-ident v1.0.23
[INFO] [stderr]    Compiling libc v0.2.181
[INFO] [stderr]    Compiling bytes v1.11.1
[INFO] [stderr]    Compiling tracing-core v0.1.36
[INFO] [stderr]    Compiling proc-macro2 v1.0.106
[INFO] [stderr]    Compiling syn v2.0.114
[INFO] [stderr]    Compiling parking_lot_core v0.9.12
[INFO] [stderr]    Compiling errno v0.3.14
[INFO] [stderr]    Compiling mio v1.1.1
[INFO] [stderr]    Compiling socket2 v0.6.2
[INFO] [stderr]    Compiling signal-hook-registry v1.4.8
[INFO] [stderr]    Compiling parking_lot v0.12.5
[INFO] [stderr]    Compiling thiserror-impl v2.0.18
[INFO] [stderr]    Compiling tracing-attributes v0.1.31
[INFO] [stderr]    Compiling tokio-macros v2.6.0
[INFO] [stderr]    Compiling tokio v1.49.0
[INFO] [stderr]    Compiling tracing v0.1.44
[INFO] [stderr]    Compiling thiserror v2.0.18
[INFO] [stderr]    Compiling miniseed-rs v0.2.0
[INFO] [stderr]    Compiling seedlink-rs-protocol v0.4.0
[INFO] [stderr]    Compiling seedlink-rs-server v0.4.0 (/opt/rustwide/workdir)
[INFO] [stderr]     Finished `dev` profile [unoptimized + debuginfo] target(s) in 21.17s
[INFO] running `Command { std: "docker" "inspect" "9484f0869fa78291c7196cc69f1735af9dd28b228f549392a06024cd4da1398f", kill_on_drop: false }`
[INFO] running `Command { std: "docker" "exec" "-e" "SOURCE_DIR=/opt/rustwide/workdir" "-e" "CARGO_HOME=/opt/rustwide/cargo-home" "-e" "RUSTUP_HOME=/opt/rustwide/rustup-home" "-e" "CARGO_TARGET_DIR=/opt/rustwide/target" "-e" "CARGO_INCREMENTAL=0" "-e" "RUST_BACKTRACE=full" "-e" "RUSTFLAGS=--cap-lints=warn" "-e" "RUSTDOCFLAGS=--cap-lints=warn" "-w" "/opt/rustwide/workdir" "--user" "0:0" "9484f0869fa78291c7196cc69f1735af9dd28b228f549392a06024cd4da1398f" "/opt/rustwide/cargo-home/bin/cargo" "+1.99.0-beta.8" "test" "--frozen" "--no-run" "--message-format=json", kill_on_drop: false }`
[INFO] [stderr]    Compiling seedlink-rs-server v0.4.0 (/opt/rustwide/workdir)
[INFO] [stdout] error[E0432]: unresolved import `seedlink_rs_client`
[INFO] [stdout]   --> examples/stress_test.rs:20:5
[INFO] [stdout]    |
[INFO] [stdout] 20 | use seedlink_rs_client::{ClientConfig, SeedLinkClient};
[INFO] [stdout]    |     ^^^^^^^^^^^^^^^^^^ use of unresolved module or unlinked crate `seedlink_rs_client`
[INFO] [stdout]    |
[INFO] [stdout] help: there is a crate or module with a similar name
[INFO] [stdout]    |
[INFO] [stdout] 20 - use seedlink_rs_client::{ClientConfig, SeedLinkClient};
[INFO] [stdout] 20 + use seedlink_rs_server::{ClientConfig, SeedLinkClient};
[INFO] [stdout]    |
[INFO] [stdout] 
[INFO] [stdout] 
[INFO] [stdout] warning: method call on a diverging inference variable
[INFO] [stdout]    --> examples/stress_test.rs:117:36
[INFO] [stdout]     |
[INFO] [stdout] 117 |             if let Err(e) = client.station("ANMO", "IU").await {
[INFO] [stdout]     |                                    ^^^^^^^
[INFO] [stdout]     |
[INFO] [stdout]     = help: consider providing a type annotation
[INFO] [stdout]     = warning: this was previously accepted by the compiler but is being phased out; it will become a hard error in a future release!
[INFO] [stdout]     = note: for more information, see issue #156047 <https://github.com/rust-lang/rust/issues/156047>
[INFO] [stdout]     = note: `#[warn(method_call_on_diverging_infer_var)]` (part of `#[warn(future_incompatible)]`) on by default
[INFO] [stdout] 
[INFO] [stdout] 
[INFO] [stdout] error[E0599]: no method named `station` found for type `!` in the current scope
[INFO] [stdout]    --> examples/stress_test.rs:117:36
[INFO] [stdout]     |
[INFO] [stdout] 117 |             if let Err(e) = client.station("ANMO", "IU").await {
[INFO] [stdout]     |                                    ^^^^^^^ method not found in `!`
[INFO] [stdout] 
[INFO] [stdout] 
[INFO] [stdout] error[E0599]: no method named `data` found for type `!` in the current scope
[INFO] [stdout]    --> examples/stress_test.rs:122:36
[INFO] [stdout]     |
[INFO] [stdout] 122 |             if let Err(e) = client.data().await {
[INFO] [stdout]     |                                    ^^^^ method not found in `!`
[INFO] [stdout] 
[INFO] [stdout] 
[INFO] [stdout] warning: unreachable call
[INFO] [stdout]    --> examples/stress_test.rs:122:36
[INFO] [stdout]     |
[INFO] [stdout] 122 |             if let Err(e) = client.data().await {
[INFO] [stdout]     |                             ------ ^^^^ unreachable call
[INFO] [stdout]     |                             |
[INFO] [stdout]     |                             any code following this expression is unreachable
[INFO] [stdout]     |
[INFO] [stdout]     = note: `#[warn(unreachable_code)]` (part of `#[warn(unused)]`) on by default
[INFO] [stdout] 
[INFO] [stdout] 
[INFO] [stdout] error[E0599]: no method named `end_stream` found for type `!` in the current scope
[INFO] [stdout]    --> examples/stress_test.rs:127:36
[INFO] [stdout]     |
[INFO] [stdout] 127 |             if let Err(e) = client.end_stream().await {
[INFO] [stdout]     |                                    ^^^^^^^^^^ method not found in `!`
[INFO] [stdout] 
[INFO] [stdout] 
[INFO] [stdout] warning: unreachable call
[INFO] [stdout]    --> examples/stress_test.rs:127:36
[INFO] [stdout]     |
[INFO] [stdout] 127 |             if let Err(e) = client.end_stream().await {
[INFO] [stdout]     |                             ------ ^^^^^^^^^^ unreachable call
[INFO] [stdout]     |                             |
[INFO] [stdout]     |                             any code following this expression is unreachable
[INFO] [stdout] 
[INFO] [stdout] 
[INFO] [stdout] error[E0599]: no method named `next_frame` found for type `!` in the current scope
[INFO] [stdout]    --> examples/stress_test.rs:139:30
[INFO] [stdout]     |
[INFO] [stdout] 139 |                 match client.next_frame().await {
[INFO] [stdout]     |                              ^^^^^^^^^^ method not found in `!`
[INFO] [stdout] 
[INFO] [stdout] 
[INFO] [stdout] warning: unreachable call
[INFO] [stdout]    --> examples/stress_test.rs:139:30
[INFO] [stdout]     |
[INFO] [stdout] 139 |                 match client.next_frame().await {
[INFO] [stdout]     |                       ------ ^^^^^^^^^^ unreachable call
[INFO] [stdout]     |                       |
[INFO] [stdout]     |                       any code following this expression is unreachable
[INFO] [stdout] 
[INFO] [stdout] 
[INFO] [stdout] Some errors have detailed explanations: E0432, E0599.
[INFO] [stdout] 
[INFO] [stdout] For more information about an error, try `rustc --explain E0432`.
[INFO] [stdout] 
[INFO] [stderr] error: could not compile `seedlink-rs-server` (example "stress_test") due to 5 previous errors; 5 warnings emitted
[INFO] [stderr] warning: build failed, waiting for other jobs to finish...
[INFO] [stdout] error[E0432]: unresolved import `seedlink_rs_client`
[INFO] [stdout]    --> src/lib.rs:354:9
[INFO] [stdout]     |
[INFO] [stdout] 354 |     use seedlink_rs_client::{ClientConfig, ClientState, OwnedFrame, SeedLinkClient};
[INFO] [stdout]     |         ^^^^^^^^^^^^^^^^^^ use of unresolved module or unlinked crate `seedlink_rs_client`
[INFO] [stdout]     |
[INFO] [stdout]     = help: if you wanted to use a crate named `seedlink_rs_client`, use `cargo add seedlink_rs_client` to add it to your `Cargo.toml`
[INFO] [stdout] 
[INFO] [stdout] 
[INFO] [stdout] For more information about this error, try `rustc --explain E0432`.
[INFO] [stdout] 
[INFO] [stderr] error: could not compile `seedlink-rs-server` (lib test) due to 1 previous error
[INFO] running `Command { std: "docker" "inspect" "9484f0869fa78291c7196cc69f1735af9dd28b228f549392a06024cd4da1398f", kill_on_drop: false }`
[INFO] running `Command { std: "docker" "rm" "-f" "9484f0869fa78291c7196cc69f1735af9dd28b228f549392a06024cd4da1398f", kill_on_drop: false }`
[INFO] [stdout] 9484f0869fa78291c7196cc69f1735af9dd28b228f549392a06024cd4da1398f
