[INFO] fetching crate sealed_test 1.1.0...
[INFO] testing sealed_test-1.1.0 against 1.100.0-beta.1 for beta-1.100-2
[INFO] extracting crate sealed_test 1.1.0 into /workspace/builds/worker-2-tc2/source
[INFO] started tweaking crates.io crate sealed_test 1.1.0
[INFO] finished tweaking crates.io crate sealed_test 1.1.0
[INFO] tweaked toml for crates.io crate sealed_test 1.1.0 written to /workspace/builds/worker-2-tc2/source/Cargo.toml
[INFO] validating manifest of crates.io crate sealed_test 1.1.0 on toolchain 1.100.0-beta.1
[INFO] running `Command { std: CARGO_HOME="/workspace/cargo-home" RUSTUP_HOME="/workspace/rustup-home" "/workspace/cargo-home/bin/cargo" "+1.100.0-beta.1" "metadata" "--manifest-path" "Cargo.toml" "--no-deps", kill_on_drop: false }`
[INFO] running `Command { std: CARGO_HOME="/workspace/cargo-home" RUSTUP_HOME="/workspace/rustup-home" "/workspace/cargo-home/bin/cargo" "+1.100.0-beta.1" "generate-lockfile" "--manifest-path" "Cargo.toml", kill_on_drop: false }`
[INFO] [stderr]     Blocking waiting for file lock on package cache
[INFO] [stderr]     Updating crates.io index
[INFO] [stderr]      Locking 46 packages to highest compatible versions
[INFO] [stderr]       Adding cmd_lib v1.9.6 (available: v2.0.1)
[INFO] running `Command { std: CARGO_HOME="/workspace/cargo-home" RUSTUP_HOME="/workspace/rustup-home" "/workspace/cargo-home/bin/cargo" "+1.100.0-beta.1" "fetch" "--manifest-path" "Cargo.toml", kill_on_drop: false }`
[INFO] running `Command { std: "docker" "create" "-v" "/var/lib/crater-agent-workspace/builds/worker-2-tc2/source:/opt/rustwide/workdir:ro,Z" "-v" "/var/lib/crater-agent-workspace/builds/worker-2-tc2/target:/opt/rustwide/target:rw,Z" "-v" "/var/lib/crater-agent-workspace/cargo-home:/opt/rustwide/cargo-home:ro,Z" "-v" "/var/lib/crater-agent-workspace/rustup-home:/opt/rustwide/rustup-home:ro,Z" "-m" "1610612736" "--network" "none" "ghcr.io/rust-lang/crates-build-env/linux@sha256:3111399a4047eeb3a02b7a90e478d715f38a8c6669b5c4b49d30a17385265909" "sleep" "infinity", kill_on_drop: false }`
[INFO] [stdout] 08bbfe4b20eecce1d6f280b2e2c7f4fc6e591e1961a1938d82b1dac76ed00b4c
[INFO] running `Command { std: "docker" "start" "08bbfe4b20eecce1d6f280b2e2c7f4fc6e591e1961a1938d82b1dac76ed00b4c", kill_on_drop: false }`
[INFO] running `Command { std: "docker" "inspect" "08bbfe4b20eecce1d6f280b2e2c7f4fc6e591e1961a1938d82b1dac76ed00b4c", kill_on_drop: false }`
[INFO] running `Command { std: "docker" "exec" "-e" "SOURCE_DIR=/opt/rustwide/workdir" "-e" "CARGO_HOME=/opt/rustwide/cargo-home" "-e" "RUSTUP_HOME=/opt/rustwide/rustup-home" "-e" "CARGO_TARGET_DIR=/opt/rustwide/target" "-w" "/opt/rustwide/workdir" "--user" "0:0" "08bbfe4b20eecce1d6f280b2e2c7f4fc6e591e1961a1938d82b1dac76ed00b4c" "/opt/rustwide/cargo-home/bin/cargo" "+1.100.0-beta.1" "metadata" "--no-deps" "--format-version=1", kill_on_drop: false }`
[INFO] running `Command { std: "docker" "inspect" "08bbfe4b20eecce1d6f280b2e2c7f4fc6e591e1961a1938d82b1dac76ed00b4c", kill_on_drop: false }`
[INFO] running `Command { std: "docker" "exec" "-e" "SOURCE_DIR=/opt/rustwide/workdir" "-e" "CARGO_HOME=/opt/rustwide/cargo-home" "-e" "RUSTUP_HOME=/opt/rustwide/rustup-home" "-e" "CARGO_TARGET_DIR=/opt/rustwide/target" "-e" "CARGO_INCREMENTAL=0" "-e" "RUST_BACKTRACE=full" "-e" "RUSTFLAGS=--cap-lints=warn" "-e" "RUSTDOCFLAGS=--cap-lints=warn" "-w" "/opt/rustwide/workdir" "--user" "0:0" "08bbfe4b20eecce1d6f280b2e2c7f4fc6e591e1961a1938d82b1dac76ed00b4c" "/opt/rustwide/cargo-home/bin/cargo" "+1.100.0-beta.1" "build" "--frozen" "--message-format=json", kill_on_drop: false }`
[INFO] [stderr]    Compiling libc v0.2.190
[INFO] [stderr]    Compiling proc-macro2 v1.0.107
[INFO] [stderr]    Compiling getrandom v0.4.3
[INFO] [stderr]    Compiling rustix v1.1.5
[INFO] [stderr]    Compiling cfg-if v1.0.5
[INFO] [stderr]    Compiling bitflags v2.13.2
[INFO] [stderr]    Compiling linux-raw-sys v0.12.1
[INFO] [stderr]    Compiling once_cell v1.21.4
[INFO] [stderr]    Compiling fs_extra v1.3.0
[INFO] [stderr]    Compiling quote v1.0.47
[INFO] [stderr]    Compiling syn v2.0.119
[INFO] [stderr]    Compiling wait-timeout v0.2.1
[INFO] [stderr]    Compiling tempfile v3.27.0
[INFO] [stderr]    Compiling rusty-forkfork v0.4.0
[INFO] [stderr]    Compiling sealed_test_derive v1.1.0
[INFO] [stderr]    Compiling sealed_test v1.1.0 (/opt/rustwide/workdir)
[INFO] [stderr]     Finished `dev` profile [unoptimized + debuginfo] target(s) in 9.48s
[INFO] running `Command { std: "docker" "inspect" "08bbfe4b20eecce1d6f280b2e2c7f4fc6e591e1961a1938d82b1dac76ed00b4c", kill_on_drop: false }`
[INFO] running `Command { std: "docker" "exec" "-e" "SOURCE_DIR=/opt/rustwide/workdir" "-e" "CARGO_HOME=/opt/rustwide/cargo-home" "-e" "RUSTUP_HOME=/opt/rustwide/rustup-home" "-e" "CARGO_TARGET_DIR=/opt/rustwide/target" "-e" "CARGO_INCREMENTAL=0" "-e" "RUST_BACKTRACE=full" "-e" "RUSTFLAGS=--cap-lints=warn" "-e" "RUSTDOCFLAGS=--cap-lints=warn" "-w" "/opt/rustwide/workdir" "--user" "0:0" "08bbfe4b20eecce1d6f280b2e2c7f4fc6e591e1961a1938d82b1dac76ed00b4c" "/opt/rustwide/cargo-home/bin/cargo" "+1.100.0-beta.1" "test" "--frozen" "--no-run" "--message-format=json", kill_on_drop: false }`
[INFO] [stderr]    Compiling syn v2.0.119
[INFO] [stderr]    Compiling memchr v2.8.3
[INFO] [stderr]    Compiling regex-syntax v0.8.11
[INFO] [stderr]    Compiling proc-macro-error-attr2 v2.0.0
[INFO] [stderr]    Compiling is-terminal v0.4.17
[INFO] [stderr]    Compiling termcolor v1.4.1
[INFO] [stderr]    Compiling humantime v2.4.0
[INFO] [stderr]    Compiling log v0.4.34
[INFO] [stderr]    Compiling os_pipe v1.2.3
[INFO] [stderr]    Compiling lazy_static v1.5.1
[INFO] [stderr]    Compiling faccess v0.2.4
[INFO] [stderr]    Compiling aho-corasick v1.1.5
[INFO] [stderr]    Compiling regex-automata v0.4.18
[INFO] [stderr]    Compiling proc-macro-error2 v2.0.1
[INFO] [stderr]    Compiling regex v1.13.1
[INFO] [stderr]    Compiling env_logger v0.10.2
[INFO] [stderr]    Compiling sealed_test_derive v1.1.0
[INFO] [stderr]    Compiling cmd_lib_macros v1.9.6
[INFO] [stderr]    Compiling sealed_test v1.1.0 (/opt/rustwide/workdir)
[INFO] [stderr]    Compiling cmd_lib v1.9.6
[INFO] [stdout] error[E0277]: `PathBuf` doesn't implement `std::fmt::Display`
[INFO] [stdout]    --> src/lib.rs:157:9
[INFO] [stdout]     |
[INFO] [stdout] 157 | /         run_cmd! (
[INFO] [stdout] 158 | |             info "Initializing test repo in $current_dir";
[INFO] [stdout] 159 | |             git init;
[INFO] [stdout] 160 | |             git commit -m c1 --allow-empty;
[INFO] [stdout] 161 | |             git commit -m c2 --allow-empty;
[INFO] [stdout] 162 | |             git shortlog;
[INFO] [stdout] 163 | |         )
[INFO] [stdout]     | |_________^ `PathBuf` cannot be formatted with the default formatter; call `.display()` on it
[INFO] [stdout]     |
[INFO] [stdout]     = help: the trait `std::fmt::Display` is not implemented for `PathBuf`
[INFO] [stdout]     = note: call `.display()` or `.to_string_lossy()` to safely print paths, as they may contain non-Unicode data
[INFO] [stdout]     = note: in format strings you may be able to use `{:?}` (or `{:#?}` for pretty-print) instead
[INFO] [stdout]     = note: this error originates in the macro `$crate::__export::format_args` which comes from the expansion of the macro `run_cmd` (in Nightly builds, run with -Z macro-backtrace for more info)
[INFO] [stdout] 
[INFO] [stdout] 
[INFO] [stdout] error[E0277]: `PathBuf` doesn't implement `std::fmt::Display`
[INFO] [stdout]    --> src/lib.rs:192:9
[INFO] [stdout]     |
[INFO] [stdout] 192 | /         run_cmd! (
[INFO] [stdout] 193 | |             info "Initializing test repo in $current_dir";
[INFO] [stdout] 194 | |             git init;
[INFO] [stdout] 195 | |             git commit -m "a commit" --allow-empty;
[INFO] [stdout] 196 | |             git checkout -b branch1;
[INFO] [stdout] 197 | |             git shortlog;
[INFO] [stdout] 198 | |         )
[INFO] [stdout]     | |_________^ `PathBuf` cannot be formatted with the default formatter; call `.display()` on it
[INFO] [stdout]     |
[INFO] [stdout]     = help: the trait `std::fmt::Display` is not implemented for `PathBuf`
[INFO] [stdout]     = note: call `.display()` or `.to_string_lossy()` to safely print paths, as they may contain non-Unicode data
[INFO] [stdout]     = note: in format strings you may be able to use `{:?}` (or `{:#?}` for pretty-print) instead
[INFO] [stdout]     = note: this error originates in the macro `$crate::__export::format_args` which comes from the expansion of the macro `run_cmd` (in Nightly builds, run with -Z macro-backtrace for more info)
[INFO] [stdout] 
[INFO] [stdout] 
[INFO] [stdout] error[E0277]: `PathBuf` doesn't implement `std::fmt::Display`
[INFO] [stdout]    --> src/lib.rs:207:9
[INFO] [stdout]     |
[INFO] [stdout] 207 | /         run_cmd! (
[INFO] [stdout] 208 | |             info "Initializing test repo in $current_dir";
[INFO] [stdout] 209 | |             git init;
[INFO] [stdout] 210 | |             git commit -m "a commit" --allow-empty;
[INFO] [stdout] 211 | |             git checkout -b branch1;
[INFO] [stdout] 212 | |             git shortlog;
[INFO] [stdout] 213 | |         )
[INFO] [stdout]     | |_________^ `PathBuf` cannot be formatted with the default formatter; call `.display()` on it
[INFO] [stdout]     |
[INFO] [stdout]     = help: the trait `std::fmt::Display` is not implemented for `PathBuf`
[INFO] [stdout]     = note: call `.display()` or `.to_string_lossy()` to safely print paths, as they may contain non-Unicode data
[INFO] [stdout]     = note: in format strings you may be able to use `{:?}` (or `{:#?}` for pretty-print) instead
[INFO] [stdout]     = note: this error originates in the macro `$crate::__export::format_args` which comes from the expansion of the macro `run_cmd` (in Nightly builds, run with -Z macro-backtrace for more info)
[INFO] [stdout] 
[INFO] [stdout] 
[INFO] [stdout] For more information about this error, try `rustc --explain E0277`.
[INFO] [stdout] 
[INFO] [stderr] error: could not compile `sealed_test` (lib test) due to 3 previous errors
[INFO] running `Command { std: "docker" "inspect" "08bbfe4b20eecce1d6f280b2e2c7f4fc6e591e1961a1938d82b1dac76ed00b4c", kill_on_drop: false }`
[INFO] running `Command { std: "docker" "rm" "-f" "08bbfe4b20eecce1d6f280b2e2c7f4fc6e591e1961a1938d82b1dac76ed00b4c", kill_on_drop: false }`
[INFO] [stdout] 08bbfe4b20eecce1d6f280b2e2c7f4fc6e591e1961a1938d82b1dac76ed00b4c
