[INFO] fetching crate sea-orm-ext 0.0.4...
[INFO] testing sea-orm-ext-0.0.4 against 1.100.0-beta.1 for beta-1.100-2
[INFO] extracting crate sea-orm-ext 0.0.4 into /workspace/builds/worker-3-tc2/source
[INFO] started tweaking crates.io crate sea-orm-ext 0.0.4
[INFO] removed 0 missing examples
[INFO] removed 0 missing tests
[INFO] finished tweaking crates.io crate sea-orm-ext 0.0.4
[INFO] tweaked toml for crates.io crate sea-orm-ext 0.0.4 written to /workspace/builds/worker-3-tc2/source/Cargo.toml
[INFO] validating manifest of crates.io crate sea-orm-ext 0.0.4 on toolchain 1.100.0-beta.1
[INFO] running `Command { std: CARGO_HOME="/workspace/cargo-home" RUSTUP_HOME="/workspace/rustup-home" "/workspace/cargo-home/bin/cargo" "+1.100.0-beta.1" "metadata" "--manifest-path" "Cargo.toml" "--no-deps", kill_on_drop: false }`
[INFO] crate crates.io crate sea-orm-ext 0.0.4 already has a lockfile, it will not be regenerated
[INFO] running `Command { std: CARGO_HOME="/workspace/cargo-home" RUSTUP_HOME="/workspace/rustup-home" "/workspace/cargo-home/bin/cargo" "+1.100.0-beta.1" "fetch" "--manifest-path" "Cargo.toml", kill_on_drop: false }`
[INFO] running `Command { std: "docker" "create" "-v" "/var/lib/crater-agent-workspace/builds/worker-3-tc2/source:/opt/rustwide/workdir:ro,Z" "-v" "/var/lib/crater-agent-workspace/builds/worker-3-tc2/target:/opt/rustwide/target:rw,Z" "-v" "/var/lib/crater-agent-workspace/cargo-home:/opt/rustwide/cargo-home:ro,Z" "-v" "/var/lib/crater-agent-workspace/rustup-home:/opt/rustwide/rustup-home:ro,Z" "-m" "1610612736" "--network" "none" "ghcr.io/rust-lang/crates-build-env/linux@sha256:3111399a4047eeb3a02b7a90e478d715f38a8c6669b5c4b49d30a17385265909" "sleep" "infinity", kill_on_drop: false }`
[INFO] [stdout] c18ba2fa7ac998864700e70f0f728f477885a0fb3c6c23124283758cdac945a9
[INFO] running `Command { std: "docker" "start" "c18ba2fa7ac998864700e70f0f728f477885a0fb3c6c23124283758cdac945a9", kill_on_drop: false }`
[INFO] running `Command { std: "docker" "inspect" "c18ba2fa7ac998864700e70f0f728f477885a0fb3c6c23124283758cdac945a9", kill_on_drop: false }`
[INFO] running `Command { std: "docker" "exec" "-e" "SOURCE_DIR=/opt/rustwide/workdir" "-e" "CARGO_HOME=/opt/rustwide/cargo-home" "-e" "RUSTUP_HOME=/opt/rustwide/rustup-home" "-e" "CARGO_TARGET_DIR=/opt/rustwide/target" "-w" "/opt/rustwide/workdir" "--user" "0:0" "c18ba2fa7ac998864700e70f0f728f477885a0fb3c6c23124283758cdac945a9" "/opt/rustwide/cargo-home/bin/cargo" "+1.100.0-beta.1" "metadata" "--no-deps" "--format-version=1", kill_on_drop: false }`
[INFO] running `Command { std: "docker" "inspect" "c18ba2fa7ac998864700e70f0f728f477885a0fb3c6c23124283758cdac945a9", kill_on_drop: false }`
[INFO] running `Command { std: "docker" "exec" "-e" "SOURCE_DIR=/opt/rustwide/workdir" "-e" "CARGO_HOME=/opt/rustwide/cargo-home" "-e" "RUSTUP_HOME=/opt/rustwide/rustup-home" "-e" "CARGO_TARGET_DIR=/opt/rustwide/target" "-e" "CARGO_INCREMENTAL=0" "-e" "RUST_BACKTRACE=full" "-e" "RUSTFLAGS=--cap-lints=warn" "-e" "RUSTDOCFLAGS=--cap-lints=warn" "-w" "/opt/rustwide/workdir" "--user" "0:0" "c18ba2fa7ac998864700e70f0f728f477885a0fb3c6c23124283758cdac945a9" "/opt/rustwide/cargo-home/bin/cargo" "+1.100.0-beta.1" "build" "--frozen" "--message-format=json", kill_on_drop: false }`
[INFO] [stderr]    Compiling libc v0.2.189
[INFO] [stderr]    Compiling serde v1.0.229
[INFO] [stderr]    Compiling smallvec v1.15.2
[INFO] [stderr]    Compiling aho-corasick v1.1.5
[INFO] [stderr]    Compiling num-traits v0.2.19
[INFO] [stderr]    Compiling proc-macro2-diagnostics v0.10.1
[INFO] [stderr]    Compiling regex-syntax v0.8.11
[INFO] [stderr]    Compiling thiserror v2.0.20
[INFO] [stderr]    Compiling serde_json v1.0.151
[INFO] [stderr]    Compiling rust_decimal v1.42.1
[INFO] [stderr]    Compiling syn v2.0.119
[INFO] [stderr]    Compiling syn v3.0.4
[INFO] [stderr]    Compiling yansi v1.0.1
[INFO] [stderr]    Compiling time-core v0.1.9
[INFO] [stderr]    Compiling num-conv v0.2.2
[INFO] [stderr]    Compiling deranged v0.5.8
[INFO] [stderr]    Compiling percent-encoding v2.3.2
[INFO] [stderr]    Compiling either v1.18.0
[INFO] [stderr]    Compiling time-macros v0.2.32
[INFO] [stderr]    Compiling ref-cast v1.0.27
[INFO] [stderr]    Compiling unicode-xid v0.2.6
[INFO] [stderr]    Compiling arrayvec v0.7.8
[INFO] [stderr]    Compiling crossbeam-utils v0.8.22
[INFO] [stderr]    Compiling form_urlencoded v1.2.2
[INFO] [stderr]    Compiling aliasable v0.1.3
[INFO] [stderr]    Compiling itertools v0.14.0
[INFO] [stderr]    Compiling log v0.4.34
[INFO] [stderr]    Compiling winnow v1.0.4
[INFO] [stderr]    Compiling slab v0.4.12
[INFO] [stderr]    Compiling strum v0.28.0
[INFO] [stderr]    Compiling futures-util v0.3.34
[INFO] [stderr]    Compiling toml_parser v1.1.3+spec-1.1.0
[INFO] [stderr]    Compiling ordered-float v4.6.0
[INFO] [stderr]    Compiling toml v1.1.4+spec-1.1.0
[INFO] [stderr]    Compiling getrandom v0.4.3
[INFO] [stderr]    Compiling parking_lot_core v0.9.12
[INFO] [stderr]    Compiling regex-automata v0.4.18
[INFO] [stderr]    Compiling uuid v1.25.0
[INFO] [stderr]    Compiling dashmap v6.2.1
[INFO] [stderr]    Compiling time v0.3.55
[INFO] [stderr]    Compiling serde_derive_internals v0.30.0
[INFO] [stderr]    Compiling zerovec-derive v0.11.6
[INFO] [stderr]    Compiling displaydoc v0.2.7
[INFO] [stderr]    Compiling serde_derive v1.0.229
[INFO] [stderr]    Compiling thiserror-impl v2.0.20
[INFO] [stderr]    Compiling ref-cast-impl v1.0.27
[INFO] [stderr]    Compiling async-trait v0.1.92
[INFO] [stderr]    Compiling schemars_derive v1.2.2
[INFO] [stderr]    Compiling regex v1.13.1
[INFO] [stderr]    Compiling pluralizer v0.5.0
[INFO] [stderr]    Compiling synstructure v0.13.2
[INFO] [stderr]    Compiling darling_core v0.20.11
[INFO] [stderr]    Compiling async-stream-impl v0.3.6
[INFO] [stderr]    Compiling ouroboros_macro v0.18.5
[INFO] [stderr]    Compiling tracing-attributes v0.1.31
[INFO] [stderr]    Compiling derive_more-impl v2.1.1
[INFO] [stderr]    Compiling sea-bae v0.2.2
[INFO] [stderr]    Compiling derive-where v1.6.1
[INFO] [stderr]    Compiling sea-orm-ext-macros v0.0.4
[INFO] [stderr]    Compiling zerofrom-derive v0.1.7
[INFO] [stderr]    Compiling yoke-derive v0.8.2
[INFO] [stderr]    Compiling async-stream v0.3.6
[INFO] [stderr]    Compiling sea-orm-macros v2.0.2
[INFO] [stderr]    Compiling tracing v0.1.44
[INFO] [stderr]    Compiling chrono v0.4.45
[INFO] [stderr]    Compiling schemars v1.2.2
[INFO] [stderr]    Compiling zerofrom v0.1.8
[INFO] [stderr]    Compiling yoke v0.8.3
[INFO] [stderr]    Compiling ouroboros v0.18.5
[INFO] [stderr]    Compiling zerovec v0.11.8
[INFO] [stderr]    Compiling zerotrie v0.2.5
[INFO] [stderr]    Compiling derive_more v2.1.1
[INFO] [stderr]    Compiling darling_macro v0.20.11
[INFO] [stderr]    Compiling darling v0.20.11
[INFO] [stderr]    Compiling sea-query-derive v1.0.0
[INFO] [stderr]    Compiling tinystr v0.8.4
[INFO] [stderr]    Compiling potential_utf v0.1.6
[INFO] [stderr]    Compiling icu_collections v2.3.0
[INFO] [stderr]    Compiling icu_locale_core v2.3.0
[INFO] [stderr]    Compiling sea-query v1.0.2
[INFO] [stderr]    Compiling icu_provider v2.3.1
[INFO] [stderr]    Compiling icu_properties v2.3.0
[INFO] [stderr]    Compiling icu_normalizer v2.3.0
[INFO] [stderr]    Compiling idna_adapter v1.2.2
[INFO] [stderr]    Compiling idna v1.1.0
[INFO] [stderr]    Compiling url v2.5.8
[INFO] [stderr]    Compiling sea-orm v2.0.2
[INFO] [stderr]    Compiling sea-orm-ext v0.0.4 (/opt/rustwide/workdir)
[INFO] [stderr] warning: unused dependency `anyhow`
[INFO] [stderr]  --> Cargo.toml:1:15
[INFO] [stderr]   |
[INFO] [stderr] 1 | [dependencies.anyhow]
[INFO] [stderr]   |               ^^^^^^^
[INFO] [stderr]   |
[INFO] [stderr]   = note: `cargo::unused_dependencies` is set to `warn` by default
[INFO] [stderr] help: consider removing the dependency on `anyhow`
[INFO] [stderr] warning: `sea-orm-ext` (manifest) generated 1 warning
[INFO] [stderr]     Finished `dev` profile [unoptimized + debuginfo] target(s) in 44.62s
[INFO] running `Command { std: "docker" "inspect" "c18ba2fa7ac998864700e70f0f728f477885a0fb3c6c23124283758cdac945a9", kill_on_drop: false }`
[INFO] running `Command { std: "docker" "exec" "-e" "SOURCE_DIR=/opt/rustwide/workdir" "-e" "CARGO_HOME=/opt/rustwide/cargo-home" "-e" "RUSTUP_HOME=/opt/rustwide/rustup-home" "-e" "CARGO_TARGET_DIR=/opt/rustwide/target" "-e" "CARGO_INCREMENTAL=0" "-e" "RUST_BACKTRACE=full" "-e" "RUSTFLAGS=--cap-lints=warn" "-e" "RUSTDOCFLAGS=--cap-lints=warn" "-w" "/opt/rustwide/workdir" "--user" "0:0" "c18ba2fa7ac998864700e70f0f728f477885a0fb3c6c23124283758cdac945a9" "/opt/rustwide/cargo-home/bin/cargo" "+1.100.0-beta.1" "test" "--frozen" "--no-run" "--message-format=json", kill_on_drop: false }`
[INFO] [stderr]    Compiling shlex v2.0.1
[INFO] [stderr]    Compiling find-msvc-tools v0.1.11
[INFO] [stderr]    Compiling serde_core v1.0.229
[INFO] [stderr]    Compiling pkg-config v0.3.34
[INFO] [stderr]    Compiling futures-sink v0.3.34
[INFO] [stderr]    Compiling serde v1.0.229
[INFO] [stderr]    Compiling num-traits v0.2.19
[INFO] [stderr]    Compiling generic-array v0.14.9
[INFO] [stderr]    Compiling typenum v1.20.1
[INFO] [stderr]    Compiling parking_lot v0.12.5
[INFO] [stderr]    Compiling serde_json v1.0.151
[INFO] [stderr]    Compiling zeroize v1.9.0
[INFO] [stderr]    Compiling futures-io v0.3.34
[INFO] [stderr]    Compiling getrandom v0.2.17
[INFO] [stderr]    Compiling errno v0.3.14
[INFO] [stderr]    Compiling openssl v0.10.81
[INFO] [stderr]    Compiling futures-channel v0.3.34
[INFO] [stderr]    Compiling time-macros v0.2.32
[INFO] [stderr]    Compiling cc v1.4.4
[INFO] [stderr]    Compiling rustls-pki-types v1.15.1
[INFO] [stderr]    Compiling signal-hook-registry v1.4.8
[INFO] [stderr]    Compiling mio v1.2.2
[INFO] [stderr]    Compiling socket2 v0.6.5
[INFO] [stderr]    Compiling tokio-macros v2.7.2
[INFO] [stderr]    Compiling openssl-macros v0.1.1
[INFO] [stderr]    Compiling rustls v0.23.43
[INFO] [stderr]    Compiling native-tls v0.2.18
[INFO] [stderr]    Compiling futures-util v0.3.34
[INFO] [stderr]    Compiling bitflags v2.13.1
[INFO] [stderr]    Compiling idna v1.1.0
[INFO] [stderr]    Compiling parking v2.2.1
[INFO] [stderr]    Compiling crc-catalog v2.5.0
[INFO] [stderr]    Compiling memchr v2.8.3
[INFO] [stderr]    Compiling openssl-probe v0.2.1
[INFO] [stderr]    Compiling crc v3.4.0
[INFO] [stderr]    Compiling indexmap v2.14.0
[INFO] [stderr]    Compiling event-listener v5.4.2
[INFO] [stderr]    Compiling tracing v0.1.44
[INFO] [stderr]    Compiling hashlink v0.11.1
[INFO] [stderr]    Compiling url v2.5.8
[INFO] [stderr]    Compiling webpki-roots v1.0.9
[INFO] [stderr]    Compiling tokio v1.53.1
[INFO] [stderr]    Compiling futures-intrusive v0.5.0
[INFO] [stderr]    Compiling crossbeam-queue v0.3.13
[INFO] [stderr]    Compiling spin v0.9.9
[INFO] [stderr]    Compiling base64 v0.22.1
[INFO] [stderr]    Compiling either v1.18.0
[INFO] [stderr]    Compiling itertools v0.14.0
[INFO] [stderr]    Compiling aho-corasick v1.1.5
[INFO] [stderr]    Compiling flume v0.12.0
[INFO] [stderr]    Compiling atoi v2.0.0
[INFO] [stderr]    Compiling ordered-float v4.6.0
[INFO] [stderr]    Compiling dashmap v5.5.3
[INFO] [stderr]    Compiling tracing-log v0.2.0
[INFO] [stderr]    Compiling thread_local v1.1.10
[INFO] [stderr]    Compiling serial_test_derive v2.0.0
[INFO] [stderr]    Compiling tracing-subscriber v0.3.23
[INFO] [stderr]    Compiling openssl-sys v0.9.117
[INFO] [stderr]    Compiling ring v0.17.14
[INFO] [stderr]    Compiling libsqlite3-sys v0.37.0
[INFO] [stderr]    Compiling block-buffer v0.10.4
[INFO] [stderr]    Compiling crypto-common v0.1.6
[INFO] [stderr]    Compiling digest v0.10.7
[INFO] [stderr]    Compiling sha2 v0.10.9
[INFO] [stderr]    Compiling regex-automata v0.4.18
[INFO] [stderr]    Compiling deranged v0.5.8
[INFO] [stderr]    Compiling uuid v1.25.0
[INFO] [stderr]    Compiling toml_datetime v1.1.1+spec-1.1.0
[INFO] [stderr]    Compiling serde_spanned v1.1.1
[INFO] [stderr]    Compiling toml v1.1.4+spec-1.1.0
[INFO] [stderr]    Compiling rust_decimal v1.42.1
[INFO] [stderr]    Compiling chrono v0.4.45
[INFO] [stderr]    Compiling schemars v1.2.2
[INFO] [stderr]    Compiling futures-executor v0.3.34
[INFO] [stderr]    Compiling futures v0.3.34
[INFO] [stderr]    Compiling serial_test v2.0.0
[INFO] [stderr]    Compiling time v0.3.55
[INFO] [stderr]    Compiling regex v1.13.1
[INFO] [stderr]    Compiling pluralizer v0.5.0
[INFO] [stderr]    Compiling sea-orm-macros v2.0.2
[INFO] [stderr]    Compiling rustls-webpki v0.103.15
[INFO] [stderr]    Compiling sea-query v1.0.2
[INFO] [stderr]    Compiling tokio-stream v0.1.19
[INFO] [stderr]    Compiling sqlx-core v0.9.0
[INFO] [stderr]    Compiling sqlx-sqlite v0.9.0
[INFO] [stderr]    Compiling sqlx v0.9.0
[INFO] [stderr]    Compiling sea-query-sqlx v0.9.1
[INFO] [stderr]    Compiling sea-orm v2.0.2
[INFO] [stderr]    Compiling sea-orm-ext v0.0.4 (/opt/rustwide/workdir)
[INFO] [stdout] error[E0432]: unresolved import `sea_orm_ext::plugin::sea_orm_ext`
[INFO] [stdout]  --> examples/summer-tenant-example.rs:1:26
[INFO] [stdout]   |
[INFO] [stdout] 1 | use sea_orm_ext::plugin::sea_orm_ext::{FieldFillHandlerComponent, SeaOrmExtPlugin, SnowflakeIdGenerator};
[INFO] [stdout]   |                          ^^^^^^^^^^^ could not find `sea_orm_ext` in `plugin`
[INFO] [stdout]   |
[INFO] [stdout] note: found an item that was configured out
[INFO] [stdout]  --> src/plugin/mod.rs:2:9
[INFO] [stdout]   |
[INFO] [stdout] 1 | #[cfg(feature = "summer")]
[INFO] [stdout]   |       ------------------ the item is gated behind the `summer` feature
[INFO] [stdout] 2 | pub mod sea_orm_ext;
[INFO] [stdout]   |         ^^^^^^^^^^^
[INFO] [stdout] 
[INFO] [stdout] 
[INFO] [stdout] error[E0433]: cannot find module or crate `summer` in this scope
[INFO] [stdout]  --> examples/summer-tenant-example.rs:9:5
[INFO] [stdout]   |
[INFO] [stdout] 9 | use summer::plugin::MutableComponentRegistry;
[INFO] [stdout]   |     ^^^^^^ use of unresolved module or unlinked crate `summer`
[INFO] [stdout]   |
[INFO] [stdout]   = help: if you wanted to use a crate named `summer`, use `cargo add summer` to add it to your `Cargo.toml`
[INFO] [stdout] 
[INFO] [stdout] 
[INFO] [stdout] error[E0432]: unresolved import `sea_orm_ext::plugin::tenant`
[INFO] [stdout]  --> examples/summer-tenant-example.rs:2:26
[INFO] [stdout]   |
[INFO] [stdout] 2 | use sea_orm_ext::plugin::tenant::{TenantDatabaseProviderComponent, TenantIdProviderComponent, TenantPlugin};
[INFO] [stdout]   |                          ^^^^^^ could not find `tenant` in `plugin`
[INFO] [stdout]   |
[INFO] [stdout] note: found an item that was configured out
[INFO] [stdout]  --> src/plugin/mod.rs:5:9
[INFO] [stdout]   |
[INFO] [stdout] 4 | #[cfg(feature = "summer")]
[INFO] [stdout]   |       ------------------ the item is gated behind the `summer` feature
[INFO] [stdout] 5 | pub mod tenant;
[INFO] [stdout]   |         ^^^^^^
[INFO] [stdout] 
[INFO] [stdout] 
[INFO] [stdout] error[E0432]: unresolved import `summer`
[INFO] [stdout]   --> examples/summer-tenant-example.rs:10:5
[INFO] [stdout]    |
[INFO] [stdout] 10 | use summer::App;
[INFO] [stdout]    |     ^^^^^^ use of unresolved module or unlinked crate `summer`
[INFO] [stdout]    |
[INFO] [stdout]    = help: if you wanted to use a crate named `summer`, use `cargo add summer` to add it to your `Cargo.toml`
[INFO] [stdout] 
[INFO] [stdout] 
[INFO] [stdout] error[E0433]: cannot find module or crate `summer` in this scope
[INFO] [stdout]   --> examples/summer-tenant-example.rs:49:19
[INFO] [stdout]    |
[INFO] [stdout] 49 | fn build_app() -> summer::app::AppBuilder {
[INFO] [stdout]    |                   ^^^^^^ use of unresolved module or unlinked crate `summer`
[INFO] [stdout]    |
[INFO] [stdout]    = help: if you wanted to use a crate named `summer`, use `cargo add summer` to add it to your `Cargo.toml`
[INFO] [stdout] 
[INFO] [stdout] 
[INFO] [stdout] Some errors have detailed explanations: E0432, E0433.
[INFO] [stdout] 
[INFO] [stdout] For more information about an error, try `rustc --explain E0432`.
[INFO] [stdout] 
[INFO] [stderr] error: could not compile `sea-orm-ext` (example "summer-tenant-example") due to 5 previous errors
[INFO] [stderr] warning: build failed, waiting for other jobs to finish...
[INFO] [stderr] warning: unused dependency `anyhow`
[INFO] [stderr]  --> Cargo.toml:1:15
[INFO] [stderr]   |
[INFO] [stderr] 1 | [dependencies.anyhow]
[INFO] [stderr]   |               ^^^^^^^
[INFO] [stderr]   |
[INFO] [stderr]   = note: `cargo::unused_dependencies` is set to `warn` by default
[INFO] [stderr] help: consider removing the dependency on `anyhow`
[INFO] [stderr] warning: `sea-orm-ext` (manifest) generated 1 warning
[INFO] running `Command { std: "docker" "inspect" "c18ba2fa7ac998864700e70f0f728f477885a0fb3c6c23124283758cdac945a9", kill_on_drop: false }`
[INFO] running `Command { std: "docker" "rm" "-f" "c18ba2fa7ac998864700e70f0f728f477885a0fb3c6c23124283758cdac945a9", kill_on_drop: false }`
[INFO] [stdout] c18ba2fa7ac998864700e70f0f728f477885a0fb3c6c23124283758cdac945a9
