[INFO] fetching crate sdivi-pipeline 0.2.52...
[INFO] testing sdivi-pipeline-0.2.52 against 1.100.0-beta.1 for beta-1.100-2
[INFO] extracting crate sdivi-pipeline 0.2.52 into /workspace/builds/worker-0-tc2/source
[INFO] started tweaking crates.io crate sdivi-pipeline 0.2.52
[INFO] removed 0 missing tests
[INFO] finished tweaking crates.io crate sdivi-pipeline 0.2.52
[INFO] tweaked toml for crates.io crate sdivi-pipeline 0.2.52 written to /workspace/builds/worker-0-tc2/source/Cargo.toml
[INFO] validating manifest of crates.io crate sdivi-pipeline 0.2.52 on toolchain 1.100.0-beta.1
[INFO] running `Command { std: CARGO_HOME="/workspace/cargo-home" RUSTUP_HOME="/workspace/rustup-home" "/workspace/cargo-home/bin/cargo" "+1.100.0-beta.1" "metadata" "--manifest-path" "Cargo.toml" "--no-deps", kill_on_drop: false }`
[INFO] crate crates.io crate sdivi-pipeline 0.2.52 already has a lockfile, it will not be regenerated
[INFO] running `Command { std: CARGO_HOME="/workspace/cargo-home" RUSTUP_HOME="/workspace/rustup-home" "/workspace/cargo-home/bin/cargo" "+1.100.0-beta.1" "fetch" "--manifest-path" "Cargo.toml", kill_on_drop: false }`
[INFO] running `Command { std: "docker" "create" "-v" "/var/lib/crater-agent-workspace/builds/worker-0-tc2/source:/opt/rustwide/workdir:ro,Z" "-v" "/var/lib/crater-agent-workspace/builds/worker-0-tc2/target:/opt/rustwide/target:rw,Z" "-v" "/var/lib/crater-agent-workspace/cargo-home:/opt/rustwide/cargo-home:ro,Z" "-v" "/var/lib/crater-agent-workspace/rustup-home:/opt/rustwide/rustup-home:ro,Z" "-m" "1610612736" "--network" "none" "ghcr.io/rust-lang/crates-build-env/linux@sha256:3111399a4047eeb3a02b7a90e478d715f38a8c6669b5c4b49d30a17385265909" "sleep" "infinity", kill_on_drop: false }`
[INFO] [stdout] 661d613c01ab857691ed499e5ad09cc8e976b4faba75f13eb8602c6f9d3f5b5f
[INFO] running `Command { std: "docker" "start" "661d613c01ab857691ed499e5ad09cc8e976b4faba75f13eb8602c6f9d3f5b5f", kill_on_drop: false }`
[INFO] running `Command { std: "docker" "inspect" "661d613c01ab857691ed499e5ad09cc8e976b4faba75f13eb8602c6f9d3f5b5f", kill_on_drop: false }`
[INFO] running `Command { std: "docker" "exec" "-e" "SOURCE_DIR=/opt/rustwide/workdir" "-e" "CARGO_HOME=/opt/rustwide/cargo-home" "-e" "RUSTUP_HOME=/opt/rustwide/rustup-home" "-e" "CARGO_TARGET_DIR=/opt/rustwide/target" "-w" "/opt/rustwide/workdir" "--user" "0:0" "661d613c01ab857691ed499e5ad09cc8e976b4faba75f13eb8602c6f9d3f5b5f" "/opt/rustwide/cargo-home/bin/cargo" "+1.100.0-beta.1" "metadata" "--no-deps" "--format-version=1", kill_on_drop: false }`
[INFO] running `Command { std: "docker" "inspect" "661d613c01ab857691ed499e5ad09cc8e976b4faba75f13eb8602c6f9d3f5b5f", kill_on_drop: false }`
[INFO] running `Command { std: "docker" "exec" "-e" "SOURCE_DIR=/opt/rustwide/workdir" "-e" "CARGO_HOME=/opt/rustwide/cargo-home" "-e" "RUSTUP_HOME=/opt/rustwide/rustup-home" "-e" "CARGO_TARGET_DIR=/opt/rustwide/target" "-e" "CARGO_INCREMENTAL=0" "-e" "RUST_BACKTRACE=full" "-e" "RUSTFLAGS=--cap-lints=warn" "-e" "RUSTDOCFLAGS=--cap-lints=warn" "-w" "/opt/rustwide/workdir" "--user" "0:0" "661d613c01ab857691ed499e5ad09cc8e976b4faba75f13eb8602c6f9d3f5b5f" "/opt/rustwide/cargo-home/bin/cargo" "+1.100.0-beta.1" "build" "--frozen" "--message-format=json", kill_on_drop: false }`
[INFO] [stderr]    Compiling proc-macro2 v1.0.106
[INFO] [stderr]    Compiling unicode-ident v1.0.24
[INFO] [stderr]    Compiling quote v1.0.45
[INFO] [stderr]    Compiling libc v0.2.186
[INFO] [stderr]    Compiling memchr v2.8.0
[INFO] [stderr]    Compiling crossbeam-utils v0.8.21
[INFO] [stderr]    Compiling serde_core v1.0.228
[INFO] [stderr]    Compiling serde v1.0.228
[INFO] [stderr]    Compiling equivalent v1.0.2
[INFO] [stderr]    Compiling crossbeam-epoch v0.9.20
[INFO] [stderr]    Compiling cc v1.0.106
[INFO] [stderr]    Compiling hashbrown v0.15.5
[INFO] [stderr]    Compiling regex-syntax v0.8.10
[INFO] [stderr]    Compiling aho-corasick v1.1.4
[INFO] [stderr]    Compiling autocfg v1.5.0
[INFO] [stderr]    Compiling indexmap v2.7.0
[INFO] [stderr]    Compiling syn v2.0.117
[INFO] [stderr]    Compiling anyhow v1.0.104
[INFO] [stderr]    Compiling cfg-if v1.0.4
[INFO] [stderr]    Compiling num-traits v0.2.19
[INFO] [stderr]    Compiling version_check v0.9.5
[INFO] [stderr]    Compiling crossbeam-deque v0.8.6
[INFO] [stderr]    Compiling serde_yml v0.0.12
[INFO] [stderr]    Compiling winnow v0.6.26
[INFO] [stderr]    Compiling itoa v1.0.18
[INFO] [stderr]    Compiling thiserror v2.0.18
[INFO] [stderr]    Compiling option-ext v0.2.0
[INFO] [stderr]    Compiling zmij v1.0.21
[INFO] [stderr]    Compiling libyml v0.0.5
[INFO] [stderr]    Compiling rayon-core v1.12.1
[INFO] [stderr]    Compiling dirs-sys v0.4.1
[INFO] [stderr]    Compiling tree-sitter v0.22.6
[INFO] [stderr]    Compiling bstr v1.12.1
[INFO] [stderr]    Compiling regex-automata v0.4.14
[INFO] [stderr]    Compiling ryu v1.0.23
[INFO] [stderr]    Compiling log v0.4.29
[INFO] [stderr]    Compiling serde_json v1.0.149
[INFO] [stderr]    Compiling iana-time-zone v0.1.65
[INFO] [stderr]    Compiling same-file v1.0.6
[INFO] [stderr]    Compiling zerocopy v0.8.48
[INFO] [stderr]    Compiling walkdir v2.5.0
[INFO] [stderr]    Compiling dirs v5.0.1
[INFO] [stderr]    Compiling either v1.15.0
[INFO] [stderr]    Compiling once_cell v1.21.4
[INFO] [stderr]    Compiling rayon v1.9.0
[INFO] [stderr]    Compiling getrandom v0.2.17
[INFO] [stderr]    Compiling tracing-core v0.1.36
[INFO] [stderr]    Compiling rand_core v0.6.4
[INFO] [stderr]    Compiling blake3 v1.5.3
[INFO] [stderr]    Compiling getrandom v0.3.4
[INFO] [stderr]    Compiling pin-project-lite v0.2.17
[INFO] [stderr]    Compiling fixedbitset v0.4.2
[INFO] [stderr]    Compiling rustix v1.1.4
[INFO] [stderr]    Compiling arrayref v0.3.9
[INFO] [stderr]    Compiling linux-raw-sys v0.12.1
[INFO] [stderr]    Compiling petgraph v0.6.5
[INFO] [stderr]    Compiling arrayvec v0.7.6
[INFO] [stderr]    Compiling globset v0.4.14
[INFO] [stderr]    Compiling regex v1.12.3
[INFO] [stderr]    Compiling constant_time_eq v0.3.1
[INFO] [stderr]    Compiling bitflags v2.11.1
[INFO] [stderr]    Compiling ignore v0.4.21
[INFO] [stderr]    Compiling fastrand v2.4.1
[INFO] [stderr]    Compiling serde_derive v1.0.228
[INFO] [stderr]    Compiling thiserror-impl v2.0.18
[INFO] [stderr]    Compiling tracing-attributes v0.1.31
[INFO] [stderr]    Compiling tracing v0.1.44
[INFO] [stderr]    Compiling tempfile v3.19.1
[INFO] [stderr]    Compiling ppv-lite86 v0.2.21
[INFO] [stderr]    Compiling rand_chacha v0.3.1
[INFO] [stderr]    Compiling rand v0.8.6
[INFO] [stderr]    Compiling serde_spanned v0.6.9
[INFO] [stderr]    Compiling toml_datetime v0.6.11
[INFO] [stderr]    Compiling chrono v0.4.44
[INFO] [stderr]    Compiling toml_edit v0.22.20
[INFO] [stderr]    Compiling toml v0.8.19
[INFO] [stderr]    Compiling sdivi-config v0.2.52
[INFO] [stderr]    Compiling sdivi-parsing v0.2.52
[INFO] [stderr]    Compiling sdivi-graph v0.2.52
[INFO] [stderr]    Compiling sdivi-patterns v0.2.52
[INFO] [stderr]    Compiling sdivi-detection v0.2.52
[INFO] [stderr]    Compiling sdivi-snapshot v0.2.52
[INFO] [stderr]    Compiling sdivi-core v0.2.52
[INFO] [stderr]    Compiling sdivi-pipeline v0.2.52 (/opt/rustwide/workdir)
[INFO] [stderr]     Finished `dev` profile [unoptimized + debuginfo] target(s) in 1m 15s
[INFO] running `Command { std: "docker" "inspect" "661d613c01ab857691ed499e5ad09cc8e976b4faba75f13eb8602c6f9d3f5b5f", kill_on_drop: false }`
[INFO] running `Command { std: "docker" "exec" "-e" "SOURCE_DIR=/opt/rustwide/workdir" "-e" "CARGO_HOME=/opt/rustwide/cargo-home" "-e" "RUSTUP_HOME=/opt/rustwide/rustup-home" "-e" "CARGO_TARGET_DIR=/opt/rustwide/target" "-e" "CARGO_INCREMENTAL=0" "-e" "RUST_BACKTRACE=full" "-e" "RUSTFLAGS=--cap-lints=warn" "-e" "RUSTDOCFLAGS=--cap-lints=warn" "-w" "/opt/rustwide/workdir" "--user" "0:0" "661d613c01ab857691ed499e5ad09cc8e976b4faba75f13eb8602c6f9d3f5b5f" "/opt/rustwide/cargo-home/bin/cargo" "+1.100.0-beta.1" "test" "--frozen" "--no-run" "--message-format=json", kill_on_drop: false }`
[INFO] [stderr]    Compiling libm v0.2.16
[INFO] [stderr]    Compiling num-traits v0.2.19
[INFO] [stderr]    Compiling wait-timeout v0.2.1
[INFO] [stderr]    Compiling bit-vec v0.6.3
[INFO] [stderr]    Compiling quick-error v1.2.3
[INFO] [stderr]    Compiling rand_xorshift v0.3.0
[INFO] [stderr]    Compiling unarray v0.1.4
[INFO] [stderr]    Compiling rusty-fork v0.3.1
[INFO] [stderr]    Compiling bit-set v0.5.3
[INFO] [stderr]    Compiling chrono v0.4.44
[INFO] [stderr]    Compiling proptest v1.5.0
[INFO] [stderr]    Compiling sdivi-config v0.2.52
[INFO] [stderr]    Compiling sdivi-parsing v0.2.52
[INFO] [stderr]    Compiling sdivi-graph v0.2.52
[INFO] [stderr]    Compiling sdivi-patterns v0.2.52
[INFO] [stderr]    Compiling sdivi-detection v0.2.52
[INFO] [stderr]    Compiling sdivi-snapshot v0.2.52
[INFO] [stderr]    Compiling sdivi-core v0.2.52
[INFO] [stderr]    Compiling sdivi-pipeline v0.2.52 (/opt/rustwide/workdir)
[INFO] [stdout] error[E0432]: unresolved import `sdivi_lang_rust`
[INFO] [stdout]  --> tests/pipeline_smoke.rs:9:5
[INFO] [stdout]   |
[INFO] [stdout] 9 | use sdivi_lang_rust::RustAdapter;
[INFO] [stdout]   |     ^^^^^^^^^^^^^^^ use of unresolved module or unlinked crate `sdivi_lang_rust`
[INFO] [stdout]   |
[INFO] [stdout]   = help: if you wanted to use a crate named `sdivi_lang_rust`, use `cargo add sdivi_lang_rust` to add it to your `Cargo.toml`
[INFO] [stdout] 
[INFO] [stdout] 
[INFO] [stdout] error[E0432]: unresolved import `sdivi_lang_rust`
[INFO] [stdout]   --> tests/prop_pipeline.rs:11:5
[INFO] [stdout]    |
[INFO] [stdout] 11 | use sdivi_lang_rust::RustAdapter;
[INFO] [stdout]    |     ^^^^^^^^^^^^^^^ use of unresolved module or unlinked crate `sdivi_lang_rust`
[INFO] [stdout]    |
[INFO] [stdout]    = help: if you wanted to use a crate named `sdivi_lang_rust`, use `cargo add sdivi_lang_rust` to add it to your `Cargo.toml`
[INFO] [stdout] 
[INFO] [stdout] 
[INFO] [stderr] error: could not compile `sdivi-pipeline` (test "pipeline_smoke") due to 1 previous error
[INFO] [stderr] warning: build failed, waiting for other jobs to finish...
[INFO] [stdout] For more information about this error, try `rustc --explain E0432`.
[INFO] [stdout] 
[INFO] [stdout] For more information about this error, try `rustc --explain E0432`.
[INFO] [stdout] 
[INFO] [stderr] error: could not compile `sdivi-pipeline` (test "prop_pipeline") due to 1 previous error
[INFO] [stdout] error[E0432]: unresolved import `sdivi_lang_rust`
[INFO] [stdout]   --> tests/commit_snapshot.rs:10:5
[INFO] [stdout]    |
[INFO] [stdout] 10 | use sdivi_lang_rust::RustAdapter;
[INFO] [stdout]    |     ^^^^^^^^^^^^^^^ use of unresolved module or unlinked crate `sdivi_lang_rust`
[INFO] [stdout]    |
[INFO] [stdout]    = help: if you wanted to use a crate named `sdivi_lang_rust`, use `cargo add sdivi_lang_rust` to add it to your `Cargo.toml`
[INFO] [stdout] 
[INFO] [stdout] 
[INFO] [stdout] error[E0432]: unresolved import `sdivi_lang_rust`
[INFO] [stdout]   --> tests/snapshot_pipeline_regression.rs:22:5
[INFO] [stdout]    |
[INFO] [stdout] 22 | use sdivi_lang_rust::RustAdapter;
[INFO] [stdout]    |     ^^^^^^^^^^^^^^^ use of unresolved module or unlinked crate `sdivi_lang_rust`
[INFO] [stdout]    |
[INFO] [stdout]    = help: if you wanted to use a crate named `sdivi_lang_rust`, use `cargo add sdivi_lang_rust` to add it to your `Cargo.toml`
[INFO] [stdout] 
[INFO] [stdout] 
[INFO] [stdout] For more information about this error, try `rustc --explain E0432`.
[INFO] [stdout] 
[INFO] [stderr] error: could not compile `sdivi-pipeline` (test "snapshot_pipeline_regression") due to 1 previous error
[INFO] [stdout] For more information about this error, try `rustc --explain E0432`.
[INFO] [stdout] 
[INFO] [stderr] error: could not compile `sdivi-pipeline` (test "commit_snapshot") due to 1 previous error
[INFO] running `Command { std: "docker" "inspect" "661d613c01ab857691ed499e5ad09cc8e976b4faba75f13eb8602c6f9d3f5b5f", kill_on_drop: false }`
[INFO] running `Command { std: "docker" "rm" "-f" "661d613c01ab857691ed499e5ad09cc8e976b4faba75f13eb8602c6f9d3f5b5f", kill_on_drop: false }`
[INFO] [stdout] 661d613c01ab857691ed499e5ad09cc8e976b4faba75f13eb8602c6f9d3f5b5f
