[INFO] fetching crate sdivi-graph 0.2.52...
[INFO] testing sdivi-graph-0.2.52 against 1.100.0-beta.1 for beta-1.100-2
[INFO] extracting crate sdivi-graph 0.2.52 into /workspace/builds/worker-2-tc2/source
[INFO] started tweaking crates.io crate sdivi-graph 0.2.52
[INFO] removed 0 missing tests
[INFO] finished tweaking crates.io crate sdivi-graph 0.2.52
[INFO] tweaked toml for crates.io crate sdivi-graph 0.2.52 written to /workspace/builds/worker-2-tc2/source/Cargo.toml
[INFO] validating manifest of crates.io crate sdivi-graph 0.2.52 on toolchain 1.100.0-beta.1
[INFO] running `Command { std: CARGO_HOME="/workspace/cargo-home" RUSTUP_HOME="/workspace/rustup-home" "/workspace/cargo-home/bin/cargo" "+1.100.0-beta.1" "metadata" "--manifest-path" "Cargo.toml" "--no-deps", kill_on_drop: false }`
[INFO] crate crates.io crate sdivi-graph 0.2.52 already has a lockfile, it will not be regenerated
[INFO] running `Command { std: CARGO_HOME="/workspace/cargo-home" RUSTUP_HOME="/workspace/rustup-home" "/workspace/cargo-home/bin/cargo" "+1.100.0-beta.1" "fetch" "--manifest-path" "Cargo.toml", kill_on_drop: false }`
[INFO] running `Command { std: "docker" "create" "-v" "/var/lib/crater-agent-workspace/builds/worker-2-tc2/source:/opt/rustwide/workdir:ro,Z" "-v" "/var/lib/crater-agent-workspace/builds/worker-2-tc2/target:/opt/rustwide/target:rw,Z" "-v" "/var/lib/crater-agent-workspace/cargo-home:/opt/rustwide/cargo-home:ro,Z" "-v" "/var/lib/crater-agent-workspace/rustup-home:/opt/rustwide/rustup-home:ro,Z" "-m" "1610612736" "--network" "none" "ghcr.io/rust-lang/crates-build-env/linux@sha256:3111399a4047eeb3a02b7a90e478d715f38a8c6669b5c4b49d30a17385265909" "sleep" "infinity", kill_on_drop: false }`
[INFO] [stdout] bd6415ef5c4b71660da9c69f4d0fdc3e27ec0e30053cb6f3da1d7520c9e30624
[INFO] running `Command { std: "docker" "start" "bd6415ef5c4b71660da9c69f4d0fdc3e27ec0e30053cb6f3da1d7520c9e30624", kill_on_drop: false }`
[INFO] running `Command { std: "docker" "inspect" "bd6415ef5c4b71660da9c69f4d0fdc3e27ec0e30053cb6f3da1d7520c9e30624", kill_on_drop: false }`
[INFO] running `Command { std: "docker" "exec" "-e" "SOURCE_DIR=/opt/rustwide/workdir" "-e" "CARGO_HOME=/opt/rustwide/cargo-home" "-e" "RUSTUP_HOME=/opt/rustwide/rustup-home" "-e" "CARGO_TARGET_DIR=/opt/rustwide/target" "-w" "/opt/rustwide/workdir" "--user" "0:0" "bd6415ef5c4b71660da9c69f4d0fdc3e27ec0e30053cb6f3da1d7520c9e30624" "/opt/rustwide/cargo-home/bin/cargo" "+1.100.0-beta.1" "metadata" "--no-deps" "--format-version=1", kill_on_drop: false }`
[INFO] running `Command { std: "docker" "inspect" "bd6415ef5c4b71660da9c69f4d0fdc3e27ec0e30053cb6f3da1d7520c9e30624", kill_on_drop: false }`
[INFO] running `Command { std: "docker" "exec" "-e" "SOURCE_DIR=/opt/rustwide/workdir" "-e" "CARGO_HOME=/opt/rustwide/cargo-home" "-e" "RUSTUP_HOME=/opt/rustwide/rustup-home" "-e" "CARGO_TARGET_DIR=/opt/rustwide/target" "-e" "CARGO_INCREMENTAL=0" "-e" "RUST_BACKTRACE=full" "-e" "RUSTFLAGS=--cap-lints=warn" "-e" "RUSTDOCFLAGS=--cap-lints=warn" "-w" "/opt/rustwide/workdir" "--user" "0:0" "bd6415ef5c4b71660da9c69f4d0fdc3e27ec0e30053cb6f3da1d7520c9e30624" "/opt/rustwide/cargo-home/bin/cargo" "+1.100.0-beta.1" "build" "--frozen" "--message-format=json", kill_on_drop: false }`
[INFO] [stderr]    Compiling hashbrown v0.15.5
[INFO] [stderr]    Compiling crossbeam-epoch v0.9.20
[INFO] [stderr]    Compiling anyhow v1.0.104
[INFO] [stderr]    Compiling regex-syntax v0.8.10
[INFO] [stderr]    Compiling winnow v0.6.26
[INFO] [stderr]    Compiling aho-corasick v1.1.4
[INFO] [stderr]    Compiling serde_yml v0.0.12
[INFO] [stderr]    Compiling rayon-core v1.12.1
[INFO] [stderr]    Compiling cc v1.0.106
[INFO] [stderr]    Compiling bstr v1.12.1
[INFO] [stderr]    Compiling syn v2.0.117
[INFO] [stderr]    Compiling fixedbitset v0.4.2
[INFO] [stderr]    Compiling indexmap v2.7.0
[INFO] [stderr]    Compiling crossbeam-deque v0.8.6
[INFO] [stderr]    Compiling libyml v0.0.5
[INFO] [stderr]    Compiling rayon v1.9.0
[INFO] [stderr]    Compiling petgraph v0.6.5
[INFO] [stderr]    Compiling tree-sitter v0.22.6
[INFO] [stderr]    Compiling regex-automata v0.4.14
[INFO] [stderr]    Compiling serde_derive v1.0.228
[INFO] [stderr]    Compiling thiserror-impl v2.0.18
[INFO] [stderr]    Compiling tracing-attributes v0.1.31
[INFO] [stderr]    Compiling globset v0.4.14
[INFO] [stderr]    Compiling regex v1.12.3
[INFO] [stderr]    Compiling ignore v0.4.21
[INFO] [stderr]    Compiling tracing v0.1.44
[INFO] [stderr]    Compiling thiserror v2.0.18
[INFO] [stderr]    Compiling serde v1.0.228
[INFO] [stderr]    Compiling serde_spanned v0.6.9
[INFO] [stderr]    Compiling toml_datetime v0.6.11
[INFO] [stderr]    Compiling toml_edit v0.22.20
[INFO] [stderr]    Compiling toml v0.8.19
[INFO] [stderr]    Compiling sdivi-config v0.2.52
[INFO] [stderr]    Compiling sdivi-parsing v0.2.52
[INFO] [stderr]    Compiling sdivi-graph v0.2.52 (/opt/rustwide/workdir)
[INFO] [stderr]     Finished `dev` profile [unoptimized + debuginfo] target(s) in 30.17s
[INFO] running `Command { std: "docker" "inspect" "bd6415ef5c4b71660da9c69f4d0fdc3e27ec0e30053cb6f3da1d7520c9e30624", kill_on_drop: false }`
[INFO] running `Command { std: "docker" "exec" "-e" "SOURCE_DIR=/opt/rustwide/workdir" "-e" "CARGO_HOME=/opt/rustwide/cargo-home" "-e" "RUSTUP_HOME=/opt/rustwide/rustup-home" "-e" "CARGO_TARGET_DIR=/opt/rustwide/target" "-e" "CARGO_INCREMENTAL=0" "-e" "RUST_BACKTRACE=full" "-e" "RUSTFLAGS=--cap-lints=warn" "-e" "RUSTDOCFLAGS=--cap-lints=warn" "-w" "/opt/rustwide/workdir" "--user" "0:0" "bd6415ef5c4b71660da9c69f4d0fdc3e27ec0e30053cb6f3da1d7520c9e30624" "/opt/rustwide/cargo-home/bin/cargo" "+1.100.0-beta.1" "test" "--frozen" "--no-run" "--message-format=json", kill_on_drop: false }`
[INFO] [stderr]    Compiling rustix v1.1.4
[INFO] [stderr]    Compiling getrandom v0.3.4
[INFO] [stderr]    Compiling bitflags v2.11.1
[INFO] [stderr]    Compiling tempfile v3.19.1
[INFO] [stderr]    Compiling sdivi-graph v0.2.52 (/opt/rustwide/workdir)
[INFO] [stdout] error[E0432]: unresolved import `sdivi_lang_go`
[INFO] [stdout]   --> tests/per_language_baselines.rs:22:5
[INFO] [stdout]    |
[INFO] [stdout] 22 | use sdivi_lang_go::GoAdapter;
[INFO] [stdout]    |     ^^^^^^^^^^^^^ use of unresolved module or unlinked crate `sdivi_lang_go`
[INFO] [stdout]    |
[INFO] [stdout]    = help: if you wanted to use a crate named `sdivi_lang_go`, use `cargo add sdivi_lang_go` to add it to your `Cargo.toml`
[INFO] [stdout] 
[INFO] [stdout] 
[INFO] [stdout] error[E0432]: unresolved import `sdivi_lang_java`
[INFO] [stdout]   --> tests/per_language_baselines.rs:23:5
[INFO] [stdout]    |
[INFO] [stdout] 23 | use sdivi_lang_java::JavaAdapter;
[INFO] [stdout]    |     ^^^^^^^^^^^^^^^ use of unresolved module or unlinked crate `sdivi_lang_java`
[INFO] [stdout]    |
[INFO] [stdout]    = help: if you wanted to use a crate named `sdivi_lang_java`, use `cargo add sdivi_lang_java` to add it to your `Cargo.toml`
[INFO] [stdout] 
[INFO] [stdout] 
[INFO] [stdout] error[E0432]: unresolved import `sdivi_lang_javascript`
[INFO] [stdout]   --> tests/per_language_baselines.rs:24:5
[INFO] [stdout]    |
[INFO] [stdout] 24 | use sdivi_lang_javascript::JavaScriptAdapter;
[INFO] [stdout]    |     ^^^^^^^^^^^^^^^^^^^^^ use of unresolved module or unlinked crate `sdivi_lang_javascript`
[INFO] [stdout]    |
[INFO] [stdout]    = help: if you wanted to use a crate named `sdivi_lang_javascript`, use `cargo add sdivi_lang_javascript` to add it to your `Cargo.toml`
[INFO] [stdout] 
[INFO] [stdout] 
[INFO] [stdout] error[E0432]: unresolved import `sdivi_lang_python`
[INFO] [stdout]   --> tests/per_language_baselines.rs:25:5
[INFO] [stdout]    |
[INFO] [stdout] 25 | use sdivi_lang_python::PythonAdapter;
[INFO] [stdout]    |     ^^^^^^^^^^^^^^^^^ use of unresolved module or unlinked crate `sdivi_lang_python`
[INFO] [stdout]    |
[INFO] [stdout]    = help: if you wanted to use a crate named `sdivi_lang_python`, use `cargo add sdivi_lang_python` to add it to your `Cargo.toml`
[INFO] [stdout] 
[INFO] [stdout] 
[INFO] [stdout] error[E0432]: unresolved import `sdivi_lang_rust`
[INFO] [stdout]   --> tests/per_language_baselines.rs:26:5
[INFO] [stdout]    |
[INFO] [stdout] 26 | use sdivi_lang_rust::RustAdapter;
[INFO] [stdout]    |     ^^^^^^^^^^^^^^^ use of unresolved module or unlinked crate `sdivi_lang_rust`
[INFO] [stdout]    |
[INFO] [stdout]    = help: if you wanted to use a crate named `sdivi_lang_rust`, use `cargo add sdivi_lang_rust` to add it to your `Cargo.toml`
[INFO] [stdout] 
[INFO] [stdout] 
[INFO] [stdout] error[E0432]: unresolved import `sdivi_lang_typescript`
[INFO] [stdout]   --> tests/per_language_baselines.rs:27:5
[INFO] [stdout]    |
[INFO] [stdout] 27 | use sdivi_lang_typescript::TypeScriptAdapter;
[INFO] [stdout]    |     ^^^^^^^^^^^^^^^^^^^^^ use of unresolved module or unlinked crate `sdivi_lang_typescript`
[INFO] [stdout]    |
[INFO] [stdout]    = help: if you wanted to use a crate named `sdivi_lang_typescript`, use `cargo add sdivi_lang_typescript` to add it to your `Cargo.toml`
[INFO] [stdout] 
[INFO] [stdout] 
[INFO] [stdout] For more information about this error, try `rustc --explain E0432`.
[INFO] [stdout] 
[INFO] [stderr] error: could not compile `sdivi-graph` (test "per_language_baselines") due to 6 previous errors
[INFO] [stderr] warning: build failed, waiting for other jobs to finish...
[INFO] [stdout] error[E0432]: unresolved import `sdivi_lang_typescript`
[INFO] [stdout]    --> tests/tsconfig_alias.rs:406:9
[INFO] [stdout]     |
[INFO] [stdout] 406 |     use sdivi_lang_typescript::TypeScriptAdapter;
[INFO] [stdout]     |         ^^^^^^^^^^^^^^^^^^^^^ use of unresolved module or unlinked crate `sdivi_lang_typescript`
[INFO] [stdout]     |
[INFO] [stdout]     = help: if you wanted to use a crate named `sdivi_lang_typescript`, use `cargo add sdivi_lang_typescript` to add it to your `Cargo.toml`
[INFO] [stdout] 
[INFO] [stdout] 
[INFO] [stdout] For more information about this error, try `rustc --explain E0432`.
[INFO] [stdout] 
[INFO] [stderr] error: could not compile `sdivi-graph` (test "tsconfig_alias") due to 1 previous error
[INFO] running `Command { std: "docker" "inspect" "bd6415ef5c4b71660da9c69f4d0fdc3e27ec0e30053cb6f3da1d7520c9e30624", kill_on_drop: false }`
[INFO] running `Command { std: "docker" "rm" "-f" "bd6415ef5c4b71660da9c69f4d0fdc3e27ec0e30053cb6f3da1d7520c9e30624", kill_on_drop: false }`
[INFO] [stdout] bd6415ef5c4b71660da9c69f4d0fdc3e27ec0e30053cb6f3da1d7520c9e30624
