[INFO] fetching crate scute-core 0.0.12...
[INFO] testing scute-core-0.0.12 against 1.99.0-beta.8 for beta-1.100-2
[INFO] extracting crate scute-core 0.0.12 into /workspace/builds/worker-3-tc1/source
[INFO] started tweaking crates.io crate scute-core 0.0.12
[INFO] removed 0 missing tests
[INFO] finished tweaking crates.io crate scute-core 0.0.12
[INFO] tweaked toml for crates.io crate scute-core 0.0.12 written to /workspace/builds/worker-3-tc1/source/Cargo.toml
[INFO] validating manifest of crates.io crate scute-core 0.0.12 on toolchain 1.99.0-beta.8
[INFO] running `Command { std: CARGO_HOME="/workspace/cargo-home" RUSTUP_HOME="/workspace/rustup-home" "/workspace/cargo-home/bin/cargo" "+1.99.0-beta.8" "metadata" "--manifest-path" "Cargo.toml" "--no-deps", kill_on_drop: false }`
[INFO] crate crates.io crate scute-core 0.0.12 already has a lockfile, it will not be regenerated
[INFO] running `Command { std: CARGO_HOME="/workspace/cargo-home" RUSTUP_HOME="/workspace/rustup-home" "/workspace/cargo-home/bin/cargo" "+1.99.0-beta.8" "fetch" "--manifest-path" "Cargo.toml", kill_on_drop: false }`
[INFO] [stderr]     Blocking waiting for file lock on package cache
[INFO] [stderr]     Updating crates.io index
[INFO] [stderr]     Blocking waiting for file lock on package cache
[INFO] [stderr]  Downloading crates ...
[INFO] [stderr]   Downloaded shlex v1.3.0
[INFO] [stderr]   Downloaded cc v1.2.56
[INFO] [stderr]   Downloaded tree-sitter-language v0.1.7
[INFO] [stderr]   Downloaded find-msvc-tools v0.1.9
[INFO] [stderr]   Downloaded equivalent v1.0.2
[INFO] [stderr]   Downloaded test-case v3.3.1
[INFO] [stderr]   Downloaded test-case-macros v3.3.1
[INFO] [stderr]   Downloaded windows-link v0.2.1
[INFO] [stderr]   Downloaded untrusted v0.9.0
[INFO] [stderr]   Downloaded globset v0.4.18
[INFO] [stderr]   Downloaded test-case-core v3.3.1
[INFO] [stderr]   Downloaded heck v0.5.0
[INFO] [stderr]   Downloaded wit-bindgen-rust-macro v0.51.0
[INFO] [stderr]   Downloaded same-file v1.0.6
[INFO] [stderr]   Downloaded foldhash v0.1.5
[INFO] [stderr]   Downloaded id-arena v2.3.0
[INFO] [stderr]   Downloaded leb128fmt v0.1.0
[INFO] [stderr]   Downloaded walkdir v2.5.0
[INFO] [stderr]   Downloaded streaming-iterator v0.1.9
[INFO] [stderr]   Downloaded itoa v1.0.17
[INFO] [stderr]   Downloaded fastrand v2.3.0
[INFO] [stderr]   Downloaded winapi-util v0.1.11
[INFO] [stderr]   Downloaded unicode-xid v0.2.6
[INFO] [stderr]   Downloaded errno v0.3.14
[INFO] [stderr]   Downloaded bitflags v2.11.0
[INFO] [stderr]   Downloaded libsais v0.2.0
[INFO] [stderr]   Downloaded anyhow v1.0.102
[INFO] [stderr]   Downloaded googletest_macro v0.14.2
[INFO] [stderr]   Downloaded glob v0.3.3
[INFO] [stderr]   Downloaded semver v1.0.27
[INFO] [stderr]   Downloaded wasm-metadata v0.244.0
[INFO] [stderr]   Downloaded wasi v0.11.1+wasi-snapshot-preview1
[INFO] [stderr]   Downloaded getrandom v0.4.2
[INFO] [stderr]   Downloaded log v0.4.29
[INFO] [stderr]   Downloaded autocfg v1.5.0
[INFO] [stderr]   Downloaded minreq v2.14.1
[INFO] [stderr]   Downloaded tempfile v3.26.0
[INFO] [stderr]   Downloaded once_cell v1.21.3
[INFO] [stderr]   Downloaded r-efi v6.0.0
[INFO] [stderr]   Downloaded getrandom v0.2.17
[INFO] [stderr]   Downloaded sct v0.7.1
[INFO] [stderr]   Downloaded num-traits v0.2.19
[INFO] [stderr]   Downloaded console v0.15.11
[INFO] [stderr]   Downloaded rustversion v1.0.22
[INFO] [stderr]   Downloaded encode_unicode v1.0.0
[INFO] [stderr]   Downloaded ignore v0.4.25
[INFO] [stderr]   Downloaded wit-bindgen v0.51.0
[INFO] [stderr]   Downloaded wit-bindgen-core v0.51.0
[INFO] [stderr]   Downloaded prettyplease v0.2.37
[INFO] [stderr]   Downloaded similar v2.7.0
[INFO] [stderr]   Downloaded wasm-encoder v0.244.0
[INFO] [stderr]   Downloaded bytemuck v1.25.0
[INFO] [stderr]   Downloaded wit-bindgen-rust v0.51.0
[INFO] [stderr]   Downloaded indexmap v2.13.0
[INFO] [stderr]   Downloaded hashbrown v0.16.1
[INFO] [stderr]   Downloaded insta v1.46.3
[INFO] [stderr]   Downloaded googletest v0.14.2
[INFO] [stderr]   Downloaded wasip3 v0.4.0+wasi-0.3.0-rc-2026-01-06
[INFO] [stderr]   Downloaded tree-sitter-javascript v0.25.0
[INFO] [stderr]   Downloaded regex v1.12.3
[INFO] [stderr]   Downloaded wit-parser v0.244.0
[INFO] [stderr]   Downloaded hashbrown v0.15.5
[INFO] [stderr]   Downloaded wasip2 v1.0.2+wasi-0.2.9
[INFO] [stderr]   Downloaded libsais-sys v0.2.0
[INFO] [stderr]   Downloaded aho-corasick v1.1.4
[INFO] [stderr]   Downloaded rustls-webpki v0.101.7
[INFO] [stderr]   Downloaded tree-sitter v0.26.6
[INFO] [stderr]   Downloaded webpki-roots v0.25.4
[INFO] [stderr]   Downloaded wasmparser v0.244.0
[INFO] [stderr]   Downloaded wit-component v0.244.0
[INFO] [stderr]   Downloaded rustls v0.21.12
[INFO] [stderr]   Downloaded tree-sitter-rust v0.24.0
[INFO] [stderr]   Downloaded regex-syntax v0.8.10
[INFO] [stderr]   Downloaded bstr v1.12.1
[INFO] [stderr]   Downloaded rustix v1.1.4
[INFO] [stderr]   Downloaded regex-automata v0.4.14
[INFO] [stderr]   Downloaded tree-sitter-typescript v0.23.2
[INFO] [stderr]   Downloaded libc v0.2.183
[INFO] [stderr]   Downloaded ring v0.17.14
[INFO] [stderr]   Downloaded windows-sys v0.59.0
[INFO] [stderr]   Downloaded windows-sys v0.61.2
[INFO] [stderr]   Downloaded windows-sys v0.52.0
[INFO] [stderr]   Downloaded linux-raw-sys v0.12.1
[INFO] running `Command { std: "docker" "create" "-v" "/var/lib/crater-agent-workspace/builds/worker-3-tc1/source:/opt/rustwide/workdir:ro,Z" "-v" "/var/lib/crater-agent-workspace/builds/worker-3-tc1/target:/opt/rustwide/target:rw,Z" "-v" "/var/lib/crater-agent-workspace/cargo-home:/opt/rustwide/cargo-home:ro,Z" "-v" "/var/lib/crater-agent-workspace/rustup-home:/opt/rustwide/rustup-home:ro,Z" "-m" "1610612736" "--network" "none" "ghcr.io/rust-lang/crates-build-env/linux@sha256:3111399a4047eeb3a02b7a90e478d715f38a8c6669b5c4b49d30a17385265909" "sleep" "infinity", kill_on_drop: false }`
[INFO] [stdout] 93606061b01566959d90b4b5a6f5bd401c96eb48429a09cc1afca1182ef54d9c
[INFO] running `Command { std: "docker" "start" "93606061b01566959d90b4b5a6f5bd401c96eb48429a09cc1afca1182ef54d9c", kill_on_drop: false }`
[INFO] running `Command { std: "docker" "inspect" "93606061b01566959d90b4b5a6f5bd401c96eb48429a09cc1afca1182ef54d9c", kill_on_drop: false }`
[INFO] running `Command { std: "docker" "exec" "-e" "SOURCE_DIR=/opt/rustwide/workdir" "-e" "CARGO_HOME=/opt/rustwide/cargo-home" "-e" "RUSTUP_HOME=/opt/rustwide/rustup-home" "-e" "CARGO_TARGET_DIR=/opt/rustwide/target" "-w" "/opt/rustwide/workdir" "--user" "0:0" "93606061b01566959d90b4b5a6f5bd401c96eb48429a09cc1afca1182ef54d9c" "/opt/rustwide/cargo-home/bin/cargo" "+1.99.0-beta.8" "metadata" "--no-deps" "--format-version=1", kill_on_drop: false }`
[INFO] running `Command { std: "docker" "inspect" "93606061b01566959d90b4b5a6f5bd401c96eb48429a09cc1afca1182ef54d9c", kill_on_drop: false }`
[INFO] running `Command { std: "docker" "exec" "-e" "SOURCE_DIR=/opt/rustwide/workdir" "-e" "CARGO_HOME=/opt/rustwide/cargo-home" "-e" "RUSTUP_HOME=/opt/rustwide/rustup-home" "-e" "CARGO_TARGET_DIR=/opt/rustwide/target" "-e" "CARGO_INCREMENTAL=0" "-e" "RUST_BACKTRACE=full" "-e" "RUSTFLAGS=--cap-lints=warn" "-e" "RUSTDOCFLAGS=--cap-lints=warn" "-w" "/opt/rustwide/workdir" "--user" "0:0" "93606061b01566959d90b4b5a6f5bd401c96eb48429a09cc1afca1182ef54d9c" "/opt/rustwide/cargo-home/bin/cargo" "+1.99.0-beta.8" "build" "--frozen" "--message-format=json", kill_on_drop: false }`
[INFO] [stderr]    Compiling shlex v1.3.0
[INFO] [stderr]    Compiling find-msvc-tools v0.1.9
[INFO] [stderr]    Compiling tree-sitter-language v0.1.7
[INFO] [stderr]    Compiling memchr v2.8.0
[INFO] [stderr]    Compiling libc v0.2.183
[INFO] [stderr]    Compiling zmij v1.0.21
[INFO] [stderr]    Compiling serde_core v1.0.228
[INFO] [stderr]    Compiling cfg-if v1.0.4
[INFO] [stderr]    Compiling proc-macro2 v1.0.106
[INFO] [stderr]    Compiling quote v1.0.45
[INFO] [stderr]    Compiling regex-syntax v0.8.10
[INFO] [stderr]    Compiling unicode-ident v1.0.24
[INFO] [stderr]    Compiling serde_json v1.0.149
[INFO] [stderr]    Compiling hashbrown v0.16.1
[INFO] [stderr]    Compiling equivalent v1.0.2
[INFO] [stderr]    Compiling untrusted v0.9.0
[INFO] [stderr]    Compiling crossbeam-utils v0.8.21
[INFO] [stderr]    Compiling itoa v1.0.17
[INFO] [stderr]    Compiling cc v1.2.56
[INFO] [stderr]    Compiling autocfg v1.5.0
[INFO] [stderr]    Compiling log v0.4.29
[INFO] [stderr]    Compiling rustls v0.21.12
[INFO] [stderr]    Compiling serde v1.0.228
[INFO] [stderr]    Compiling same-file v1.0.6
[INFO] [stderr]    Compiling walkdir v2.5.0
[INFO] [stderr]    Compiling either v1.15.0
[INFO] [stderr]    Compiling bytemuck v1.25.0
[INFO] [stderr]    Compiling webpki-roots v0.25.4
[INFO] [stderr]    Compiling streaming-iterator v0.1.9
[INFO] [stderr]    Compiling aho-corasick v1.1.4
[INFO] [stderr]    Compiling num-traits v0.2.19
[INFO] [stderr]    Compiling bstr v1.12.1
[INFO] [stderr]    Compiling glob v0.3.3
[INFO] [stderr]    Compiling indexmap v2.13.0
[INFO] [stderr]    Compiling crossbeam-epoch v0.9.18
[INFO] [stderr]    Compiling semver v1.0.27
[INFO] [stderr]    Compiling crossbeam-deque v0.8.6
[INFO] [stderr]    Compiling syn v2.0.117
[INFO] [stderr]    Compiling ring v0.17.14
[INFO] [stderr]    Compiling libsais-sys v0.2.0
[INFO] [stderr]    Compiling tree-sitter-typescript v0.23.2
[INFO] [stderr]    Compiling tree-sitter-javascript v0.25.0
[INFO] [stderr]    Compiling tree-sitter-rust v0.24.0
[INFO] [stderr]    Compiling getrandom v0.2.17
[INFO] [stderr]    Compiling regex-automata v0.4.14
[INFO] [stderr]    Compiling serde_derive v1.0.228
[INFO] [stderr]    Compiling libsais v0.2.0
[INFO] [stderr]    Compiling tree-sitter v0.26.6
[INFO] [stderr]    Compiling regex v1.12.3
[INFO] [stderr]    Compiling globset v0.4.18
[INFO] [stderr]    Compiling ignore v0.4.25
[INFO] [stderr]    Compiling rustls-webpki v0.101.7
[INFO] [stderr]    Compiling sct v0.7.1
[INFO] [stderr]    Compiling minreq v2.14.1
[INFO] [stderr]    Compiling scute-core v0.0.12 (/opt/rustwide/workdir)
[INFO] [stderr]     Finished `dev` profile [unoptimized + debuginfo] target(s) in 17.21s
[INFO] running `Command { std: "docker" "inspect" "93606061b01566959d90b4b5a6f5bd401c96eb48429a09cc1afca1182ef54d9c", kill_on_drop: false }`
[INFO] running `Command { std: "docker" "exec" "-e" "SOURCE_DIR=/opt/rustwide/workdir" "-e" "CARGO_HOME=/opt/rustwide/cargo-home" "-e" "RUSTUP_HOME=/opt/rustwide/rustup-home" "-e" "CARGO_TARGET_DIR=/opt/rustwide/target" "-e" "CARGO_INCREMENTAL=0" "-e" "RUST_BACKTRACE=full" "-e" "RUSTFLAGS=--cap-lints=warn" "-e" "RUSTDOCFLAGS=--cap-lints=warn" "-w" "/opt/rustwide/workdir" "--user" "0:0" "93606061b01566959d90b4b5a6f5bd401c96eb48429a09cc1afca1182ef54d9c" "/opt/rustwide/cargo-home/bin/cargo" "+1.99.0-beta.8" "test" "--frozen" "--no-run" "--message-format=json", kill_on_drop: false }`
[INFO] [stderr]    Compiling libc v0.2.183
[INFO] [stderr]    Compiling proc-macro2 v1.0.106
[INFO] [stderr]    Compiling quote v1.0.45
[INFO] [stderr]    Compiling regex-syntax v0.8.10
[INFO] [stderr]    Compiling getrandom v0.4.2
[INFO] [stderr]    Compiling rustix v1.1.4
[INFO] [stderr]    Compiling rustversion v1.0.22
[INFO] [stderr]    Compiling bitflags v2.11.0
[INFO] [stderr]    Compiling linux-raw-sys v0.12.1
[INFO] [stderr]    Compiling once_cell v1.21.3
[INFO] [stderr]    Compiling fastrand v2.3.0
[INFO] [stderr]    Compiling similar v2.7.0
[INFO] [stderr]    Compiling syn v2.0.117
[INFO] [stderr]    Compiling getrandom v0.2.17
[INFO] [stderr]    Compiling console v0.15.11
[INFO] [stderr]    Compiling ring v0.17.14
[INFO] [stderr]    Compiling regex-automata v0.4.14
[INFO] [stderr]    Compiling tempfile v3.26.0
[INFO] [stderr]    Compiling insta v1.46.3
[INFO] [stderr]    Compiling sct v0.7.1
[INFO] [stderr]    Compiling rustls-webpki v0.101.7
[INFO] [stderr]    Compiling rustls v0.21.12
[INFO] [stderr]    Compiling test-case-core v3.3.1
[INFO] [stderr]    Compiling regex v1.12.3
[INFO] [stderr]    Compiling globset v0.4.18
[INFO] [stderr]    Compiling serde_derive v1.0.228
[INFO] [stderr]    Compiling test-case-macros v3.3.1
[INFO] [stderr]    Compiling googletest_macro v0.14.2
[INFO] [stderr]    Compiling tree-sitter v0.26.6
[INFO] [stderr]    Compiling test-case v3.3.1
[INFO] [stderr]    Compiling ignore v0.4.25
[INFO] [stderr]    Compiling googletest v0.14.2
[INFO] [stderr]    Compiling minreq v2.14.1
[INFO] [stderr]    Compiling serde v1.0.228
[INFO] [stderr]    Compiling scute-core v0.0.12 (/opt/rustwide/workdir)
[INFO] [stdout] error[E0432]: unresolved import `scute_test_utils`
[INFO] [stdout]    --> src/code_complexity/check.rs:254:9
[INFO] [stdout]     |
[INFO] [stdout] 254 |     use scute_test_utils::TestDir;
[INFO] [stdout]     |         ^^^^^^^^^^^^^^^^ use of unresolved module or unlinked crate `scute_test_utils`
[INFO] [stdout]     |
[INFO] [stdout]     = help: if you wanted to use a crate named `scute_test_utils`, use `cargo add scute_test_utils` to add it to your `Cargo.toml`
[INFO] [stdout] 
[INFO] [stdout] 
[INFO] [stdout] error[E0432]: unresolved import `scute_test_utils`
[INFO] [stdout]    --> src/code_similarity/check.rs:260:9
[INFO] [stdout]     |
[INFO] [stdout] 260 |     use scute_test_utils::TestDir;
[INFO] [stdout]     |         ^^^^^^^^^^^^^^^^ use of unresolved module or unlinked crate `scute_test_utils`
[INFO] [stdout]     |
[INFO] [stdout]     = help: if you wanted to use a crate named `scute_test_utils`, use `cargo add scute_test_utils` to add it to your `Cargo.toml`
[INFO] [stdout] 
[INFO] [stdout] 
[INFO] [stdout] error[E0432]: unresolved import `scute_test_utils`
[INFO] [stdout]    --> src/files.rs:343:13
[INFO] [stdout]     |
[INFO] [stdout] 343 |         use scute_test_utils::TestDir;
[INFO] [stdout]     |             ^^^^^^^^^^^^^^^^ use of unresolved module or unlinked crate `scute_test_utils`
[INFO] [stdout]     |
[INFO] [stdout]     = help: if you wanted to use a crate named `scute_test_utils`, use `cargo add scute_test_utils` to add it to your `Cargo.toml`
[INFO] [stdout] 
[INFO] [stdout] 
[INFO] [stdout] For more information about this error, try `rustc --explain E0432`.
[INFO] [stdout] 
[INFO] [stdout] error[E0432]: unresolved import `scute_test_utils`
[INFO] [stdout]  --> tests/dependency_freshness/package_managers.rs:5:5
[INFO] [stdout]   |
[INFO] [stdout] 5 | use scute_test_utils::TestProject;
[INFO] [stdout]   |     ^^^^^^^^^^^^^^^^ use of unresolved module or unlinked crate `scute_test_utils`
[INFO] [stdout]   |
[INFO] [stdout]   = help: if you wanted to use a crate named `scute_test_utils`, use `cargo add scute_test_utils` to add it to your `Cargo.toml`
[INFO] [stdout] 
[INFO] [stdout] 
[INFO] [stdout] error[E0432]: unresolved import `scute_test_utils`
[INFO] [stdout]  --> tests/dependency_freshness/pnpm.rs:3:5
[INFO] [stdout]   |
[INFO] [stdout] 3 | use scute_test_utils::TestProject;
[INFO] [stdout]   |     ^^^^^^^^^^^^^^^^ use of unresolved module or unlinked crate `scute_test_utils`
[INFO] [stdout]   |
[INFO] [stdout]   = help: if you wanted to use a crate named `scute_test_utils`, use `cargo add scute_test_utils` to add it to your `Cargo.toml`
[INFO] [stdout] 
[INFO] [stdout] 
[INFO] [stdout] error[E0432]: unresolved import `scute_test_utils`
[INFO] [stdout]  --> tests/dependency_freshness.rs:7:5
[INFO] [stdout]   |
[INFO] [stdout] 7 | use scute_test_utils::TestProject;
[INFO] [stdout]   |     ^^^^^^^^^^^^^^^^ use of unresolved module or unlinked crate `scute_test_utils`
[INFO] [stdout]   |
[INFO] [stdout]   = help: if you wanted to use a crate named `scute_test_utils`, use `cargo add scute_test_utils` to add it to your `Cargo.toml`
[INFO] [stdout] 
[INFO] [stdout] 
[INFO] [stderr] error: could not compile `scute-core` (lib test) due to 3 previous errors
[INFO] [stderr] warning: build failed, waiting for other jobs to finish...
[INFO] [stdout] error[E0432]: unresolved import `scute_test_utils`
[INFO] [stdout]  --> tests/code_similarity/evaluation.rs:2:5
[INFO] [stdout]   |
[INFO] [stdout] 2 | use scute_test_utils::TestDir;
[INFO] [stdout]   |     ^^^^^^^^^^^^^^^^ use of unresolved module or unlinked crate `scute_test_utils`
[INFO] [stdout]   |
[INFO] [stdout]   = help: if you wanted to use a crate named `scute_test_utils`, use `cargo add scute_test_utils` to add it to your `Cargo.toml`
[INFO] [stdout] 
[INFO] [stdout] 
[INFO] [stderr] error: could not compile `scute-core` (test "dependency_freshness") due to 3 previous errors
[INFO] [stdout] For more information about this error, try `rustc --explain E0432`.
[INFO] [stdout] 
[INFO] [stdout] For more information about this error, try `rustc --explain E0432`.
[INFO] [stdout] 
[INFO] [stderr] error: could not compile `scute-core` (test "code_similarity") due to 1 previous error
[INFO] running `Command { std: "docker" "inspect" "93606061b01566959d90b4b5a6f5bd401c96eb48429a09cc1afca1182ef54d9c", kill_on_drop: false }`
[INFO] running `Command { std: "docker" "rm" "-f" "93606061b01566959d90b4b5a6f5bd401c96eb48429a09cc1afca1182ef54d9c", kill_on_drop: false }`
[INFO] [stdout] 93606061b01566959d90b4b5a6f5bd401c96eb48429a09cc1afca1182ef54d9c
