[INFO] fetching crate sbol-db-sqlite 0.1.7...
[INFO] testing sbol-db-sqlite-0.1.7 against 1.99.0-beta.8 for beta-1.100-2
[INFO] extracting crate sbol-db-sqlite 0.1.7 into /workspace/builds/worker-6-tc1/source
[INFO] started tweaking crates.io crate sbol-db-sqlite 0.1.7
[INFO] removed 0 missing tests
[INFO] finished tweaking crates.io crate sbol-db-sqlite 0.1.7
[INFO] tweaked toml for crates.io crate sbol-db-sqlite 0.1.7 written to /workspace/builds/worker-6-tc1/source/Cargo.toml
[INFO] validating manifest of crates.io crate sbol-db-sqlite 0.1.7 on toolchain 1.99.0-beta.8
[INFO] running `Command { std: CARGO_HOME="/workspace/cargo-home" RUSTUP_HOME="/workspace/rustup-home" "/workspace/cargo-home/bin/cargo" "+1.99.0-beta.8" "metadata" "--manifest-path" "Cargo.toml" "--no-deps", kill_on_drop: false }`
[INFO] crate crates.io crate sbol-db-sqlite 0.1.7 already has a lockfile, it will not be regenerated
[INFO] running `Command { std: CARGO_HOME="/workspace/cargo-home" RUSTUP_HOME="/workspace/rustup-home" "/workspace/cargo-home/bin/cargo" "+1.99.0-beta.8" "fetch" "--manifest-path" "Cargo.toml", kill_on_drop: false }`
[INFO] [stderr]     Updating crates.io index
[INFO] [stderr]  Downloading crates ...
[INFO] [stderr]   Downloaded sbol v0.2.2
[INFO] [stderr]   Downloaded sbol-db-storage v0.1.7
[INFO] [stderr]   Downloaded redox_syscall v0.7.5
[INFO] [stderr]   Downloaded sbol-db-rdf v0.1.7
[INFO] [stderr]   Downloaded compression-core v0.4.32
[INFO] [stderr]   Downloaded wasm-bindgen-futures v0.4.71
[INFO] [stderr]   Downloaded sbol-genbank v0.2.2
[INFO] [stderr]   Downloaded circular v0.3.0
[INFO] [stderr]   Downloaded sbol-rulegen v0.2.2
[INFO] [stderr]   Downloaded sbol-fasta v0.2.2
[INFO] [stderr]   Downloaded compression-codecs v0.4.38
[INFO] [stderr]   Downloaded sbol-core v0.2.2
[INFO] [stderr]   Downloaded sbol-db-derive v0.1.7
[INFO] [stderr]   Downloaded gb-io v0.9.0
[INFO] [stderr]   Downloaded sbol3 v0.2.2
[INFO] [stderr]   Downloaded sbol-convert v0.2.2
[INFO] [stderr]   Downloaded tower-http v0.6.10
[INFO] [stderr]   Downloaded async-compression v0.4.42
[INFO] [stderr]   Downloaded sbol-ontology v0.2.2
[INFO] [stderr]   Downloaded web-sys v0.3.98
[INFO] running `Command { std: "docker" "create" "-v" "/var/lib/crater-agent-workspace/builds/worker-6-tc1/source:/opt/rustwide/workdir:ro,Z" "-v" "/var/lib/crater-agent-workspace/builds/worker-6-tc1/target:/opt/rustwide/target:rw,Z" "-v" "/var/lib/crater-agent-workspace/cargo-home:/opt/rustwide/cargo-home:ro,Z" "-v" "/var/lib/crater-agent-workspace/rustup-home:/opt/rustwide/rustup-home:ro,Z" "-m" "1610612736" "--network" "none" "ghcr.io/rust-lang/crates-build-env/linux@sha256:3111399a4047eeb3a02b7a90e478d715f38a8c6669b5c4b49d30a17385265909" "sleep" "infinity", kill_on_drop: false }`
[INFO] [stdout] 871e6694800c1fd63a00e5460ade62d6de4b0551fe2bc7c6851cdcbc3094edd9
[INFO] running `Command { std: "docker" "start" "871e6694800c1fd63a00e5460ade62d6de4b0551fe2bc7c6851cdcbc3094edd9", kill_on_drop: false }`
[INFO] running `Command { std: "docker" "inspect" "871e6694800c1fd63a00e5460ade62d6de4b0551fe2bc7c6851cdcbc3094edd9", kill_on_drop: false }`
[INFO] running `Command { std: "docker" "exec" "-e" "SOURCE_DIR=/opt/rustwide/workdir" "-e" "CARGO_HOME=/opt/rustwide/cargo-home" "-e" "RUSTUP_HOME=/opt/rustwide/rustup-home" "-e" "CARGO_TARGET_DIR=/opt/rustwide/target" "-w" "/opt/rustwide/workdir" "--user" "0:0" "871e6694800c1fd63a00e5460ade62d6de4b0551fe2bc7c6851cdcbc3094edd9" "/opt/rustwide/cargo-home/bin/cargo" "+1.99.0-beta.8" "metadata" "--no-deps" "--format-version=1", kill_on_drop: false }`
[INFO] running `Command { std: "docker" "inspect" "871e6694800c1fd63a00e5460ade62d6de4b0551fe2bc7c6851cdcbc3094edd9", kill_on_drop: false }`
[INFO] running `Command { std: "docker" "exec" "-e" "SOURCE_DIR=/opt/rustwide/workdir" "-e" "CARGO_HOME=/opt/rustwide/cargo-home" "-e" "RUSTUP_HOME=/opt/rustwide/rustup-home" "-e" "CARGO_TARGET_DIR=/opt/rustwide/target" "-e" "CARGO_INCREMENTAL=0" "-e" "RUST_BACKTRACE=full" "-e" "RUSTFLAGS=--cap-lints=warn" "-e" "RUSTDOCFLAGS=--cap-lints=warn" "-w" "/opt/rustwide/workdir" "--user" "0:0" "871e6694800c1fd63a00e5460ade62d6de4b0551fe2bc7c6851cdcbc3094edd9" "/opt/rustwide/cargo-home/bin/cargo" "+1.99.0-beta.8" "build" "--frozen" "--message-format=json", kill_on_drop: false }`
[INFO] [stderr]    Compiling syn v2.0.117
[INFO] [stderr]    Compiling memchr v2.8.0
[INFO] [stderr]    Compiling bytes v1.11.1
[INFO] [stderr]    Compiling find-msvc-tools v0.1.9
[INFO] [stderr]    Compiling futures-core v0.3.32
[INFO] [stderr]    Compiling getrandom v0.2.17
[INFO] [stderr]    Compiling zeroize v1.8.2
[INFO] [stderr]    Compiling typenum v1.20.0
[INFO] [stderr]    Compiling mio v1.2.0
[INFO] [stderr]    Compiling cc v1.2.62
[INFO] [stderr]    Compiling rustls-pki-types v1.14.1
[INFO] [stderr]    Compiling socket2 v0.6.3
[INFO] [stderr]    Compiling writeable v0.6.3
[INFO] [stderr]    Compiling litemap v0.8.2
[INFO] [stderr]    Compiling webpki-roots v1.0.7
[INFO] [stderr]    Compiling icu_normalizer_data v2.2.0
[INFO] [stderr]    Compiling errno v0.3.14
[INFO] [stderr]    Compiling rand_chacha v0.9.0
[INFO] [stderr]    Compiling futures-io v0.3.32
[INFO] [stderr]    Compiling signal-hook-registry v1.4.8
[INFO] [stderr]    Compiling rustls v0.23.40
[INFO] [stderr]    Compiling http v1.4.0
[INFO] [stderr]    Compiling oxilangtag v0.1.5
[INFO] [stderr]    Compiling serde_json v1.0.149
[INFO] [stderr]    Compiling generic-array v0.14.7
[INFO] [stderr]    Compiling rand v0.9.4
[INFO] [stderr]    Compiling futures-sink v0.3.32
[INFO] [stderr]    Compiling quick-xml v0.37.5
[INFO] [stderr]    Compiling ring v0.17.14
[INFO] [stderr]    Compiling json-event-parser v0.2.3
[INFO] [stderr]    Compiling block-buffer v0.10.4
[INFO] [stderr]    Compiling crypto-common v0.1.7
[INFO] [stderr]    Compiling digest v0.10.7
[INFO] [stderr]    Compiling hybrid-array v0.4.12
[INFO] [stderr]    Compiling winnow v1.0.3
[INFO] [stderr]    Compiling anstyle-parse v1.0.0
[INFO] [stderr]    Compiling serde_spanned v1.1.1
[INFO] [stderr]    Compiling toml_datetime v1.1.1+spec-1.1.0
[INFO] [stderr]    Compiling colorchoice v1.0.5
[INFO] [stderr]    Compiling anstyle v1.0.14
[INFO] [stderr]    Compiling toml_parser v1.1.2+spec-1.1.0
[INFO] [stderr]    Compiling anstyle-query v1.1.5
[INFO] [stderr]    Compiling is_terminal_polyfill v1.70.2
[INFO] [stderr]    Compiling anstream v1.0.0
[INFO] [stderr]    Compiling getrandom v0.4.2
[INFO] [stderr]    Compiling crypto-common v0.2.1
[INFO] [stderr]    Compiling block-buffer v0.12.0
[INFO] [stderr]    Compiling concurrent-queue v2.5.0
[INFO] [stderr]    Compiling futures-util v0.3.32
[INFO] [stderr]    Compiling clap_lex v1.1.0
[INFO] [stderr]    Compiling toml v1.1.2+spec-1.1.0
[INFO] [stderr]    Compiling crc-catalog v2.5.0
[INFO] [stderr]    Compiling const-oid v0.10.2
[INFO] [stderr]    Compiling crc v3.4.0
[INFO] [stderr]    Compiling event-listener v5.4.1
[INFO] [stderr]    Compiling clap_builder v4.6.0
[INFO] [stderr]    Compiling uuid v1.23.1
[INFO] [stderr]    Compiling hashlink v0.10.0
[INFO] [stderr]    Compiling digest v0.11.3
[INFO] [stderr]    Compiling crossbeam-queue v0.3.12
[INFO] [stderr]    Compiling ureq-proto v0.6.0
[INFO] [stderr]    Compiling webpki-roots v0.26.11
[INFO] [stderr]    Compiling utf8-zero v0.8.1
[INFO] [stderr]    Compiling sha2 v0.11.0
[INFO] [stderr]    Compiling pkg-config v0.3.33
[INFO] [stderr]    Compiling tinyvec v1.11.0
[INFO] [stderr]    Compiling synstructure v0.13.2
[INFO] [stderr]    Compiling libsqlite3-sys v0.30.1
[INFO] [stderr]    Compiling sha3 v0.10.9
[INFO] [stderr]    Compiling futures-channel v0.3.32
[INFO] [stderr]    Compiling spin v0.9.8
[INFO] [stderr]    Compiling atoi v2.0.0
[INFO] [stderr]    Compiling tokio v1.52.3
[INFO] [stderr]    Compiling rand_core v0.6.4
[INFO] [stderr]    Compiling bitflags v2.11.1
[INFO] [stderr]    Compiling rand_chacha v0.3.1
[INFO] [stderr]    Compiling unicode-normalization v0.1.25
[INFO] [stderr]    Compiling rustls-webpki v0.103.13
[INFO] [stderr]    Compiling serde_derive v1.0.228
[INFO] [stderr]    Compiling zerofrom-derive v0.1.7
[INFO] [stderr]    Compiling thiserror-impl v2.0.18
[INFO] [stderr]    Compiling yoke-derive v0.8.2
[INFO] [stderr]    Compiling zerofrom v0.1.8
[INFO] [stderr]    Compiling zerovec-derive v0.11.3
[INFO] [stderr]    Compiling displaydoc v0.2.5
[INFO] [stderr]    Compiling thiserror v2.0.18
[INFO] [stderr]    Compiling tokio-macros v2.7.0
[INFO] [stderr]    Compiling oxrdf v0.3.3
[INFO] [stderr]    Compiling yoke v0.8.2
[INFO] [stderr]    Compiling tracing-attributes v0.1.31
[INFO] [stderr]    Compiling zerovec v0.11.6
[INFO] [stderr]    Compiling zerotrie v0.2.4
[INFO] [stderr]    Compiling tinystr v0.8.3
[INFO] [stderr]    Compiling icu_locale_core v2.2.0
[INFO] [stderr]    Compiling serde v1.0.228
[INFO] [stderr]    Compiling potential_utf v0.1.5
[INFO] [stderr]    Compiling icu_collections v2.2.0
[INFO] [stderr]    Compiling smallvec v1.15.1
[INFO] [stderr]    Compiling icu_provider v2.2.0
[INFO] [stderr]    Compiling oxrdfxml v0.2.3
[INFO] [stderr]    Compiling icu_properties v2.2.0
[INFO] [stderr]    Compiling oxttl v0.2.3
[INFO] [stderr]    Compiling oxjsonld v0.2.5
[INFO] [stderr]    Compiling tracing v0.1.44
[INFO] [stderr]    Compiling icu_normalizer v2.2.0
[INFO] [stderr]    Compiling oxrdfio v0.2.5
[INFO] [stderr]    Compiling sbol-rdf v0.2.2
[INFO] [stderr]    Compiling chrono v0.4.44
[INFO] [stderr]    Compiling sbol-rulegen v0.2.2
[INFO] [stderr]    Compiling clap_derive v4.6.1
[INFO] [stderr]    Compiling sbol3 v0.2.2
[INFO] [stderr]    Compiling ureq v3.3.0
[INFO] [stderr]    Compiling idna_adapter v1.2.2
[INFO] [stderr]    Compiling parking_lot_core v0.9.12
[INFO] [stderr]    Compiling either v1.15.0
[INFO] [stderr]    Compiling parking_lot v0.12.5
[INFO] [stderr]    Compiling idna v1.1.0
[INFO] [stderr]    Compiling sbol-core v0.2.2
[INFO] [stderr]    Compiling clap v4.6.1
[INFO] [stderr]    Compiling sbol-ontology v0.2.2
[INFO] [stderr]    Compiling url v2.5.8
[INFO] [stderr]    Compiling futures-intrusive v0.5.0
[INFO] [stderr]    Compiling serde_urlencoded v0.7.1
[INFO] [stderr]    Compiling tokio-stream v0.1.18
[INFO] [stderr]    Compiling sha2 v0.10.9
[INFO] [stderr]    Compiling http-body v1.0.1
[INFO] [stderr]    Compiling base64 v0.22.1
[INFO] [stderr]    Compiling unicode-properties v0.1.4
[INFO] [stderr]    Compiling unicode-bidi v0.3.18
[INFO] [stderr]    Compiling rand v0.8.6
[INFO] [stderr]    Compiling stringprep v0.1.5
[INFO] [stderr]    Compiling hmac v0.12.1
[INFO] [stderr]    Compiling home v0.5.12
[INFO] [stderr]    Compiling whoami v1.6.1
[INFO] [stderr]    Compiling hkdf v0.12.4
[INFO] [stderr]    Compiling sbol-db-core v0.1.7
[INFO] [stderr]    Compiling futures-executor v0.3.32
[INFO] [stderr]    Compiling async-trait v0.1.89
[INFO] [stderr]    Compiling flume v0.11.1
[INFO] [stderr]    Compiling md-5 v0.10.6
[INFO] [stderr]    Compiling compression-core v0.4.32
[INFO] [stderr]    Compiling hyper v1.9.0
[INFO] [stderr]    Compiling compression-codecs v0.4.38
[INFO] [stderr]    Compiling itertools v0.14.0
[INFO] [stderr]    Compiling sbol-convert v0.2.2
[INFO] [stderr]    Compiling sbol-db-search-sdk v0.1.7
[INFO] [stderr]    Compiling sqlx-core v0.8.6
[INFO] [stderr]    Compiling nom v8.0.0
[INFO] [stderr]    Compiling sync_wrapper v1.0.2
[INFO] [stderr]    Compiling ipnet v2.12.0
[INFO] [stderr]    Compiling circular v0.3.0
[INFO] [stderr]    Compiling hyper-util v0.1.20
[INFO] [stderr]    Compiling tower v0.5.3
[INFO] [stderr]    Compiling sbol-db-search v0.1.7
[INFO] [stderr]    Compiling sbol v0.2.2
[INFO] [stderr]    Compiling async-compression v0.4.42
[INFO] [stderr]    Compiling http-body-util v0.1.3
[INFO] [stderr]    Compiling tokio-util v0.7.18
[INFO] [stderr]    Compiling tokio-rustls v0.26.4
[INFO] [stderr]    Compiling sqlx-postgres v0.8.6
[INFO] [stderr]    Compiling hyper-rustls v0.27.9
[INFO] [stderr]    Compiling sbol-db-storage v0.1.7
[INFO] [stderr]    Compiling tower-http v0.6.10
[INFO] [stderr]    Compiling sqlx-sqlite v0.8.6
[INFO] [stderr]    Compiling gb-io v0.9.0
[INFO] [stderr]    Compiling sbol-db-rdf v0.1.7
[INFO] [stderr]    Compiling sbol-fasta v0.2.2
[INFO] [stderr]    Compiling reqwest v0.12.28
[INFO] [stderr]    Compiling sbol-genbank v0.2.2
[INFO] [stderr]    Compiling sbol-db-derive v0.1.7
[INFO] [stderr]    Compiling sqlx-macros-core v0.8.6
[INFO] [stderr]    Compiling sqlx-macros v0.8.6
[INFO] [stderr]    Compiling sqlx v0.8.6
[INFO] [stderr]    Compiling sbol-db-sqlite v0.1.7 (/opt/rustwide/workdir)
[INFO] [stderr]     Finished `dev` profile [unoptimized + debuginfo] target(s) in 3m 48s
[INFO] running `Command { std: "docker" "inspect" "871e6694800c1fd63a00e5460ade62d6de4b0551fe2bc7c6851cdcbc3094edd9", kill_on_drop: false }`
[INFO] running `Command { std: "docker" "exec" "-e" "SOURCE_DIR=/opt/rustwide/workdir" "-e" "CARGO_HOME=/opt/rustwide/cargo-home" "-e" "RUSTUP_HOME=/opt/rustwide/rustup-home" "-e" "CARGO_TARGET_DIR=/opt/rustwide/target" "-e" "CARGO_INCREMENTAL=0" "-e" "RUST_BACKTRACE=full" "-e" "RUSTFLAGS=--cap-lints=warn" "-e" "RUSTDOCFLAGS=--cap-lints=warn" "-w" "/opt/rustwide/workdir" "--user" "0:0" "871e6694800c1fd63a00e5460ade62d6de4b0551fe2bc7c6851cdcbc3094edd9" "/opt/rustwide/cargo-home/bin/cargo" "+1.99.0-beta.8" "test" "--frozen" "--no-run" "--message-format=json", kill_on_drop: false }`
[INFO] [stderr]    Compiling bitflags v2.11.1
[INFO] [stderr]    Compiling fastrand v2.4.1
[INFO] [stderr]    Compiling sqlx-postgres v0.8.6
[INFO] [stderr]    Compiling tower-http v0.6.10
[INFO] [stderr]    Compiling rustix v1.1.4
[INFO] [stderr]    Compiling reqwest v0.12.28
[INFO] [stderr]    Compiling tempfile v3.27.0
[INFO] [stderr]    Compiling sqlx-macros-core v0.8.6
[INFO] [stderr]    Compiling sqlx-macros v0.8.6
[INFO] [stderr]    Compiling sqlx v0.8.6
[INFO] [stderr]    Compiling sbol-db-sqlite v0.1.7 (/opt/rustwide/workdir)
[INFO] [stdout] error[E0433]: cannot find module or crate `sbol_db_search` in this scope
[INFO] [stdout]  --> tests/sketch_roundtrip.rs:5:5
[INFO] [stdout]   |
[INFO] [stdout] 5 | use sbol_db_search::minhash::{band_hashes, sketch, SketchParams};
[INFO] [stdout]   |     ^^^^^^^^^^^^^^ use of unresolved module or unlinked crate `sbol_db_search`
[INFO] [stdout]   |
[INFO] [stdout]   = help: if you wanted to use a crate named `sbol_db_search`, use `cargo add sbol_db_search` to add it to your `Cargo.toml`
[INFO] [stdout] 
[INFO] [stdout] 
[INFO] [stdout] error[E0432]: unresolved import `sbol_db_app`
[INFO] [stdout]  --> tests/conformance_test.rs:6:5
[INFO] [stdout]   |
[INFO] [stdout] 6 | use sbol_db_app::AppServices;
[INFO] [stdout]   |     ^^^^^^^^^^^ use of unresolved module or unlinked crate `sbol_db_app`
[INFO] [stdout]   |
[INFO] [stdout] help: there is a crate or module with a similar name
[INFO] [stdout]   |
[INFO] [stdout] 6 - use sbol_db_app::AppServices;
[INFO] [stdout] 6 + use sbol_db_rdf::AppServices;
[INFO] [stdout]   |
[INFO] [stdout] 
[INFO] [stdout] 
[INFO] [stdout] error[E0432]: unresolved import `sbol_db_sparql`
[INFO] [stdout]  --> tests/conformance_test.rs:7:5
[INFO] [stdout]   |
[INFO] [stdout] 7 | use sbol_db_sparql::{SparqlEngine, SparqlUpdateEngine};
[INFO] [stdout]   |     ^^^^^^^^^^^^^^ use of unresolved module or unlinked crate `sbol_db_sparql`
[INFO] [stdout]   |
[INFO] [stdout]   = help: if you wanted to use a crate named `sbol_db_sparql`, use `cargo add sbol_db_sparql` to add it to your `Cargo.toml`
[INFO] [stdout] 
[INFO] [stdout] 
[INFO] [stdout] For more information about this error, try `rustc --explain E0433`.
[INFO] [stdout] 
[INFO] [stderr] error: could not compile `sbol-db-sqlite` (test "sketch_roundtrip") due to 1 previous error
[INFO] [stderr] warning: build failed, waiting for other jobs to finish...
[INFO] [stdout] error[E0433]: cannot find module or crate `sbol_db_conformance` in this scope
[INFO] [stdout]   --> tests/conformance_test.rs:30:5
[INFO] [stdout]    |
[INFO] [stdout] 30 |     sbol_db_conformance::import_and_read_back(&SqliteStore::new(pool)).await;
[INFO] [stdout]    |     ^^^^^^^^^^^^^^^^^^^ use of unresolved module or unlinked crate `sbol_db_conformance`
[INFO] [stdout]    |
[INFO] [stdout]    = help: if you wanted to use a crate named `sbol_db_conformance`, use `cargo add sbol_db_conformance` to add it to your `Cargo.toml`
[INFO] [stdout] 
[INFO] [stdout] 
[INFO] [stdout] error[E0433]: cannot find module or crate `sbol_db_conformance` in this scope
[INFO] [stdout]   --> tests/conformance_test.rs:36:5
[INFO] [stdout]    |
[INFO] [stdout] 36 |     sbol_db_conformance::graph_set_semantics(&SqliteStore::new(pool)).await;
[INFO] [stdout]    |     ^^^^^^^^^^^^^^^^^^^ use of unresolved module or unlinked crate `sbol_db_conformance`
[INFO] [stdout]    |
[INFO] [stdout]    = help: if you wanted to use a crate named `sbol_db_conformance`, use `cargo add sbol_db_conformance` to add it to your `Cargo.toml`
[INFO] [stdout] 
[INFO] [stdout] 
[INFO] [stdout] error[E0433]: cannot find module or crate `sbol_db_conformance` in this scope
[INFO] [stdout]   --> tests/conformance_test.rs:42:5
[INFO] [stdout]    |
[INFO] [stdout] 42 |     sbol_db_conformance::ontology_roundtrip(&SqliteStore::new(pool)).await;
[INFO] [stdout]    |     ^^^^^^^^^^^^^^^^^^^ use of unresolved module or unlinked crate `sbol_db_conformance`
[INFO] [stdout]    |
[INFO] [stdout]    = help: if you wanted to use a crate named `sbol_db_conformance`, use `cargo add sbol_db_conformance` to add it to your `Cargo.toml`
[INFO] [stdout] 
[INFO] [stdout] 
[INFO] [stdout] error[E0433]: cannot find module or crate `sbol_db_conformance` in this scope
[INFO] [stdout]   --> tests/conformance_test.rs:48:5
[INFO] [stdout]    |
[INFO] [stdout] 48 |     sbol_db_conformance::neighborhood_walk(&SqliteStore::new(pool)).await;
[INFO] [stdout]    |     ^^^^^^^^^^^^^^^^^^^ use of unresolved module or unlinked crate `sbol_db_conformance`
[INFO] [stdout]    |
[INFO] [stdout]    = help: if you wanted to use a crate named `sbol_db_conformance`, use `cargo add sbol_db_conformance` to add it to your `Cargo.toml`
[INFO] [stdout] 
[INFO] [stdout] 
[INFO] [stdout] error[E0433]: cannot find module or crate `sbol_db_conformance` in this scope
[INFO] [stdout]   --> tests/conformance_test.rs:54:5
[INFO] [stdout]    |
[INFO] [stdout] 54 |     sbol_db_conformance::sequence_search(&SqliteStore::new(pool)).await;
[INFO] [stdout]    |     ^^^^^^^^^^^^^^^^^^^ use of unresolved module or unlinked crate `sbol_db_conformance`
[INFO] [stdout]    |
[INFO] [stdout]    = help: if you wanted to use a crate named `sbol_db_conformance`, use `cargo add sbol_db_conformance` to add it to your `Cargo.toml`
[INFO] [stdout] 
[INFO] [stdout] 
[INFO] [stdout] error[E0433]: cannot find module or crate `sbol_db_conformance` in this scope
[INFO] [stdout]   --> tests/conformance_test.rs:60:5
[INFO] [stdout]    |
[INFO] [stdout] 60 |     sbol_db_conformance::job_queue_lifecycle(&SqliteJobRepository::new(pool)).await;
[INFO] [stdout]    |     ^^^^^^^^^^^^^^^^^^^ use of unresolved module or unlinked crate `sbol_db_conformance`
[INFO] [stdout]    |
[INFO] [stdout]    = help: if you wanted to use a crate named `sbol_db_conformance`, use `cargo add sbol_db_conformance` to add it to your `Cargo.toml`
[INFO] [stdout] 
[INFO] [stdout] 
[INFO] [stdout] error[E0433]: cannot find module or crate `sbol_db_conformance` in this scope
[INFO] [stdout]   --> tests/conformance_test.rs:85:5
[INFO] [stdout]    |
[INFO] [stdout] 85 |     sbol_db_conformance::run_all(&app).await;
[INFO] [stdout]    |     ^^^^^^^^^^^^^^^^^^^ use of unresolved module or unlinked crate `sbol_db_conformance`
[INFO] [stdout]    |
[INFO] [stdout]    = help: if you wanted to use a crate named `sbol_db_conformance`, use `cargo add sbol_db_conformance` to add it to your `Cargo.toml`
[INFO] [stdout] 
[INFO] [stdout] 
[INFO] [stdout] error[E0433]: cannot find module or crate `sbol_db_conformance` in this scope
[INFO] [stdout]   --> tests/conformance_test.rs:92:5
[INFO] [stdout]    |
[INFO] [stdout] 92 |     sbol_db_conformance::object_filtering(&store).await;
[INFO] [stdout]    |     ^^^^^^^^^^^^^^^^^^^ use of unresolved module or unlinked crate `sbol_db_conformance`
[INFO] [stdout]    |
[INFO] [stdout]    = help: if you wanted to use a crate named `sbol_db_conformance`, use `cargo add sbol_db_conformance` to add it to your `Cargo.toml`
[INFO] [stdout] 
[INFO] [stdout] 
[INFO] [stdout] error[E0433]: cannot find module or crate `sbol_db_conformance` in this scope
[INFO] [stdout]   --> tests/conformance_test.rs:93:5
[INFO] [stdout]    |
[INFO] [stdout] 93 |     sbol_db_conformance::object_filtering_large_page(&store).await;
[INFO] [stdout]    |     ^^^^^^^^^^^^^^^^^^^ use of unresolved module or unlinked crate `sbol_db_conformance`
[INFO] [stdout]    |
[INFO] [stdout]    = help: if you wanted to use a crate named `sbol_db_conformance`, use `cargo add sbol_db_conformance` to add it to your `Cargo.toml`
[INFO] [stdout] 
[INFO] [stdout] 
[INFO] [stdout] Some errors have detailed explanations: E0432, E0433.
[INFO] [stdout] 
[INFO] [stdout] For more information about an error, try `rustc --explain E0432`.
[INFO] [stdout] 
[INFO] [stderr] error: could not compile `sbol-db-sqlite` (test "conformance_test") due to 11 previous errors
[INFO] running `Command { std: "docker" "inspect" "871e6694800c1fd63a00e5460ade62d6de4b0551fe2bc7c6851cdcbc3094edd9", kill_on_drop: false }`
[INFO] running `Command { std: "docker" "rm" "-f" "871e6694800c1fd63a00e5460ade62d6de4b0551fe2bc7c6851cdcbc3094edd9", kill_on_drop: false }`
[INFO] [stdout] 871e6694800c1fd63a00e5460ade62d6de4b0551fe2bc7c6851cdcbc3094edd9
