[INFO] fetching crate saur-on 0.2.0...
[INFO] testing saur-on-0.2.0 against 1.99.0-beta.8 for beta-1.100-2
[INFO] extracting crate saur-on 0.2.0 into /workspace/builds/worker-7-tc1/source
[INFO] removed /workspace/builds/worker-7-tc1/source/.cargo/config.toml
[INFO] started tweaking crates.io crate saur-on 0.2.0
[INFO] removed 0 missing tests
[INFO] finished tweaking crates.io crate saur-on 0.2.0
[INFO] tweaked toml for crates.io crate saur-on 0.2.0 written to /workspace/builds/worker-7-tc1/source/Cargo.toml
[INFO] validating manifest of crates.io crate saur-on 0.2.0 on toolchain 1.99.0-beta.8
[INFO] running `Command { std: CARGO_HOME="/workspace/cargo-home" RUSTUP_HOME="/workspace/rustup-home" "/workspace/cargo-home/bin/cargo" "+1.99.0-beta.8" "metadata" "--manifest-path" "Cargo.toml" "--no-deps", kill_on_drop: false }`
[INFO] crate crates.io crate saur-on 0.2.0 already has a lockfile, it will not be regenerated
[INFO] running `Command { std: CARGO_HOME="/workspace/cargo-home" RUSTUP_HOME="/workspace/rustup-home" "/workspace/cargo-home/bin/cargo" "+1.99.0-beta.8" "fetch" "--manifest-path" "Cargo.toml", kill_on_drop: false }`
[INFO] [stderr]     Updating crates.io index
[INFO] [stderr]  Downloading crates ...
[INFO] [stderr]   Downloaded lru v0.18.4
[INFO] [stderr]   Downloaded serde_yaml_ng v0.10.0
[INFO] [stderr]   Downloaded palette_math v0.7.7
[INFO] [stderr]   Downloaded palette_derive v0.7.7
[INFO] [stderr]   Downloaded encoding_rs_io v0.1.8
[INFO] [stderr]   Downloaded line-clipping v0.3.8
[INFO] [stderr]   Downloaded kube v4.2.0
[INFO] [stderr]   Downloaded json-patch v4.2.0
[INFO] [stderr]   Downloaded pest_derive v2.9.1
[INFO] [stderr]   Downloaded pest_generator v2.9.1
[INFO] [stderr]   Downloaded enum-ordinalize v4.4.2
[INFO] [stderr]   Downloaded enum-ordinalize-derive v4.4.2
[INFO] [stderr]   Downloaded gloo-timers v0.3.0
[INFO] [stderr]   Downloaded pest_meta v2.9.1
[INFO] [stderr]   Downloaded jsonptr v0.7.1
[INFO] [stderr]   Downloaded jsonpath-rust v1.0.11
[INFO] [stderr]   Downloaded kube-runtime v4.2.0
[INFO] [stderr]   Downloaded kube-core v4.2.0
[INFO] [stderr]   Downloaded kube-client v4.2.0
[INFO] [stderr]   Downloaded granit-parser v0.0.7
[INFO] [stderr]   Downloaded pest v2.9.1
[INFO] [stderr]   Downloaded palette v0.7.7
[INFO] [stderr]   Downloaded serde-saphyr v0.0.29
[INFO] [stderr]   Downloaded k8s-openapi v0.28.0
[INFO] running `Command { std: "docker" "create" "-v" "/var/lib/crater-agent-workspace/builds/worker-7-tc1/source:/opt/rustwide/workdir:ro,Z" "-v" "/var/lib/crater-agent-workspace/builds/worker-7-tc1/target:/opt/rustwide/target:rw,Z" "-v" "/var/lib/crater-agent-workspace/cargo-home:/opt/rustwide/cargo-home:ro,Z" "-v" "/var/lib/crater-agent-workspace/rustup-home:/opt/rustwide/rustup-home:ro,Z" "-m" "1610612736" "--network" "none" "ghcr.io/rust-lang/crates-build-env/linux@sha256:3111399a4047eeb3a02b7a90e478d715f38a8c6669b5c4b49d30a17385265909" "sleep" "infinity", kill_on_drop: false }`
[INFO] [stdout] 88e49fac84f81480533ff3d3706784a7f0457a3380997dd47c0cedf706a3e00e
[INFO] running `Command { std: "docker" "start" "88e49fac84f81480533ff3d3706784a7f0457a3380997dd47c0cedf706a3e00e", kill_on_drop: false }`
[INFO] running `Command { std: "docker" "inspect" "88e49fac84f81480533ff3d3706784a7f0457a3380997dd47c0cedf706a3e00e", kill_on_drop: false }`
[INFO] running `Command { std: "docker" "exec" "-e" "SOURCE_DIR=/opt/rustwide/workdir" "-e" "CARGO_HOME=/opt/rustwide/cargo-home" "-e" "RUSTUP_HOME=/opt/rustwide/rustup-home" "-e" "CARGO_TARGET_DIR=/opt/rustwide/target" "-w" "/opt/rustwide/workdir" "--user" "0:0" "88e49fac84f81480533ff3d3706784a7f0457a3380997dd47c0cedf706a3e00e" "/opt/rustwide/cargo-home/bin/cargo" "+1.99.0-beta.8" "metadata" "--no-deps" "--format-version=1", kill_on_drop: false }`
[INFO] running `Command { std: "docker" "inspect" "88e49fac84f81480533ff3d3706784a7f0457a3380997dd47c0cedf706a3e00e", kill_on_drop: false }`
[INFO] running `Command { std: "docker" "exec" "-e" "SOURCE_DIR=/opt/rustwide/workdir" "-e" "CARGO_HOME=/opt/rustwide/cargo-home" "-e" "RUSTUP_HOME=/opt/rustwide/rustup-home" "-e" "CARGO_TARGET_DIR=/opt/rustwide/target" "-e" "CARGO_INCREMENTAL=0" "-e" "RUST_BACKTRACE=full" "-e" "RUSTFLAGS=--cap-lints=warn" "-e" "RUSTDOCFLAGS=--cap-lints=warn" "-w" "/opt/rustwide/workdir" "--user" "0:0" "88e49fac84f81480533ff3d3706784a7f0457a3380997dd47c0cedf706a3e00e" "/opt/rustwide/cargo-home/bin/cargo" "+1.99.0-beta.8" "build" "--frozen" "--message-format=json", kill_on_drop: false }`
[INFO] [stderr]    Compiling unicode-segmentation v1.13.3
[INFO] [stderr]    Compiling zerocopy v0.8.57
[INFO] [stderr]    Compiling serde v1.0.229
[INFO] [stderr]    Compiling cc v1.4.6
[INFO] [stderr]    Compiling syn v3.0.5
[INFO] [stderr]    Compiling mio v1.2.3
[INFO] [stderr]    Compiling bitflags v2.13.2
[INFO] [stderr]    Compiling tracing v0.1.44
[INFO] [stderr]    Compiling serde_json v1.0.151
[INFO] [stderr]    Compiling rustls v0.23.45
[INFO] [stderr]    Compiling pest v2.9.1
[INFO] [stderr]    Compiling hashbrown v0.17.1
[INFO] [stderr]    Compiling encoding_rs v0.8.41
[INFO] [stderr]    Compiling digest v0.10.7
[INFO] [stderr]    Compiling core_detect v1.0.0
[INFO] [stderr]    Compiling simdutf8 v0.1.5
[INFO] [stderr]    Compiling k8s-openapi v0.28.0
[INFO] [stderr]    Compiling signal-hook v0.3.18
[INFO] [stderr]    Compiling jiff-core v0.1.1
[INFO] [stderr]    Compiling rustls-native-certs v0.8.4
[INFO] [stderr]    Compiling sha1 v0.10.7
[INFO] [stderr]    Compiling strum_macros v0.28.0
[INFO] [stderr]    Compiling itertools v0.14.0
[INFO] [stderr]    Compiling ordered-float v2.10.1
[INFO] [stderr]    Compiling castaway v0.2.4
[INFO] [stderr]    Compiling sync_wrapper v1.0.2
[INFO] [stderr]    Compiling convert_case v0.10.0
[INFO] [stderr]    Compiling arraydeque v0.5.1
[INFO] [stderr]    Compiling rustix v1.1.4
[INFO] [stderr]    Compiling instability v0.3.13
[INFO] [stderr]    Compiling compact_str v0.9.1
[INFO] [stderr]    Compiling event-listener v5.4.2
[INFO] [stderr]    Compiling annotate-snippets v0.12.16
[INFO] [stderr]    Compiling granit-parser v0.0.7
[INFO] [stderr]    Compiling nohash-hasher v0.2.0
[INFO] [stderr]    Compiling derive_more-impl v2.1.1
[INFO] [stderr]    Compiling critical-section v1.2.0
[INFO] [stderr]    Compiling indoc v2.0.7
[INFO] [stderr]    Compiling lru v0.18.4
[INFO] [stderr]    Compiling signal-hook-mio v0.2.5
[INFO] [stderr]    Compiling event-listener-strategy v0.5.4
[INFO] [stderr]    Compiling pin-project-internal v1.1.13
[INFO] [stderr]    Compiling async-stream-impl v0.3.6
[INFO] [stderr]    Compiling pem v3.0.6
[INFO] [stderr]    Compiling secrecy v0.10.3
[INFO] [stderr]    Compiling crc32fast v1.5.2
[INFO] [stderr]    Compiling unicode-truncate v2.0.1
[INFO] [stderr]    Compiling fastrand v2.5.0
[INFO] [stderr]    Compiling pest_meta v2.9.1
[INFO] [stderr]    Compiling ring v0.17.14
[INFO] [stderr]    Compiling jiff v0.2.37
[INFO] [stderr]    Compiling async-stream v0.3.6
[INFO] [stderr]    Compiling async-broadcast v0.7.2
[INFO] [stderr]    Compiling line-clipping v0.3.8
[INFO] [stderr]    Compiling hostname v0.4.2
[INFO] [stderr]    Compiling simd-adler32 v0.3.10
[INFO] [stderr]    Compiling clap_lex v1.1.1
[INFO] [stderr]    Compiling miniz_oxide v0.9.1
[INFO] [stderr]    Compiling clap_builder v4.6.7
[INFO] [stderr]    Compiling indexmap v2.14.2
[INFO] [stderr]    Compiling unsafe-libyaml v0.2.11
[INFO] [stderr]    Compiling tracing-subscriber v0.3.23
[INFO] [stderr]    Compiling pest_generator v2.9.1
[INFO] [stderr]    Compiling derive_more v2.1.1
[INFO] [stderr]    Compiling crossterm v0.29.0
[INFO] [stderr]    Compiling toml v1.1.6+spec-1.1.0
[INFO] [stderr]    Compiling pin-project v1.1.13
[INFO] [stderr]    Compiling flate2 v1.1.10
[INFO] [stderr]    Compiling strum v0.28.0
[INFO] [stderr]    Compiling pest_derive v2.9.1
[INFO] [stderr]    Compiling ppv-lite86 v0.2.21
[INFO] [stderr]    Compiling ahash v0.8.12
[INFO] [stderr]    Compiling darling_core v0.24.1
[INFO] [stderr]    Compiling rand_chacha v0.9.0
[INFO] [stderr]    Compiling rand v0.9.5
[INFO] [stderr]    Compiling thiserror-impl v2.0.20
[INFO] [stderr]    Compiling tokio-macros v2.7.2
[INFO] [stderr]    Compiling futures-macro v0.3.34
[INFO] [stderr]    Compiling serde_derive v1.0.229
[INFO] [stderr]    Compiling multiversion-macros v0.9.0
[INFO] [stderr]    Compiling enum-ordinalize-derive v4.4.2
[INFO] [stderr]    Compiling clap_derive v4.6.7
[INFO] [stderr]    Compiling rustls-webpki v0.103.15
[INFO] [stderr]    Compiling enum-ordinalize v4.4.2
[INFO] [stderr]    Compiling tokio v1.53.1
[INFO] [stderr]    Compiling educe v0.6.0
[INFO] [stderr]    Compiling futures-util v0.3.34
[INFO] [stderr]    Compiling multiversion v0.9.0
[INFO] [stderr]    Compiling clap v4.6.7
[INFO] [stderr]    Compiling thiserror v2.0.20
[INFO] [stderr]    Compiling tungstenite v0.29.0
[INFO] [stderr]    Compiling kasuari v0.4.12
[INFO] [stderr]    Compiling jsonpath-rust v1.0.11
[INFO] [stderr]    Compiling ratatui-core v0.1.2
[INFO] [stderr]    Compiling encoding_rs_io v0.1.8
[INFO] [stderr]    Compiling darling_macro v0.24.1
[INFO] [stderr]    Compiling serde-saphyr v0.0.29
[INFO] [stderr]    Compiling darling v0.24.1
[INFO] [stderr]    Compiling ratatui-crossterm v0.1.2
[INFO] [stderr]    Compiling ratatui-widgets v0.3.2
[INFO] [stderr]    Compiling jsonptr v0.7.1
[INFO] [stderr]    Compiling serde-value v0.7.0
[INFO] [stderr]    Compiling chrono v0.4.45
[INFO] [stderr]    Compiling serde_yaml_ng v0.10.0
[INFO] [stderr]    Compiling json-patch v4.2.0
[INFO] [stderr]    Compiling ratatui v0.30.2
[INFO] [stderr]    Compiling rustls-platform-verifier v0.7.0
[INFO] [stderr]    Compiling futures v0.3.34
[INFO] [stderr]    Compiling hyper v1.11.1
[INFO] [stderr]    Compiling tokio-util v0.7.19
[INFO] [stderr]    Compiling tokio-rustls v0.26.5
[INFO] [stderr]    Compiling tokio-tungstenite v0.29.0
[INFO] [stderr]    Compiling backon v1.6.0
[INFO] [stderr]    Compiling hyper-util v0.1.20
[INFO] [stderr]    Compiling tower v0.5.3
[INFO] [stderr]    Compiling tower-http v0.6.11
[INFO] [stderr]    Compiling hyper-timeout v0.5.2
[INFO] [stderr]    Compiling hyper-rustls v0.27.9
[INFO] [stderr]    Compiling kube-core v4.2.0
[INFO] [stderr]    Compiling kube-client v4.2.0
[INFO] [stderr]    Compiling kube-runtime v4.2.0
[INFO] [stderr]    Compiling kube v4.2.0
[INFO] [stderr]    Compiling saur-on v0.2.0 (/opt/rustwide/workdir)
[INFO] [stderr]     Finished `dev` profile [unoptimized + debuginfo] target(s) in 1m 46s
[INFO] running `Command { std: "docker" "inspect" "88e49fac84f81480533ff3d3706784a7f0457a3380997dd47c0cedf706a3e00e", kill_on_drop: false }`
[INFO] running `Command { std: "docker" "exec" "-e" "SOURCE_DIR=/opt/rustwide/workdir" "-e" "CARGO_HOME=/opt/rustwide/cargo-home" "-e" "RUSTUP_HOME=/opt/rustwide/rustup-home" "-e" "CARGO_TARGET_DIR=/opt/rustwide/target" "-e" "CARGO_INCREMENTAL=0" "-e" "RUST_BACKTRACE=full" "-e" "RUSTFLAGS=--cap-lints=warn" "-e" "RUSTDOCFLAGS=--cap-lints=warn" "-w" "/opt/rustwide/workdir" "--user" "0:0" "88e49fac84f81480533ff3d3706784a7f0457a3380997dd47c0cedf706a3e00e" "/opt/rustwide/cargo-home/bin/cargo" "+1.99.0-beta.8" "test" "--frozen" "--no-run" "--message-format=json", kill_on_drop: false }`
[INFO] [stderr]    Compiling saur-on v0.2.0 (/opt/rustwide/workdir)
[INFO] [stderr] error: could not compile `saur-on` (test "watch_transport")
[INFO] [stderr] 
[INFO] [stderr] Caused by:
[INFO] [stderr]   process didn't exit successfully: `/opt/rustwide/rustup-home/toolchains/1.99.0-beta.8-x86_64-unknown-linux-gnu/bin/rustc --crate-name watch_transport --edition=2024 tests/watch_transport.rs --error-format=json --json=diagnostic-rendered-ansi,artifacts,future-incompat --emit=dep-info,link -C embed-bitcode=no -C debuginfo=2 --test --check-cfg 'cfg(docsrs,test)' --check-cfg 'cfg(feature, values())' -C metadata=83b281619e3a3a25 -C extra-filename=-cd180ef8273a9c69 --out-dir /opt/rustwide/target/debug/deps -L dependency=/opt/rustwide/target/debug/deps --extern anyhow=/opt/rustwide/target/debug/deps/libanyhow-eeb2152985963809.rlib --extern base64=/opt/rustwide/target/debug/deps/libbase64-32787b0325ea6df8.rlib --extern chrono=/opt/rustwide/target/debug/deps/libchrono-9f54cc6d7f1854c2.rlib --extern clap=/opt/rustwide/target/debug/deps/libclap-b24a2b07a010a55b.rlib --extern crossterm=/opt/rustwide/target/debug/deps/libcrossterm-e822d14a8b4a168f.rlib --extern flate2=/opt/rustwide/target/debug/deps/libflate2-fd9b91259b690a33.rlib --extern futures_util=/opt/rustwide/target/debug/deps/libfutures_util-96acfa1943b1125f.rlib --extern http=/opt/rustwide/target/debug/deps/libhttp-0cd9be9a4e5a2536.rlib --extern http_body_util=/opt/rustwide/target/debug/deps/libhttp_body_util-27952fde1894fa19.rlib --extern k8s_openapi=/opt/rustwide/target/debug/deps/libk8s_openapi-43deb23161042c1f.rlib --extern kube=/opt/rustwide/target/debug/deps/libkube-76e8bb62223bd5ce.rlib --extern libc=/opt/rustwide/target/debug/deps/liblibc-32464e1b8391e223.rlib --extern ratatui=/opt/rustwide/target/debug/deps/libratatui-66578608d9710e56.rlib --extern regex=/opt/rustwide/target/debug/deps/libregex-029e208a761ef295.rlib --extern sauron=/opt/rustwide/target/debug/deps/libsauron-0b876b4baef9bd4c.rlib --extern serde=/opt/rustwide/target/debug/deps/libserde-e7c64baed914a83e.rlib --extern serde_json=/opt/rustwide/target/debug/deps/libserde_json-5e1f451d80127c14.rlib --extern serde_yaml_ng=/opt/rustwide/target/debug/deps/libserde_yaml_ng-0f5fe8ab4501aea1.rlib --extern tokio=/opt/rustwide/target/debug/deps/libtokio-bbb5c9d81538b22c.rlib --extern tokio_util=/opt/rustwide/target/debug/deps/libtokio_util-6d1d03ee6d0afd83.rlib --extern toml=/opt/rustwide/target/debug/deps/libtoml-485642de44ab9cad.rlib --extern tracing=/opt/rustwide/target/debug/deps/libtracing-1aec97aedd09f200.rlib --extern tracing_subscriber=/opt/rustwide/target/debug/deps/libtracing_subscriber-ebce63aa93625ee2.rlib --extern unicode_segmentation=/opt/rustwide/target/debug/deps/libunicode_segmentation-7adb7faea6d97d51.rlib --extern unicode_width=/opt/rustwide/target/debug/deps/libunicode_width-c0be3735b741df1b.rlib --cap-lints=warn -L native=/opt/rustwide/target/debug/build/ring-a6ab1304e6c5f903/out` (signal: 9, SIGKILL: kill)
[INFO] [stderr] warning: build failed, waiting for other jobs to finish...
[INFO] [stderr] error: could not compile `saur-on` (lib test)
[INFO] [stderr] 
[INFO] [stderr] Caused by:
[INFO] [stderr]   process didn't exit successfully: `/opt/rustwide/rustup-home/toolchains/1.99.0-beta.8-x86_64-unknown-linux-gnu/bin/rustc --crate-name sauron --edition=2024 src/lib.rs --error-format=json --json=diagnostic-rendered-ansi,artifacts,future-incompat --emit=dep-info,link -C embed-bitcode=no -C debuginfo=2 --test --check-cfg 'cfg(docsrs,test)' --check-cfg 'cfg(feature, values())' -C metadata=d4e0fa6e35ef9709 -C extra-filename=-c8832c41dffb2ee0 --out-dir /opt/rustwide/target/debug/deps -L dependency=/opt/rustwide/target/debug/deps --extern anyhow=/opt/rustwide/target/debug/deps/libanyhow-eeb2152985963809.rlib --extern base64=/opt/rustwide/target/debug/deps/libbase64-32787b0325ea6df8.rlib --extern chrono=/opt/rustwide/target/debug/deps/libchrono-9f54cc6d7f1854c2.rlib --extern clap=/opt/rustwide/target/debug/deps/libclap-b24a2b07a010a55b.rlib --extern crossterm=/opt/rustwide/target/debug/deps/libcrossterm-e822d14a8b4a168f.rlib --extern flate2=/opt/rustwide/target/debug/deps/libflate2-fd9b91259b690a33.rlib --extern futures_util=/opt/rustwide/target/debug/deps/libfutures_util-96acfa1943b1125f.rlib --extern http=/opt/rustwide/target/debug/deps/libhttp-0cd9be9a4e5a2536.rlib --extern http_body_util=/opt/rustwide/target/debug/deps/libhttp_body_util-27952fde1894fa19.rlib --extern k8s_openapi=/opt/rustwide/target/debug/deps/libk8s_openapi-43deb23161042c1f.rlib --extern kube=/opt/rustwide/target/debug/deps/libkube-76e8bb62223bd5ce.rlib --extern libc=/opt/rustwide/target/debug/deps/liblibc-32464e1b8391e223.rlib --extern ratatui=/opt/rustwide/target/debug/deps/libratatui-66578608d9710e56.rlib --extern regex=/opt/rustwide/target/debug/deps/libregex-029e208a761ef295.rlib --extern serde=/opt/rustwide/target/debug/deps/libserde-e7c64baed914a83e.rlib --extern serde_json=/opt/rustwide/target/debug/deps/libserde_json-5e1f451d80127c14.rlib --extern serde_yaml_ng=/opt/rustwide/target/debug/deps/libserde_yaml_ng-0f5fe8ab4501aea1.rlib --extern tokio=/opt/rustwide/target/debug/deps/libtokio-bbb5c9d81538b22c.rlib --extern tokio_util=/opt/rustwide/target/debug/deps/libtokio_util-6d1d03ee6d0afd83.rlib --extern toml=/opt/rustwide/target/debug/deps/libtoml-485642de44ab9cad.rlib --extern tracing=/opt/rustwide/target/debug/deps/libtracing-1aec97aedd09f200.rlib --extern tracing_subscriber=/opt/rustwide/target/debug/deps/libtracing_subscriber-ebce63aa93625ee2.rlib --extern unicode_segmentation=/opt/rustwide/target/debug/deps/libunicode_segmentation-7adb7faea6d97d51.rlib --extern unicode_width=/opt/rustwide/target/debug/deps/libunicode_width-c0be3735b741df1b.rlib --cap-lints=warn -L native=/opt/rustwide/target/debug/build/ring-a6ab1304e6c5f903/out` (signal: 9, SIGKILL: kill)
[INFO] [stdout] error: linking with `cc` failed: exit status: 1
[INFO] [stdout]   |
[INFO] [stdout]   = note:  "cc" "-m64" "/opt/rustwide/target/debug/deps/rustcLhbjMJ/symbols.o" "<2 object files omitted>" "-Wl,--as-needed" "-Wl,-Bstatic" "<sysroot>/lib/rustlib/x86_64-unknown-linux-gnu/lib/{libtest-*,libgetopts-*,librustc_std_workspace_std-*}.rlib" "/opt/rustwide/target/debug/deps/{libsauron-0b876b4baef9bd4c,libserde_yaml_ng-0f5fe8ab4501aea1,libindexmap-adb9ccb7a1a9285a,libunsafe_libyaml-d3127b66fe569cc5,libflate2-fd9b91259b690a33,libminiz_oxide-b0342c05fad2c2c8,libsimd_adler32-2a047f2153860026,libcrc32fast-03699e5edf6f0cd7,libtoml-485642de44ab9cad,libtoml_writer-5d055487734c9f17,libtoml_parser-48a638cd622c0af4,libwinnow-9ea79b6ed37d156b,libserde_spanned-f613d0ea0b2049be,libtoml_datetime-2a31ce62f6bc729c,libratatui-66578608d9710e56,libratatui_widgets-4418e3def75549e8,libline_clipping-a0cd58fa5a449e72,libratatui_crossterm-ac45a122dae097ad,libratatui_core-c88e984c2e59c92f,libunicode_truncate-5ce96127028a6db7,liblru-a37b171a83092449,libkasuari-bf29d17c422a92df,libitertools-251f790c94b4e404,libhashbrown-8b077e4232f7df3f,libcompact_str-be271106bdae0f24,libryu-1f4f40e4352371e5,libstatic_assertions-f0217ecdd817a834,libcastaway-cc9c9278369cb66d,libstrum-d44d524c66360e9a,libkube-76e8bb62223bd5ce,libkube_runtime-cfdc85d6d38e0404,libhostname-344e17da7fe18bde,libbackon-73d61eab6020e427,libfastrand-30227c2abab7aed4,libhashbrown-63a892cc2d36a2f0,libequivalent-6a754676e6af62ae,liballocator_api2-8d9c1e895dea53bd,libfoldhash-3b780c428974a407,libasync_stream-bc49a9ce20cbe14c,libasync_broadcast-8e9f0c3210a3e9a7,libevent_listener_strategy-cdc9d2dc381c1366,libevent_listener-4566b876954d8552,libparking-a9ae72c6c16ee980,libpin_project-47ad052d4741c2aa,libkube_client-9751db015878b0cb,libpem-c65b0b75163a9934,libserde_saphyr-ff6400b7b2055981,libnohash_hasher-d70a43ff1b8813cc,libannotate_snippets-b1bce6556ed4349f,libanstyle-9beaeb754742faae,libencoding_rs_io-7f38e730bd62c9f6,libencoding_rs-4993db996dbee2e2,libsimdutf8-8229586393ebc95e,libcore_detect-c9fbe0541ea45249,libahash-dcf5b5aa1b3a8251,libgranit_parser-1f5265553bdc79b4,libarraydeque-cf6c016962c7984f,librustls_platform_verifier-3d1760da24e2f712,libhyper_rustls-db8dcc53b78b7fd5,libtokio_rustls-5d48e0fcdb1af0ce,librustls_native_certs-005aff849dc505f4,libopenssl_probe-6b1b371432012237,librustls-a46f65c5085b68ba,libsubtle-2ae6a7038b9a0630,libwebpki-e1aaaf209a423b29,libring-a55771196f0e7345,libgetrandom-6b309e86c3fd7e8c,libuntrusted-b2f816886faf2178,librustls_pki_types-f9d0b31df971a573,libhyper_timeout-cfb9e17299a6a4e9,libsecrecy-79c8e6ce9f21dea1,libzeroize-37b2a6e0a2742c6a,libjsonpath_rust-bd6ad9850a5d1580,libpest-e999c6e2ae06ea17,libucd_trie-64e35acb102f3b4d,libtower_http-eb2473f4e69875da,libmime-0188e0814ca7ddbf,libtower-c45e332f096e22c1,libsync_wrapper-b4537d9de714f6d1,libtower_layer-d908dd771b239ecd,libhyper_util-882f5431d917e325,libipnet-9dfae905f44e7daa,libtower_service-3fb88d28c2218805,libhyper-e7fb2d5f09f1e22d,libwant-7a6260b9c50f1479,libtry_lock-8fa2f6971035be84,libatomic_waker-06950c8c08d2b8fa,libhttp_body_util-27952fde1894fa19,libhttp_body-b57535e6079c1f42,libtokio_tungstenite-3fe7510d111a96d1,libtungstenite-aee18e8af96ac644,libdata_encoding-24a90aeeed599569,librand-07860709029767e7,librand_chacha-aa758776ac45f661,libppv_lite86-22439ba0124f7084,libzerocopy-414819c61bb6394d,librand_core-c83eaed7defe7a9e,libgetrandom-1e62ef079fef2f0f,libsha1-ff6700a1ab0a9670,libcpufeatures-e04321643d03190d,libdigest-1142e5998e571c5d,libblock_buffer-43b51fc1d06b3057,libcrypto_common-43b177a3b314e9dd,libgeneric_array-745cace30f1ed372,libtypenum-ed2b1c93b2a4333a,libhttparse-8c9b827b8f345444,libeither-c9376743e4a51115,libtracing-1aec97aedd09f200,libtracing_core-d26029c784af5925,libonce_cell-b5bdc597ed9676b3,libkube_core-b5a63d25179cd8ae,libhttp-0cd9be9a4e5a2536,libjson_patch-73644a70bb2ea352,libjsonptr-62891b75c54b60e3,libform_urlencoded-58b0f0edb59b40d2,libpercent_encoding-fa055ecaa1e57cfa,libserde_value-708b9be1d35c7e97,libordered_float-4a4fd39e43bd8a01,libk8s_openapi-43deb23161042c1f,libjiff-0fd5acea310dabbc,libjiff_core-ec813cd58537c94c,libthiserror-e226e2f0c690bde3,libfutures-df6dcaedda7599c7,libbase64-32787b0325ea6df8,libserde_json-5e1f451d80127c14,libitoa-5de11b3b23bfe572,libzmij-2ca2f302097868c6,libcrossterm-e822d14a8b4a168f,librustix-c30ca789c9c04b3c,liblinux_raw_sys-0b6cde911e9a3109,libbitflags-d493ea957e921aab,libparking_lot-401c491a5129b2e1,libparking_lot_core-d8db1ce5bdfd3bc8,libcfg_if-83060ec5685761ae,libsmallvec-3e75e18e66140be0,liblock_api-16d46fed645f7bff,libscopeguard-7ec2214574194454,libderive_more-c38ef74c74e3e561,libsignal_hook_mio-68e83bf7820f45e8,libsignal_hook-6f1129915a323a74,libanyhow-eeb2152985963809,libtokio_util-6d1d03ee6d0afd83,libfutures_util-96acfa1943b1125f,libfutures_io-2de19dd835d0513d,libslab-0582d648e59ab406,libfutures_channel-e55265846f1ca713,libfutures_task-06c0578367ad4cff,libfutures_core-97d9bb84a61d4536,libfutures_sink-690a515e9c61c93a,libtokio-bbb5c9d81538b22c,libsignal_hook_registry-f069228503febc45,liberrno-8e3700cb740322be,libsocket2-380ed4e5002278b4,libbytes-5f66263ae3d5daa8,libmio-f7571bd618768ca8,liblibc-32464e1b8391e223,liblog-431c2e66b4ed7b91,libpin_project_lite-0a15d51c77964692,libunicode_width-c0be3735b741df1b,libunicode_segmentation-7adb7faea6d97d51,libregex-029e208a761ef295,libregex_automata-87a6e55a70b67968,libaho_corasick-d1ae79b76a6f7869,libmemchr-a932478bde794617,libregex_syntax-801391c65a42f645,libchrono-9f54cc6d7f1854c2,libiana_time_zone-bcd81aefedc374a6,libnum_traits-87b85c9cd014cb66,libserde-e7c64baed914a83e,libserde_core-7370a7595b05d50c}.rlib" "<sysroot>/lib/rustlib/x86_64-unknown-linux-gnu/lib/{libstd-*,libpanic_unwind-*,libobject-*,libmemchr-*,libaddr2line-*,libgimli-*,libcfg_if-*,librustc_demangle-*,libstd_detect-*,libhashbrown-*,librustc_std_workspace_alloc-*,libminiz_oxide-*,libadler2-*,libunwind-*,liblibc-*,librustc_std_workspace_core-*,liballoc-*,libcore-*,libcompiler_builtins-*}.rlib" "-Wl,-Bdynamic" "-lgcc_s" "-lutil" "-lrt" "-lpthread" "-lm" "-ldl" "-lc" "-L" "/opt/rustwide/target/debug/deps/rustcLhbjMJ/raw-dylibs" "-B<sysroot>/lib/rustlib/x86_64-unknown-linux-gnu/bin/gcc-ld" "-fuse-ld=lld" "-Wl,--eh-frame-hdr" "-Wl,-z,noexecstack" "-L" "/opt/rustwide/target/debug/build/ring-a6ab1304e6c5f903/out" "-L" "<sysroot>/lib/rustlib/x86_64-unknown-linux-gnu/lib" "-o" "/opt/rustwide/target/debug/deps/cluster-627844378380d92c" "-Wl,--gc-sections" "-pie" "-Wl,-z,relro,-z,now" "-nodefaultlibs"
[INFO] [stdout]   = note: some arguments are omitted. use `--verbose` to show all linker arguments
[INFO] [stdout]   = note: collect2: fatal error: ld terminated with signal 9 [Killed]
[INFO] [stdout]           compilation terminated.
[INFO] [stdout]           
[INFO] [stdout] 
[INFO] [stdout] 
[INFO] [stdout] error: linking with `cc` failed: exit status: 1
[INFO] [stdout]   |
[INFO] [stdout]   = note:  "cc" "-m64" "/opt/rustwide/target/debug/deps/rustcHO9aKb/symbols.o" "<2 object files omitted>" "-Wl,--as-needed" "-Wl,-Bstatic" "<sysroot>/lib/rustlib/x86_64-unknown-linux-gnu/lib/{libtest-*,libgetopts-*,librustc_std_workspace_std-*}.rlib" "/opt/rustwide/target/debug/deps/{libsauron-0b876b4baef9bd4c,libserde_yaml_ng-0f5fe8ab4501aea1,libindexmap-adb9ccb7a1a9285a,libunsafe_libyaml-d3127b66fe569cc5,libflate2-fd9b91259b690a33,libminiz_oxide-b0342c05fad2c2c8,libsimd_adler32-2a047f2153860026,libcrc32fast-03699e5edf6f0cd7,libtoml-485642de44ab9cad,libtoml_writer-5d055487734c9f17,libtoml_parser-48a638cd622c0af4,libwinnow-9ea79b6ed37d156b,libserde_spanned-f613d0ea0b2049be,libtoml_datetime-2a31ce62f6bc729c,libratatui-66578608d9710e56,libratatui_widgets-4418e3def75549e8,libline_clipping-a0cd58fa5a449e72,libratatui_crossterm-ac45a122dae097ad,libratatui_core-c88e984c2e59c92f,libunicode_truncate-5ce96127028a6db7,liblru-a37b171a83092449,libkasuari-bf29d17c422a92df,libitertools-251f790c94b4e404,libhashbrown-8b077e4232f7df3f,libcompact_str-be271106bdae0f24,libryu-1f4f40e4352371e5,libstatic_assertions-f0217ecdd817a834,libcastaway-cc9c9278369cb66d,libstrum-d44d524c66360e9a,libkube-76e8bb62223bd5ce,libkube_runtime-cfdc85d6d38e0404,libhostname-344e17da7fe18bde,libbackon-73d61eab6020e427,libfastrand-30227c2abab7aed4,libhashbrown-63a892cc2d36a2f0,libequivalent-6a754676e6af62ae,liballocator_api2-8d9c1e895dea53bd,libfoldhash-3b780c428974a407,libasync_stream-bc49a9ce20cbe14c,libasync_broadcast-8e9f0c3210a3e9a7,libevent_listener_strategy-cdc9d2dc381c1366,libevent_listener-4566b876954d8552,libparking-a9ae72c6c16ee980,libpin_project-47ad052d4741c2aa,libkube_client-9751db015878b0cb,libpem-c65b0b75163a9934,libserde_saphyr-ff6400b7b2055981,libnohash_hasher-d70a43ff1b8813cc,libannotate_snippets-b1bce6556ed4349f,libanstyle-9beaeb754742faae,libencoding_rs_io-7f38e730bd62c9f6,libencoding_rs-4993db996dbee2e2,libsimdutf8-8229586393ebc95e,libcore_detect-c9fbe0541ea45249,libahash-dcf5b5aa1b3a8251,libgranit_parser-1f5265553bdc79b4,libarraydeque-cf6c016962c7984f,librustls_platform_verifier-3d1760da24e2f712,libhyper_rustls-db8dcc53b78b7fd5,libtokio_rustls-5d48e0fcdb1af0ce,librustls_native_certs-005aff849dc505f4,libopenssl_probe-6b1b371432012237,librustls-a46f65c5085b68ba,libsubtle-2ae6a7038b9a0630,libwebpki-e1aaaf209a423b29,libring-a55771196f0e7345,libgetrandom-6b309e86c3fd7e8c,libuntrusted-b2f816886faf2178,librustls_pki_types-f9d0b31df971a573,libhyper_timeout-cfb9e17299a6a4e9,libsecrecy-79c8e6ce9f21dea1,libzeroize-37b2a6e0a2742c6a,libjsonpath_rust-bd6ad9850a5d1580,libpest-e999c6e2ae06ea17,libucd_trie-64e35acb102f3b4d,libtower_http-eb2473f4e69875da,libmime-0188e0814ca7ddbf,libtower-c45e332f096e22c1,libsync_wrapper-b4537d9de714f6d1,libtower_layer-d908dd771b239ecd,libhyper_util-882f5431d917e325,libipnet-9dfae905f44e7daa,libtower_service-3fb88d28c2218805,libhyper-e7fb2d5f09f1e22d,libwant-7a6260b9c50f1479,libtry_lock-8fa2f6971035be84,libatomic_waker-06950c8c08d2b8fa,libhttp_body_util-27952fde1894fa19,libhttp_body-b57535e6079c1f42,libtokio_tungstenite-3fe7510d111a96d1,libtungstenite-aee18e8af96ac644,libdata_encoding-24a90aeeed599569,librand-07860709029767e7,librand_chacha-aa758776ac45f661,libppv_lite86-22439ba0124f7084,libzerocopy-414819c61bb6394d,librand_core-c83eaed7defe7a9e,libgetrandom-1e62ef079fef2f0f,libsha1-ff6700a1ab0a9670,libcpufeatures-e04321643d03190d,libdigest-1142e5998e571c5d,libblock_buffer-43b51fc1d06b3057,libcrypto_common-43b177a3b314e9dd,libgeneric_array-745cace30f1ed372,libtypenum-ed2b1c93b2a4333a,libhttparse-8c9b827b8f345444,libeither-c9376743e4a51115,libtracing-1aec97aedd09f200,libtracing_core-d26029c784af5925,libonce_cell-b5bdc597ed9676b3,libkube_core-b5a63d25179cd8ae,libhttp-0cd9be9a4e5a2536,libjson_patch-73644a70bb2ea352,libjsonptr-62891b75c54b60e3,libform_urlencoded-58b0f0edb59b40d2,libpercent_encoding-fa055ecaa1e57cfa,libserde_value-708b9be1d35c7e97,libordered_float-4a4fd39e43bd8a01,libk8s_openapi-43deb23161042c1f,libjiff-0fd5acea310dabbc,libjiff_core-ec813cd58537c94c,libthiserror-e226e2f0c690bde3,libfutures-df6dcaedda7599c7,libbase64-32787b0325ea6df8,libserde_json-5e1f451d80127c14,libitoa-5de11b3b23bfe572,libzmij-2ca2f302097868c6,libcrossterm-e822d14a8b4a168f,librustix-c30ca789c9c04b3c,liblinux_raw_sys-0b6cde911e9a3109,libbitflags-d493ea957e921aab,libparking_lot-401c491a5129b2e1,libparking_lot_core-d8db1ce5bdfd3bc8,libcfg_if-83060ec5685761ae,libsmallvec-3e75e18e66140be0,liblock_api-16d46fed645f7bff,libscopeguard-7ec2214574194454,libderive_more-c38ef74c74e3e561,libsignal_hook_mio-68e83bf7820f45e8,libsignal_hook-6f1129915a323a74,libanyhow-eeb2152985963809,libtokio_util-6d1d03ee6d0afd83,libfutures_util-96acfa1943b1125f,libfutures_io-2de19dd835d0513d,libslab-0582d648e59ab406,libfutures_channel-e55265846f1ca713,libfutures_task-06c0578367ad4cff,libfutures_core-97d9bb84a61d4536,libfutures_sink-690a515e9c61c93a,libtokio-bbb5c9d81538b22c,libsignal_hook_registry-f069228503febc45,liberrno-8e3700cb740322be,libsocket2-380ed4e5002278b4,libbytes-5f66263ae3d5daa8,libmio-f7571bd618768ca8,liblibc-32464e1b8391e223,liblog-431c2e66b4ed7b91,libpin_project_lite-0a15d51c77964692,libunicode_width-c0be3735b741df1b,libunicode_segmentation-7adb7faea6d97d51,libregex-029e208a761ef295,libregex_automata-87a6e55a70b67968,libaho_corasick-d1ae79b76a6f7869,libmemchr-a932478bde794617,libregex_syntax-801391c65a42f645,libchrono-9f54cc6d7f1854c2,libiana_time_zone-bcd81aefedc374a6,libnum_traits-87b85c9cd014cb66,libserde-e7c64baed914a83e,libserde_core-7370a7595b05d50c}.rlib" "<sysroot>/lib/rustlib/x86_64-unknown-linux-gnu/lib/{libstd-*,libpanic_unwind-*,libobject-*,libmemchr-*,libaddr2line-*,libgimli-*,libcfg_if-*,librustc_demangle-*,libstd_detect-*,libhashbrown-*,librustc_std_workspace_alloc-*,libminiz_oxide-*,libadler2-*,libunwind-*,liblibc-*,librustc_std_workspace_core-*,liballoc-*,libcore-*,libcompiler_builtins-*}.rlib" "-Wl,-Bdynamic" "-lgcc_s" "-lutil" "-lrt" "-lpthread" "-lm" "-ldl" "-lc" "-L" "/opt/rustwide/target/debug/deps/rustcHO9aKb/raw-dylibs" "-B<sysroot>/lib/rustlib/x86_64-unknown-linux-gnu/bin/gcc-ld" "-fuse-ld=lld" "-Wl,--eh-frame-hdr" "-Wl,-z,noexecstack" "-L" "/opt/rustwide/target/debug/build/ring-a6ab1304e6c5f903/out" "-L" "<sysroot>/lib/rustlib/x86_64-unknown-linux-gnu/lib" "-o" "/opt/rustwide/target/debug/deps/mutation_m9_helm_live-dfc21827c4d098cc" "-Wl,--gc-sections" "-pie" "-Wl,-z,relro,-z,now" "-nodefaultlibs"
[INFO] [stdout]   = note: some arguments are omitted. use `--verbose` to show all linker arguments
[INFO] [stdout]   = note: collect2: fatal error: ld terminated with signal 9 [Killed]
[INFO] [stdout]           compilation terminated.
[INFO] [stdout]           
[INFO] [stdout] 
[INFO] [stdout] 
[INFO] [stderr] error: could not compile `saur-on` (test "cluster") due to 1 previous error
[INFO] [stderr] error: could not compile `saur-on` (test "mutation_m9_helm_live") due to 1 previous error
[INFO] [stdout] error: linking with `cc` failed: exit status: 1
[INFO] [stdout]   |
[INFO] [stdout]   = note:  "cc" "-m64" "/opt/rustwide/target/debug/deps/rustcvywQ91/symbols.o" "<4 object files omitted>" "-Wl,--as-needed" "-Wl,-Bstatic" "<sysroot>/lib/rustlib/x86_64-unknown-linux-gnu/lib/{libtest-*,libgetopts-*,librustc_std_workspace_std-*}.rlib" "/opt/rustwide/target/debug/deps/{libsauron-0b876b4baef9bd4c,libserde_yaml_ng-0f5fe8ab4501aea1,libindexmap-adb9ccb7a1a9285a,libunsafe_libyaml-d3127b66fe569cc5,libflate2-fd9b91259b690a33,libminiz_oxide-b0342c05fad2c2c8,libsimd_adler32-2a047f2153860026,libcrc32fast-03699e5edf6f0cd7,libtoml-485642de44ab9cad,libtoml_writer-5d055487734c9f17,libtoml_parser-48a638cd622c0af4,libwinnow-9ea79b6ed37d156b,libserde_spanned-f613d0ea0b2049be,libtoml_datetime-2a31ce62f6bc729c,libratatui-66578608d9710e56,libratatui_widgets-4418e3def75549e8,libline_clipping-a0cd58fa5a449e72,libratatui_crossterm-ac45a122dae097ad,libratatui_core-c88e984c2e59c92f,libunicode_truncate-5ce96127028a6db7,liblru-a37b171a83092449,libkasuari-bf29d17c422a92df,libitertools-251f790c94b4e404,libhashbrown-8b077e4232f7df3f,libcompact_str-be271106bdae0f24,libryu-1f4f40e4352371e5,libstatic_assertions-f0217ecdd817a834,libcastaway-cc9c9278369cb66d,libstrum-d44d524c66360e9a,libkube-76e8bb62223bd5ce,libkube_runtime-cfdc85d6d38e0404,libhostname-344e17da7fe18bde,libbackon-73d61eab6020e427,libfastrand-30227c2abab7aed4,libhashbrown-63a892cc2d36a2f0,libequivalent-6a754676e6af62ae,liballocator_api2-8d9c1e895dea53bd,libfoldhash-3b780c428974a407,libasync_stream-bc49a9ce20cbe14c,libasync_broadcast-8e9f0c3210a3e9a7,libevent_listener_strategy-cdc9d2dc381c1366,libevent_listener-4566b876954d8552,libparking-a9ae72c6c16ee980,libpin_project-47ad052d4741c2aa,libkube_client-9751db015878b0cb,libpem-c65b0b75163a9934,libserde_saphyr-ff6400b7b2055981,libnohash_hasher-d70a43ff1b8813cc,libannotate_snippets-b1bce6556ed4349f,libanstyle-9beaeb754742faae,libencoding_rs_io-7f38e730bd62c9f6,libencoding_rs-4993db996dbee2e2,libsimdutf8-8229586393ebc95e,libcore_detect-c9fbe0541ea45249,libahash-dcf5b5aa1b3a8251,libgranit_parser-1f5265553bdc79b4,libarraydeque-cf6c016962c7984f,librustls_platform_verifier-3d1760da24e2f712,libhyper_rustls-db8dcc53b78b7fd5,libtokio_rustls-5d48e0fcdb1af0ce,librustls_native_certs-005aff849dc505f4,libopenssl_probe-6b1b371432012237,librustls-a46f65c5085b68ba,libsubtle-2ae6a7038b9a0630,libwebpki-e1aaaf209a423b29,libring-a55771196f0e7345,libgetrandom-6b309e86c3fd7e8c,libuntrusted-b2f816886faf2178,librustls_pki_types-f9d0b31df971a573,libhyper_timeout-cfb9e17299a6a4e9,libsecrecy-79c8e6ce9f21dea1,libzeroize-37b2a6e0a2742c6a,libjsonpath_rust-bd6ad9850a5d1580,libpest-e999c6e2ae06ea17,libucd_trie-64e35acb102f3b4d,libtower_http-eb2473f4e69875da,libmime-0188e0814ca7ddbf,libtower-c45e332f096e22c1,libsync_wrapper-b4537d9de714f6d1,libtower_layer-d908dd771b239ecd,libhyper_util-882f5431d917e325,libipnet-9dfae905f44e7daa,libtower_service-3fb88d28c2218805,libhyper-e7fb2d5f09f1e22d,libwant-7a6260b9c50f1479,libtry_lock-8fa2f6971035be84,libatomic_waker-06950c8c08d2b8fa,libhttp_body_util-27952fde1894fa19,libhttp_body-b57535e6079c1f42,libtokio_tungstenite-3fe7510d111a96d1,libtungstenite-aee18e8af96ac644,libdata_encoding-24a90aeeed599569,librand-07860709029767e7,librand_chacha-aa758776ac45f661,libppv_lite86-22439ba0124f7084,libzerocopy-414819c61bb6394d,librand_core-c83eaed7defe7a9e,libgetrandom-1e62ef079fef2f0f,libsha1-ff6700a1ab0a9670,libcpufeatures-e04321643d03190d,libdigest-1142e5998e571c5d,libblock_buffer-43b51fc1d06b3057,libcrypto_common-43b177a3b314e9dd,libgeneric_array-745cace30f1ed372,libtypenum-ed2b1c93b2a4333a,libhttparse-8c9b827b8f345444,libeither-c9376743e4a51115,libtracing-1aec97aedd09f200,libtracing_core-d26029c784af5925,libonce_cell-b5bdc597ed9676b3,libkube_core-b5a63d25179cd8ae,libhttp-0cd9be9a4e5a2536,libjson_patch-73644a70bb2ea352,libjsonptr-62891b75c54b60e3,libform_urlencoded-58b0f0edb59b40d2,libpercent_encoding-fa055ecaa1e57cfa,libserde_value-708b9be1d35c7e97,libordered_float-4a4fd39e43bd8a01,libk8s_openapi-43deb23161042c1f,libjiff-0fd5acea310dabbc,libjiff_core-ec813cd58537c94c,libthiserror-e226e2f0c690bde3,libfutures-df6dcaedda7599c7,libbase64-32787b0325ea6df8,libserde_json-5e1f451d80127c14,libitoa-5de11b3b23bfe572,libzmij-2ca2f302097868c6,libcrossterm-e822d14a8b4a168f,librustix-c30ca789c9c04b3c,liblinux_raw_sys-0b6cde911e9a3109,libbitflags-d493ea957e921aab,libparking_lot-401c491a5129b2e1,libparking_lot_core-d8db1ce5bdfd3bc8,libcfg_if-83060ec5685761ae,libsmallvec-3e75e18e66140be0,liblock_api-16d46fed645f7bff,libscopeguard-7ec2214574194454,libderive_more-c38ef74c74e3e561,libsignal_hook_mio-68e83bf7820f45e8,libsignal_hook-6f1129915a323a74,libanyhow-eeb2152985963809,libtokio_util-6d1d03ee6d0afd83,libfutures_util-96acfa1943b1125f,libfutures_io-2de19dd835d0513d,libslab-0582d648e59ab406,libfutures_channel-e55265846f1ca713,libfutures_task-06c0578367ad4cff,libfutures_core-97d9bb84a61d4536,libfutures_sink-690a515e9c61c93a,libtokio-bbb5c9d81538b22c,libsignal_hook_registry-f069228503febc45,liberrno-8e3700cb740322be,libsocket2-380ed4e5002278b4,libbytes-5f66263ae3d5daa8,libmio-f7571bd618768ca8,liblibc-32464e1b8391e223,liblog-431c2e66b4ed7b91,libpin_project_lite-0a15d51c77964692,libunicode_width-c0be3735b741df1b,libunicode_segmentation-7adb7faea6d97d51,libregex-029e208a761ef295,libregex_automata-87a6e55a70b67968,libaho_corasick-d1ae79b76a6f7869,libmemchr-a932478bde794617,libregex_syntax-801391c65a42f645,libchrono-9f54cc6d7f1854c2,libiana_time_zone-bcd81aefedc374a6,libnum_traits-87b85c9cd014cb66,libserde-e7c64baed914a83e,libserde_core-7370a7595b05d50c}.rlib" "<sysroot>/lib/rustlib/x86_64-unknown-linux-gnu/lib/{libstd-*,libpanic_unwind-*,libobject-*,libmemchr-*,libaddr2line-*,libgimli-*,libcfg_if-*,librustc_demangle-*,libstd_detect-*,libhashbrown-*,librustc_std_workspace_alloc-*,libminiz_oxide-*,libadler2-*,libunwind-*,liblibc-*,librustc_std_workspace_core-*,liballoc-*,libcore-*,libcompiler_builtins-*}.rlib" "-Wl,-Bdynamic" "-lgcc_s" "-lutil" "-lrt" "-lpthread" "-lm" "-ldl" "-lc" "-L" "/opt/rustwide/target/debug/deps/rustcvywQ91/raw-dylibs" "-B<sysroot>/lib/rustlib/x86_64-unknown-linux-gnu/bin/gcc-ld" "-fuse-ld=lld" "-Wl,--eh-frame-hdr" "-Wl,-z,noexecstack" "-L" "/opt/rustwide/target/debug/build/ring-a6ab1304e6c5f903/out" "-L" "<sysroot>/lib/rustlib/x86_64-unknown-linux-gnu/lib" "-o" "/opt/rustwide/target/debug/deps/mutation_live-990884ff3ac3ac00" "-Wl,--gc-sections" "-pie" "-Wl,-z,relro,-z,now" "-nodefaultlibs"
[INFO] [stdout]   = note: some arguments are omitted. use `--verbose` to show all linker arguments
[INFO] [stdout]   = note: collect2: fatal error: ld terminated with signal 9 [Killed]
[INFO] [stdout]           compilation terminated.
[INFO] [stdout]           
[INFO] [stdout] 
[INFO] [stdout] 
[INFO] [stderr] error: could not compile `saur-on` (test "mutation_live") due to 1 previous error
[INFO] running `Command { std: "docker" "inspect" "88e49fac84f81480533ff3d3706784a7f0457a3380997dd47c0cedf706a3e00e", kill_on_drop: false }`
[INFO] running `Command { std: "docker" "rm" "-f" "88e49fac84f81480533ff3d3706784a7f0457a3380997dd47c0cedf706a3e00e", kill_on_drop: false }`
[INFO] [stdout] 88e49fac84f81480533ff3d3706784a7f0457a3380997dd47c0cedf706a3e00e
