[INFO] fetching crate sarekt 0.0.4...
[INFO] testing sarekt-0.0.4 against 1.100.0-beta.1 for beta-1.100-2
[INFO] extracting crate sarekt 0.0.4 into /workspace/builds/worker-4-tc2/source
[INFO] started tweaking crates.io crate sarekt 0.0.4
[INFO] removed 0 missing examples
[INFO] finished tweaking crates.io crate sarekt 0.0.4
[INFO] tweaked toml for crates.io crate sarekt 0.0.4 written to /workspace/builds/worker-4-tc2/source/Cargo.toml
[INFO] validating manifest of crates.io crate sarekt 0.0.4 on toolchain 1.100.0-beta.1
[INFO] running `Command { std: CARGO_HOME="/workspace/cargo-home" RUSTUP_HOME="/workspace/rustup-home" "/workspace/cargo-home/bin/cargo" "+1.100.0-beta.1" "metadata" "--manifest-path" "Cargo.toml" "--no-deps", kill_on_drop: false }`
[INFO] crate crates.io crate sarekt 0.0.4 already has a lockfile, it will not be regenerated
[INFO] running `Command { std: CARGO_HOME="/workspace/cargo-home" RUSTUP_HOME="/workspace/rustup-home" "/workspace/cargo-home/bin/cargo" "+1.100.0-beta.1" "fetch" "--manifest-path" "Cargo.toml", kill_on_drop: false }`
[INFO] running `Command { std: "docker" "create" "-v" "/var/lib/crater-agent-workspace/builds/worker-4-tc2/source:/opt/rustwide/workdir:ro,Z" "-v" "/var/lib/crater-agent-workspace/builds/worker-4-tc2/target:/opt/rustwide/target:rw,Z" "-v" "/var/lib/crater-agent-workspace/cargo-home:/opt/rustwide/cargo-home:ro,Z" "-v" "/var/lib/crater-agent-workspace/rustup-home:/opt/rustwide/rustup-home:ro,Z" "-m" "1610612736" "--network" "none" "ghcr.io/rust-lang/crates-build-env/linux@sha256:3111399a4047eeb3a02b7a90e478d715f38a8c6669b5c4b49d30a17385265909" "sleep" "infinity", kill_on_drop: false }`
[INFO] [stdout] c9a8ee8983484cece8d436dff47490b9e64b809770a08c9435e3609ef6209f75
[INFO] running `Command { std: "docker" "start" "c9a8ee8983484cece8d436dff47490b9e64b809770a08c9435e3609ef6209f75", kill_on_drop: false }`
[INFO] running `Command { std: "docker" "inspect" "c9a8ee8983484cece8d436dff47490b9e64b809770a08c9435e3609ef6209f75", kill_on_drop: false }`
[INFO] running `Command { std: "docker" "exec" "-e" "SOURCE_DIR=/opt/rustwide/workdir" "-e" "CARGO_HOME=/opt/rustwide/cargo-home" "-e" "RUSTUP_HOME=/opt/rustwide/rustup-home" "-e" "CARGO_TARGET_DIR=/opt/rustwide/target" "-w" "/opt/rustwide/workdir" "--user" "0:0" "c9a8ee8983484cece8d436dff47490b9e64b809770a08c9435e3609ef6209f75" "/opt/rustwide/cargo-home/bin/cargo" "+1.100.0-beta.1" "metadata" "--no-deps" "--format-version=1", kill_on_drop: false }`
[INFO] running `Command { std: "docker" "inspect" "c9a8ee8983484cece8d436dff47490b9e64b809770a08c9435e3609ef6209f75", kill_on_drop: false }`
[INFO] running `Command { std: "docker" "exec" "-e" "SOURCE_DIR=/opt/rustwide/workdir" "-e" "CARGO_HOME=/opt/rustwide/cargo-home" "-e" "RUSTUP_HOME=/opt/rustwide/rustup-home" "-e" "CARGO_TARGET_DIR=/opt/rustwide/target" "-e" "CARGO_INCREMENTAL=0" "-e" "RUST_BACKTRACE=full" "-e" "RUSTFLAGS=--cap-lints=warn" "-e" "RUSTDOCFLAGS=--cap-lints=warn" "-w" "/opt/rustwide/workdir" "--user" "0:0" "c9a8ee8983484cece8d436dff47490b9e64b809770a08c9435e3609ef6209f75" "/opt/rustwide/cargo-home/bin/cargo" "+1.100.0-beta.1" "build" "--frozen" "--message-format=json", kill_on_drop: false }`
[INFO] [stderr]    Compiling cc v1.0.50
[INFO] [stderr]    Compiling libc v0.2.68
[INFO] [stderr]    Compiling crossbeam-utils v0.7.2
[INFO] [stderr]    Compiling syn v1.0.17
[INFO] [stderr]    Compiling memoffset v0.5.4
[INFO] [stderr]    Compiling maybe-uninit v2.0.0
[INFO] [stderr]    Compiling crossbeam-epoch v0.8.2
[INFO] [stderr]    Compiling byteorder v1.3.4
[INFO] [stderr]    Compiling num-traits v0.2.11
[INFO] [stderr]    Compiling num-integer v0.1.42
[INFO] [stderr]    Compiling fnv v1.0.6
[INFO] [stderr]    Compiling ident_case v1.0.1
[INFO] [stderr]    Compiling strsim v0.9.3
[INFO] [stderr]    Compiling rayon-core v1.7.0
[INFO] [stderr]    Compiling num-rational v0.2.4
[INFO] [stderr]    Compiling num-iter v0.1.40
[INFO] [stderr]    Compiling either v1.5.3
[INFO] [stderr]    Compiling lzw v0.10.0
[INFO] [stderr]    Compiling bytemuck v1.2.0
[INFO] [stderr]    Compiling wide v0.4.6
[INFO] [stderr]    Compiling inflate v0.4.5
[INFO] [stderr]    Compiling miniz_oxide v0.3.6
[INFO] [stderr]    Compiling proc-macro-hack v0.5.15
[INFO] [stderr]    Compiling derive_builder v0.9.0
[INFO] [stderr]    Compiling color_quant v1.0.1
[INFO] [stderr]    Compiling scoped_threadpool v0.1.9
[INFO] [stderr]    Compiling slotmap v0.4.0
[INFO] [stderr]    Compiling safe-transmute v0.11.0-rc.2
[INFO] [stderr]    Compiling gif v0.10.3
[INFO] [stderr]    Compiling num_cpus v1.12.0
[INFO] [stderr]    Compiling raw-window-handle v0.3.3
[INFO] [stderr]    Compiling cmake v0.1.42
[INFO] [stderr]    Compiling deflate v0.8.4
[INFO] [stderr]    Compiling tiff v0.4.0
[INFO] [stderr]    Compiling ultraviolet v0.4.6
[INFO] [stderr]    Compiling crossbeam-queue v0.2.1
[INFO] [stderr]    Compiling libloading v0.5.2
[INFO] [stderr]    Compiling vk-mem v0.2.2
[INFO] [stderr]    Compiling crossbeam-deque v0.7.3
[INFO] [stderr]    Compiling shaderc-sys v0.6.2
[INFO] [stderr]    Compiling ash v0.30.0
[INFO] [stderr]    Compiling png v0.16.2
[INFO] [stderr] warning: shaderc-sys@0.6.2: Checking for system installed libraries.  Use --features = build-from-source to disable this behavior
[INFO] [stderr] warning: shaderc-sys@0.6.2: System installed library not found.  Falling back to build from source
[INFO] [stderr] error: failed to run custom build command for `shaderc-sys v0.6.2`
[INFO] [stderr] note: To improve backtraces for build dependencies, set the CARGO_PROFILE_DEV_BUILD_OVERRIDE_DEBUG=true environment variable to enable debug information generation.
[INFO] [stderr] 
[INFO] [stderr] Caused by:
[INFO] [stderr]   process didn't exit successfully: `/opt/rustwide/target/debug/build/shaderc-sys/7ddfdfabe29cf2f6/out/build_script_build` (exit status: 101)
[INFO] [stderr]   --- stdout
[INFO] [stderr]   cargo:warning=Checking for system installed libraries.  Use --features = build-from-source to disable this behavior
[INFO] [stderr]   cargo:warning=System installed library not found.  Falling back to build from source
[INFO] [stderr] 
[INFO] [stderr]   --- stderr
[INFO] [stderr] 
[INFO] [stderr]   thread 'main' (949) panicked at /opt/rustwide/cargo-home/registry/src/index.crates.io-1949cf8c6b5b557f/shaderc-sys-0.6.2/build/cmd_finder.rs:50:13:
[INFO] [stderr] 
[INFO] [stderr] 
[INFO] [stderr]   couldn't find required command: "python"
[INFO] [stderr] 
[INFO] [stderr] 
[INFO] [stderr]   stack backtrace:
[INFO] [stderr]      0:     0x609dda6aa401 - std[617be2ca0a6fd877]::backtrace_rs::backtrace::libunwind::trace
[INFO] [stderr]                                  at /rustc/e3feeb59cd1bdd011a2bfcc0747b55125d9b8527/library/std/src/../../backtrace/src/backtrace/libunwind.rs:117:9
[INFO] [stderr]      1:     0x609dda6aa401 - std[617be2ca0a6fd877]::backtrace_rs::backtrace::trace_unsynchronized::<std[617be2ca0a6fd877]::sys::backtrace::_print_fmt::{closure#1}>
[INFO] [stderr]                                  at /rustc/e3feeb59cd1bdd011a2bfcc0747b55125d9b8527/library/std/src/../../backtrace/src/backtrace/mod.rs:66:14
[INFO] [stderr]      2:     0x609dda6aa401 - std[617be2ca0a6fd877]::sys::backtrace::_print_fmt
[INFO] [stderr]                                  at /rustc/e3feeb59cd1bdd011a2bfcc0747b55125d9b8527/library/std/src/sys/backtrace.rs:74:9
[INFO] [stderr]      3:     0x609dda6aa401 - <<std[617be2ca0a6fd877]::sys::backtrace::BacktraceLock>::print::DisplayBacktrace as core[a373ad73a504971]::fmt::Display>::fmt
[INFO] [stderr]                                  at /rustc/e3feeb59cd1bdd011a2bfcc0747b55125d9b8527/library/std/src/sys/backtrace.rs:44:26
[INFO] [stderr]      4:     0x609dda6be1ba - <core[a373ad73a504971]::fmt::rt::Argument>::fmt
[INFO] [stderr]                                  at /rustc/e3feeb59cd1bdd011a2bfcc0747b55125d9b8527/library/core/src/fmt/rt.rs:152:76
[INFO] [stderr]      5:     0x609dda6be1ba - core[a373ad73a504971]::fmt::write
[INFO] [stderr]      6:     0x609dda6afbac - core[a373ad73a504971]::io::write::default_write_fmt::<std[617be2ca0a6fd877]::sys::stdio::unix::Stderr>
[INFO] [stderr]                                  at /rustc/e3feeb59cd1bdd011a2bfcc0747b55125d9b8527/library/core/src/io/write.rs:402:11
[INFO] [stderr]      7:     0x609dda6afbac - <std[617be2ca0a6fd877]::sys::stdio::unix::Stderr as core[a373ad73a504971]::io::write::Write>::write_fmt
[INFO] [stderr]                                  at /rustc/e3feeb59cd1bdd011a2bfcc0747b55125d9b8527/library/core/src/io/write.rs:335:13
[INFO] [stderr]      8:     0x609dda689f46 - <std[617be2ca0a6fd877]::sys::backtrace::BacktraceLock>::print
[INFO] [stderr]                                  at /rustc/e3feeb59cd1bdd011a2bfcc0747b55125d9b8527/library/std/src/sys/backtrace.rs:47:9
[INFO] [stderr]      9:     0x609dda689f46 - std[617be2ca0a6fd877]::panicking::default_hook::{closure#0}
[INFO] [stderr]                                  at /rustc/e3feeb59cd1bdd011a2bfcc0747b55125d9b8527/library/std/src/panicking.rs:289:27
[INFO] [stderr]     10:     0x609dda6a5231 - std[617be2ca0a6fd877]::panicking::default_hook
[INFO] [stderr]                                  at /rustc/e3feeb59cd1bdd011a2bfcc0747b55125d9b8527/library/std/src/panicking.rs:316:9
[INFO] [stderr]     11:     0x609dda6a53eb - std[617be2ca0a6fd877]::panicking::panic_with_hook
[INFO] [stderr]                                  at /rustc/e3feeb59cd1bdd011a2bfcc0747b55125d9b8527/library/std/src/panicking.rs:811:13
[INFO] [stderr]     12:     0x609dda689ff2 - std[617be2ca0a6fd877]::panicking::panic_handler::{closure#0}
[INFO] [stderr]                                  at /rustc/e3feeb59cd1bdd011a2bfcc0747b55125d9b8527/library/std/src/panicking.rs:685:13
[INFO] [stderr]     13:     0x609dda682c69 - std[617be2ca0a6fd877]::sys::backtrace::__rust_end_short_backtrace::<std[617be2ca0a6fd877]::panicking::panic_handler::{closure#0}, !>
[INFO] [stderr]                                  at /rustc/e3feeb59cd1bdd011a2bfcc0747b55125d9b8527/library/std/src/sys/backtrace.rs:182:18
[INFO] [stderr]     14:     0x609dda68a7dd - __rustc[ea4f61d10b84890b]::rust_begin_unwind
[INFO] [stderr]                                  at /rustc/e3feeb59cd1bdd011a2bfcc0747b55125d9b8527/library/std/src/panicking.rs:676:5
[INFO] [stderr]     15:     0x609dda6be8ec - core[a373ad73a504971]::panicking::panic_fmt
[INFO] [stderr]                                  at /rustc/e3feeb59cd1bdd011a2bfcc0747b55125d9b8527/library/core/src/panicking.rs:80:14
[INFO] [stderr]     16:     0x609dda63a9f6 - <build_script_build[1e11a6978e98f648]::cmd_finder::CommandFinder>::must_have::<&str>::{closure#0}
[INFO] [stderr]     17:     0x609dda638550 - <core[a373ad73a504971]::option::Option<std[617be2ca0a6fd877]::path::PathBuf>>::unwrap_or_else::<<build_script_build[1e11a6978e98f648]::cmd_finder::CommandFinder>::must_have<&str>::{closure#0}>
[INFO] [stderr]     18:     0x609dda6384e0 - <build_script_build[1e11a6978e98f648]::cmd_finder::CommandFinder>::must_have::<&str>
[INFO] [stderr]     19:     0x609dda63d9c1 - build_script_build[1e11a6978e98f648]::main
[INFO] [stderr]     20:     0x609dda63fc63 - <fn() as core[a373ad73a504971]::ops::function::FnOnce<()>>::call_once
[INFO] [stderr]     21:     0x609dda639f76 - std[617be2ca0a6fd877]::sys::backtrace::__rust_begin_short_backtrace::<fn(), ()>
[INFO] [stderr]     22:     0x609dda63ab89 - std[617be2ca0a6fd877]::rt::lang_start::<()>::{closure#0}
[INFO] [stderr]     23:     0x609dda6a4638 - <&dyn core[a373ad73a504971]::ops::function::Fn<(), Output = i32> + core[a373ad73a504971]::marker::Sync + core[a373ad73a504971]::panic::unwind_safe::RefUnwindSafe as core[a373ad73a504971]::ops::function::FnOnce<()>>::call_once
[INFO] [stderr]                                  at /rustc/e3feeb59cd1bdd011a2bfcc0747b55125d9b8527/library/core/src/ops/function.rs:287:21
[INFO] [stderr]     24:     0x609dda6a4638 - std[617be2ca0a6fd877]::panicking::catch_unwind::do_call::<&dyn core[a373ad73a504971]::ops::function::Fn<(), Output = i32> + core[a373ad73a504971]::marker::Sync + core[a373ad73a504971]::panic::unwind_safe::RefUnwindSafe, i32>
[INFO] [stderr]                                  at /rustc/e3feeb59cd1bdd011a2bfcc0747b55125d9b8527/library/std/src/panicking.rs:573:43
[INFO] [stderr]     25:     0x609dda6a4638 - std[617be2ca0a6fd877]::panicking::catch_unwind::<i32, &dyn core[a373ad73a504971]::ops::function::Fn<(), Output = i32> + core[a373ad73a504971]::marker::Sync + core[a373ad73a504971]::panic::unwind_safe::RefUnwindSafe>
[INFO] [stderr]                                  at /rustc/e3feeb59cd1bdd011a2bfcc0747b55125d9b8527/library/std/src/panicking.rs:541:19
[INFO] [stderr]     26:     0x609dda6a4638 - std[617be2ca0a6fd877]::panic::catch_unwind::<&dyn core[a373ad73a504971]::ops::function::Fn<(), Output = i32> + core[a373ad73a504971]::marker::Sync + core[a373ad73a504971]::panic::unwind_safe::RefUnwindSafe, i32>
[INFO] [stderr]                                  at /rustc/e3feeb59cd1bdd011a2bfcc0747b55125d9b8527/library/std/src/panic.rs:359:14
[INFO] [stderr]     27:     0x609dda6a4638 - std[617be2ca0a6fd877]::rt::lang_start_internal::{closure#0}
[INFO] [stderr]                                  at /rustc/e3feeb59cd1bdd011a2bfcc0747b55125d9b8527/library/std/src/rt.rs:175:24
[INFO] [stderr]     28:     0x609dda6a4638 - std[617be2ca0a6fd877]::panicking::catch_unwind::do_call::<std[617be2ca0a6fd877]::rt::lang_start_internal::{closure#0}, isize>
[INFO] [stderr]                                  at /rustc/e3feeb59cd1bdd011a2bfcc0747b55125d9b8527/library/std/src/panicking.rs:573:43
[INFO] [stderr]     29:     0x609dda6a4638 - std[617be2ca0a6fd877]::panicking::catch_unwind::<isize, std[617be2ca0a6fd877]::rt::lang_start_internal::{closure#0}>
[INFO] [stderr]                                  at /rustc/e3feeb59cd1bdd011a2bfcc0747b55125d9b8527/library/std/src/panicking.rs:541:19
[INFO] [stderr]     30:     0x609dda6a4638 - std[617be2ca0a6fd877]::panic::catch_unwind::<std[617be2ca0a6fd877]::rt::lang_start_internal::{closure#0}, isize>
[INFO] [stderr]                                  at /rustc/e3feeb59cd1bdd011a2bfcc0747b55125d9b8527/library/std/src/panic.rs:359:14
[INFO] [stderr]     31:     0x609dda6a4638 - std[617be2ca0a6fd877]::rt::lang_start_internal
[INFO] [stderr]                                  at /rustc/e3feeb59cd1bdd011a2bfcc0747b55125d9b8527/library/std/src/rt.rs:171:5
[INFO] [stderr]     32:     0x609dda639b91 - std[617be2ca0a6fd877]::rt::lang_start::<()>
[INFO] [stderr]     33:     0x609dda63fd55 - main
[INFO] [stderr]     34:     0x7f4726fbe601 - <unknown>
[INFO] [stderr]     35:     0x7f4726fbe718 - __libc_start_main
[INFO] [stderr]     36:     0x609dda637915 - _start
[INFO] [stderr]     37:                0x0 - <unknown>
[INFO] [stderr] warning: build failed, waiting for other jobs to finish...
[INFO] [stderr] warning: vk-mem@0.2.2: In file included from wrapper/vma_lib.cpp:2:
[INFO] [stderr] warning: vk-mem@0.2.2: vendor/src/vk_mem_alloc.h: In function 'void VmaUint32ToStr(char*, size_t, uint32_t)':
[INFO] [stderr] warning: vk-mem@0.2.2: vendor/src/vk_mem_alloc.h:3866:9: error: 'snprintf' was not declared in this scope
[INFO] [stderr] warning: vk-mem@0.2.2:  3866 |         snprintf(outStr, strLen, "%u", static_cast<unsigned int>(num));
[INFO] [stderr] warning: vk-mem@0.2.2:       |         ^~~~~~~~
[INFO] [stderr] warning: vk-mem@0.2.2: vendor/src/vk_mem_alloc.h:3757:1: note: 'snprintf' is defined in header '<cstdio>'; this is probably fixable by adding '#include <cstdio>'
[INFO] [stderr] warning: vk-mem@0.2.2:  3756 | #include <mutex>
[INFO] [stderr] warning: vk-mem@0.2.2:   +++ |+#include <cstdio>
[INFO] [stderr] warning: vk-mem@0.2.2:  3757 | 
[INFO] [stderr] warning: vk-mem@0.2.2: vendor/src/vk_mem_alloc.h: In function 'void VmaUint64ToStr(char*, size_t, uint64_t)':
[INFO] [stderr] warning: vk-mem@0.2.2: vendor/src/vk_mem_alloc.h:3870:9: error: 'snprintf' was not declared in this scope
[INFO] [stderr] warning: vk-mem@0.2.2:  3870 |         snprintf(outStr, strLen, "%llu", static_cast<unsigned long long>(num));
[INFO] [stderr] warning: vk-mem@0.2.2:       |         ^~~~~~~~
[INFO] [stderr] warning: vk-mem@0.2.2: vendor/src/vk_mem_alloc.h:3870:9: note: 'snprintf' is defined in header '<cstdio>'; this is probably fixable by adding '#include <cstdio>'
[INFO] [stderr] warning: vk-mem@0.2.2: vendor/src/vk_mem_alloc.h: In function 'void VmaPtrToStr(char*, size_t, const void*)':
[INFO] [stderr] warning: vk-mem@0.2.2: vendor/src/vk_mem_alloc.h:3874:9: error: 'snprintf' was not declared in this scope
[INFO] [stderr] warning: vk-mem@0.2.2:  3874 |         snprintf(outStr, strLen, "%p", ptr);
[INFO] [stderr] warning: vk-mem@0.2.2:       |         ^~~~~~~~
[INFO] [stderr] warning: vk-mem@0.2.2: vendor/src/vk_mem_alloc.h:3874:9: note: 'snprintf' is defined in header '<cstdio>'; this is probably fixable by adding '#include <cstdio>'
[INFO] [stderr] warning: vk-mem@0.2.2: vendor/src/vk_mem_alloc.h: In member function 'virtual bool VmaBlockMetadata_Generic::Validate() const':
[INFO] [stderr] warning: vk-mem@0.2.2: vendor/src/vk_mem_alloc.h:8515:40: warning: comparison of unsigned expression in '>= 0' is always true [-Wtype-limits]
[INFO] [stderr] warning: vk-mem@0.2.2:  8515 |             VMA_VALIDATE(subAlloc.size >= VMA_DEBUG_MARGIN);
[INFO] [stderr] warning: vk-mem@0.2.2:       |                                        ^
[INFO] [stderr] warning: vk-mem@0.2.2: vendor/src/vk_mem_alloc.h:5929:38: note: in definition of macro 'VMA_VALIDATE'
[INFO] [stderr] warning: vk-mem@0.2.2:  5929 | #define VMA_VALIDATE(cond) do { if(!(cond)) { \
[INFO] [stderr] warning: vk-mem@0.2.2:       |                                      ^~~~
[INFO] [stderr] warning: vk-mem@0.2.2: vendor/src/vk_mem_alloc.h: In member function 'bool VmaBlockMetadata_Linear::CreateAllocationRequest_UpperAddress(uint32_t, uint32_t, VkDeviceSize, VkDeviceSize, VkDeviceSize, VmaSuballocationType, bool, uint32_t, VmaAllocationRequest*)':
[INFO] [stderr] warning: vk-mem@0.2.2: vendor/src/vk_mem_alloc.h:10400:25: warning: comparison of unsigned expression in '< 0' is always false [-Wtype-limits]
[INFO] [stderr] warning: vk-mem@0.2.2: 10400 |         if(resultOffset < VMA_DEBUG_MARGIN)
[INFO] [stderr] warning: vk-mem@0.2.2:       |                         ^
[INFO] [stderr] warning: vk-mem@0.2.2: In file included from /usr/include/c++/15/cassert:46,
[INFO] [stderr] warning: vk-mem@0.2.2:                  from vendor/src/vk_mem_alloc.h:3754:
[INFO] [stderr] warning: vk-mem@0.2.2: vendor/src/vk_mem_alloc.h: In member function 'VkResult VmaDeviceMemoryBlock::WriteMagicValueAroundAllocation(VmaAllocator, VkDeviceSize, VkDeviceSize)':
[INFO] [stderr] warning: vk-mem@0.2.2: vendor/src/vk_mem_alloc.h:11890:28: warning: comparison of unsigned expression in '>= 0' is always true [-Wtype-limits]
[INFO] [stderr] warning: vk-mem@0.2.2: 11890 |     VMA_ASSERT(allocOffset >= VMA_DEBUG_MARGIN);
[INFO] [stderr] warning: vk-mem@0.2.2:       |                            ^
[INFO] [stderr] warning: vk-mem@0.2.2: vendor/src/vk_mem_alloc.h:11890:5: note: in expansion of macro 'VMA_ASSERT'
[INFO] [stderr] warning: vk-mem@0.2.2: 11890 |     VMA_ASSERT(allocOffset >= VMA_DEBUG_MARGIN);
[INFO] [stderr] warning: vk-mem@0.2.2:       |     ^~~~~~~~~~
[INFO] [stderr] warning: vk-mem@0.2.2: vendor/src/vk_mem_alloc.h: In member function 'VkResult VmaDeviceMemoryBlock::ValidateMagicValueAroundAllocation(VmaAllocator, VkDeviceSize, VkDeviceSize)':
[INFO] [stderr] warning: vk-mem@0.2.2: vendor/src/vk_mem_alloc.h:11910:28: warning: comparison of unsigned expression in '>= 0' is always true [-Wtype-limits]
[INFO] [stderr] warning: vk-mem@0.2.2: 11910 |     VMA_ASSERT(allocOffset >= VMA_DEBUG_MARGIN);
[INFO] [stderr] warning: vk-mem@0.2.2:       |                            ^
[INFO] [stderr] warning: vk-mem@0.2.2: vendor/src/vk_mem_alloc.h:11910:5: note: in expansion of macro 'VMA_ASSERT'
[INFO] [stderr] warning: vk-mem@0.2.2: 11910 |     VMA_ASSERT(allocOffset >= VMA_DEBUG_MARGIN);
[INFO] [stderr] warning: vk-mem@0.2.2:       |     ^~~~~~~~~~
[INFO] [stderr] warning: vk-mem@0.2.2: At global scope:
[INFO] [stderr] warning: vk-mem@0.2.2: cc1plus: note: unrecognized command-line option '-Wno-unused-private-field' may have been intended to silence earlier diagnostics
[INFO] [stderr] error: failed to run custom build command for `vk-mem v0.2.2`
[INFO] [stderr] note: To improve backtraces for build dependencies, set the CARGO_PROFILE_DEV_BUILD_OVERRIDE_DEBUG=true environment variable to enable debug information generation.
[INFO] [stderr] 
[INFO] [stderr] Caused by:
[INFO] [stderr]   process didn't exit successfully: `/opt/rustwide/target/debug/build/vk-mem/70f6c08ee3a35ccd/out/build_script_build` (exit status: 1)
[INFO] [stderr]   --- stdout
[INFO] [stderr]   TARGET = Some("x86_64-unknown-linux-gnu")
[INFO] [stderr]   OPT_LEVEL = Some("0")
[INFO] [stderr]   HOST = Some("x86_64-unknown-linux-gnu")
[INFO] [stderr]   CXX_x86_64-unknown-linux-gnu = None
[INFO] [stderr]   CXX_x86_64_unknown_linux_gnu = None
[INFO] [stderr]   HOST_CXX = None
[INFO] [stderr]   CXX = None
[INFO] [stderr]   CXXFLAGS_x86_64-unknown-linux-gnu = None
[INFO] [stderr]   CXXFLAGS_x86_64_unknown_linux_gnu = None
[INFO] [stderr]   HOST_CXXFLAGS = None
[INFO] [stderr]   CXXFLAGS = None
[INFO] [stderr]   CRATE_CC_NO_DEFAULTS = None
[INFO] [stderr]   DEBUG = Some("true")
[INFO] [stderr]   CARGO_CFG_TARGET_FEATURE = Some("fxsr,sse,sse2")
[INFO] [stderr]   running: "c++" "-O0" "-ffunction-sections" "-fdata-sections" "-fPIC" "-g" "-fno-omit-frame-pointer" "-m64" "-I" "vendor/src" "-I" "wrapper" "-I" "wrapper/vulkan" "-Wall" "-Wextra" "-std=c++11" "-Wno-missing-field-initializers" "-Wno-unused-variable" "-Wno-unused-parameter" "-Wno-unused-private-field" "-Wno-reorder" "-DVMA_STATIC_VULKAN_FUNCTIONS=0" "-o" "/opt/rustwide/target/debug/build/vk-mem/7770ccce4b2e49ac/out/wrapper/vma_lib.o" "-c" "wrapper/vma_lib.cpp"
[INFO] [stderr]   cargo:warning=In file included from wrapper/vma_lib.cpp:2:
[INFO] [stderr]   cargo:warning=vendor/src/vk_mem_alloc.h: In function 'void VmaUint32ToStr(char*, size_t, uint32_t)':
[INFO] [stderr]   cargo:warning=vendor/src/vk_mem_alloc.h:3866:9: error: 'snprintf' was not declared in this scope
[INFO] [stderr]   cargo:warning= 3866 |         snprintf(outStr, strLen, "%u", static_cast<unsigned int>(num));
[INFO] [stderr]   cargo:warning=      |         ^~~~~~~~
[INFO] [stderr]   cargo:warning=vendor/src/vk_mem_alloc.h:3757:1: note: 'snprintf' is defined in header '<cstdio>'; this is probably fixable by adding '#include <cstdio>'
[INFO] [stderr]   cargo:warning= 3756 | #include <mutex>
[INFO] [stderr]   cargo:warning=  +++ |+#include <cstdio>
[INFO] [stderr]   cargo:warning= 3757 | 
[INFO] [stderr]   cargo:warning=vendor/src/vk_mem_alloc.h: In function 'void VmaUint64ToStr(char*, size_t, uint64_t)':
[INFO] [stderr]   cargo:warning=vendor/src/vk_mem_alloc.h:3870:9: error: 'snprintf' was not declared in this scope
[INFO] [stderr]   cargo:warning= 3870 |         snprintf(outStr, strLen, "%llu", static_cast<unsigned long long>(num));
[INFO] [stderr]   cargo:warning=      |         ^~~~~~~~
[INFO] [stderr]   cargo:warning=vendor/src/vk_mem_alloc.h:3870:9: note: 'snprintf' is defined in header '<cstdio>'; this is probably fixable by adding '#include <cstdio>'
[INFO] [stderr]   cargo:warning=vendor/src/vk_mem_alloc.h: In function 'void VmaPtrToStr(char*, size_t, const void*)':
[INFO] [stderr]   cargo:warning=vendor/src/vk_mem_alloc.h:3874:9: error: 'snprintf' was not declared in this scope
[INFO] [stderr]   cargo:warning= 3874 |         snprintf(outStr, strLen, "%p", ptr);
[INFO] [stderr]   cargo:warning=      |         ^~~~~~~~
[INFO] [stderr]   cargo:warning=vendor/src/vk_mem_alloc.h:3874:9: note: 'snprintf' is defined in header '<cstdio>'; this is probably fixable by adding '#include <cstdio>'
[INFO] [stderr]   cargo:warning=vendor/src/vk_mem_alloc.h: In member function 'virtual bool VmaBlockMetadata_Generic::Validate() const':
[INFO] [stderr]   cargo:warning=vendor/src/vk_mem_alloc.h:8515:40: warning: comparison of unsigned expression in '>= 0' is always true [-Wtype-limits]
[INFO] [stderr]   cargo:warning= 8515 |             VMA_VALIDATE(subAlloc.size >= VMA_DEBUG_MARGIN);
[INFO] [stderr]   cargo:warning=      |                                        ^
[INFO] [stderr]   cargo:warning=vendor/src/vk_mem_alloc.h:5929:38: note: in definition of macro 'VMA_VALIDATE'
[INFO] [stderr]   cargo:warning= 5929 | #define VMA_VALIDATE(cond) do { if(!(cond)) { \
[INFO] [stderr]   cargo:warning=      |                                      ^~~~
[INFO] [stderr]   cargo:warning=vendor/src/vk_mem_alloc.h: In member function 'bool VmaBlockMetadata_Linear::CreateAllocationRequest_UpperAddress(uint32_t, uint32_t, VkDeviceSize, VkDeviceSize, VkDeviceSize, VmaSuballocationType, bool, uint32_t, VmaAllocationRequest*)':
[INFO] [stderr]   cargo:warning=vendor/src/vk_mem_alloc.h:10400:25: warning: comparison of unsigned expression in '< 0' is always false [-Wtype-limits]
[INFO] [stderr]   cargo:warning=10400 |         if(resultOffset < VMA_DEBUG_MARGIN)
[INFO] [stderr]   cargo:warning=      |                         ^
[INFO] [stderr]   cargo:warning=In file included from /usr/include/c++/15/cassert:46,
[INFO] [stderr]   cargo:warning=                 from vendor/src/vk_mem_alloc.h:3754:
[INFO] [stderr]   cargo:warning=vendor/src/vk_mem_alloc.h: In member function 'VkResult VmaDeviceMemoryBlock::WriteMagicValueAroundAllocation(VmaAllocator, VkDeviceSize, VkDeviceSize)':
[INFO] [stderr]   cargo:warning=vendor/src/vk_mem_alloc.h:11890:28: warning: comparison of unsigned expression in '>= 0' is always true [-Wtype-limits]
[INFO] [stderr]   cargo:warning=11890 |     VMA_ASSERT(allocOffset >= VMA_DEBUG_MARGIN);
[INFO] [stderr]   cargo:warning=      |                            ^
[INFO] [stderr]   cargo:warning=vendor/src/vk_mem_alloc.h:11890:5: note: in expansion of macro 'VMA_ASSERT'
[INFO] [stderr]   cargo:warning=11890 |     VMA_ASSERT(allocOffset >= VMA_DEBUG_MARGIN);
[INFO] [stderr]   cargo:warning=      |     ^~~~~~~~~~
[INFO] [stderr]   cargo:warning=vendor/src/vk_mem_alloc.h: In member function 'VkResult VmaDeviceMemoryBlock::ValidateMagicValueAroundAllocation(VmaAllocator, VkDeviceSize, VkDeviceSize)':
[INFO] [stderr]   cargo:warning=vendor/src/vk_mem_alloc.h:11910:28: warning: comparison of unsigned expression in '>= 0' is always true [-Wtype-limits]
[INFO] [stderr]   cargo:warning=11910 |     VMA_ASSERT(allocOffset >= VMA_DEBUG_MARGIN);
[INFO] [stderr]   cargo:warning=      |                            ^
[INFO] [stderr]   cargo:warning=vendor/src/vk_mem_alloc.h:11910:5: note: in expansion of macro 'VMA_ASSERT'
[INFO] [stderr]   cargo:warning=11910 |     VMA_ASSERT(allocOffset >= VMA_DEBUG_MARGIN);
[INFO] [stderr]   cargo:warning=      |     ^~~~~~~~~~
[INFO] [stderr]   cargo:warning=At global scope:
[INFO] [stderr]   cargo:warning=cc1plus: note: unrecognized command-line option '-Wno-unused-private-field' may have been intended to silence earlier diagnostics
[INFO] [stderr]   exit status: 1
[INFO] [stderr] 
[INFO] [stderr]   --- stderr
[INFO] [stderr] 
[INFO] [stderr] 
[INFO] [stderr]   error occurred: Command "c++" "-O0" "-ffunction-sections" "-fdata-sections" "-fPIC" "-g" "-fno-omit-frame-pointer" "-m64" "-I" "vendor/src" "-I" "wrapper" "-I" "wrapper/vulkan" "-Wall" "-Wextra" "-std=c++11" "-Wno-missing-field-initializers" "-Wno-unused-variable" "-Wno-unused-parameter" "-Wno-unused-private-field" "-Wno-reorder" "-DVMA_STATIC_VULKAN_FUNCTIONS=0" "-o" "/opt/rustwide/target/debug/build/vk-mem/7770ccce4b2e49ac/out/wrapper/vma_lib.o" "-c" "wrapper/vma_lib.cpp" with args "c++" did not execute successfully (status code exit status: 1).
[INFO] [stderr] 
[INFO] [stderr] 
[INFO] running `Command { std: "docker" "inspect" "c9a8ee8983484cece8d436dff47490b9e64b809770a08c9435e3609ef6209f75", kill_on_drop: false }`
[INFO] running `Command { std: "docker" "rm" "-f" "c9a8ee8983484cece8d436dff47490b9e64b809770a08c9435e3609ef6209f75", kill_on_drop: false }`
[INFO] [stdout] c9a8ee8983484cece8d436dff47490b9e64b809770a08c9435e3609ef6209f75
