[INFO] fetching crate sarc-rs 1.0.0...
[INFO] testing sarc-rs-1.0.0 against 1.99.0-beta.8 for beta-1.100-2
[INFO] extracting crate sarc-rs 1.0.0 into /workspace/builds/worker-0-tc1/source
[INFO] started tweaking crates.io crate sarc-rs 1.0.0
[INFO] finished tweaking crates.io crate sarc-rs 1.0.0
[INFO] tweaked toml for crates.io crate sarc-rs 1.0.0 written to /workspace/builds/worker-0-tc1/source/Cargo.toml
[INFO] validating manifest of crates.io crate sarc-rs 1.0.0 on toolchain 1.99.0-beta.8
[INFO] running `Command { std: CARGO_HOME="/workspace/cargo-home" RUSTUP_HOME="/workspace/rustup-home" "/workspace/cargo-home/bin/cargo" "+1.99.0-beta.8" "metadata" "--manifest-path" "Cargo.toml" "--no-deps", kill_on_drop: false }`
[INFO] running `Command { std: CARGO_HOME="/workspace/cargo-home" RUSTUP_HOME="/workspace/rustup-home" "/workspace/cargo-home/bin/cargo" "+1.99.0-beta.8" "generate-lockfile" "--manifest-path" "Cargo.toml", kill_on_drop: false }`
[INFO] [stderr]     Updating crates.io index
[INFO] [stderr]      Locking 64 packages to highest compatible versions
[INFO] [stderr]       Adding cached v0.36.0 (available: v4.0.1)
[INFO] [stderr]       Adding indexmap v1.9.3 (available: v2.14.2)
[INFO] [stderr]       Adding thiserror v1.0.69 (available: v2.0.21)
[INFO] running `Command { std: CARGO_HOME="/workspace/cargo-home" RUSTUP_HOME="/workspace/rustup-home" "/workspace/cargo-home/bin/cargo" "+1.99.0-beta.8" "fetch" "--manifest-path" "Cargo.toml", kill_on_drop: false }`
[INFO] [stderr]  Downloading crates ...
[INFO] [stderr]   Downloaded cached v0.36.0
[INFO] [stderr]   Downloaded async_once v0.2.6
[INFO] [stderr]   Downloaded cached_proc_macro_types v0.1.1
[INFO] [stderr]   Downloaded cached_proc_macro v0.13.0
[INFO] [stderr]   Downloaded binwrite v0.2.1
[INFO] [stderr]   Downloaded binwrite_derive v0.2.1
[INFO] running `Command { std: "docker" "create" "-v" "/var/lib/crater-agent-workspace/builds/worker-0-tc1/source:/opt/rustwide/workdir:ro,Z" "-v" "/var/lib/crater-agent-workspace/builds/worker-0-tc1/target:/opt/rustwide/target:rw,Z" "-v" "/var/lib/crater-agent-workspace/cargo-home:/opt/rustwide/cargo-home:ro,Z" "-v" "/var/lib/crater-agent-workspace/rustup-home:/opt/rustwide/rustup-home:ro,Z" "-m" "1610612736" "--network" "none" "ghcr.io/rust-lang/crates-build-env/linux@sha256:3111399a4047eeb3a02b7a90e478d715f38a8c6669b5c4b49d30a17385265909" "sleep" "infinity", kill_on_drop: false }`
[INFO] [stdout] 9e352c80b413f60b00db0ac2a3b17e9e2f08baf3d0b8abcfd3b51321148872a3
[INFO] running `Command { std: "docker" "start" "9e352c80b413f60b00db0ac2a3b17e9e2f08baf3d0b8abcfd3b51321148872a3", kill_on_drop: false }`
[INFO] running `Command { std: "docker" "inspect" "9e352c80b413f60b00db0ac2a3b17e9e2f08baf3d0b8abcfd3b51321148872a3", kill_on_drop: false }`
[INFO] running `Command { std: "docker" "exec" "-e" "SOURCE_DIR=/opt/rustwide/workdir" "-e" "CARGO_HOME=/opt/rustwide/cargo-home" "-e" "RUSTUP_HOME=/opt/rustwide/rustup-home" "-e" "CARGO_TARGET_DIR=/opt/rustwide/target" "-w" "/opt/rustwide/workdir" "--user" "0:0" "9e352c80b413f60b00db0ac2a3b17e9e2f08baf3d0b8abcfd3b51321148872a3" "/opt/rustwide/cargo-home/bin/cargo" "+1.99.0-beta.8" "metadata" "--no-deps" "--format-version=1", kill_on_drop: false }`
[INFO] running `Command { std: "docker" "inspect" "9e352c80b413f60b00db0ac2a3b17e9e2f08baf3d0b8abcfd3b51321148872a3", kill_on_drop: false }`
[INFO] running `Command { std: "docker" "exec" "-e" "SOURCE_DIR=/opt/rustwide/workdir" "-e" "CARGO_HOME=/opt/rustwide/cargo-home" "-e" "RUSTUP_HOME=/opt/rustwide/rustup-home" "-e" "CARGO_TARGET_DIR=/opt/rustwide/target" "-e" "CARGO_INCREMENTAL=0" "-e" "RUST_BACKTRACE=full" "-e" "RUSTFLAGS=--cap-lints=warn" "-e" "RUSTDOCFLAGS=--cap-lints=warn" "-w" "/opt/rustwide/workdir" "--user" "0:0" "9e352c80b413f60b00db0ac2a3b17e9e2f08baf3d0b8abcfd3b51321148872a3" "/opt/rustwide/cargo-home/bin/cargo" "+1.99.0-beta.8" "build" "--frozen" "--message-format=json", kill_on_drop: false }`
[INFO] [stderr]    Compiling syn v2.0.119
[INFO] [stderr]    Compiling num-traits v0.2.19
[INFO] [stderr]    Compiling tokio-macros v2.7.2
[INFO] [stderr]    Compiling indexmap v1.9.3
[INFO] [stderr]    Compiling hashbrown v0.12.3
[INFO] [stderr]    Compiling cached_proc_macro_types v0.1.1
[INFO] [stderr]    Compiling darling_core v0.13.4
[INFO] [stderr]    Compiling paste-impl v0.1.18
[INFO] [stderr]    Compiling instant v0.1.13
[INFO] [stderr]    Compiling binread_derive v2.1.0
[INFO] [stderr]    Compiling binwrite_derive v0.2.1
[INFO] [stderr]    Compiling async_once v0.2.6
[INFO] [stderr]    Compiling serde v1.0.229
[INFO] [stderr]    Compiling derivative v2.2.0
[INFO] [stderr]    Compiling paste v0.1.18
[INFO] [stderr]    Compiling binwrite v0.2.1
[INFO] [stderr]    Compiling tokio v1.53.2
[INFO] [stderr]    Compiling num-integer v0.1.47
[INFO] [stderr]    Compiling num-complex v0.4.6
[INFO] [stderr]    Compiling binread v2.2.0
[INFO] [stderr]    Compiling num-bigint v0.4.8
[INFO] [stderr]    Compiling num-iter v0.1.46
[INFO] [stderr]    Compiling darling_macro v0.13.4
[INFO] [stderr]    Compiling darling v0.13.4
[INFO] [stderr]    Compiling cached_proc_macro v0.13.0
[INFO] [stderr]    Compiling thiserror-impl v1.0.69
[INFO] [stderr]    Compiling num-rational v0.4.2
[INFO] [stderr]    Compiling num v0.4.3
[INFO] [stderr]    Compiling thiserror v1.0.69
[INFO] [stderr]    Compiling cached v0.36.0
[INFO] [stderr]    Compiling sarc-rs v1.0.0 (/opt/rustwide/workdir)
[INFO] [stdout] error[E0554]: `#![feature]` may not be used on the beta release channel
[INFO] [stdout]  --> src/lib.rs:1:1
[INFO] [stdout]   |
[INFO] [stdout] 1 | #![feature(const_slice_index)]
[INFO] [stdout]   | ^^^^^^^^^^^^^^^^^^^^^^^^^^^^^^
[INFO] [stdout] 
[INFO] [stdout] 
[INFO] [stdout] error[E0635]: unknown feature `const_slice_index`
[INFO] [stdout]  --> src/lib.rs:1:12
[INFO] [stdout]   |
[INFO] [stdout] 1 | #![feature(const_slice_index)]
[INFO] [stdout]   |            ^^^^^^^^^^^^^^^^^
[INFO] [stdout]   |
[INFO] [stdout] help: there is a feature with a similar name: `const_slice_len`
[INFO] [stdout]   |
[INFO] [stdout] 1 - #![feature(const_slice_index)]
[INFO] [stdout] 1 + #![feature(const_slice_len)]
[INFO] [stdout]   |
[INFO] [stdout] 
[INFO] [stdout] 
[INFO] [stdout] error[E0658]: cannot call conditionally-const method `core::slice::<impl [u8]>::get_unchecked::<usize>` in constant functions
[INFO] [stdout]   --> src/lib.rs:50:38
[INFO] [stdout]    |
[INFO] [stdout] 50 |                 .wrapping_add(*bytes.get_unchecked(i) as u32)
[INFO] [stdout]    |                                      ^^^^^^^^^^^^^^^^
[INFO] [stdout]    |
[INFO] [stdout]    = note: calls in constant functions are limited to constant functions, tuple structs and tuple variants
[INFO] [stdout]    = note: see issue #143874 <https://github.com/rust-lang/rust/issues/143874> for more information
[INFO] [stdout] 
[INFO] [stdout] 
[INFO] [stdout] error: `core::slice::<impl [T]>::get_unchecked` is not yet stable as a const fn
[INFO] [stdout]   --> src/lib.rs:50:32
[INFO] [stdout]    |
[INFO] [stdout] 50 |                 .wrapping_add(*bytes.get_unchecked(i) as u32)
[INFO] [stdout]    |                                ^^^^^^^^^^^^^^^^^^^^^^
[INFO] [stdout] 
[INFO] [stdout] 
[INFO] [stdout] Some errors have detailed explanations: E0554, E0635, E0658.
[INFO] [stdout] 
[INFO] [stdout] For more information about an error, try `rustc --explain E0554`.
[INFO] [stdout] 
[INFO] [stderr] error: could not compile `sarc-rs` (lib) due to 4 previous errors
[INFO] running `Command { std: "docker" "inspect" "9e352c80b413f60b00db0ac2a3b17e9e2f08baf3d0b8abcfd3b51321148872a3", kill_on_drop: false }`
[INFO] running `Command { std: "docker" "rm" "-f" "9e352c80b413f60b00db0ac2a3b17e9e2f08baf3d0b8abcfd3b51321148872a3", kill_on_drop: false }`
[INFO] [stdout] 9e352c80b413f60b00db0ac2a3b17e9e2f08baf3d0b8abcfd3b51321148872a3
