[INFO] fetching crate salvor-server 0.10.0...
[INFO] testing salvor-server-0.10.0 against 1.99.0-beta.8 for beta-1.100-2
[INFO] extracting crate salvor-server 0.10.0 into /workspace/builds/worker-4-tc1/source
[INFO] started tweaking crates.io crate salvor-server 0.10.0
[INFO] removed 0 missing tests
[INFO] finished tweaking crates.io crate salvor-server 0.10.0
[INFO] tweaked toml for crates.io crate salvor-server 0.10.0 written to /workspace/builds/worker-4-tc1/source/Cargo.toml
[INFO] validating manifest of crates.io crate salvor-server 0.10.0 on toolchain 1.99.0-beta.8
[INFO] running `Command { std: CARGO_HOME="/workspace/cargo-home" RUSTUP_HOME="/workspace/rustup-home" "/workspace/cargo-home/bin/cargo" "+1.99.0-beta.8" "metadata" "--manifest-path" "Cargo.toml" "--no-deps", kill_on_drop: false }`
[INFO] crate crates.io crate salvor-server 0.10.0 already has a lockfile, it will not be regenerated
[INFO] running `Command { std: CARGO_HOME="/workspace/cargo-home" RUSTUP_HOME="/workspace/rustup-home" "/workspace/cargo-home/bin/cargo" "+1.99.0-beta.8" "fetch" "--manifest-path" "Cargo.toml", kill_on_drop: false }`
[INFO] [stderr]     Updating crates.io index
[INFO] [stderr]     Blocking waiting for file lock on package cache
[INFO] [stderr]  Downloading crates ...
[INFO] [stderr]   Downloaded sse-stream v0.2.4
[INFO] [stderr]   Downloaded salvor-core v0.10.0
[INFO] [stderr]   Downloaded rmcp-macros v2.2.0
[INFO] [stderr]   Downloaded salvor-replay v0.10.0
[INFO] [stderr]   Downloaded salvor-store v0.10.0
[INFO] [stderr]   Downloaded uuid-simd v0.8.0
[INFO] [stderr]   Downloaded borrow-or-share v0.2.4
[INFO] [stderr]   Downloaded rust-embed-utils v8.12.0
[INFO] [stderr]   Downloaded process-wrap v9.1.0
[INFO] [stderr]   Downloaded referencing v0.49.2
[INFO] [stderr]   Downloaded num-cmp v0.1.0
[INFO] [stderr]   Downloaded jsonschema-value v0.49.2
[INFO] [stderr]   Downloaded micromap v0.3.0
[INFO] [stderr]   Downloaded fluent-uri v0.4.1
[INFO] [stderr]   Downloaded email_address v0.2.9
[INFO] [stderr]   Downloaded rust-embed-impl v8.12.0
[INFO] [stderr]   Downloaded fraction v0.15.4
[INFO] [stderr]   Downloaded jsonschema-regex v0.49.2
[INFO] [stderr]   Downloaded fancy-regex v0.18.0
[INFO] [stderr]   Downloaded rmcp v2.2.0
[INFO] [stderr]   Downloaded regex-automata v0.4.15
[INFO] [stderr]   Downloaded rustls v0.23.41
[INFO] [stderr]   Downloaded jsonschema v0.49.2
[INFO] [stderr]   Downloaded rust-embed v8.12.0
[INFO] [stderr]   Downloaded salvor-tools v0.10.0
[INFO] [stderr]   Downloaded salvor-tools-macros v0.10.0
[INFO] [stderr]   Downloaded salvor-llm v0.10.0
[INFO] [stderr]   Downloaded salvor-runtime v0.10.0
[INFO] [stderr]   Downloaded salvor-graph v0.10.0
[INFO] [stderr]   Downloaded salvor-engine v0.10.0
[INFO] running `Command { std: "docker" "create" "-v" "/var/lib/crater-agent-workspace/builds/worker-4-tc1/source:/opt/rustwide/workdir:ro,Z" "-v" "/var/lib/crater-agent-workspace/builds/worker-4-tc1/target:/opt/rustwide/target:rw,Z" "-v" "/var/lib/crater-agent-workspace/cargo-home:/opt/rustwide/cargo-home:ro,Z" "-v" "/var/lib/crater-agent-workspace/rustup-home:/opt/rustwide/rustup-home:ro,Z" "-m" "1610612736" "--network" "none" "ghcr.io/rust-lang/crates-build-env/linux@sha256:3111399a4047eeb3a02b7a90e478d715f38a8c6669b5c4b49d30a17385265909" "sleep" "infinity", kill_on_drop: false }`
[INFO] [stdout] ed926aef80e4cb4877ee5ab89fd67be383101528eca493fff7daf576775faf22
[INFO] running `Command { std: "docker" "start" "ed926aef80e4cb4877ee5ab89fd67be383101528eca493fff7daf576775faf22", kill_on_drop: false }`
[INFO] running `Command { std: "docker" "inspect" "ed926aef80e4cb4877ee5ab89fd67be383101528eca493fff7daf576775faf22", kill_on_drop: false }`
[INFO] running `Command { std: "docker" "exec" "-e" "SOURCE_DIR=/opt/rustwide/workdir" "-e" "CARGO_HOME=/opt/rustwide/cargo-home" "-e" "RUSTUP_HOME=/opt/rustwide/rustup-home" "-e" "CARGO_TARGET_DIR=/opt/rustwide/target" "-w" "/opt/rustwide/workdir" "--user" "0:0" "ed926aef80e4cb4877ee5ab89fd67be383101528eca493fff7daf576775faf22" "/opt/rustwide/cargo-home/bin/cargo" "+1.99.0-beta.8" "metadata" "--no-deps" "--format-version=1", kill_on_drop: false }`
[INFO] running `Command { std: "docker" "inspect" "ed926aef80e4cb4877ee5ab89fd67be383101528eca493fff7daf576775faf22", kill_on_drop: false }`
[INFO] running `Command { std: "docker" "exec" "-e" "SOURCE_DIR=/opt/rustwide/workdir" "-e" "CARGO_HOME=/opt/rustwide/cargo-home" "-e" "RUSTUP_HOME=/opt/rustwide/rustup-home" "-e" "CARGO_TARGET_DIR=/opt/rustwide/target" "-e" "CARGO_INCREMENTAL=0" "-e" "RUST_BACKTRACE=full" "-e" "RUSTFLAGS=--cap-lints=warn" "-e" "RUSTDOCFLAGS=--cap-lints=warn" "-w" "/opt/rustwide/workdir" "--user" "0:0" "ed926aef80e4cb4877ee5ab89fd67be383101528eca493fff7daf576775faf22" "/opt/rustwide/cargo-home/bin/cargo" "+1.99.0-beta.8" "build" "--frozen" "--message-format=json", kill_on_drop: false }`
[INFO] [stderr]    Compiling syn v2.0.118
[INFO] [stderr]    Compiling libc v0.2.186
[INFO] [stderr]    Compiling serde_core v1.0.228
[INFO] [stderr]    Compiling serde v1.0.228
[INFO] [stderr]    Compiling serde_json v1.0.150
[INFO] [stderr]    Compiling num-traits v0.2.19
[INFO] [stderr]    Compiling cc v1.2.66
[INFO] [stderr]    Compiling log v0.4.33
[INFO] [stderr]    Compiling http-body v1.0.1
[INFO] [stderr]    Compiling getrandom v0.3.4
[INFO] [stderr]    Compiling zerocopy v0.8.54
[INFO] [stderr]    Compiling bitflags v2.13.0
[INFO] [stderr]    Compiling ahash v0.8.12
[INFO] [stderr]    Compiling ref-cast v1.0.25
[INFO] [stderr]    Compiling rustls-pki-types v1.15.0
[INFO] [stderr]    Compiling hashbrown v0.17.1
[INFO] [stderr]    Compiling http-body-util v0.1.3
[INFO] [stderr]    Compiling typenum v1.20.1
[INFO] [stderr]    Compiling rustls v0.23.41
[INFO] [stderr]    Compiling cfg_aliases v0.2.1
[INFO] [stderr]    Compiling time-macros v0.2.31
[INFO] [stderr]    Compiling nix v0.31.3
[INFO] [stderr]    Compiling memchr v2.8.3
[INFO] [stderr]    Compiling dyn-clone v1.0.20
[INFO] [stderr]    Compiling chacha20 v0.10.1
[INFO] [stderr]    Compiling rmcp v2.2.0
[INFO] [stderr]    Compiling regex-automata v0.4.15
[INFO] [stderr]    Compiling unicode-general-category v1.1.0
[INFO] [stderr]    Compiling webpki-roots v1.0.8
[INFO] [stderr]    Compiling indexmap v2.14.0
[INFO] [stderr]    Compiling borrow-or-share v0.2.4
[INFO] [stderr]    Compiling num-integer v0.1.46
[INFO] [stderr]    Compiling num-complex v0.4.6
[INFO] [stderr]    Compiling pastey v0.2.3
[INFO] [stderr]    Compiling bit-vec v0.8.0
[INFO] [stderr]    Compiling bit-set v0.8.0
[INFO] [stderr]    Compiling vsimd v0.8.0
[INFO] [stderr]    Compiling outref v0.5.2
[INFO] [stderr]    Compiling bytecount v0.6.9
[INFO] [stderr]    Compiling num-bigint v0.4.8
[INFO] [stderr]    Compiling num-iter v0.1.46
[INFO] [stderr]    Compiling generic-array v0.14.7
[INFO] [stderr]    Compiling micromap v0.3.0
[INFO] [stderr]    Compiling num-cmp v0.1.0
[INFO] [stderr]    Compiling jsonschema-regex v0.49.2
[INFO] [stderr]    Compiling ring v0.17.14
[INFO] [stderr]    Compiling libsqlite3-sys v0.30.1
[INFO] [stderr]    Compiling parking_lot_core v0.9.12
[INFO] [stderr]    Compiling errno v0.3.14
[INFO] [stderr]    Compiling mio v1.2.1
[INFO] [stderr]    Compiling socket2 v0.6.4
[INFO] [stderr]    Compiling signal-hook-registry v1.4.8
[INFO] [stderr]    Compiling getrandom v0.4.3
[INFO] [stderr]    Compiling getrandom v0.2.17
[INFO] [stderr]    Compiling parking_lot v0.12.5
[INFO] [stderr]    Compiling rand v0.10.2
[INFO] [stderr]    Compiling uuid-simd v0.8.0
[INFO] [stderr]    Compiling block-buffer v0.10.4
[INFO] [stderr]    Compiling crypto-common v0.1.7
[INFO] [stderr]    Compiling salvor-server v0.10.0 (/opt/rustwide/workdir)
[INFO] [stderr]    Compiling digest v0.10.7
[INFO] [stderr]    Compiling sha2 v0.10.9
[INFO] [stderr]    Compiling num-rational v0.4.2
[INFO] [stderr]    Compiling num v0.4.3
[INFO] [stderr]    Compiling fraction v0.15.4
[INFO] [stderr]    Compiling deranged v0.5.8
[INFO] [stderr]    Compiling uuid v1.23.4
[INFO] [stderr]    Compiling serde_path_to_error v0.1.20
[INFO] [stderr]    Compiling regex v1.13.0
[INFO] [stderr]    Compiling fancy-regex v0.18.0
[INFO] [stderr]    Compiling synstructure v0.13.2
[INFO] [stderr]    Compiling serde_derive_internals v0.29.1
[INFO] [stderr]    Compiling darling_core v0.23.0
[INFO] [stderr]    Compiling time v0.3.53
[INFO] [stderr]    Compiling serde_derive v1.0.228
[INFO] [stderr]    Compiling zerofrom-derive v0.1.7
[INFO] [stderr]    Compiling yoke-derive v0.8.2
[INFO] [stderr]    Compiling zerovec-derive v0.11.3
[INFO] [stderr]    Compiling displaydoc v0.2.6
[INFO] [stderr]    Compiling tokio-macros v2.7.0
[INFO] [stderr]    Compiling futures-macro v0.3.32
[INFO] [stderr]    Compiling tracing-attributes v0.1.31
[INFO] [stderr]    Compiling thiserror-impl v2.0.18
[INFO] [stderr]    Compiling ref-cast-impl v1.0.25
[INFO] [stderr]    Compiling rustls-webpki v0.103.13
[INFO] [stderr]    Compiling schemars_derive v1.2.1
[INFO] [stderr]    Compiling tokio v1.52.3
[INFO] [stderr]    Compiling async-trait v0.1.89
[INFO] [stderr]    Compiling strum_macros v0.28.0
[INFO] [stderr]    Compiling futures-util v0.3.32
[INFO] [stderr]    Compiling salvor-tools-macros v0.10.0
[INFO] [stderr]    Compiling zerofrom v0.1.8
[INFO] [stderr]    Compiling yoke v0.8.3
[INFO] [stderr]    Compiling zerovec v0.11.6
[INFO] [stderr]    Compiling zerotrie v0.2.4
[INFO] [stderr]    Compiling tracing v0.1.44
[INFO] [stderr]    Compiling thiserror v2.0.18
[INFO] [stderr]    Compiling axum-core v0.5.6
[INFO] [stderr]    Compiling darling_macro v0.23.0
[INFO] [stderr]    Compiling tinystr v0.8.3
[INFO] [stderr]    Compiling potential_utf v0.1.5
[INFO] [stderr]    Compiling strum v0.28.0
[INFO] [stderr]    Compiling icu_collections v2.2.0
[INFO] [stderr]    Compiling icu_locale_core v2.2.0
[INFO] [stderr]    Compiling darling v0.23.0
[INFO] [stderr]    Compiling rmcp-macros v2.2.0
[INFO] [stderr]    Compiling chrono v0.4.45
[INFO] [stderr]    Compiling salvor-replay v0.10.0
[INFO] [stderr]    Compiling serde_urlencoded v0.7.1
[INFO] [stderr]    Compiling fluent-uri v0.4.1
[INFO] [stderr]    Compiling email_address v0.2.9
[INFO] [stderr]    Compiling hashbrown v0.14.5
[INFO] [stderr]    Compiling jsonschema-value v0.49.2
[INFO] [stderr]    Compiling icu_provider v2.2.0
[INFO] [stderr]    Compiling icu_normalizer v2.2.0
[INFO] [stderr]    Compiling icu_properties v2.2.0
[INFO] [stderr]    Compiling referencing v0.49.2
[INFO] [stderr]    Compiling hashlink v0.9.1
[INFO] [stderr]    Compiling salvor-core v0.10.0
[INFO] [stderr]    Compiling futures-executor v0.3.32
[INFO] [stderr]    Compiling sse-stream v0.2.4
[INFO] [stderr]    Compiling futures v0.3.32
[INFO] [stderr]    Compiling schemars v1.2.1
[INFO] [stderr]    Compiling rusqlite v0.32.1
[INFO] [stderr]    Compiling salvor-graph v0.10.0
[INFO] [stderr]    Compiling salvor-store v0.10.0
[INFO] [stderr]    Compiling idna_adapter v1.2.2
[INFO] [stderr]    Compiling idna v1.1.0
[INFO] [stderr]    Compiling url v2.5.8
[INFO] [stderr]    Compiling jsonschema v0.49.2
[INFO] [stderr]    Compiling hyper v1.10.1
[INFO] [stderr]    Compiling tower v0.5.3
[INFO] [stderr]    Compiling tokio-util v0.7.18
[INFO] [stderr]    Compiling tokio-rustls v0.26.4
[INFO] [stderr]    Compiling tokio-stream v0.1.18
[INFO] [stderr]    Compiling process-wrap v9.1.0
[INFO] [stderr]    Compiling tower-http v0.6.11
[INFO] [stderr]    Compiling hyper-util v0.1.20
[INFO] [stderr]    Compiling reqwest v0.13.4
[INFO] [stderr]    Compiling hyper-rustls v0.27.9
[INFO] [stderr]    Compiling axum v0.8.9
[INFO] [stderr]    Compiling reqwest v0.12.28
[INFO] [stderr]    Compiling salvor-llm v0.10.0
[INFO] [stderr]    Compiling salvor-tools v0.10.0
[INFO] [stderr]    Compiling salvor-runtime v0.10.0
[INFO] [stderr]    Compiling salvor-engine v0.10.0
[INFO] [stderr]     Finished `dev` profile [unoptimized + debuginfo] target(s) in 1m 41s
[INFO] running `Command { std: "docker" "inspect" "ed926aef80e4cb4877ee5ab89fd67be383101528eca493fff7daf576775faf22", kill_on_drop: false }`
[INFO] running `Command { std: "docker" "exec" "-e" "SOURCE_DIR=/opt/rustwide/workdir" "-e" "CARGO_HOME=/opt/rustwide/cargo-home" "-e" "RUSTUP_HOME=/opt/rustwide/rustup-home" "-e" "CARGO_TARGET_DIR=/opt/rustwide/target" "-e" "CARGO_INCREMENTAL=0" "-e" "RUST_BACKTRACE=full" "-e" "RUSTFLAGS=--cap-lints=warn" "-e" "RUSTDOCFLAGS=--cap-lints=warn" "-w" "/opt/rustwide/workdir" "--user" "0:0" "ed926aef80e4cb4877ee5ab89fd67be383101528eca493fff7daf576775faf22" "/opt/rustwide/cargo-home/bin/cargo" "+1.99.0-beta.8" "test" "--frozen" "--no-run" "--message-format=json", kill_on_drop: false }`
[INFO] [stderr]    Compiling futures-util v0.3.32
[INFO] [stderr]    Compiling h2 v0.4.15
[INFO] [stderr]    Compiling nix v0.31.3
[INFO] [stderr]    Compiling rusqlite v0.32.1
[INFO] [stderr]    Compiling toml_datetime v0.6.11
[INFO] [stderr]    Compiling serde_spanned v0.6.9
[INFO] [stderr]    Compiling num_cpus v1.17.0
[INFO] [stderr]    Compiling deadpool-runtime v0.1.4
[INFO] [stderr]    Compiling assert-json-diff v2.0.2
[INFO] [stderr]    Compiling salvor-server v0.10.0 (/opt/rustwide/workdir)
[INFO] [stderr]    Compiling tempfile v3.27.0
[INFO] [stderr]    Compiling deadpool v0.12.3
[INFO] [stderr]    Compiling toml_edit v0.22.27
[INFO] [stderr]    Compiling salvor-store v0.10.0
[INFO] [stderr]    Compiling toml v0.8.23
[INFO] [stderr]    Compiling tower v0.5.3
[INFO] [stderr]    Compiling futures-executor v0.3.32
[INFO] [stderr]    Compiling sse-stream v0.2.4
[INFO] [stderr]    Compiling futures v0.3.32
[INFO] [stderr]    Compiling process-wrap v9.1.0
[INFO] [stderr]    Compiling tower-http v0.6.11
[INFO] [stderr]    Compiling hyper v1.10.1
[INFO] [stderr]    Compiling hyper-util v0.1.20
[INFO] [stderr]    Compiling reqwest v0.13.4
[INFO] [stderr]    Compiling hyper-rustls v0.27.9
[INFO] [stderr]    Compiling axum v0.8.9
[INFO] [stderr]    Compiling wiremock v0.6.5
[INFO] [stderr]    Compiling reqwest v0.12.28
[INFO] [stderr]    Compiling rmcp v2.2.0
[INFO] [stderr]    Compiling salvor-llm v0.10.0
[INFO] [stderr]    Compiling salvor-tools v0.10.0
[INFO] [stderr]    Compiling salvor-runtime v0.10.0
[INFO] [stderr]    Compiling salvor-engine v0.10.0
[INFO] [stderr] error: could not compile `salvor-server` (lib test)
[INFO] [stderr] 
[INFO] [stderr] Caused by:
[INFO] [stderr]   process didn't exit successfully: `/opt/rustwide/rustup-home/toolchains/1.99.0-beta.8-x86_64-unknown-linux-gnu/bin/rustc --crate-name salvor_server --edition=2024 src/lib.rs --error-format=json --json=diagnostic-rendered-ansi,artifacts,future-incompat --emit=dep-info,link -C embed-bitcode=no -C debuginfo=2 --test --cfg 'feature="default"' --check-cfg 'cfg(docsrs,test)' --check-cfg 'cfg(feature, values("default", "ui"))' -C metadata=18f07667e6bfc26d -C extra-filename=-fc92b9fe61e119f2 --out-dir /opt/rustwide/target/debug/deps -L dependency=/opt/rustwide/target/debug/deps --extern async_trait=/opt/rustwide/target/debug/deps/libasync_trait-d0fdf3f5e7d055ea.so --extern axum=/opt/rustwide/target/debug/deps/libaxum-23affde6968c9471.rlib --extern bytes=/opt/rustwide/target/debug/deps/libbytes-5f66263ae3d5daa8.rlib --extern futures_util=/opt/rustwide/target/debug/deps/libfutures_util-9a08f67b5dbd12a7.rlib --extern reqwest=/opt/rustwide/target/debug/deps/libreqwest-76422fd6fceccf52.rlib --extern rusqlite=/opt/rustwide/target/debug/deps/librusqlite-dd5803f661e7c3a0.rlib --extern salvor_core=/opt/rustwide/target/debug/deps/libsalvor_core-7b8b898f3a032763.rlib --extern salvor_engine=/opt/rustwide/target/debug/deps/libsalvor_engine-ddbcb6b0310b987f.rlib --extern salvor_graph=/opt/rustwide/target/debug/deps/libsalvor_graph-73e01aebb6059aa2.rlib --extern salvor_llm=/opt/rustwide/target/debug/deps/libsalvor_llm-3451f7e30aefd7b0.rlib --extern salvor_replay=/opt/rustwide/target/debug/deps/libsalvor_replay-1c9428aa6b545d2a.rlib --extern salvor_runtime=/opt/rustwide/target/debug/deps/libsalvor_runtime-9df67ff212f978f9.rlib --extern salvor_store=/opt/rustwide/target/debug/deps/libsalvor_store-1832e88a7097b50e.rlib --extern salvor_tools=/opt/rustwide/target/debug/deps/libsalvor_tools-f4478c879ae00523.rlib --extern serde=/opt/rustwide/target/debug/deps/libserde-e64252a2240befa8.rlib --extern serde_json=/opt/rustwide/target/debug/deps/libserde_json-e2e54acdbe3d805d.rlib --extern tempfile=/opt/rustwide/target/debug/deps/libtempfile-5d9c6b01b005ae6d.rlib --extern thiserror=/opt/rustwide/target/debug/deps/libthiserror-c87dffb594157b3e.rlib --extern time=/opt/rustwide/target/debug/deps/libtime-1ed43c240be68be2.rlib --extern tokio=/opt/rustwide/target/debug/deps/libtokio-acee53e0a30048b3.rlib --extern tokio_stream=/opt/rustwide/target/debug/deps/libtokio_stream-d9da54c81adeffce.rlib --extern toml=/opt/rustwide/target/debug/deps/libtoml-9ef1a677dc31917b.rlib --extern tracing=/opt/rustwide/target/debug/deps/libtracing-1011246d590db066.rlib --extern uuid=/opt/rustwide/target/debug/deps/libuuid-f133ec9557fb2d05.rlib --extern wiremock=/opt/rustwide/target/debug/deps/libwiremock-b3f0347b118cbbe7.rlib --cap-lints=warn -L native=/opt/rustwide/target/debug/build/ring-2891f1486879eb86/out -L native=/opt/rustwide/target/debug/build/libsqlite3-sys-bd7b65d7e590ba62/out` (signal: 9, SIGKILL: kill)
[INFO] [stderr] warning: build failed, waiting for other jobs to finish...
[INFO] [stderr] error: could not compile `salvor-server` (test "graph")
[INFO] [stderr] 
[INFO] [stderr] Caused by:
[INFO] [stderr]   process didn't exit successfully: `/opt/rustwide/rustup-home/toolchains/1.99.0-beta.8-x86_64-unknown-linux-gnu/bin/rustc --crate-name graph --edition=2024 tests/graph.rs --error-format=json --json=diagnostic-rendered-ansi,artifacts,future-incompat --emit=dep-info,link -C embed-bitcode=no -C debuginfo=2 --test --cfg 'feature="default"' --check-cfg 'cfg(docsrs,test)' --check-cfg 'cfg(feature, values("default", "ui"))' -C metadata=3982ebc292295e23 -C extra-filename=-de23bb6bd58f58d1 --out-dir /opt/rustwide/target/debug/deps -L dependency=/opt/rustwide/target/debug/deps --extern async_trait=/opt/rustwide/target/debug/deps/libasync_trait-d0fdf3f5e7d055ea.so --extern axum=/opt/rustwide/target/debug/deps/libaxum-23affde6968c9471.rlib --extern bytes=/opt/rustwide/target/debug/deps/libbytes-5f66263ae3d5daa8.rlib --extern futures_util=/opt/rustwide/target/debug/deps/libfutures_util-9a08f67b5dbd12a7.rlib --extern reqwest=/opt/rustwide/target/debug/deps/libreqwest-76422fd6fceccf52.rlib --extern rusqlite=/opt/rustwide/target/debug/deps/librusqlite-dd5803f661e7c3a0.rlib --extern salvor_core=/opt/rustwide/target/debug/deps/libsalvor_core-7b8b898f3a032763.rlib --extern salvor_engine=/opt/rustwide/target/debug/deps/libsalvor_engine-ddbcb6b0310b987f.rlib --extern salvor_graph=/opt/rustwide/target/debug/deps/libsalvor_graph-73e01aebb6059aa2.rlib --extern salvor_llm=/opt/rustwide/target/debug/deps/libsalvor_llm-3451f7e30aefd7b0.rlib --extern salvor_replay=/opt/rustwide/target/debug/deps/libsalvor_replay-1c9428aa6b545d2a.rlib --extern salvor_runtime=/opt/rustwide/target/debug/deps/libsalvor_runtime-9df67ff212f978f9.rlib --extern salvor_server=/opt/rustwide/target/debug/deps/libsalvor_server-cd8fabed3d16c8f7.rlib --extern salvor_store=/opt/rustwide/target/debug/deps/libsalvor_store-1832e88a7097b50e.rlib --extern salvor_tools=/opt/rustwide/target/debug/deps/libsalvor_tools-f4478c879ae00523.rlib --extern serde=/opt/rustwide/target/debug/deps/libserde-e64252a2240befa8.rlib --extern serde_json=/opt/rustwide/target/debug/deps/libserde_json-e2e54acdbe3d805d.rlib --extern tempfile=/opt/rustwide/target/debug/deps/libtempfile-5d9c6b01b005ae6d.rlib --extern thiserror=/opt/rustwide/target/debug/deps/libthiserror-c87dffb594157b3e.rlib --extern time=/opt/rustwide/target/debug/deps/libtime-1ed43c240be68be2.rlib --extern tokio=/opt/rustwide/target/debug/deps/libtokio-acee53e0a30048b3.rlib --extern tokio_stream=/opt/rustwide/target/debug/deps/libtokio_stream-d9da54c81adeffce.rlib --extern toml=/opt/rustwide/target/debug/deps/libtoml-9ef1a677dc31917b.rlib --extern tracing=/opt/rustwide/target/debug/deps/libtracing-1011246d590db066.rlib --extern uuid=/opt/rustwide/target/debug/deps/libuuid-f133ec9557fb2d05.rlib --extern wiremock=/opt/rustwide/target/debug/deps/libwiremock-b3f0347b118cbbe7.rlib --cap-lints=warn -L native=/opt/rustwide/target/debug/build/ring-2891f1486879eb86/out -L native=/opt/rustwide/target/debug/build/libsqlite3-sys-bd7b65d7e590ba62/out` (signal: 9, SIGKILL: kill)
[INFO] [stderr] error: could not compile `salvor-server` (test "model_step")
[INFO] [stderr] 
[INFO] [stderr] Caused by:
[INFO] [stderr]   process didn't exit successfully: `/opt/rustwide/rustup-home/toolchains/1.99.0-beta.8-x86_64-unknown-linux-gnu/bin/rustc --crate-name model_step --edition=2024 tests/model_step.rs --error-format=json --json=diagnostic-rendered-ansi,artifacts,future-incompat --emit=dep-info,link -C embed-bitcode=no -C debuginfo=2 --test --cfg 'feature="default"' --check-cfg 'cfg(docsrs,test)' --check-cfg 'cfg(feature, values("default", "ui"))' -C metadata=9e3f932aa9dd6535 -C extra-filename=-7edf3d42e6880a32 --out-dir /opt/rustwide/target/debug/deps -L dependency=/opt/rustwide/target/debug/deps --extern async_trait=/opt/rustwide/target/debug/deps/libasync_trait-d0fdf3f5e7d055ea.so --extern axum=/opt/rustwide/target/debug/deps/libaxum-23affde6968c9471.rlib --extern bytes=/opt/rustwide/target/debug/deps/libbytes-5f66263ae3d5daa8.rlib --extern futures_util=/opt/rustwide/target/debug/deps/libfutures_util-9a08f67b5dbd12a7.rlib --extern reqwest=/opt/rustwide/target/debug/deps/libreqwest-76422fd6fceccf52.rlib --extern rusqlite=/opt/rustwide/target/debug/deps/librusqlite-dd5803f661e7c3a0.rlib --extern salvor_core=/opt/rustwide/target/debug/deps/libsalvor_core-7b8b898f3a032763.rlib --extern salvor_engine=/opt/rustwide/target/debug/deps/libsalvor_engine-ddbcb6b0310b987f.rlib --extern salvor_graph=/opt/rustwide/target/debug/deps/libsalvor_graph-73e01aebb6059aa2.rlib --extern salvor_llm=/opt/rustwide/target/debug/deps/libsalvor_llm-3451f7e30aefd7b0.rlib --extern salvor_replay=/opt/rustwide/target/debug/deps/libsalvor_replay-1c9428aa6b545d2a.rlib --extern salvor_runtime=/opt/rustwide/target/debug/deps/libsalvor_runtime-9df67ff212f978f9.rlib --extern salvor_server=/opt/rustwide/target/debug/deps/libsalvor_server-cd8fabed3d16c8f7.rlib --extern salvor_store=/opt/rustwide/target/debug/deps/libsalvor_store-1832e88a7097b50e.rlib --extern salvor_tools=/opt/rustwide/target/debug/deps/libsalvor_tools-f4478c879ae00523.rlib --extern serde=/opt/rustwide/target/debug/deps/libserde-e64252a2240befa8.rlib --extern serde_json=/opt/rustwide/target/debug/deps/libserde_json-e2e54acdbe3d805d.rlib --extern tempfile=/opt/rustwide/target/debug/deps/libtempfile-5d9c6b01b005ae6d.rlib --extern thiserror=/opt/rustwide/target/debug/deps/libthiserror-c87dffb594157b3e.rlib --extern time=/opt/rustwide/target/debug/deps/libtime-1ed43c240be68be2.rlib --extern tokio=/opt/rustwide/target/debug/deps/libtokio-acee53e0a30048b3.rlib --extern tokio_stream=/opt/rustwide/target/debug/deps/libtokio_stream-d9da54c81adeffce.rlib --extern toml=/opt/rustwide/target/debug/deps/libtoml-9ef1a677dc31917b.rlib --extern tracing=/opt/rustwide/target/debug/deps/libtracing-1011246d590db066.rlib --extern uuid=/opt/rustwide/target/debug/deps/libuuid-f133ec9557fb2d05.rlib --extern wiremock=/opt/rustwide/target/debug/deps/libwiremock-b3f0347b118cbbe7.rlib --cap-lints=warn -L native=/opt/rustwide/target/debug/build/ring-2891f1486879eb86/out -L native=/opt/rustwide/target/debug/build/libsqlite3-sys-bd7b65d7e590ba62/out` (signal: 9, SIGKILL: kill)
[INFO] [stderr] error: could not compile `salvor-server` (test "tool_step")
[INFO] [stderr] 
[INFO] [stderr] Caused by:
[INFO] [stderr]   process didn't exit successfully: `/opt/rustwide/rustup-home/toolchains/1.99.0-beta.8-x86_64-unknown-linux-gnu/bin/rustc --crate-name tool_step --edition=2024 tests/tool_step.rs --error-format=json --json=diagnostic-rendered-ansi,artifacts,future-incompat --emit=dep-info,link -C embed-bitcode=no -C debuginfo=2 --test --cfg 'feature="default"' --check-cfg 'cfg(docsrs,test)' --check-cfg 'cfg(feature, values("default", "ui"))' -C metadata=467c78a278c774cd -C extra-filename=-ef4d13e5a870db1a --out-dir /opt/rustwide/target/debug/deps -L dependency=/opt/rustwide/target/debug/deps --extern async_trait=/opt/rustwide/target/debug/deps/libasync_trait-d0fdf3f5e7d055ea.so --extern axum=/opt/rustwide/target/debug/deps/libaxum-23affde6968c9471.rlib --extern bytes=/opt/rustwide/target/debug/deps/libbytes-5f66263ae3d5daa8.rlib --extern futures_util=/opt/rustwide/target/debug/deps/libfutures_util-9a08f67b5dbd12a7.rlib --extern reqwest=/opt/rustwide/target/debug/deps/libreqwest-76422fd6fceccf52.rlib --extern rusqlite=/opt/rustwide/target/debug/deps/librusqlite-dd5803f661e7c3a0.rlib --extern salvor_core=/opt/rustwide/target/debug/deps/libsalvor_core-7b8b898f3a032763.rlib --extern salvor_engine=/opt/rustwide/target/debug/deps/libsalvor_engine-ddbcb6b0310b987f.rlib --extern salvor_graph=/opt/rustwide/target/debug/deps/libsalvor_graph-73e01aebb6059aa2.rlib --extern salvor_llm=/opt/rustwide/target/debug/deps/libsalvor_llm-3451f7e30aefd7b0.rlib --extern salvor_replay=/opt/rustwide/target/debug/deps/libsalvor_replay-1c9428aa6b545d2a.rlib --extern salvor_runtime=/opt/rustwide/target/debug/deps/libsalvor_runtime-9df67ff212f978f9.rlib --extern salvor_server=/opt/rustwide/target/debug/deps/libsalvor_server-cd8fabed3d16c8f7.rlib --extern salvor_store=/opt/rustwide/target/debug/deps/libsalvor_store-1832e88a7097b50e.rlib --extern salvor_tools=/opt/rustwide/target/debug/deps/libsalvor_tools-f4478c879ae00523.rlib --extern serde=/opt/rustwide/target/debug/deps/libserde-e64252a2240befa8.rlib --extern serde_json=/opt/rustwide/target/debug/deps/libserde_json-e2e54acdbe3d805d.rlib --extern tempfile=/opt/rustwide/target/debug/deps/libtempfile-5d9c6b01b005ae6d.rlib --extern thiserror=/opt/rustwide/target/debug/deps/libthiserror-c87dffb594157b3e.rlib --extern time=/opt/rustwide/target/debug/deps/libtime-1ed43c240be68be2.rlib --extern tokio=/opt/rustwide/target/debug/deps/libtokio-acee53e0a30048b3.rlib --extern tokio_stream=/opt/rustwide/target/debug/deps/libtokio_stream-d9da54c81adeffce.rlib --extern toml=/opt/rustwide/target/debug/deps/libtoml-9ef1a677dc31917b.rlib --extern tracing=/opt/rustwide/target/debug/deps/libtracing-1011246d590db066.rlib --extern uuid=/opt/rustwide/target/debug/deps/libuuid-f133ec9557fb2d05.rlib --extern wiremock=/opt/rustwide/target/debug/deps/libwiremock-b3f0347b118cbbe7.rlib --cap-lints=warn -L native=/opt/rustwide/target/debug/build/ring-2891f1486879eb86/out -L native=/opt/rustwide/target/debug/build/libsqlite3-sys-bd7b65d7e590ba62/out` (signal: 9, SIGKILL: kill)
[INFO] [stderr] error: could not compile `salvor-server` (test "client_runs")
[INFO] [stderr] 
[INFO] [stderr] Caused by:
[INFO] [stderr]   process didn't exit successfully: `/opt/rustwide/rustup-home/toolchains/1.99.0-beta.8-x86_64-unknown-linux-gnu/bin/rustc --crate-name client_runs --edition=2024 tests/client_runs.rs --error-format=json --json=diagnostic-rendered-ansi,artifacts,future-incompat --emit=dep-info,link -C embed-bitcode=no -C debuginfo=2 --test --cfg 'feature="default"' --check-cfg 'cfg(docsrs,test)' --check-cfg 'cfg(feature, values("default", "ui"))' -C metadata=a7b761d606c533f9 -C extra-filename=-a67fa51f8806bc82 --out-dir /opt/rustwide/target/debug/deps -L dependency=/opt/rustwide/target/debug/deps --extern async_trait=/opt/rustwide/target/debug/deps/libasync_trait-d0fdf3f5e7d055ea.so --extern axum=/opt/rustwide/target/debug/deps/libaxum-23affde6968c9471.rlib --extern bytes=/opt/rustwide/target/debug/deps/libbytes-5f66263ae3d5daa8.rlib --extern futures_util=/opt/rustwide/target/debug/deps/libfutures_util-9a08f67b5dbd12a7.rlib --extern reqwest=/opt/rustwide/target/debug/deps/libreqwest-76422fd6fceccf52.rlib --extern rusqlite=/opt/rustwide/target/debug/deps/librusqlite-dd5803f661e7c3a0.rlib --extern salvor_core=/opt/rustwide/target/debug/deps/libsalvor_core-7b8b898f3a032763.rlib --extern salvor_engine=/opt/rustwide/target/debug/deps/libsalvor_engine-ddbcb6b0310b987f.rlib --extern salvor_graph=/opt/rustwide/target/debug/deps/libsalvor_graph-73e01aebb6059aa2.rlib --extern salvor_llm=/opt/rustwide/target/debug/deps/libsalvor_llm-3451f7e30aefd7b0.rlib --extern salvor_replay=/opt/rustwide/target/debug/deps/libsalvor_replay-1c9428aa6b545d2a.rlib --extern salvor_runtime=/opt/rustwide/target/debug/deps/libsalvor_runtime-9df67ff212f978f9.rlib --extern salvor_server=/opt/rustwide/target/debug/deps/libsalvor_server-cd8fabed3d16c8f7.rlib --extern salvor_store=/opt/rustwide/target/debug/deps/libsalvor_store-1832e88a7097b50e.rlib --extern salvor_tools=/opt/rustwide/target/debug/deps/libsalvor_tools-f4478c879ae00523.rlib --extern serde=/opt/rustwide/target/debug/deps/libserde-e64252a2240befa8.rlib --extern serde_json=/opt/rustwide/target/debug/deps/libserde_json-e2e54acdbe3d805d.rlib --extern tempfile=/opt/rustwide/target/debug/deps/libtempfile-5d9c6b01b005ae6d.rlib --extern thiserror=/opt/rustwide/target/debug/deps/libthiserror-c87dffb594157b3e.rlib --extern time=/opt/rustwide/target/debug/deps/libtime-1ed43c240be68be2.rlib --extern tokio=/opt/rustwide/target/debug/deps/libtokio-acee53e0a30048b3.rlib --extern tokio_stream=/opt/rustwide/target/debug/deps/libtokio_stream-d9da54c81adeffce.rlib --extern toml=/opt/rustwide/target/debug/deps/libtoml-9ef1a677dc31917b.rlib --extern tracing=/opt/rustwide/target/debug/deps/libtracing-1011246d590db066.rlib --extern uuid=/opt/rustwide/target/debug/deps/libuuid-f133ec9557fb2d05.rlib --extern wiremock=/opt/rustwide/target/debug/deps/libwiremock-b3f0347b118cbbe7.rlib --cap-lints=warn -L native=/opt/rustwide/target/debug/build/ring-2891f1486879eb86/out -L native=/opt/rustwide/target/debug/build/libsqlite3-sys-bd7b65d7e590ba62/out` (signal: 9, SIGKILL: kill)
[INFO] [stderr] error: could not compile `salvor-server` (test "client_model")
[INFO] [stderr] 
[INFO] [stderr] Caused by:
[INFO] [stderr]   process didn't exit successfully: `/opt/rustwide/rustup-home/toolchains/1.99.0-beta.8-x86_64-unknown-linux-gnu/bin/rustc --crate-name client_model --edition=2024 tests/client_model.rs --error-format=json --json=diagnostic-rendered-ansi,artifacts,future-incompat --emit=dep-info,link -C embed-bitcode=no -C debuginfo=2 --test --cfg 'feature="default"' --check-cfg 'cfg(docsrs,test)' --check-cfg 'cfg(feature, values("default", "ui"))' -C metadata=4364ae5692f7e399 -C extra-filename=-8113e1f6a3594583 --out-dir /opt/rustwide/target/debug/deps -L dependency=/opt/rustwide/target/debug/deps --extern async_trait=/opt/rustwide/target/debug/deps/libasync_trait-d0fdf3f5e7d055ea.so --extern axum=/opt/rustwide/target/debug/deps/libaxum-23affde6968c9471.rlib --extern bytes=/opt/rustwide/target/debug/deps/libbytes-5f66263ae3d5daa8.rlib --extern futures_util=/opt/rustwide/target/debug/deps/libfutures_util-9a08f67b5dbd12a7.rlib --extern reqwest=/opt/rustwide/target/debug/deps/libreqwest-76422fd6fceccf52.rlib --extern rusqlite=/opt/rustwide/target/debug/deps/librusqlite-dd5803f661e7c3a0.rlib --extern salvor_core=/opt/rustwide/target/debug/deps/libsalvor_core-7b8b898f3a032763.rlib --extern salvor_engine=/opt/rustwide/target/debug/deps/libsalvor_engine-ddbcb6b0310b987f.rlib --extern salvor_graph=/opt/rustwide/target/debug/deps/libsalvor_graph-73e01aebb6059aa2.rlib --extern salvor_llm=/opt/rustwide/target/debug/deps/libsalvor_llm-3451f7e30aefd7b0.rlib --extern salvor_replay=/opt/rustwide/target/debug/deps/libsalvor_replay-1c9428aa6b545d2a.rlib --extern salvor_runtime=/opt/rustwide/target/debug/deps/libsalvor_runtime-9df67ff212f978f9.rlib --extern salvor_server=/opt/rustwide/target/debug/deps/libsalvor_server-cd8fabed3d16c8f7.rlib --extern salvor_store=/opt/rustwide/target/debug/deps/libsalvor_store-1832e88a7097b50e.rlib --extern salvor_tools=/opt/rustwide/target/debug/deps/libsalvor_tools-f4478c879ae00523.rlib --extern serde=/opt/rustwide/target/debug/deps/libserde-e64252a2240befa8.rlib --extern serde_json=/opt/rustwide/target/debug/deps/libserde_json-e2e54acdbe3d805d.rlib --extern tempfile=/opt/rustwide/target/debug/deps/libtempfile-5d9c6b01b005ae6d.rlib --extern thiserror=/opt/rustwide/target/debug/deps/libthiserror-c87dffb594157b3e.rlib --extern time=/opt/rustwide/target/debug/deps/libtime-1ed43c240be68be2.rlib --extern tokio=/opt/rustwide/target/debug/deps/libtokio-acee53e0a30048b3.rlib --extern tokio_stream=/opt/rustwide/target/debug/deps/libtokio_stream-d9da54c81adeffce.rlib --extern toml=/opt/rustwide/target/debug/deps/libtoml-9ef1a677dc31917b.rlib --extern tracing=/opt/rustwide/target/debug/deps/libtracing-1011246d590db066.rlib --extern uuid=/opt/rustwide/target/debug/deps/libuuid-f133ec9557fb2d05.rlib --extern wiremock=/opt/rustwide/target/debug/deps/libwiremock-b3f0347b118cbbe7.rlib --cap-lints=warn -L native=/opt/rustwide/target/debug/build/ring-2891f1486879eb86/out -L native=/opt/rustwide/target/debug/build/libsqlite3-sys-bd7b65d7e590ba62/out` (signal: 9, SIGKILL: kill)
[INFO] [stderr] error: could not compile `salvor-server` (test "streaming")
[INFO] [stderr] 
[INFO] [stderr] Caused by:
[INFO] [stderr]   process didn't exit successfully: `/opt/rustwide/rustup-home/toolchains/1.99.0-beta.8-x86_64-unknown-linux-gnu/bin/rustc --crate-name streaming --edition=2024 tests/streaming.rs --error-format=json --json=diagnostic-rendered-ansi,artifacts,future-incompat --emit=dep-info,link -C embed-bitcode=no -C debuginfo=2 --test --cfg 'feature="default"' --check-cfg 'cfg(docsrs,test)' --check-cfg 'cfg(feature, values("default", "ui"))' -C metadata=6448c246061b3211 -C extra-filename=-524c3b72c0dff421 --out-dir /opt/rustwide/target/debug/deps -L dependency=/opt/rustwide/target/debug/deps --extern async_trait=/opt/rustwide/target/debug/deps/libasync_trait-d0fdf3f5e7d055ea.so --extern axum=/opt/rustwide/target/debug/deps/libaxum-23affde6968c9471.rlib --extern bytes=/opt/rustwide/target/debug/deps/libbytes-5f66263ae3d5daa8.rlib --extern futures_util=/opt/rustwide/target/debug/deps/libfutures_util-9a08f67b5dbd12a7.rlib --extern reqwest=/opt/rustwide/target/debug/deps/libreqwest-76422fd6fceccf52.rlib --extern rusqlite=/opt/rustwide/target/debug/deps/librusqlite-dd5803f661e7c3a0.rlib --extern salvor_core=/opt/rustwide/target/debug/deps/libsalvor_core-7b8b898f3a032763.rlib --extern salvor_engine=/opt/rustwide/target/debug/deps/libsalvor_engine-ddbcb6b0310b987f.rlib --extern salvor_graph=/opt/rustwide/target/debug/deps/libsalvor_graph-73e01aebb6059aa2.rlib --extern salvor_llm=/opt/rustwide/target/debug/deps/libsalvor_llm-3451f7e30aefd7b0.rlib --extern salvor_replay=/opt/rustwide/target/debug/deps/libsalvor_replay-1c9428aa6b545d2a.rlib --extern salvor_runtime=/opt/rustwide/target/debug/deps/libsalvor_runtime-9df67ff212f978f9.rlib --extern salvor_server=/opt/rustwide/target/debug/deps/libsalvor_server-cd8fabed3d16c8f7.rlib --extern salvor_store=/opt/rustwide/target/debug/deps/libsalvor_store-1832e88a7097b50e.rlib --extern salvor_tools=/opt/rustwide/target/debug/deps/libsalvor_tools-f4478c879ae00523.rlib --extern serde=/opt/rustwide/target/debug/deps/libserde-e64252a2240befa8.rlib --extern serde_json=/opt/rustwide/target/debug/deps/libserde_json-e2e54acdbe3d805d.rlib --extern tempfile=/opt/rustwide/target/debug/deps/libtempfile-5d9c6b01b005ae6d.rlib --extern thiserror=/opt/rustwide/target/debug/deps/libthiserror-c87dffb594157b3e.rlib --extern time=/opt/rustwide/target/debug/deps/libtime-1ed43c240be68be2.rlib --extern tokio=/opt/rustwide/target/debug/deps/libtokio-acee53e0a30048b3.rlib --extern tokio_stream=/opt/rustwide/target/debug/deps/libtokio_stream-d9da54c81adeffce.rlib --extern toml=/opt/rustwide/target/debug/deps/libtoml-9ef1a677dc31917b.rlib --extern tracing=/opt/rustwide/target/debug/deps/libtracing-1011246d590db066.rlib --extern uuid=/opt/rustwide/target/debug/deps/libuuid-f133ec9557fb2d05.rlib --extern wiremock=/opt/rustwide/target/debug/deps/libwiremock-b3f0347b118cbbe7.rlib --cap-lints=warn -L native=/opt/rustwide/target/debug/build/ring-2891f1486879eb86/out -L native=/opt/rustwide/target/debug/build/libsqlite3-sys-bd7b65d7e590ba62/out` (signal: 9, SIGKILL: kill)
[INFO] [stderr] error: could not compile `salvor-server` (test "client_tool")
[INFO] [stderr] 
[INFO] [stderr] Caused by:
[INFO] [stderr]   process didn't exit successfully: `/opt/rustwide/rustup-home/toolchains/1.99.0-beta.8-x86_64-unknown-linux-gnu/bin/rustc --crate-name client_tool --edition=2024 tests/client_tool.rs --error-format=json --json=diagnostic-rendered-ansi,artifacts,future-incompat --emit=dep-info,link -C embed-bitcode=no -C debuginfo=2 --test --cfg 'feature="default"' --check-cfg 'cfg(docsrs,test)' --check-cfg 'cfg(feature, values("default", "ui"))' -C metadata=3de9650c79fe69f5 -C extra-filename=-51e020016dae4ccb --out-dir /opt/rustwide/target/debug/deps -L dependency=/opt/rustwide/target/debug/deps --extern async_trait=/opt/rustwide/target/debug/deps/libasync_trait-d0fdf3f5e7d055ea.so --extern axum=/opt/rustwide/target/debug/deps/libaxum-23affde6968c9471.rlib --extern bytes=/opt/rustwide/target/debug/deps/libbytes-5f66263ae3d5daa8.rlib --extern futures_util=/opt/rustwide/target/debug/deps/libfutures_util-9a08f67b5dbd12a7.rlib --extern reqwest=/opt/rustwide/target/debug/deps/libreqwest-76422fd6fceccf52.rlib --extern rusqlite=/opt/rustwide/target/debug/deps/librusqlite-dd5803f661e7c3a0.rlib --extern salvor_core=/opt/rustwide/target/debug/deps/libsalvor_core-7b8b898f3a032763.rlib --extern salvor_engine=/opt/rustwide/target/debug/deps/libsalvor_engine-ddbcb6b0310b987f.rlib --extern salvor_graph=/opt/rustwide/target/debug/deps/libsalvor_graph-73e01aebb6059aa2.rlib --extern salvor_llm=/opt/rustwide/target/debug/deps/libsalvor_llm-3451f7e30aefd7b0.rlib --extern salvor_replay=/opt/rustwide/target/debug/deps/libsalvor_replay-1c9428aa6b545d2a.rlib --extern salvor_runtime=/opt/rustwide/target/debug/deps/libsalvor_runtime-9df67ff212f978f9.rlib --extern salvor_server=/opt/rustwide/target/debug/deps/libsalvor_server-cd8fabed3d16c8f7.rlib --extern salvor_store=/opt/rustwide/target/debug/deps/libsalvor_store-1832e88a7097b50e.rlib --extern salvor_tools=/opt/rustwide/target/debug/deps/libsalvor_tools-f4478c879ae00523.rlib --extern serde=/opt/rustwide/target/debug/deps/libserde-e64252a2240befa8.rlib --extern serde_json=/opt/rustwide/target/debug/deps/libserde_json-e2e54acdbe3d805d.rlib --extern tempfile=/opt/rustwide/target/debug/deps/libtempfile-5d9c6b01b005ae6d.rlib --extern thiserror=/opt/rustwide/target/debug/deps/libthiserror-c87dffb594157b3e.rlib --extern time=/opt/rustwide/target/debug/deps/libtime-1ed43c240be68be2.rlib --extern tokio=/opt/rustwide/target/debug/deps/libtokio-acee53e0a30048b3.rlib --extern tokio_stream=/opt/rustwide/target/debug/deps/libtokio_stream-d9da54c81adeffce.rlib --extern toml=/opt/rustwide/target/debug/deps/libtoml-9ef1a677dc31917b.rlib --extern tracing=/opt/rustwide/target/debug/deps/libtracing-1011246d590db066.rlib --extern uuid=/opt/rustwide/target/debug/deps/libuuid-f133ec9557fb2d05.rlib --extern wiremock=/opt/rustwide/target/debug/deps/libwiremock-b3f0347b118cbbe7.rlib --cap-lints=warn -L native=/opt/rustwide/target/debug/build/ring-2891f1486879eb86/out -L native=/opt/rustwide/target/debug/build/libsqlite3-sys-bd7b65d7e590ba62/out` (signal: 9, SIGKILL: kill)
[INFO] [stdout] error: linking with `cc` failed: exit status: 1
[INFO] [stdout]   |
[INFO] [stdout]   = note:  "cc" "-m64" "/opt/rustwide/target/debug/deps/rustcwi47u5/symbols.o" "<3 object files omitted>" "-Wl,--as-needed" "-Wl,-Bstatic" "<sysroot>/lib/rustlib/x86_64-unknown-linux-gnu/lib/{libtest-*,libgetopts-*,librustc_std_workspace_std-*}.rlib" "/opt/rustwide/target/debug/deps/{libwiremock-b3f0347b118cbbe7,libdeadpool-0116b7aba2e69062,libnum_cpus-22da3f91def6a041,libdeadpool_runtime-6f57829d3c306cb7,libassert_json_diff-73c55e4efaedadb7,libsalvor_server-cd8fabed3d16c8f7,libsalvor_engine-ddbcb6b0310b987f,libjsonschema-0536d363e9bbda6b,libregex-8a33abbf044935f8,libjsonschema_regex-0198e38fe0cb4b5d,libfancy_regex-4748aefab661a022,libbit_set-0311c4fb3031ff2a,libbit_vec-b1d1b68c2b4b1dac,libregex_automata-834cc3704901e667,libaho_corasick-66f2297d49343770,libregex_syntax-801391c65a42f645,libuuid_simd-d3e1f6e0583a7b9b,liboutref-a8d151a70d892957,libvsimd-df18ed82e402df6e,libunicode_general_category-bc3aae0f40ed0963,libemail_address-205a87e06b283f65,libdata_encoding-b17abe9da7ed756a,libstrum-a7b07a105db950e3,libreferencing-4f67dfbbbc97c440,libmicromap-c9f93abbb9266040,libfluent_uri-edc73c84824492c0,libborrow_or_share-0fa8a3ec06072945,libjsonschema_value-b2fb084ff2815323,libbytecount-4690dc5a500fb13e,libfraction-7a3317394fa428bb,liblazy_static-3674be3f4245d19b,libnum-effe5e0ba96d24e4,libnum_iter-1dbe3e67d6d1f2c5,libnum_rational-978dc95161cde4c9,libnum_complex-460ac1e4abdab7ed,libnum_bigint-86ad202a45f60a26,libnum_integer-3242497c441c9502,libnum_cmp-ef5cddd5e953f8cc,libsalvor_graph-73e01aebb6059aa2,libaxum-23affde6968c9471,libserde_path_to_error-a6c00397e8b8ef20,libmatchit-9aa922efa503b546,libaxum_core-6b78fad6893db707,libmime-0188e0814ca7ddbf,libsalvor_runtime-9df67ff212f978f9,libsalvor_store-1832e88a7097b50e,librusqlite-dd5803f661e7c3a0,libfallible_streaming_iterator-4b12442690f53239,libfallible_iterator-6e888fb96d72e3e0,libhashlink-b89142b5232f83c6,libhashbrown-7dede91593dc627d,libahash-754cdb39abbc2048,libgetrandom-cc909a37ddc04352,libzerocopy-653a092dc06f276a,liblibsqlite3_sys-89b28c545f6949d1,libsha2-11a5c516e6a4becd,libcpufeatures-e04321643d03190d,libdigest-1142e5998e571c5d,libblock_buffer-43b51fc1d06b3057,libcrypto_common-43b177a3b314e9dd,libgeneric_array-745cace30f1ed372,libtypenum-ed2b1c93b2a4333a,libsalvor_tools-f4478c879ae00523,librmcp-c0eb576ef7586717,libreqwest-d947d94e930508bb,libsse_stream-5aa67ad67a26aebb,libprocess_wrap-a9c57d61c645a015,libnix-137391e2ee9e04af,libfutures-98e0b9d81befaba1,libfutures_executor-3724ace090a57e5c,libschemars-8ca2cce273ffa099,libdyn_clone-319e7691ef78165b,libref_cast-457c01252c51a166,libchrono-57b2b45595532c59,libnum_traits-888f07a85755f3c0,libsalvor_llm-3451f7e30aefd7b0,libreqwest-76422fd6fceccf52,libserde_urlencoded-83e3b5eb9534ffa1,libryu-1f4f40e4352371e5,libhyper_rustls-b3de4b4f71d53ce9,libwebpki_roots-3743bd0f28194fc9,libtokio_rustls-9b9a4881f72285de,librustls-f5eb41faa04b781f,libsubtle-2ae6a7038b9a0630,libwebpki-6375db9114044562,libring-09b128029764b8d9,libgetrandom-b2e86ac94e686071,libuntrusted-b2f816886faf2178,librustls_pki_types-89bafef9e014889a,libzeroize-37b2a6e0a2742c6a,libtower_http-ac7437eae1f5050e,libbitflags-4d66d68843710487,libtower-224c1722ea96a859,libtower_layer-d908dd771b239ecd,libhyper_util-2b6e25b3d4572c05,libbase64-32787b0325ea6df8,libipnet-61ca7a5e1c2863d4,libtower_service-3fb88d28c2218805,libhyper-9c9f650406d0fef7,libwant-7a6260b9c50f1479,libtry_lock-8fa2f6971035be84,libhttparse-8c9b827b8f345444,libh2-d4fafe29675af140,libtracing-1011246d590db066,libtracing_core-89b602bc4a7d7f8a,libonce_cell-b5bdc597ed9676b3,libindexmap-3017c62b52f6d0e2,libhashbrown-8b077e4232f7df3f,libequivalent-6a754676e6af62ae,libfoldhash-3b780c428974a407,liballocator_api2-8d9c1e895dea53bd,libfnv-79e2cbfbe03dcd16,libatomic_waker-06950c8c08d2b8fa,libhttpdate-331798cefc82cc7e,libtokio_util-6c0555d52759b59b,libhttp_body_util-b675a0fc4f144fc4,libhttp_body-5f8f028f846d86b1,liblog-64a74e931fbdff63,liburl-5b1758002b1e393d,libidna-df3e5f5000671267,libidna_adapter-70350b72b4ad044b,libicu_properties-4ddc08a49a8e9d11,libicu_properties_data-e6cf238fc98dd59d,libicu_normalizer-6ea4c2d8b3ad9012,libicu_normalizer_data-8fea05bee0bb4e49,libicu_collections-d97ef5a36c81bc7c,libutf8_iter-51566bbad89f3a68,libpotential_utf-579c7637db1b1b1f,libicu_provider-337d0cfde5f21791,libicu_locale_core-b8bf0404759a40e5,libtinystr-2ffcd29900d38280,liblitemap-dc288f07f8f61193,libwriteable-48b3e52227924bb5,libzerovec-506e8a8f02a6d7c1,libzerotrie-3019fd812f81190c,libyoke-82d80b75b1bece8d,libstable_deref_trait-63cbf3f3d3f94e56,libzerofrom-45b0d4c4e399d17c,libform_urlencoded-58b0f0edb59b40d2,libpercent_encoding-fa055ecaa1e57cfa,libhttp-2ce7374fddd0469c,libsync_wrapper-6bdfbc29c4269203,libtokio_stream-d9da54c81adeffce,libtokio-acee53e0a30048b3,libsignal_hook_registry-a760c7518082b676,liberrno-b828f94e94d1c0fa,libsocket2-90b26cd30e1ef9f8,libmio-490dfa79c303b5bd,libparking_lot-b2d287d28592fa3c,libparking_lot_core-fa817c741218922c,libsmallvec-3e75e18e66140be0,liblock_api-16d46fed645f7bff,libscopeguard-7ec2214574194454,libsalvor_core-7b8b898f3a032763,libsalvor_replay-1c9428aa6b545d2a,libthiserror-c87dffb594157b3e,libuuid-f133ec9557fb2d05,libgetrandom-30cee2347d113cf0,liblibc-177b4b632c025eff,librand_core-8437d288e8d1265c,libcfg_if-83060ec5685761ae,libserde-e64252a2240befa8,libtime-1ed43c240be68be2,libpowerfmt-f6019a2766e431f7,libnum_conv-8bd7073c84ef42cd,libderanged-2b29f03c7888e0e9,libtime_core-87cddcae4f761596,libserde_json-e2e54acdbe3d805d,libzmij-ef63f1da73704b4c,libitoa-5de11b3b23bfe572,libserde_core-46542aab222bf259,libfutures_util-9a08f67b5dbd12a7,libmemchr-a932478bde794617,libfutures_io-a8805bd12b2ab705,libslab-0582d648e59ab406,libfutures_channel-04b287164a72dbf0,libpin_project_lite-0a15d51c77964692,libfutures_sink-3971bde37bb30e19,libfutures_task-36f327cfab86eddc,libfutures_core-1121ff913ed87f93,libbytes-5f66263ae3d5daa8}.rlib" "<sysroot>/lib/rustlib/x86_64-unknown-linux-gnu/lib/{libstd-*,libpanic_unwind-*,libobject-*,libmemchr-*,libaddr2line-*,libgimli-*,libcfg_if-*,librustc_demangle-*,libstd_detect-*,libhashbrown-*,librustc_std_workspace_alloc-*,libminiz_oxide-*,libadler2-*,libunwind-*,liblibc-*,librustc_std_workspace_core-*,liballoc-*,libcore-*,libcompiler_builtins-*}.rlib" "-Wl,-Bdynamic" "-lgcc_s" "-lutil" "-lrt" "-lpthread" "-lm" "-ldl" "-lc" "-L" "/opt/rustwide/target/debug/deps/rustcwi47u5/raw-dylibs" "-B<sysroot>/lib/rustlib/x86_64-unknown-linux-gnu/bin/gcc-ld" "-fuse-ld=lld" "-Wl,--eh-frame-hdr" "-Wl,-z,noexecstack" "-L" "/opt/rustwide/target/debug/build/ring-2891f1486879eb86/out" "-L" "/opt/rustwide/target/debug/build/libsqlite3-sys-bd7b65d7e590ba62/out" "-L" "<sysroot>/lib/rustlib/x86_64-unknown-linux-gnu/lib" "-o" "/opt/rustwide/target/debug/deps/runs_list_timing-8e93cb2011435569" "-Wl,--gc-sections" "-pie" "-Wl,-z,relro,-z,now" "-nodefaultlibs"
[INFO] [stdout]   = note: some arguments are omitted. use `--verbose` to show all linker arguments
[INFO] [stdout]   = note: collect2: fatal error: ld terminated with signal 9 [Killed]
[INFO] [stdout]           compilation terminated.
[INFO] [stdout]           
[INFO] [stdout] 
[INFO] [stdout] 
[INFO] [stderr] error: could not compile `salvor-server` (test "runs_list_timing") due to 1 previous error
[INFO] [stdout] error: linking with `cc` failed: exit status: 1
[INFO] [stdout]   |
[INFO] [stdout]   = note:  "cc" "-m64" "/opt/rustwide/target/debug/deps/rustcKc09i6/symbols.o" "<5 object files omitted>" "-Wl,--as-needed" "-Wl,-Bstatic" "<sysroot>/lib/rustlib/x86_64-unknown-linux-gnu/lib/{libtest-*,libgetopts-*,librustc_std_workspace_std-*}.rlib" "/opt/rustwide/target/debug/deps/{libwiremock-b3f0347b118cbbe7,libdeadpool-0116b7aba2e69062,libnum_cpus-22da3f91def6a041,libdeadpool_runtime-6f57829d3c306cb7,libassert_json_diff-73c55e4efaedadb7,libsalvor_server-cd8fabed3d16c8f7,libsalvor_engine-ddbcb6b0310b987f,libjsonschema-0536d363e9bbda6b,libregex-8a33abbf044935f8,libjsonschema_regex-0198e38fe0cb4b5d,libfancy_regex-4748aefab661a022,libbit_set-0311c4fb3031ff2a,libbit_vec-b1d1b68c2b4b1dac,libregex_automata-834cc3704901e667,libaho_corasick-66f2297d49343770,libregex_syntax-801391c65a42f645,libuuid_simd-d3e1f6e0583a7b9b,liboutref-a8d151a70d892957,libvsimd-df18ed82e402df6e,libunicode_general_category-bc3aae0f40ed0963,libemail_address-205a87e06b283f65,libdata_encoding-b17abe9da7ed756a,libstrum-a7b07a105db950e3,libreferencing-4f67dfbbbc97c440,libmicromap-c9f93abbb9266040,libfluent_uri-edc73c84824492c0,libborrow_or_share-0fa8a3ec06072945,libjsonschema_value-b2fb084ff2815323,libbytecount-4690dc5a500fb13e,libfraction-7a3317394fa428bb,liblazy_static-3674be3f4245d19b,libnum-effe5e0ba96d24e4,libnum_iter-1dbe3e67d6d1f2c5,libnum_rational-978dc95161cde4c9,libnum_complex-460ac1e4abdab7ed,libnum_bigint-86ad202a45f60a26,libnum_integer-3242497c441c9502,libnum_cmp-ef5cddd5e953f8cc,libsalvor_graph-73e01aebb6059aa2,libaxum-23affde6968c9471,libserde_path_to_error-a6c00397e8b8ef20,libmatchit-9aa922efa503b546,libaxum_core-6b78fad6893db707,libmime-0188e0814ca7ddbf,libsalvor_runtime-9df67ff212f978f9,libsalvor_store-1832e88a7097b50e,librusqlite-dd5803f661e7c3a0,libfallible_streaming_iterator-4b12442690f53239,libfallible_iterator-6e888fb96d72e3e0,libhashlink-b89142b5232f83c6,libhashbrown-7dede91593dc627d,libahash-754cdb39abbc2048,libgetrandom-cc909a37ddc04352,libzerocopy-653a092dc06f276a,liblibsqlite3_sys-89b28c545f6949d1,libsha2-11a5c516e6a4becd,libcpufeatures-e04321643d03190d,libdigest-1142e5998e571c5d,libblock_buffer-43b51fc1d06b3057,libcrypto_common-43b177a3b314e9dd,libgeneric_array-745cace30f1ed372,libtypenum-ed2b1c93b2a4333a,libsalvor_tools-f4478c879ae00523,librmcp-c0eb576ef7586717,libreqwest-d947d94e930508bb,libsse_stream-5aa67ad67a26aebb,libprocess_wrap-a9c57d61c645a015,libnix-137391e2ee9e04af,libfutures-98e0b9d81befaba1,libfutures_executor-3724ace090a57e5c,libschemars-8ca2cce273ffa099,libdyn_clone-319e7691ef78165b,libref_cast-457c01252c51a166,libchrono-57b2b45595532c59,libnum_traits-888f07a85755f3c0,libsalvor_llm-3451f7e30aefd7b0,libreqwest-76422fd6fceccf52,libserde_urlencoded-83e3b5eb9534ffa1,libryu-1f4f40e4352371e5,libhyper_rustls-b3de4b4f71d53ce9,libwebpki_roots-3743bd0f28194fc9,libtokio_rustls-9b9a4881f72285de,librustls-f5eb41faa04b781f,libsubtle-2ae6a7038b9a0630,libwebpki-6375db9114044562,libring-09b128029764b8d9,libgetrandom-b2e86ac94e686071,libuntrusted-b2f816886faf2178,librustls_pki_types-89bafef9e014889a,libzeroize-37b2a6e0a2742c6a,libtower_http-ac7437eae1f5050e,libbitflags-4d66d68843710487,libtower-224c1722ea96a859,libtower_layer-d908dd771b239ecd,libhyper_util-2b6e25b3d4572c05,libbase64-32787b0325ea6df8,libipnet-61ca7a5e1c2863d4,libtower_service-3fb88d28c2218805,libhyper-9c9f650406d0fef7,libwant-7a6260b9c50f1479,libtry_lock-8fa2f6971035be84,libhttparse-8c9b827b8f345444,libh2-d4fafe29675af140,libtracing-1011246d590db066,libtracing_core-89b602bc4a7d7f8a,libonce_cell-b5bdc597ed9676b3,libindexmap-3017c62b52f6d0e2,libhashbrown-8b077e4232f7df3f,libequivalent-6a754676e6af62ae,libfoldhash-3b780c428974a407,liballocator_api2-8d9c1e895dea53bd,libfnv-79e2cbfbe03dcd16,libatomic_waker-06950c8c08d2b8fa,libhttpdate-331798cefc82cc7e,libtokio_util-6c0555d52759b59b,libhttp_body_util-b675a0fc4f144fc4,libhttp_body-5f8f028f846d86b1,liblog-64a74e931fbdff63,liburl-5b1758002b1e393d,libidna-df3e5f5000671267,libidna_adapter-70350b72b4ad044b,libicu_properties-4ddc08a49a8e9d11,libicu_properties_data-e6cf238fc98dd59d,libicu_normalizer-6ea4c2d8b3ad9012,libicu_normalizer_data-8fea05bee0bb4e49,libicu_collections-d97ef5a36c81bc7c,libutf8_iter-51566bbad89f3a68,libpotential_utf-579c7637db1b1b1f,libicu_provider-337d0cfde5f21791,libicu_locale_core-b8bf0404759a40e5,libtinystr-2ffcd29900d38280,liblitemap-dc288f07f8f61193,libwriteable-48b3e52227924bb5,libzerovec-506e8a8f02a6d7c1,libzerotrie-3019fd812f81190c,libyoke-82d80b75b1bece8d,libstable_deref_trait-63cbf3f3d3f94e56,libzerofrom-45b0d4c4e399d17c,libform_urlencoded-58b0f0edb59b40d2,libpercent_encoding-fa055ecaa1e57cfa,libhttp-2ce7374fddd0469c,libsync_wrapper-6bdfbc29c4269203,libtokio_stream-d9da54c81adeffce,libtokio-acee53e0a30048b3,libsignal_hook_registry-a760c7518082b676,liberrno-b828f94e94d1c0fa,libsocket2-90b26cd30e1ef9f8,libmio-490dfa79c303b5bd,libparking_lot-b2d287d28592fa3c,libparking_lot_core-fa817c741218922c,libsmallvec-3e75e18e66140be0,liblock_api-16d46fed645f7bff,libscopeguard-7ec2214574194454,libsalvor_core-7b8b898f3a032763,libsalvor_replay-1c9428aa6b545d2a,libthiserror-c87dffb594157b3e,libuuid-f133ec9557fb2d05,libgetrandom-30cee2347d113cf0,liblibc-177b4b632c025eff,librand_core-8437d288e8d1265c,libcfg_if-83060ec5685761ae,libserde-e64252a2240befa8,libtime-1ed43c240be68be2,libpowerfmt-f6019a2766e431f7,libnum_conv-8bd7073c84ef42cd,libderanged-2b29f03c7888e0e9,libtime_core-87cddcae4f761596,libserde_json-e2e54acdbe3d805d,libzmij-ef63f1da73704b4c,libitoa-5de11b3b23bfe572,libserde_core-46542aab222bf259,libfutures_util-9a08f67b5dbd12a7,libmemchr-a932478bde794617,libfutures_io-a8805bd12b2ab705,libslab-0582d648e59ab406,libfutures_channel-04b287164a72dbf0,libpin_project_lite-0a15d51c77964692,libfutures_sink-3971bde37bb30e19,libfutures_task-36f327cfab86eddc,libfutures_core-1121ff913ed87f93,libbytes-5f66263ae3d5daa8}.rlib" "<sysroot>/lib/rustlib/x86_64-unknown-linux-gnu/lib/{libstd-*,libpanic_unwind-*,libobject-*,libmemchr-*,libaddr2line-*,libgimli-*,libcfg_if-*,librustc_demangle-*,libstd_detect-*,libhashbrown-*,librustc_std_workspace_alloc-*,libminiz_oxide-*,libadler2-*,libunwind-*,liblibc-*,librustc_std_workspace_core-*,liballoc-*,libcore-*,libcompiler_builtins-*}.rlib" "-Wl,-Bdynamic" "-lgcc_s" "-lutil" "-lrt" "-lpthread" "-lm" "-ldl" "-lc" "-L" "/opt/rustwide/target/debug/deps/rustcKc09i6/raw-dylibs" "-B<sysroot>/lib/rustlib/x86_64-unknown-linux-gnu/bin/gcc-ld" "-fuse-ld=lld" "-Wl,--eh-frame-hdr" "-Wl,-z,noexecstack" "-L" "/opt/rustwide/target/debug/build/ring-2891f1486879eb86/out" "-L" "/opt/rustwide/target/debug/build/libsqlite3-sys-bd7b65d7e590ba62/out" "-L" "<sysroot>/lib/rustlib/x86_64-unknown-linux-gnu/lib" "-o" "/opt/rustwide/target/debug/deps/agents-3531a10476beb0dd" "-Wl,--gc-sections" "-pie" "-Wl,-z,relro,-z,now" "-nodefaultlibs"
[INFO] [stdout]   = note: some arguments are omitted. use `--verbose` to show all linker arguments
[INFO] [stdout]   = note: collect2: fatal error: ld terminated with signal 9 [Killed]
[INFO] [stdout]           compilation terminated.
[INFO] [stdout]           
[INFO] [stdout] 
[INFO] [stdout] 
[INFO] [stderr] error: could not compile `salvor-server` (test "agents") due to 1 previous error
[INFO] [stdout] error: linking with `cc` failed: exit status: 1
[INFO] [stdout]   |
[INFO] [stdout]   = note:  "cc" "-m64" "/opt/rustwide/target/debug/deps/rustcTHrJi0/symbols.o" "<6 object files omitted>" "-Wl,--as-needed" "-Wl,-Bstatic" "<sysroot>/lib/rustlib/x86_64-unknown-linux-gnu/lib/{libtest-*,libgetopts-*,librustc_std_workspace_std-*}.rlib" "/opt/rustwide/target/debug/deps/{libwiremock-b3f0347b118cbbe7,libdeadpool-0116b7aba2e69062,libnum_cpus-22da3f91def6a041,libdeadpool_runtime-6f57829d3c306cb7,libassert_json_diff-73c55e4efaedadb7,libsalvor_server-cd8fabed3d16c8f7,libsalvor_engine-ddbcb6b0310b987f,libjsonschema-0536d363e9bbda6b,libregex-8a33abbf044935f8,libjsonschema_regex-0198e38fe0cb4b5d,libfancy_regex-4748aefab661a022,libbit_set-0311c4fb3031ff2a,libbit_vec-b1d1b68c2b4b1dac,libregex_automata-834cc3704901e667,libaho_corasick-66f2297d49343770,libregex_syntax-801391c65a42f645,libuuid_simd-d3e1f6e0583a7b9b,liboutref-a8d151a70d892957,libvsimd-df18ed82e402df6e,libunicode_general_category-bc3aae0f40ed0963,libemail_address-205a87e06b283f65,libdata_encoding-b17abe9da7ed756a,libstrum-a7b07a105db950e3,libreferencing-4f67dfbbbc97c440,libmicromap-c9f93abbb9266040,libfluent_uri-edc73c84824492c0,libborrow_or_share-0fa8a3ec06072945,libjsonschema_value-b2fb084ff2815323,libbytecount-4690dc5a500fb13e,libfraction-7a3317394fa428bb,liblazy_static-3674be3f4245d19b,libnum-effe5e0ba96d24e4,libnum_iter-1dbe3e67d6d1f2c5,libnum_rational-978dc95161cde4c9,libnum_complex-460ac1e4abdab7ed,libnum_bigint-86ad202a45f60a26,libnum_integer-3242497c441c9502,libnum_cmp-ef5cddd5e953f8cc,libsalvor_graph-73e01aebb6059aa2,libaxum-23affde6968c9471,libserde_path_to_error-a6c00397e8b8ef20,libmatchit-9aa922efa503b546,libaxum_core-6b78fad6893db707,libmime-0188e0814ca7ddbf,libsalvor_runtime-9df67ff212f978f9,libsalvor_store-1832e88a7097b50e,librusqlite-dd5803f661e7c3a0,libfallible_streaming_iterator-4b12442690f53239,libfallible_iterator-6e888fb96d72e3e0,libhashlink-b89142b5232f83c6,libhashbrown-7dede91593dc627d,libahash-754cdb39abbc2048,libgetrandom-cc909a37ddc04352,libzerocopy-653a092dc06f276a,liblibsqlite3_sys-89b28c545f6949d1,libsha2-11a5c516e6a4becd,libcpufeatures-e04321643d03190d,libdigest-1142e5998e571c5d,libblock_buffer-43b51fc1d06b3057,libcrypto_common-43b177a3b314e9dd,libgeneric_array-745cace30f1ed372,libtypenum-ed2b1c93b2a4333a,libsalvor_tools-f4478c879ae00523,librmcp-c0eb576ef7586717,libreqwest-d947d94e930508bb,libsse_stream-5aa67ad67a26aebb,libprocess_wrap-a9c57d61c645a015,libnix-137391e2ee9e04af,libfutures-98e0b9d81befaba1,libfutures_executor-3724ace090a57e5c,libschemars-8ca2cce273ffa099,libdyn_clone-319e7691ef78165b,libref_cast-457c01252c51a166,libchrono-57b2b45595532c59,libnum_traits-888f07a85755f3c0,libsalvor_llm-3451f7e30aefd7b0,libreqwest-76422fd6fceccf52,libserde_urlencoded-83e3b5eb9534ffa1,libryu-1f4f40e4352371e5,libhyper_rustls-b3de4b4f71d53ce9,libwebpki_roots-3743bd0f28194fc9,libtokio_rustls-9b9a4881f72285de,librustls-f5eb41faa04b781f,libsubtle-2ae6a7038b9a0630,libwebpki-6375db9114044562,libring-09b128029764b8d9,libgetrandom-b2e86ac94e686071,libuntrusted-b2f816886faf2178,librustls_pki_types-89bafef9e014889a,libzeroize-37b2a6e0a2742c6a,libtower_http-ac7437eae1f5050e,libbitflags-4d66d68843710487,libtower-224c1722ea96a859,libtower_layer-d908dd771b239ecd,libhyper_util-2b6e25b3d4572c05,libbase64-32787b0325ea6df8,libipnet-61ca7a5e1c2863d4,libtower_service-3fb88d28c2218805,libhyper-9c9f650406d0fef7,libwant-7a6260b9c50f1479,libtry_lock-8fa2f6971035be84,libhttparse-8c9b827b8f345444,libh2-d4fafe29675af140,libtracing-1011246d590db066,libtracing_core-89b602bc4a7d7f8a,libonce_cell-b5bdc597ed9676b3,libindexmap-3017c62b52f6d0e2,libhashbrown-8b077e4232f7df3f,libequivalent-6a754676e6af62ae,libfoldhash-3b780c428974a407,liballocator_api2-8d9c1e895dea53bd,libfnv-79e2cbfbe03dcd16,libatomic_waker-06950c8c08d2b8fa,libhttpdate-331798cefc82cc7e,libtokio_util-6c0555d52759b59b,libhttp_body_util-b675a0fc4f144fc4,libhttp_body-5f8f028f846d86b1,liblog-64a74e931fbdff63,liburl-5b1758002b1e393d,libidna-df3e5f5000671267,libidna_adapter-70350b72b4ad044b,libicu_properties-4ddc08a49a8e9d11,libicu_properties_data-e6cf238fc98dd59d,libicu_normalizer-6ea4c2d8b3ad9012,libicu_normalizer_data-8fea05bee0bb4e49,libicu_collections-d97ef5a36c81bc7c,libutf8_iter-51566bbad89f3a68,libpotential_utf-579c7637db1b1b1f,libicu_provider-337d0cfde5f21791,libicu_locale_core-b8bf0404759a40e5,libtinystr-2ffcd29900d38280,liblitemap-dc288f07f8f61193,libwriteable-48b3e52227924bb5,libzerovec-506e8a8f02a6d7c1,libzerotrie-3019fd812f81190c,libyoke-82d80b75b1bece8d,libstable_deref_trait-63cbf3f3d3f94e56,libzerofrom-45b0d4c4e399d17c,libform_urlencoded-58b0f0edb59b40d2,libpercent_encoding-fa055ecaa1e57cfa,libhttp-2ce7374fddd0469c,libsync_wrapper-6bdfbc29c4269203,libtokio_stream-d9da54c81adeffce,libtokio-acee53e0a30048b3,libsignal_hook_registry-a760c7518082b676,liberrno-b828f94e94d1c0fa,libsocket2-90b26cd30e1ef9f8,libmio-490dfa79c303b5bd,libparking_lot-b2d287d28592fa3c,libparking_lot_core-fa817c741218922c,libsmallvec-3e75e18e66140be0,liblock_api-16d46fed645f7bff,libscopeguard-7ec2214574194454,libsalvor_core-7b8b898f3a032763,libsalvor_replay-1c9428aa6b545d2a,libthiserror-c87dffb594157b3e,libuuid-f133ec9557fb2d05,libgetrandom-30cee2347d113cf0,liblibc-177b4b632c025eff,librand_core-8437d288e8d1265c,libcfg_if-83060ec5685761ae,libserde-e64252a2240befa8,libtime-1ed43c240be68be2,libpowerfmt-f6019a2766e431f7,libnum_conv-8bd7073c84ef42cd,libderanged-2b29f03c7888e0e9,libtime_core-87cddcae4f761596,libserde_json-e2e54acdbe3d805d,libzmij-ef63f1da73704b4c,libitoa-5de11b3b23bfe572,libserde_core-46542aab222bf259,libfutures_util-9a08f67b5dbd12a7,libmemchr-a932478bde794617,libfutures_io-a8805bd12b2ab705,libslab-0582d648e59ab406,libfutures_channel-04b287164a72dbf0,libpin_project_lite-0a15d51c77964692,libfutures_sink-3971bde37bb30e19,libfutures_task-36f327cfab86eddc,libfutures_core-1121ff913ed87f93,libbytes-5f66263ae3d5daa8}.rlib" "<sysroot>/lib/rustlib/x86_64-unknown-linux-gnu/lib/{libstd-*,libpanic_unwind-*,libobject-*,libmemchr-*,libaddr2line-*,libgimli-*,libcfg_if-*,librustc_demangle-*,libstd_detect-*,libhashbrown-*,librustc_std_workspace_alloc-*,libminiz_oxide-*,libadler2-*,libunwind-*,liblibc-*,librustc_std_workspace_core-*,liballoc-*,libcore-*,libcompiler_builtins-*}.rlib" "-Wl,-Bdynamic" "-lgcc_s" "-lutil" "-lrt" "-lpthread" "-lm" "-ldl" "-lc" "-L" "/opt/rustwide/target/debug/deps/rustcTHrJi0/raw-dylibs" "-B<sysroot>/lib/rustlib/x86_64-unknown-linux-gnu/bin/gcc-ld" "-fuse-ld=lld" "-Wl,--eh-frame-hdr" "-Wl,-z,noexecstack" "-L" "/opt/rustwide/target/debug/build/ring-2891f1486879eb86/out" "-L" "/opt/rustwide/target/debug/build/libsqlite3-sys-bd7b65d7e590ba62/out" "-L" "<sysroot>/lib/rustlib/x86_64-unknown-linux-gnu/lib" "-o" "/opt/rustwide/target/debug/deps/abandon-1cc0d9c47f887ade" "-Wl,--gc-sections" "-pie" "-Wl,-z,relro,-z,now" "-nodefaultlibs"
[INFO] [stdout]   = note: some arguments are omitted. use `--verbose` to show all linker arguments
[INFO] [stdout]   = note: collect2: fatal error: ld terminated with signal 9 [Killed]
[INFO] [stdout]           compilation terminated.
[INFO] [stdout]           
[INFO] [stdout] 
[INFO] [stdout] 
[INFO] [stderr] error: could not compile `salvor-server` (test "abandon") due to 1 previous error
[ERROR] error running command: no output for 300 seconds
[INFO] running `Command { std: "docker" "inspect" "ed926aef80e4cb4877ee5ab89fd67be383101528eca493fff7daf576775faf22", kill_on_drop: false }`
[INFO] running `Command { std: "docker" "rm" "-f" "ed926aef80e4cb4877ee5ab89fd67be383101528eca493fff7daf576775faf22", kill_on_drop: false }`
[INFO] [stdout] ed926aef80e4cb4877ee5ab89fd67be383101528eca493fff7daf576775faf22
