[INFO] fetching crate salib-validation 0.2.0...
[INFO] testing salib-validation-0.2.0 against 1.99.0-beta.8 for beta-1.100-2
[INFO] extracting crate salib-validation 0.2.0 into /workspace/builds/worker-3-tc1/source
[INFO] started tweaking crates.io crate salib-validation 0.2.0
[INFO] removed 0 missing tests
[INFO] finished tweaking crates.io crate salib-validation 0.2.0
[INFO] tweaked toml for crates.io crate salib-validation 0.2.0 written to /workspace/builds/worker-3-tc1/source/Cargo.toml
[INFO] validating manifest of crates.io crate salib-validation 0.2.0 on toolchain 1.99.0-beta.8
[INFO] running `Command { std: CARGO_HOME="/workspace/cargo-home" RUSTUP_HOME="/workspace/rustup-home" "/workspace/cargo-home/bin/cargo" "+1.99.0-beta.8" "metadata" "--manifest-path" "Cargo.toml" "--no-deps", kill_on_drop: false }`
[INFO] crate crates.io crate salib-validation 0.2.0 already has a lockfile, it will not be regenerated
[INFO] running `Command { std: CARGO_HOME="/workspace/cargo-home" RUSTUP_HOME="/workspace/rustup-home" "/workspace/cargo-home/bin/cargo" "+1.99.0-beta.8" "fetch" "--manifest-path" "Cargo.toml", kill_on_drop: false }`
[INFO] [stderr]     Updating crates.io index
[INFO] [stderr]  Downloading crates ...
[INFO] [stderr]   Downloaded salib-core v0.2.0
[INFO] running `Command { std: "docker" "create" "-v" "/var/lib/crater-agent-workspace/builds/worker-3-tc1/source:/opt/rustwide/workdir:ro,Z" "-v" "/var/lib/crater-agent-workspace/builds/worker-3-tc1/target:/opt/rustwide/target:rw,Z" "-v" "/var/lib/crater-agent-workspace/cargo-home:/opt/rustwide/cargo-home:ro,Z" "-v" "/var/lib/crater-agent-workspace/rustup-home:/opt/rustwide/rustup-home:ro,Z" "-m" "1610612736" "--network" "none" "ghcr.io/rust-lang/crates-build-env/linux@sha256:3111399a4047eeb3a02b7a90e478d715f38a8c6669b5c4b49d30a17385265909" "sleep" "infinity", kill_on_drop: false }`
[INFO] [stdout] 3130dd26e2bcaa6c98fe05a9b14c28790a0b76aa1e28bd6eb6b73ad44cd3fae2
[INFO] running `Command { std: "docker" "start" "3130dd26e2bcaa6c98fe05a9b14c28790a0b76aa1e28bd6eb6b73ad44cd3fae2", kill_on_drop: false }`
[INFO] running `Command { std: "docker" "inspect" "3130dd26e2bcaa6c98fe05a9b14c28790a0b76aa1e28bd6eb6b73ad44cd3fae2", kill_on_drop: false }`
[INFO] running `Command { std: "docker" "exec" "-e" "SOURCE_DIR=/opt/rustwide/workdir" "-e" "CARGO_HOME=/opt/rustwide/cargo-home" "-e" "RUSTUP_HOME=/opt/rustwide/rustup-home" "-e" "CARGO_TARGET_DIR=/opt/rustwide/target" "-w" "/opt/rustwide/workdir" "--user" "0:0" "3130dd26e2bcaa6c98fe05a9b14c28790a0b76aa1e28bd6eb6b73ad44cd3fae2" "/opt/rustwide/cargo-home/bin/cargo" "+1.99.0-beta.8" "metadata" "--no-deps" "--format-version=1", kill_on_drop: false }`
[INFO] running `Command { std: "docker" "inspect" "3130dd26e2bcaa6c98fe05a9b14c28790a0b76aa1e28bd6eb6b73ad44cd3fae2", kill_on_drop: false }`
[INFO] running `Command { std: "docker" "exec" "-e" "SOURCE_DIR=/opt/rustwide/workdir" "-e" "CARGO_HOME=/opt/rustwide/cargo-home" "-e" "RUSTUP_HOME=/opt/rustwide/rustup-home" "-e" "CARGO_TARGET_DIR=/opt/rustwide/target" "-e" "CARGO_INCREMENTAL=0" "-e" "RUST_BACKTRACE=full" "-e" "RUSTFLAGS=--cap-lints=warn" "-e" "RUSTDOCFLAGS=--cap-lints=warn" "-w" "/opt/rustwide/workdir" "--user" "0:0" "3130dd26e2bcaa6c98fe05a9b14c28790a0b76aa1e28bd6eb6b73ad44cd3fae2" "/opt/rustwide/cargo-home/bin/cargo" "+1.99.0-beta.8" "build" "--frozen" "--message-format=json", kill_on_drop: false }`
[INFO] [stderr]    Compiling autocfg v1.5.0
[INFO] [stderr]    Compiling zerocopy v0.8.48
[INFO] [stderr]    Compiling crossbeam-utils v0.8.21
[INFO] [stderr]    Compiling bytemuck v1.25.0
[INFO] [stderr]    Compiling getrandom v0.2.17
[INFO] [stderr]    Compiling rawpointer v0.2.1
[INFO] [stderr]    Compiling crypto-common v0.1.7
[INFO] [stderr]    Compiling serde_json v1.0.149
[INFO] [stderr]    Compiling rand_core v0.9.5
[INFO] [stderr]    Compiling digest v0.10.7
[INFO] [stderr]    Compiling either v1.15.0
[INFO] [stderr]    Compiling rand_core v0.6.4
[INFO] [stderr]    Compiling safe_arch v0.7.4
[INFO] [stderr]    Compiling sha2 v0.10.9
[INFO] [stderr]    Compiling rand v0.9.4
[INFO] [stderr]    Compiling num-traits v0.2.19
[INFO] [stderr]    Compiling matrixmultiply v0.3.10
[INFO] [stderr]    Compiling wide v0.7.33
[INFO] [stderr]    Compiling crossbeam-epoch v0.9.18
[INFO] [stderr]    Compiling crossbeam-deque v0.8.6
[INFO] [stderr]    Compiling rayon-core v1.13.0
[INFO] [stderr]    Compiling approx v0.5.1
[INFO] [stderr]    Compiling num-integer v0.1.46
[INFO] [stderr]    Compiling num-complex v0.4.6
[INFO] [stderr]    Compiling num-rational v0.4.2
[INFO] [stderr]    Compiling rayon v1.12.0
[INFO] [stderr]    Compiling simba v0.9.1
[INFO] [stderr]    Compiling ppv-lite86 v0.2.21
[INFO] [stderr]    Compiling rand_chacha v0.3.1
[INFO] [stderr]    Compiling rand_chacha v0.9.0
[INFO] [stderr]    Compiling rand v0.8.6
[INFO] [stderr]    Compiling rand_distr v0.4.3
[INFO] [stderr]    Compiling nalgebra v0.33.3
[INFO] [stderr]    Compiling statrs v0.18.0
[INFO] [stderr]    Compiling salib-core v0.2.0
[INFO] [stderr]    Compiling salib-validation v0.2.0 (/opt/rustwide/workdir)
[INFO] [stderr]     Finished `dev` profile [unoptimized + debuginfo] target(s) in 35.05s
[INFO] running `Command { std: "docker" "inspect" "3130dd26e2bcaa6c98fe05a9b14c28790a0b76aa1e28bd6eb6b73ad44cd3fae2", kill_on_drop: false }`
[INFO] running `Command { std: "docker" "exec" "-e" "SOURCE_DIR=/opt/rustwide/workdir" "-e" "CARGO_HOME=/opt/rustwide/cargo-home" "-e" "RUSTUP_HOME=/opt/rustwide/rustup-home" "-e" "CARGO_TARGET_DIR=/opt/rustwide/target" "-e" "CARGO_INCREMENTAL=0" "-e" "RUST_BACKTRACE=full" "-e" "RUSTFLAGS=--cap-lints=warn" "-e" "RUSTDOCFLAGS=--cap-lints=warn" "-w" "/opt/rustwide/workdir" "--user" "0:0" "3130dd26e2bcaa6c98fe05a9b14c28790a0b76aa1e28bd6eb6b73ad44cd3fae2" "/opt/rustwide/cargo-home/bin/cargo" "+1.99.0-beta.8" "test" "--frozen" "--no-run" "--message-format=json", kill_on_drop: false }`
[INFO] [stderr]    Compiling salib-validation v0.2.0 (/opt/rustwide/workdir)
[INFO] [stdout] error[E0433]: cannot find module or crate `salib_tck` in this scope
[INFO] [stdout]   --> tests/ishigami_tck.rs:17:5
[INFO] [stdout]    |
[INFO] [stdout] 17 | use salib_tck::gherkin::{parse_feature, StepError, SyncRunner};
[INFO] [stdout]    |     ^^^^^^^^^ use of unresolved module or unlinked crate `salib_tck`
[INFO] [stdout]    |
[INFO] [stdout]    = help: if you wanted to use a crate named `salib_tck`, use `cargo add salib_tck` to add it to your `Cargo.toml`
[INFO] [stdout] 
[INFO] [stdout] 
[INFO] [stdout] error[E0433]: cannot find module or crate `salib_tck` in this scope
[INFO] [stdout]   --> tests/sobol_g_tck.rs:16:5
[INFO] [stdout]    |
[INFO] [stdout] 16 | use salib_tck::gherkin::{parse_feature, StepError, SyncRunner};
[INFO] [stdout]    |     ^^^^^^^^^ use of unresolved module or unlinked crate `salib_tck`
[INFO] [stdout]    |
[INFO] [stdout]    = help: if you wanted to use a crate named `salib_tck`, use `cargo add salib_tck` to add it to your `Cargo.toml`
[INFO] [stdout] 
[INFO] [stdout] 
[INFO] [stdout] error[E0614]: type `f64` cannot be dereferenced
[INFO] [stdout]    --> tests/sobol_g_tck.rs:256:28
[INFO] [stdout]     |
[INFO] [stdout] 256 |                         if *lo != 0.0 || *hi != 1.0 {
[INFO] [stdout]     |                            ^^^ can't be dereferenced
[INFO] [stdout] 
[INFO] [stdout] 
[INFO] [stdout] error[E0614]: type `f64` cannot be dereferenced
[INFO] [stdout]    --> tests/sobol_g_tck.rs:256:42
[INFO] [stdout]     |
[INFO] [stdout] 256 |                         if *lo != 0.0 || *hi != 1.0 {
[INFO] [stdout]     |                                          ^^^ can't be dereferenced
[INFO] [stdout] 
[INFO] [stdout] 
[INFO] [stdout] Some errors have detailed explanations: E0433, E0614.
[INFO] [stdout] 
[INFO] [stdout] For more information about an error, try `rustc --explain E0433`.
[INFO] [stdout] 
[INFO] [stderr] error: could not compile `salib-validation` (test "sobol_g_tck") due to 3 previous errors
[INFO] [stderr] warning: build failed, waiting for other jobs to finish...
[INFO] [stdout] For more information about this error, try `rustc --explain E0433`.
[INFO] [stdout] 
[INFO] [stderr] error: could not compile `salib-validation` (test "ishigami_tck") due to 1 previous error
[INFO] running `Command { std: "docker" "inspect" "3130dd26e2bcaa6c98fe05a9b14c28790a0b76aa1e28bd6eb6b73ad44cd3fae2", kill_on_drop: false }`
[INFO] running `Command { std: "docker" "rm" "-f" "3130dd26e2bcaa6c98fe05a9b14c28790a0b76aa1e28bd6eb6b73ad44cd3fae2", kill_on_drop: false }`
[INFO] [stdout] 3130dd26e2bcaa6c98fe05a9b14c28790a0b76aa1e28bd6eb6b73ad44cd3fae2
