[INFO] fetching crate safemlx 0.3.1...
[INFO] testing safemlx-0.3.1 against 1.100.0-beta.1 for beta-1.100-2
[INFO] extracting crate safemlx 0.3.1 into /workspace/builds/worker-0-tc2/source
[INFO] started tweaking crates.io crate safemlx 0.3.1
[INFO] removed 0 missing examples
[INFO] removed 0 missing tests
[INFO] finished tweaking crates.io crate safemlx 0.3.1
[INFO] tweaked toml for crates.io crate safemlx 0.3.1 written to /workspace/builds/worker-0-tc2/source/Cargo.toml
[INFO] validating manifest of crates.io crate safemlx 0.3.1 on toolchain 1.100.0-beta.1
[INFO] running `Command { std: CARGO_HOME="/workspace/cargo-home" RUSTUP_HOME="/workspace/rustup-home" "/workspace/cargo-home/bin/cargo" "+1.100.0-beta.1" "metadata" "--manifest-path" "Cargo.toml" "--no-deps", kill_on_drop: false }`
[INFO] crate crates.io crate safemlx 0.3.1 already has a lockfile, it will not be regenerated
[INFO] running `Command { std: CARGO_HOME="/workspace/cargo-home" RUSTUP_HOME="/workspace/rustup-home" "/workspace/cargo-home/bin/cargo" "+1.100.0-beta.1" "fetch" "--manifest-path" "Cargo.toml", kill_on_drop: false }`
[INFO] running `Command { std: "docker" "create" "-v" "/var/lib/crater-agent-workspace/builds/worker-0-tc2/source:/opt/rustwide/workdir:ro,Z" "-v" "/var/lib/crater-agent-workspace/builds/worker-0-tc2/target:/opt/rustwide/target:rw,Z" "-v" "/var/lib/crater-agent-workspace/cargo-home:/opt/rustwide/cargo-home:ro,Z" "-v" "/var/lib/crater-agent-workspace/rustup-home:/opt/rustwide/rustup-home:ro,Z" "-m" "1610612736" "--network" "none" "ghcr.io/rust-lang/crates-build-env/linux@sha256:3111399a4047eeb3a02b7a90e478d715f38a8c6669b5c4b49d30a17385265909" "sleep" "infinity", kill_on_drop: false }`
[INFO] [stdout] 47202fd8eccf27f70561835a012afd121ef00628ba4a600d6047f211af2d6fe1
[INFO] running `Command { std: "docker" "start" "47202fd8eccf27f70561835a012afd121ef00628ba4a600d6047f211af2d6fe1", kill_on_drop: false }`
[INFO] running `Command { std: "docker" "inspect" "47202fd8eccf27f70561835a012afd121ef00628ba4a600d6047f211af2d6fe1", kill_on_drop: false }`
[INFO] running `Command { std: "docker" "exec" "-e" "SOURCE_DIR=/opt/rustwide/workdir" "-e" "CARGO_HOME=/opt/rustwide/cargo-home" "-e" "RUSTUP_HOME=/opt/rustwide/rustup-home" "-e" "CARGO_TARGET_DIR=/opt/rustwide/target" "-w" "/opt/rustwide/workdir" "--user" "0:0" "47202fd8eccf27f70561835a012afd121ef00628ba4a600d6047f211af2d6fe1" "/opt/rustwide/cargo-home/bin/cargo" "+1.100.0-beta.1" "metadata" "--no-deps" "--format-version=1", kill_on_drop: false }`
[INFO] running `Command { std: "docker" "inspect" "47202fd8eccf27f70561835a012afd121ef00628ba4a600d6047f211af2d6fe1", kill_on_drop: false }`
[INFO] running `Command { std: "docker" "exec" "-e" "SOURCE_DIR=/opt/rustwide/workdir" "-e" "CARGO_HOME=/opt/rustwide/cargo-home" "-e" "RUSTUP_HOME=/opt/rustwide/rustup-home" "-e" "CARGO_TARGET_DIR=/opt/rustwide/target" "-e" "CARGO_INCREMENTAL=0" "-e" "RUST_BACKTRACE=full" "-e" "RUSTFLAGS=--cap-lints=warn" "-e" "RUSTDOCFLAGS=--cap-lints=warn" "-w" "/opt/rustwide/workdir" "--user" "0:0" "47202fd8eccf27f70561835a012afd121ef00628ba4a600d6047f211af2d6fe1" "/opt/rustwide/cargo-home/bin/cargo" "+1.100.0-beta.1" "build" "--frozen" "--message-format=json", kill_on_drop: false }`
[INFO] [stderr]    Compiling winnow v1.0.4
[INFO] [stderr]    Compiling cc v1.4.0
[INFO] [stderr]    Compiling toml_datetime v1.1.1+spec-1.1.0
[INFO] [stderr]    Compiling zerocopy v0.8.55
[INFO] [stderr]    Compiling zerocopy-derive v0.8.55
[INFO] [stderr]    Compiling either v1.17.0
[INFO] [stderr]    Compiling strum_macros v0.28.0
[INFO] [stderr]    Compiling safemlx v0.3.1 (/opt/rustwide/workdir)
[INFO] [stderr]    Compiling itertools v0.15.0
[INFO] [stderr]    Compiling cmake v0.1.58
[INFO] [stderr]    Compiling safemlx-sys v0.2.3
[INFO] [stderr]    Compiling toml_parser v1.1.3+spec-1.1.0
[INFO] [stderr]    Compiling strum v0.28.0
[INFO] [stderr]    Compiling toml_edit v0.25.13+spec-1.1.0
[INFO] [stderr]    Compiling safemlx-internal-macros v0.2.0
[INFO] [stderr]    Compiling proc-macro-crate v3.5.0
[INFO] [stderr]    Compiling num_enum_derive v0.7.6
[INFO] [stderr]    Compiling num_enum v0.7.6
[INFO] [stderr]    Compiling half v2.7.1
[INFO] [stderr] error: failed to run custom build command for `safemlx-sys v0.2.3`
[INFO] [stderr] note: To improve backtraces for build dependencies, set the CARGO_PROFILE_DEV_BUILD_OVERRIDE_DEBUG=true environment variable to enable debug information generation.
[INFO] [stderr] 
[INFO] [stderr] Caused by:
[INFO] [stderr]   process didn't exit successfully: `/opt/rustwide/target/debug/build/safemlx-sys/9ec1831c6ffa9eec/out/build_script_build` (exit status: 101)
[INFO] [stderr]   --- stdout
[INFO] [stderr]   cargo:rerun-if-env-changed=DOCS_RS
[INFO] [stderr]   cargo:rerun-if-env-changed=SAFEMLX_SYS_GENERATE_BINDINGS
[INFO] [stderr]   cargo:rerun-if-env-changed=SAFEMLX_METALLIB_OUTPUT_DIR
[INFO] [stderr]   cargo:rerun-if-env-changed=DEVELOPER_DIR
[INFO] [stderr]   cargo:rerun-if-changed=src/mlx-c
[INFO] [stderr]   cargo:rerun-if-changed=vendor
[INFO] [stderr]   cargo:rerun-if-env-changed=SAFEMLX_NATIVE_BUILD_ROOT
[INFO] [stderr]   CMAKE_TOOLCHAIN_FILE_x86_64-unknown-linux-gnu = None
[INFO] [stderr]   CMAKE_TOOLCHAIN_FILE_x86_64_unknown_linux_gnu = None
[INFO] [stderr]   HOST_CMAKE_TOOLCHAIN_FILE = None
[INFO] [stderr]   CMAKE_TOOLCHAIN_FILE = None
[INFO] [stderr]   CMAKE_GENERATOR_x86_64-unknown-linux-gnu = None
[INFO] [stderr]   CMAKE_GENERATOR_x86_64_unknown_linux_gnu = None
[INFO] [stderr]   HOST_CMAKE_GENERATOR = None
[INFO] [stderr]   CMAKE_GENERATOR = None
[INFO] [stderr]   CMAKE_PREFIX_PATH_x86_64-unknown-linux-gnu = None
[INFO] [stderr]   CMAKE_PREFIX_PATH_x86_64_unknown_linux_gnu = None
[INFO] [stderr]   HOST_CMAKE_PREFIX_PATH = None
[INFO] [stderr]   CMAKE_PREFIX_PATH = None
[INFO] [stderr]   CMAKE_x86_64-unknown-linux-gnu = None
[INFO] [stderr]   CMAKE_x86_64_unknown_linux_gnu = None
[INFO] [stderr]   HOST_CMAKE = None
[INFO] [stderr]   CMAKE = None
[INFO] [stderr]   Running with debug output on.
[INFO] [stderr]   -- The CXX compiler identification is GNU 15.2.0
[INFO] [stderr]      Called from: [3]	/opt/rustwide/cargo-home/registry/src/index.crates.io-1949cf8c6b5b557f/safemlx-sys-0.2.3/src/mlx-c/CMakeLists.txt
[INFO] [stderr]                   [2]	/usr/share/cmake-4.2/Modules/CMakeDetermineCXXCompiler.cmake
[INFO] [stderr]                   [1]	/usr/share/cmake-4.2/Modules/CMakeDetermineCompilerId.cmake
[INFO] [stderr]   -- The C compiler identification is GNU 15.2.0
[INFO] [stderr]      Called from: [3]	/opt/rustwide/cargo-home/registry/src/index.crates.io-1949cf8c6b5b557f/safemlx-sys-0.2.3/src/mlx-c/CMakeLists.txt
[INFO] [stderr]                   [2]	/usr/share/cmake-4.2/Modules/CMakeDetermineCCompiler.cmake
[INFO] [stderr]                   [1]	/usr/share/cmake-4.2/Modules/CMakeDetermineCompilerId.cmake
[INFO] [stderr]   -- Detecting CXX compiler ABI info
[INFO] [stderr]      Called from: [3]	/opt/rustwide/cargo-home/registry/src/index.crates.io-1949cf8c6b5b557f/safemlx-sys-0.2.3/src/mlx-c/CMakeLists.txt
[INFO] [stderr]                   [2]	/usr/share/cmake-4.2/Modules/CMakeTestCXXCompiler.cmake
[INFO] [stderr]                   [1]	/usr/share/cmake-4.2/Modules/CMakeDetermineCompilerABI.cmake
[INFO] [stderr]   -- Detecting CXX compiler ABI info - done
[INFO] [stderr]      Called from: [3]	/opt/rustwide/cargo-home/registry/src/index.crates.io-1949cf8c6b5b557f/safemlx-sys-0.2.3/src/mlx-c/CMakeLists.txt
[INFO] [stderr]                   [2]	/usr/share/cmake-4.2/Modules/CMakeTestCXXCompiler.cmake
[INFO] [stderr]                   [1]	/usr/share/cmake-4.2/Modules/CMakeDetermineCompilerABI.cmake
[INFO] [stderr]   -- Check for working CXX compiler: /usr/bin/c++ - skipped
[INFO] [stderr]      Called from: [2]	/opt/rustwide/cargo-home/registry/src/index.crates.io-1949cf8c6b5b557f/safemlx-sys-0.2.3/src/mlx-c/CMakeLists.txt
[INFO] [stderr]                   [1]	/usr/share/cmake-4.2/Modules/CMakeTestCXXCompiler.cmake
[INFO] [stderr]   -- Detecting CXX compile features
[INFO] [stderr]      Called from: [3]	/opt/rustwide/cargo-home/registry/src/index.crates.io-1949cf8c6b5b557f/safemlx-sys-0.2.3/src/mlx-c/CMakeLists.txt
[INFO] [stderr]                   [2]	/usr/share/cmake-4.2/Modules/CMakeTestCXXCompiler.cmake
[INFO] [stderr]                   [1]	/usr/share/cmake-4.2/Modules/CMakeDetermineCompilerSupport.cmake
[INFO] [stderr]   -- Detecting CXX compile features - done
[INFO] [stderr]      Called from: [3]	/opt/rustwide/cargo-home/registry/src/index.crates.io-1949cf8c6b5b557f/safemlx-sys-0.2.3/src/mlx-c/CMakeLists.txt
[INFO] [stderr]                   [2]	/usr/share/cmake-4.2/Modules/CMakeTestCXXCompiler.cmake
[INFO] [stderr]                   [1]	/usr/share/cmake-4.2/Modules/CMakeDetermineCompilerSupport.cmake
[INFO] [stderr]   -- Detecting C compiler ABI info
[INFO] [stderr]      Called from: [3]	/opt/rustwide/cargo-home/registry/src/index.crates.io-1949cf8c6b5b557f/safemlx-sys-0.2.3/src/mlx-c/CMakeLists.txt
[INFO] [stderr]                   [2]	/usr/share/cmake-4.2/Modules/CMakeTestCCompiler.cmake
[INFO] [stderr]                   [1]	/usr/share/cmake-4.2/Modules/CMakeDetermineCompilerABI.cmake
[INFO] [stderr]   -- Detecting C compiler ABI info - done
[INFO] [stderr]      Called from: [3]	/opt/rustwide/cargo-home/registry/src/index.crates.io-1949cf8c6b5b557f/safemlx-sys-0.2.3/src/mlx-c/CMakeLists.txt
[INFO] [stderr]                   [2]	/usr/share/cmake-4.2/Modules/CMakeTestCCompiler.cmake
[INFO] [stderr]                   [1]	/usr/share/cmake-4.2/Modules/CMakeDetermineCompilerABI.cmake
[INFO] [stderr]   -- Check for working C compiler: /usr/bin/cc - skipped
[INFO] [stderr]      Called from: [2]	/opt/rustwide/cargo-home/registry/src/index.crates.io-1949cf8c6b5b557f/safemlx-sys-0.2.3/src/mlx-c/CMakeLists.txt
[INFO] [stderr]                   [1]	/usr/share/cmake-4.2/Modules/CMakeTestCCompiler.cmake
[INFO] [stderr]   -- Detecting C compile features
[INFO] [stderr]      Called from: [3]	/opt/rustwide/cargo-home/registry/src/index.crates.io-1949cf8c6b5b557f/safemlx-sys-0.2.3/src/mlx-c/CMakeLists.txt
[INFO] [stderr]                   [2]	/usr/share/cmake-4.2/Modules/CMakeTestCCompiler.cmake
[INFO] [stderr]                   [1]	/usr/share/cmake-4.2/Modules/CMakeDetermineCompilerSupport.cmake
[INFO] [stderr]   -- Detecting C compile features - done
[INFO] [stderr]      Called from: [3]	/opt/rustwide/cargo-home/registry/src/index.crates.io-1949cf8c6b5b557f/safemlx-sys-0.2.3/src/mlx-c/CMakeLists.txt
[INFO] [stderr]                   [2]	/usr/share/cmake-4.2/Modules/CMakeTestCCompiler.cmake
[INFO] [stderr]                   [1]	/usr/share/cmake-4.2/Modules/CMakeDetermineCompilerSupport.cmake
[INFO] [stderr]   -- Building MLX for x86_64 processor on Linux
[INFO] [stderr]      Called from: [1]	/opt/rustwide/target/debug/build/safemlx-sys/93f01491a2ba0988/out/build/_deps/mlx-427f983b2956844066ee3c996df4dbc8789fa6652bf3fd43945986cc85e69a24-src/CMakeLists.txt
[INFO] [stderr]   -- Accelerate not found, using default backend.
[INFO] [stderr]      Called from: [1]	/opt/rustwide/target/debug/build/safemlx-sys/93f01491a2ba0988/out/build/_deps/mlx-427f983b2956844066ee3c996df4dbc8789fa6652bf3fd43945986cc85e69a24-src/CMakeLists.txt
[INFO] [stderr]   -- Looking for sgemm_
[INFO] [stderr]      Called from: [6]	/opt/rustwide/target/debug/build/safemlx-sys/93f01491a2ba0988/out/build/_deps/mlx-427f983b2956844066ee3c996df4dbc8789fa6652bf3fd43945986cc85e69a24-src/CMakeLists.txt
[INFO] [stderr]                   [5]	/usr/share/cmake-4.2/Modules/FindLAPACK.cmake
[INFO] [stderr]                   [4]	/usr/share/cmake-4.2/Modules/FindLAPACK.cmake
[INFO] [stderr]                   [3]	/usr/share/cmake-4.2/Modules/FindBLAS.cmake
[INFO] [stderr]                   [2]	/usr/share/cmake-4.2/Modules/FindBLAS.cmake
[INFO] [stderr]                   [1]	/usr/share/cmake-4.2/Modules/CheckFunctionExists.cmake
[INFO] [stderr]   -- Looking for sgemm_ - not found
[INFO] [stderr]      Called from: [6]	/opt/rustwide/target/debug/build/safemlx-sys/93f01491a2ba0988/out/build/_deps/mlx-427f983b2956844066ee3c996df4dbc8789fa6652bf3fd43945986cc85e69a24-src/CMakeLists.txt
[INFO] [stderr]                   [5]	/usr/share/cmake-4.2/Modules/FindLAPACK.cmake
[INFO] [stderr]                   [4]	/usr/share/cmake-4.2/Modules/FindLAPACK.cmake
[INFO] [stderr]                   [3]	/usr/share/cmake-4.2/Modules/FindBLAS.cmake
[INFO] [stderr]                   [2]	/usr/share/cmake-4.2/Modules/FindBLAS.cmake
[INFO] [stderr]                   [1]	/usr/share/cmake-4.2/Modules/CheckFunctionExists.cmake
[INFO] [stderr]   -- Performing Test CMAKE_HAVE_LIBC_PTHREAD
[INFO] [stderr]      Called from: [8]	/opt/rustwide/target/debug/build/safemlx-sys/93f01491a2ba0988/out/build/_deps/mlx-427f983b2956844066ee3c996df4dbc8789fa6652bf3fd43945986cc85e69a24-src/CMakeLists.txt
[INFO] [stderr]                   [7]	/usr/share/cmake-4.2/Modules/FindLAPACK.cmake
[INFO] [stderr]                   [6]	/usr/share/cmake-4.2/Modules/FindLAPACK.cmake
[INFO] [stderr]                   [5]	/usr/share/cmake-4.2/Modules/FindBLAS.cmake
[INFO] [stderr]                   [4]	/usr/share/cmake-4.2/Modules/FindThreads.cmake
[INFO] [stderr]                   [3]	/usr/share/cmake-4.2/Modules/FindThreads.cmake
[INFO] [stderr]                   [2]	/usr/share/cmake-4.2/Modules/CheckCSourceCompiles.cmake
[INFO] [stderr]                   [1]	/usr/share/cmake-4.2/Modules/Internal/CheckSourceCompiles.cmake
[INFO] [stderr]   -- Performing Test CMAKE_HAVE_LIBC_PTHREAD - Success
[INFO] [stderr]      Called from: [8]	/opt/rustwide/target/debug/build/safemlx-sys/93f01491a2ba0988/out/build/_deps/mlx-427f983b2956844066ee3c996df4dbc8789fa6652bf3fd43945986cc85e69a24-src/CMakeLists.txt
[INFO] [stderr]                   [7]	/usr/share/cmake-4.2/Modules/FindLAPACK.cmake
[INFO] [stderr]                   [6]	/usr/share/cmake-4.2/Modules/FindLAPACK.cmake
[INFO] [stderr]                   [5]	/usr/share/cmake-4.2/Modules/FindBLAS.cmake
[INFO] [stderr]                   [4]	/usr/share/cmake-4.2/Modules/FindThreads.cmake
[INFO] [stderr]                   [3]	/usr/share/cmake-4.2/Modules/FindThreads.cmake
[INFO] [stderr]                   [2]	/usr/share/cmake-4.2/Modules/CheckCSourceCompiles.cmake
[INFO] [stderr]                   [1]	/usr/share/cmake-4.2/Modules/Internal/CheckSourceCompiles.cmake
[INFO] [stderr]   -- Found Threads: TRUE
[INFO] [stderr]      Called from: [7]	/opt/rustwide/target/debug/build/safemlx-sys/93f01491a2ba0988/out/build/_deps/mlx-427f983b2956844066ee3c996df4dbc8789fa6652bf3fd43945986cc85e69a24-src/CMakeLists.txt
[INFO] [stderr]                   [6]	/usr/share/cmake-4.2/Modules/FindLAPACK.cmake
[INFO] [stderr]                   [5]	/usr/share/cmake-4.2/Modules/FindLAPACK.cmake
[INFO] [stderr]                   [4]	/usr/share/cmake-4.2/Modules/FindBLAS.cmake
[INFO] [stderr]                   [3]	/usr/share/cmake-4.2/Modules/FindThreads.cmake
[INFO] [stderr]                   [2]	/usr/share/cmake-4.2/Modules/FindPackageHandleStandardArgs.cmake
[INFO] [stderr]                   [1]	/usr/share/cmake-4.2/Modules/FindPackageMessage.cmake
[INFO] [stderr]   -- Looking for sgemm_
[INFO] [stderr]      Called from: [6]	/opt/rustwide/target/debug/build/safemlx-sys/93f01491a2ba0988/out/build/_deps/mlx-427f983b2956844066ee3c996df4dbc8789fa6652bf3fd43945986cc85e69a24-src/CMakeLists.txt
[INFO] [stderr]                   [5]	/usr/share/cmake-4.2/Modules/FindLAPACK.cmake
[INFO] [stderr]                   [4]	/usr/share/cmake-4.2/Modules/FindLAPACK.cmake
[INFO] [stderr]                   [3]	/usr/share/cmake-4.2/Modules/FindBLAS.cmake
[INFO] [stderr]                   [2]	/usr/share/cmake-4.2/Modules/FindBLAS.cmake
[INFO] [stderr]                   [1]	/usr/share/cmake-4.2/Modules/CheckFunctionExists.cmake
[INFO] [stderr]   -- Looking for sgemm_ - found
[INFO] [stderr]      Called from: [6]	/opt/rustwide/target/debug/build/safemlx-sys/93f01491a2ba0988/out/build/_deps/mlx-427f983b2956844066ee3c996df4dbc8789fa6652bf3fd43945986cc85e69a24-src/CMakeLists.txt
[INFO] [stderr]                   [5]	/usr/share/cmake-4.2/Modules/FindLAPACK.cmake
[INFO] [stderr]                   [4]	/usr/share/cmake-4.2/Modules/FindLAPACK.cmake
[INFO] [stderr]                   [3]	/usr/share/cmake-4.2/Modules/FindBLAS.cmake
[INFO] [stderr]                   [2]	/usr/share/cmake-4.2/Modules/FindBLAS.cmake
[INFO] [stderr]                   [1]	/usr/share/cmake-4.2/Modules/CheckFunctionExists.cmake
[INFO] [stderr]   -- Found BLAS: /usr/lib/x86_64-linux-gnu/libopenblas.so
[INFO] [stderr]      Called from: [6]	/opt/rustwide/target/debug/build/safemlx-sys/93f01491a2ba0988/out/build/_deps/mlx-427f983b2956844066ee3c996df4dbc8789fa6652bf3fd43945986cc85e69a24-src/CMakeLists.txt
[INFO] [stderr]                   [5]	/usr/share/cmake-4.2/Modules/FindLAPACK.cmake
[INFO] [stderr]                   [4]	/usr/share/cmake-4.2/Modules/FindLAPACK.cmake
[INFO] [stderr]                   [3]	/usr/share/cmake-4.2/Modules/FindBLAS.cmake
[INFO] [stderr]                   [2]	/usr/share/cmake-4.2/Modules/FindPackageHandleStandardArgs.cmake
[INFO] [stderr]                   [1]	/usr/share/cmake-4.2/Modules/FindPackageMessage.cmake
[INFO] [stderr]   -- Looking for cheev_
[INFO] [stderr]      Called from: [4]	/opt/rustwide/target/debug/build/safemlx-sys/93f01491a2ba0988/out/build/_deps/mlx-427f983b2956844066ee3c996df4dbc8789fa6652bf3fd43945986cc85e69a24-src/CMakeLists.txt
[INFO] [stderr]                   [3]	/usr/share/cmake-4.2/Modules/FindLAPACK.cmake
[INFO] [stderr]                   [2]	/usr/share/cmake-4.2/Modules/FindLAPACK.cmake
[INFO] [stderr]                   [1]	/usr/share/cmake-4.2/Modules/CheckFunctionExists.cmake
[INFO] [stderr]   -- Looking for cheev_ - found
[INFO] [stderr]      Called from: [4]	/opt/rustwide/target/debug/build/safemlx-sys/93f01491a2ba0988/out/build/_deps/mlx-427f983b2956844066ee3c996df4dbc8789fa6652bf3fd43945986cc85e69a24-src/CMakeLists.txt
[INFO] [stderr]                   [3]	/usr/share/cmake-4.2/Modules/FindLAPACK.cmake
[INFO] [stderr]                   [2]	/usr/share/cmake-4.2/Modules/FindLAPACK.cmake
[INFO] [stderr]                   [1]	/usr/share/cmake-4.2/Modules/CheckFunctionExists.cmake
[INFO] [stderr]   -- Found LAPACK: /usr/lib/x86_64-linux-gnu/libopenblas.so;-lm;-ldl
[INFO] [stderr]      Called from: [4]	/opt/rustwide/target/debug/build/safemlx-sys/93f01491a2ba0988/out/build/_deps/mlx-427f983b2956844066ee3c996df4dbc8789fa6652bf3fd43945986cc85e69a24-src/CMakeLists.txt
[INFO] [stderr]                   [3]	/usr/share/cmake-4.2/Modules/FindLAPACK.cmake
[INFO] [stderr]                   [2]	/usr/share/cmake-4.2/Modules/FindPackageHandleStandardArgs.cmake
[INFO] [stderr]                   [1]	/usr/share/cmake-4.2/Modules/FindPackageMessage.cmake
[INFO] [stderr]   -- Lapack lib /usr/lib/x86_64-linux-gnu/libopenblas.so-lm-ldl
[INFO] [stderr]      Called from: [1]	/opt/rustwide/target/debug/build/safemlx-sys/93f01491a2ba0988/out/build/_deps/mlx-427f983b2956844066ee3c996df4dbc8789fa6652bf3fd43945986cc85e69a24-src/CMakeLists.txt
[INFO] [stderr]   -- Lapack include /usr/include
[INFO] [stderr]      Called from: [1]	/opt/rustwide/target/debug/build/safemlx-sys/93f01491a2ba0988/out/build/_deps/mlx-427f983b2956844066ee3c996df4dbc8789fa6652bf3fd43945986cc85e69a24-src/CMakeLists.txt
[INFO] [stderr]   -- Blas lib /usr/lib/x86_64-linux-gnu/libopenblas.so
[INFO] [stderr]      Called from: [1]	/opt/rustwide/target/debug/build/safemlx-sys/93f01491a2ba0988/out/build/_deps/mlx-427f983b2956844066ee3c996df4dbc8789fa6652bf3fd43945986cc85e69a24-src/CMakeLists.txt
[INFO] [stderr]   -- Blas include /usr/include/x86_64-linux-gnu
[INFO] [stderr]      Called from: [1]	/opt/rustwide/target/debug/build/safemlx-sys/93f01491a2ba0988/out/build/_deps/mlx-427f983b2956844066ee3c996df4dbc8789fa6652bf3fd43945986cc85e69a24-src/CMakeLists.txt
[INFO] [stderr]   -- Downloading json
[INFO] [stderr]      Called from: [1]	/opt/rustwide/target/debug/build/safemlx-sys/93f01491a2ba0988/out/build/_deps/mlx-427f983b2956844066ee3c996df4dbc8789fa6652bf3fd43945986cc85e69a24-src/CMakeLists.txt
[INFO] [stderr]   -- Using the multi-header code from /opt/rustwide/target/debug/build/safemlx-sys/93f01491a2ba0988/out/build/_deps/json-src/include/
[INFO] [stderr]      Called from: [1]	/opt/rustwide/target/debug/build/safemlx-sys/93f01491a2ba0988/out/build/_deps/json-src/CMakeLists.txt
[INFO] [stderr]   -- {fmt} version: 12.1.0
[INFO] [stderr]      Called from: [1]	/opt/rustwide/target/debug/build/safemlx-sys/93f01491a2ba0988/out/build/_deps/fmt-src/CMakeLists.txt
[INFO] [stderr]   -- Build type: Debug
[INFO] [stderr]      Called from: [1]	/opt/rustwide/target/debug/build/safemlx-sys/93f01491a2ba0988/out/build/_deps/fmt-src/CMakeLists.txt
[INFO] [stderr]   -- Configuring done (9.8s)
[INFO] [stderr]   -- Generating /opt/rustwide/target/debug/build/safemlx-sys/93f01491a2ba0988/out/build
[INFO] [stderr]      Called from: [1]	/opt/rustwide/cargo-home/registry/src/index.crates.io-1949cf8c6b5b557f/safemlx-sys-0.2.3/src/mlx-c/CMakeLists.txt
[INFO] [stderr]   -- Generating /opt/rustwide/target/debug/build/safemlx-sys/93f01491a2ba0988/out/build/_deps/mlx-build
[INFO] [stderr]      Called from: [1]	/opt/rustwide/target/debug/build/safemlx-sys/93f01491a2ba0988/out/build/_deps/mlx-427f983b2956844066ee3c996df4dbc8789fa6652bf3fd43945986cc85e69a24-src/CMakeLists.txt
[INFO] [stderr]   -- Generating /opt/rustwide/target/debug/build/safemlx-sys/93f01491a2ba0988/out/build/_deps/json-build
[INFO] [stderr]      Called from: [1]	/opt/rustwide/target/debug/build/safemlx-sys/93f01491a2ba0988/out/build/_deps/json-src/CMakeLists.txt
[INFO] [stderr]   -- Generating /opt/rustwide/target/debug/build/safemlx-sys/93f01491a2ba0988/out/build/_deps/mlx-build/mlx
[INFO] [stderr]      Called from: [1]	/opt/rustwide/target/debug/build/safemlx-sys/93f01491a2ba0988/out/build/_deps/mlx-427f983b2956844066ee3c996df4dbc8789fa6652bf3fd43945986cc85e69a24-src/mlx/CMakeLists.txt
[INFO] [stderr]   -- Generating /opt/rustwide/target/debug/build/safemlx-sys/93f01491a2ba0988/out/build/_deps/mlx-build/mlx/backend/common
[INFO] [stderr]      Called from: [1]	/opt/rustwide/target/debug/build/safemlx-sys/93f01491a2ba0988/out/build/_deps/mlx-427f983b2956844066ee3c996df4dbc8789fa6652bf3fd43945986cc85e69a24-src/mlx/backend/common/CMakeLists.txt
[INFO] [stderr]   -- Generating /opt/rustwide/target/debug/build/safemlx-sys/93f01491a2ba0988/out/build/_deps/mlx-build/mlx/backend/cpu
[INFO] [stderr]      Called from: [1]	/opt/rustwide/target/debug/build/safemlx-sys/93f01491a2ba0988/out/build/_deps/mlx-427f983b2956844066ee3c996df4dbc8789fa6652bf3fd43945986cc85e69a24-src/mlx/backend/cpu/CMakeLists.txt
[INFO] [stderr]   -- Generating /opt/rustwide/target/debug/build/safemlx-sys/93f01491a2ba0988/out/build/_deps/mlx-build/mlx/distributed
[INFO] [stderr]      Called from: [1]	/opt/rustwide/target/debug/build/safemlx-sys/93f01491a2ba0988/out/build/_deps/mlx-427f983b2956844066ee3c996df4dbc8789fa6652bf3fd43945986cc85e69a24-src/mlx/distributed/CMakeLists.txt
[INFO] [stderr]   -- Generating /opt/rustwide/target/debug/build/safemlx-sys/93f01491a2ba0988/out/build/_deps/mlx-build/mlx/distributed/mpi
[INFO] [stderr]      Called from: [1]	/opt/rustwide/target/debug/build/safemlx-sys/93f01491a2ba0988/out/build/_deps/mlx-427f983b2956844066ee3c996df4dbc8789fa6652bf3fd43945986cc85e69a24-src/mlx/distributed/mpi/CMakeLists.txt
[INFO] [stderr]   -- Generating /opt/rustwide/target/debug/build/safemlx-sys/93f01491a2ba0988/out/build/_deps/mlx-build/mlx/distributed/ring
[INFO] [stderr]      Called from: [1]	/opt/rustwide/target/debug/build/safemlx-sys/93f01491a2ba0988/out/build/_deps/mlx-427f983b2956844066ee3c996df4dbc8789fa6652bf3fd43945986cc85e69a24-src/mlx/distributed/ring/CMakeLists.txt
[INFO] [stderr]   -- Generating /opt/rustwide/target/debug/build/safemlx-sys/93f01491a2ba0988/out/build/_deps/mlx-build/mlx/distributed/nccl
[INFO] [stderr]      Called from: [1]	/opt/rustwide/target/debug/build/safemlx-sys/93f01491a2ba0988/out/build/_deps/mlx-427f983b2956844066ee3c996df4dbc8789fa6652bf3fd43945986cc85e69a24-src/mlx/distributed/nccl/CMakeLists.txt
[INFO] [stderr]   -- Generating /opt/rustwide/target/debug/build/safemlx-sys/93f01491a2ba0988/out/build/_deps/mlx-build/mlx/distributed/jaccl
[INFO] [stderr]      Called from: [1]	/opt/rustwide/target/debug/build/safemlx-sys/93f01491a2ba0988/out/build/_deps/mlx-427f983b2956844066ee3c996df4dbc8789fa6652bf3fd43945986cc85e69a24-src/mlx/distributed/jaccl/CMakeLists.txt
[INFO] [stderr]   -- Generating /opt/rustwide/target/debug/build/safemlx-sys/93f01491a2ba0988/out/build/_deps/mlx-build/mlx/io
[INFO] [stderr]      Called from: [1]	/opt/rustwide/target/debug/build/safemlx-sys/93f01491a2ba0988/out/build/_deps/mlx-427f983b2956844066ee3c996df4dbc8789fa6652bf3fd43945986cc85e69a24-src/mlx/io/CMakeLists.txt
[INFO] [stderr]   -- Generating /opt/rustwide/target/debug/build/safemlx-sys/93f01491a2ba0988/out/build/_deps/mlx-build/mlx/backend/no_gpu
[INFO] [stderr]      Called from: [1]	/opt/rustwide/target/debug/build/safemlx-sys/93f01491a2ba0988/out/build/_deps/mlx-427f983b2956844066ee3c996df4dbc8789fa6652bf3fd43945986cc85e69a24-src/mlx/backend/no_gpu/CMakeLists.txt
[INFO] [stderr]   -- Generating /opt/rustwide/target/debug/build/safemlx-sys/93f01491a2ba0988/out/build/_deps/fmt-build
[INFO] [stderr]      Called from: [1]	/opt/rustwide/target/debug/build/safemlx-sys/93f01491a2ba0988/out/build/_deps/fmt-src/CMakeLists.txt
[INFO] [stderr]   -- Generating done (0.2s)
[INFO] [stderr]   -- Build files have been written to: /opt/rustwide/target/debug/build/safemlx-sys/93f01491a2ba0988/out/build
[INFO] [stderr]   Change Dir: '/opt/rustwide/target/debug/build/safemlx-sys/93f01491a2ba0988/out/build'
[INFO] [stderr] 
[INFO] [stderr]   Run Build Command(s): /usr/bin/cmake -E env VERBOSE=1 /usr/bin/gmake -f Makefile install
[INFO] [stderr]   /usr/bin/cmake -S/opt/rustwide/cargo-home/registry/src/index.crates.io-1949cf8c6b5b557f/safemlx-sys-0.2.3/src/mlx-c -B/opt/rustwide/target/debug/build/safemlx-sys/93f01491a2ba0988/out/build --check-build-system CMakeFiles/Makefile.cmake 0
[INFO] [stderr]   /usr/bin/cmake -E cmake_progress_start /opt/rustwide/target/debug/build/safemlx-sys/93f01491a2ba0988/out/build/CMakeFiles /opt/rustwide/target/debug/build/safemlx-sys/93f01491a2ba0988/out/build//CMakeFiles/progress.marks
[INFO] [stderr]   /usr/bin/gmake  -f CMakeFiles/Makefile2 all
[INFO] [stderr]   gmake[1]: Entering directory '/opt/rustwide/target/debug/build/safemlx-sys/93f01491a2ba0988/out/build'
[INFO] [stderr]   /usr/bin/gmake  -f _deps/mlx-build/mlx/CMakeFiles/mlx_version.dir/build.make _deps/mlx-build/mlx/CMakeFiles/mlx_version.dir/depend
[INFO] [stderr]   /usr/bin/gmake  -f _deps/mlx-build/mlx/backend/cpu/CMakeFiles/cpu_compiled_preamble.dir/build.make _deps/mlx-build/mlx/backend/cpu/CMakeFiles/cpu_compiled_preamble.dir/depend
[INFO] [stderr]   gmake[2]: Entering directory '/opt/rustwide/target/debug/build/safemlx-sys/93f01491a2ba0988/out/build'
[INFO] [stderr]   cd /opt/rustwide/target/debug/build/safemlx-sys/93f01491a2ba0988/out/build && /usr/bin/cmake -E cmake_depends "Unix Makefiles" /opt/rustwide/cargo-home/registry/src/index.crates.io-1949cf8c6b5b557f/safemlx-sys-0.2.3/src/mlx-c /opt/rustwide/target/debug/build/safemlx-sys/93f01491a2ba0988/out/build/_deps/mlx-427f983b2956844066ee3c996df4dbc8789fa6652bf3fd43945986cc85e69a24-src/mlx /opt/rustwide/target/debug/build/safemlx-sys/93f01491a2ba0988/out/build /opt/rustwide/target/debug/build/safemlx-sys/93f01491a2ba0988/out/build/_deps/mlx-build/mlx /opt/rustwide/target/debug/build/safemlx-sys/93f01491a2ba0988/out/build/_deps/mlx-build/mlx/CMakeFiles/mlx_version.dir/DependInfo.cmake "--color=" mlx_version
[INFO] [stderr]   gmake[2]: Entering directory '/opt/rustwide/target/debug/build/safemlx-sys/93f01491a2ba0988/out/build'
[INFO] [stderr]   cd /opt/rustwide/target/debug/build/safemlx-sys/93f01491a2ba0988/out/build && /usr/bin/cmake -E cmake_depends "Unix Makefiles" /opt/rustwide/cargo-home/registry/src/index.crates.io-1949cf8c6b5b557f/safemlx-sys-0.2.3/src/mlx-c /opt/rustwide/target/debug/build/safemlx-sys/93f01491a2ba0988/out/build/_deps/mlx-427f983b2956844066ee3c996df4dbc8789fa6652bf3fd43945986cc85e69a24-src/mlx/backend/cpu /opt/rustwide/target/debug/build/safemlx-sys/93f01491a2ba0988/out/build /opt/rustwide/target/debug/build/safemlx-sys/93f01491a2ba0988/out/build/_deps/mlx-build/mlx/backend/cpu /opt/rustwide/target/debug/build/safemlx-sys/93f01491a2ba0988/out/build/_deps/mlx-build/mlx/backend/cpu/CMakeFiles/cpu_compiled_preamble.dir/DependInfo.cmake "--color=" cpu_compiled_preamble
[INFO] [stderr]   gmake[2]: Leaving directory '/opt/rustwide/target/debug/build/safemlx-sys/93f01491a2ba0988/out/build'
[INFO] [stderr]   /usr/bin/gmake  -f _deps/mlx-build/mlx/CMakeFiles/mlx_version.dir/build.make _deps/mlx-build/mlx/CMakeFiles/mlx_version.dir/build
[INFO] [stderr]   gmake[2]: Entering directory '/opt/rustwide/target/debug/build/safemlx-sys/93f01491a2ba0988/out/build'
[INFO] [stderr]   gmake[2]: Leaving directory '/opt/rustwide/target/debug/build/safemlx-sys/93f01491a2ba0988/out/build'
[INFO] [stderr]   /usr/bin/gmake  -f _deps/mlx-build/mlx/backend/cpu/CMakeFiles/cpu_compiled_preamble.dir/build.make _deps/mlx-build/mlx/backend/cpu/CMakeFiles/cpu_compiled_preamble.dir/build
[INFO] [stderr]   gmake[2]: Entering directory '/opt/rustwide/target/debug/build/safemlx-sys/93f01491a2ba0988/out/build'
[INFO] [stderr]   [  1%] Building CXX object _deps/mlx-build/mlx/CMakeFiles/mlx_version.dir/version.cpp.o
[INFO] [stderr]   [  1%] Generating compiled_preamble.cpp
[INFO] [stderr]   cd /opt/rustwide/target/debug/build/safemlx-sys/93f01491a2ba0988/out/build/_deps/mlx-build/mlx && /usr/bin/c++ -DMLX_STATIC -DMLX_VERSION=\"0.32.0\" -I/opt/rustwide/target/debug/build/safemlx-sys/93f01491a2ba0988/out/build/_deps/mlx-427f983b2956844066ee3c996df4dbc8789fa6652bf3fd43945986cc85e69a24-src -ffunction-sections -fdata-sections -fPIC -m64 -w -g -std=gnu++20 -fPIC -fvisibility=hidden -fvisibility-inlines-hidden -MD -MT _deps/mlx-build/mlx/CMakeFiles/mlx_version.dir/version.cpp.o -MF CMakeFiles/mlx_version.dir/version.cpp.o.d -o CMakeFiles/mlx_version.dir/version.cpp.o -c /opt/rustwide/target/debug/build/safemlx-sys/93f01491a2ba0988/out/build/_deps/mlx-427f983b2956844066ee3c996df4dbc8789fa6652bf3fd43945986cc85e69a24-src/mlx/version.cpp
[INFO] [stderr]   cd /opt/rustwide/target/debug/build/safemlx-sys/93f01491a2ba0988/out/build/_deps/mlx-build/mlx/backend/cpu && bash /opt/rustwide/target/debug/build/safemlx-sys/93f01491a2ba0988/out/build/_deps/mlx-427f983b2956844066ee3c996df4dbc8789fa6652bf3fd43945986cc85e69a24-src/mlx/backend/cpu/make_compiled_preamble.sh /opt/rustwide/target/debug/build/safemlx-sys/93f01491a2ba0988/out/build/_deps/mlx-build/mlx/backend/cpu/compiled_preamble.cpp /usr/bin/c++ /opt/rustwide/target/debug/build/safemlx-sys/93f01491a2ba0988/out/build/_deps/mlx-427f983b2956844066ee3c996df4dbc8789fa6652bf3fd43945986cc85e69a24-src FALSE x86_64 
[INFO] [stderr]   gmake[2]: Leaving directory '/opt/rustwide/target/debug/build/safemlx-sys/93f01491a2ba0988/out/build'
[INFO] [stderr]   [  1%] Built target mlx_version
[INFO] [stderr]   gmake[2]: Leaving directory '/opt/rustwide/target/debug/build/safemlx-sys/93f01491a2ba0988/out/build'
[INFO] [stderr]   [  1%] Built target cpu_compiled_preamble
[INFO] [stderr]   /usr/bin/gmake  -f _deps/mlx-build/CMakeFiles/mlx.dir/build.make _deps/mlx-build/CMakeFiles/mlx.dir/depend
[INFO] [stderr]   gmake[2]: Entering directory '/opt/rustwide/target/debug/build/safemlx-sys/93f01491a2ba0988/out/build'
[INFO] [stderr]   cd /opt/rustwide/target/debug/build/safemlx-sys/93f01491a2ba0988/out/build && /usr/bin/cmake -E cmake_depends "Unix Makefiles" /opt/rustwide/cargo-home/registry/src/index.crates.io-1949cf8c6b5b557f/safemlx-sys-0.2.3/src/mlx-c /opt/rustwide/target/debug/build/safemlx-sys/93f01491a2ba0988/out/build/_deps/mlx-427f983b2956844066ee3c996df4dbc8789fa6652bf3fd43945986cc85e69a24-src /opt/rustwide/target/debug/build/safemlx-sys/93f01491a2ba0988/out/build /opt/rustwide/target/debug/build/safemlx-sys/93f01491a2ba0988/out/build/_deps/mlx-build /opt/rustwide/target/debug/build/safemlx-sys/93f01491a2ba0988/out/build/_deps/mlx-build/CMakeFiles/mlx.dir/DependInfo.cmake "--color=" mlx
[INFO] [stderr]   gmake[2]: Leaving directory '/opt/rustwide/target/debug/build/safemlx-sys/93f01491a2ba0988/out/build'
[INFO] [stderr]   /usr/bin/gmake  -f _deps/mlx-build/CMakeFiles/mlx.dir/build.make _deps/mlx-build/CMakeFiles/mlx.dir/build
[INFO] [stderr]   gmake[2]: Entering directory '/opt/rustwide/target/debug/build/safemlx-sys/93f01491a2ba0988/out/build'
[INFO] [stderr]   [  2%] Building CXX object _deps/mlx-build/CMakeFiles/mlx.dir/mlx/array.cpp.o
[INFO] [stderr]   cd /opt/rustwide/target/debug/build/safemlx-sys/93f01491a2ba0988/out/build/_deps/mlx-build && /usr/bin/c++ -DFMT_HEADER_ONLY=1 -DMLX_STATIC -I/opt/rustwide/target/debug/build/safemlx-sys/93f01491a2ba0988/out/build/_deps/json-src/single_include/nlohmann -I/opt/rustwide/target/debug/build/safemlx-sys/93f01491a2ba0988/out/build/_deps/mlx-427f983b2956844066ee3c996df4dbc8789fa6652bf3fd43945986cc85e69a24-src -I/opt/rustwide/target/debug/build/safemlx-sys/93f01491a2ba0988/out/build/_deps/fmt-src/include -ffunction-sections -fdata-sections -fPIC -m64 -w -g -std=gnu++20 -fPIC -fvisibility=hidden -fvisibility-inlines-hidden -Wno-psabi -MD -MT _deps/mlx-build/CMakeFiles/mlx.dir/mlx/array.cpp.o -MF CMakeFiles/mlx.dir/mlx/array.cpp.o.d -o CMakeFiles/mlx.dir/mlx/array.cpp.o -c /opt/rustwide/target/debug/build/safemlx-sys/93f01491a2ba0988/out/build/_deps/mlx-427f983b2956844066ee3c996df4dbc8789fa6652bf3fd43945986cc85e69a24-src/mlx/array.cpp
[INFO] [stderr]   [  3%] Building CXX object _deps/mlx-build/CMakeFiles/mlx.dir/mlx/dtype.cpp.o
[INFO] [stderr]   cd /opt/rustwide/target/debug/build/safemlx-sys/93f01491a2ba0988/out/build/_deps/mlx-build && /usr/bin/c++ -DFMT_HEADER_ONLY=1 -DMLX_STATIC -I/opt/rustwide/target/debug/build/safemlx-sys/93f01491a2ba0988/out/build/_deps/json-src/single_include/nlohmann -I/opt/rustwide/target/debug/build/safemlx-sys/93f01491a2ba0988/out/build/_deps/mlx-427f983b2956844066ee3c996df4dbc8789fa6652bf3fd43945986cc85e69a24-src -I/opt/rustwide/target/debug/build/safemlx-sys/93f01491a2ba0988/out/build/_deps/fmt-src/include -ffunction-sections -fdata-sections -fPIC -m64 -w -g -std=gnu++20 -fPIC -fvisibility=hidden -fvisibility-inlines-hidden -Wno-psabi -MD -MT _deps/mlx-build/CMakeFiles/mlx.dir/mlx/dtype.cpp.o -MF CMakeFiles/mlx.dir/mlx/dtype.cpp.o.d -o CMakeFiles/mlx.dir/mlx/dtype.cpp.o -c /opt/rustwide/target/debug/build/safemlx-sys/93f01491a2ba0988/out/build/_deps/mlx-427f983b2956844066ee3c996df4dbc8789fa6652bf3fd43945986cc85e69a24-src/mlx/dtype.cpp
[INFO] [stderr]   [  4%] Building CXX object _deps/mlx-build/CMakeFiles/mlx.dir/mlx/device.cpp.o
[INFO] [stderr]   [  4%] Building CXX object _deps/mlx-build/CMakeFiles/mlx.dir/mlx/compile.cpp.o
[INFO] [stderr]   [  5%] Building CXX object _deps/mlx-build/CMakeFiles/mlx.dir/mlx/export.cpp.o
[INFO] [stderr]   [  6%] Building CXX object _deps/mlx-build/CMakeFiles/mlx.dir/mlx/dtype_utils.cpp.o
[INFO] [stderr]   cd /opt/rustwide/target/debug/build/safemlx-sys/93f01491a2ba0988/out/build/_deps/mlx-build && /usr/bin/c++ -DFMT_HEADER_ONLY=1 -DMLX_STATIC -I/opt/rustwide/target/debug/build/safemlx-sys/93f01491a2ba0988/out/build/_deps/json-src/single_include/nlohmann -I/opt/rustwide/target/debug/build/safemlx-sys/93f01491a2ba0988/out/build/_deps/mlx-427f983b2956844066ee3c996df4dbc8789fa6652bf3fd43945986cc85e69a24-src -I/opt/rustwide/target/debug/build/safemlx-sys/93f01491a2ba0988/out/build/_deps/fmt-src/include -ffunction-sections -fdata-sections -fPIC -m64 -w -g -std=gnu++20 -fPIC -fvisibility=hidden -fvisibility-inlines-hidden -Wno-psabi -MD -MT _deps/mlx-build/CMakeFiles/mlx.dir/mlx/compile.cpp.o -MF CMakeFiles/mlx.dir/mlx/compile.cpp.o.d -o CMakeFiles/mlx.dir/mlx/compile.cpp.o -c /opt/rustwide/target/debug/build/safemlx-sys/93f01491a2ba0988/out/build/_deps/mlx-427f983b2956844066ee3c996df4dbc8789fa6652bf3fd43945986cc85e69a24-src/mlx/compile.cpp
[INFO] [stderr]   [  7%] Building CXX object _deps/mlx-build/CMakeFiles/mlx.dir/mlx/einsum.cpp.o
[INFO] [stderr]   cd /opt/rustwide/target/debug/build/safemlx-sys/93f01491a2ba0988/out/build/_deps/mlx-build && /usr/bin/c++ -DFMT_HEADER_ONLY=1 -DMLX_STATIC -I/opt/rustwide/target/debug/build/safemlx-sys/93f01491a2ba0988/out/build/_deps/json-src/single_include/nlohmann -I/opt/rustwide/target/debug/build/safemlx-sys/93f01491a2ba0988/out/build/_deps/mlx-427f983b2956844066ee3c996df4dbc8789fa6652bf3fd43945986cc85e69a24-src -I/opt/rustwide/target/debug/build/safemlx-sys/93f01491a2ba0988/out/build/_deps/fmt-src/include -ffunction-sections -fdata-sections -fPIC -m64 -w -g -std=gnu++20 -fPIC -fvisibility=hidden -fvisibility-inlines-hidden -Wno-psabi -MD -MT _deps/mlx-build/CMakeFiles/mlx.dir/mlx/device.cpp.o -MF CMakeFiles/mlx.dir/mlx/device.cpp.o.d -o CMakeFiles/mlx.dir/mlx/device.cpp.o -c /opt/rustwide/target/debug/build/safemlx-sys/93f01491a2ba0988/out/build/_deps/mlx-427f983b2956844066ee3c996df4dbc8789fa6652bf3fd43945986cc85e69a24-src/mlx/device.cpp
[INFO] [stderr]   cd /opt/rustwide/target/debug/build/safemlx-sys/93f01491a2ba0988/out/build/_deps/mlx-build && /usr/bin/c++ -DFMT_HEADER_ONLY=1 -DMLX_STATIC -I/opt/rustwide/target/debug/build/safemlx-sys/93f01491a2ba0988/out/build/_deps/json-src/single_include/nlohmann -I/opt/rustwide/target/debug/build/safemlx-sys/93f01491a2ba0988/out/build/_deps/mlx-427f983b2956844066ee3c996df4dbc8789fa6652bf3fd43945986cc85e69a24-src -I/opt/rustwide/target/debug/build/safemlx-sys/93f01491a2ba0988/out/build/_deps/fmt-src/include -ffunction-sections -fdata-sections -fPIC -m64 -w -g -std=gnu++20 -fPIC -fvisibility=hidden -fvisibility-inlines-hidden -Wno-psabi -MD -MT _deps/mlx-build/CMakeFiles/mlx.dir/mlx/export.cpp.o -MF CMakeFiles/mlx.dir/mlx/export.cpp.o.d -o CMakeFiles/mlx.dir/mlx/export.cpp.o -c /opt/rustwide/target/debug/build/safemlx-sys/93f01491a2ba0988/out/build/_deps/mlx-427f983b2956844066ee3c996df4dbc8789fa6652bf3fd43945986cc85e69a24-src/mlx/export.cpp
[INFO] [stderr]   cd /opt/rustwide/target/debug/build/safemlx-sys/93f01491a2ba0988/out/build/_deps/mlx-build && /usr/bin/c++ -DFMT_HEADER_ONLY=1 -DMLX_STATIC -I/opt/rustwide/target/debug/build/safemlx-sys/93f01491a2ba0988/out/build/_deps/json-src/single_include/nlohmann -I/opt/rustwide/target/debug/build/safemlx-sys/93f01491a2ba0988/out/build/_deps/mlx-427f983b2956844066ee3c996df4dbc8789fa6652bf3fd43945986cc85e69a24-src -I/opt/rustwide/target/debug/build/safemlx-sys/93f01491a2ba0988/out/build/_deps/fmt-src/include -ffunction-sections -fdata-sections -fPIC -m64 -w -g -std=gnu++20 -fPIC -fvisibility=hidden -fvisibility-inlines-hidden -Wno-psabi -MD -MT _deps/mlx-build/CMakeFiles/mlx.dir/mlx/einsum.cpp.o -MF CMakeFiles/mlx.dir/mlx/einsum.cpp.o.d -o CMakeFiles/mlx.dir/mlx/einsum.cpp.o -c /opt/rustwide/target/debug/build/safemlx-sys/93f01491a2ba0988/out/build/_deps/mlx-427f983b2956844066ee3c996df4dbc8789fa6652bf3fd43945986cc85e69a24-src/mlx/einsum.cpp
[INFO] [stderr]   cd /opt/rustwide/target/debug/build/safemlx-sys/93f01491a2ba0988/out/build/_deps/mlx-build && /usr/bin/c++ -DFMT_HEADER_ONLY=1 -DMLX_STATIC -I/opt/rustwide/target/debug/build/safemlx-sys/93f01491a2ba0988/out/build/_deps/json-src/single_include/nlohmann -I/opt/rustwide/target/debug/build/safemlx-sys/93f01491a2ba0988/out/build/_deps/mlx-427f983b2956844066ee3c996df4dbc8789fa6652bf3fd43945986cc85e69a24-src -I/opt/rustwide/target/debug/build/safemlx-sys/93f01491a2ba0988/out/build/_deps/fmt-src/include -ffunction-sections -fdata-sections -fPIC -m64 -w -g -std=gnu++20 -fPIC -fvisibility=hidden -fvisibility-inlines-hidden -Wno-psabi -MD -MT _deps/mlx-build/CMakeFiles/mlx.dir/mlx/dtype_utils.cpp.o -MF CMakeFiles/mlx.dir/mlx/dtype_utils.cpp.o.d -o CMakeFiles/mlx.dir/mlx/dtype_utils.cpp.o -c /opt/rustwide/target/debug/build/safemlx-sys/93f01491a2ba0988/out/build/_deps/mlx-427f983b2956844066ee3c996df4dbc8789fa6652bf3fd43945986cc85e69a24-src/mlx/dtype_utils.cpp
[INFO] [stderr]   [  7%] Building CXX object _deps/mlx-build/CMakeFiles/mlx.dir/mlx/fast.cpp.o
[INFO] [stderr]   cd /opt/rustwide/target/debug/build/safemlx-sys/93f01491a2ba0988/out/build/_deps/mlx-build && /usr/bin/c++ -DFMT_HEADER_ONLY=1 -DMLX_STATIC -I/opt/rustwide/target/debug/build/safemlx-sys/93f01491a2ba0988/out/build/_deps/json-src/single_include/nlohmann -I/opt/rustwide/target/debug/build/safemlx-sys/93f01491a2ba0988/out/build/_deps/mlx-427f983b2956844066ee3c996df4dbc8789fa6652bf3fd43945986cc85e69a24-src -I/opt/rustwide/target/debug/build/safemlx-sys/93f01491a2ba0988/out/build/_deps/fmt-src/include -ffunction-sections -fdata-sections -fPIC -m64 -w -g -std=gnu++20 -fPIC -fvisibility=hidden -fvisibility-inlines-hidden -Wno-psabi -MD -MT _deps/mlx-build/CMakeFiles/mlx.dir/mlx/fast.cpp.o -MF CMakeFiles/mlx.dir/mlx/fast.cpp.o.d -o CMakeFiles/mlx.dir/mlx/fast.cpp.o -c /opt/rustwide/target/debug/build/safemlx-sys/93f01491a2ba0988/out/build/_deps/mlx-427f983b2956844066ee3c996df4dbc8789fa6652bf3fd43945986cc85e69a24-src/mlx/fast.cpp
[INFO] [stderr]   [  8%] Building CXX object _deps/mlx-build/CMakeFiles/mlx.dir/mlx/fft.cpp.o
[INFO] [stderr]   cd /opt/rustwide/target/debug/build/safemlx-sys/93f01491a2ba0988/out/build/_deps/mlx-build && /usr/bin/c++ -DFMT_HEADER_ONLY=1 -DMLX_STATIC -I/opt/rustwide/target/debug/build/safemlx-sys/93f01491a2ba0988/out/build/_deps/json-src/single_include/nlohmann -I/opt/rustwide/target/debug/build/safemlx-sys/93f01491a2ba0988/out/build/_deps/mlx-427f983b2956844066ee3c996df4dbc8789fa6652bf3fd43945986cc85e69a24-src -I/opt/rustwide/target/debug/build/safemlx-sys/93f01491a2ba0988/out/build/_deps/fmt-src/include -ffunction-sections -fdata-sections -fPIC -m64 -w -g -std=gnu++20 -fPIC -fvisibility=hidden -fvisibility-inlines-hidden -Wno-psabi -MD -MT _deps/mlx-build/CMakeFiles/mlx.dir/mlx/fft.cpp.o -MF CMakeFiles/mlx.dir/mlx/fft.cpp.o.d -o CMakeFiles/mlx.dir/mlx/fft.cpp.o -c /opt/rustwide/target/debug/build/safemlx-sys/93f01491a2ba0988/out/build/_deps/mlx-427f983b2956844066ee3c996df4dbc8789fa6652bf3fd43945986cc85e69a24-src/mlx/fft.cpp
[INFO] [stderr]   [  9%] Building CXX object _deps/mlx-build/CMakeFiles/mlx.dir/mlx/ops.cpp.o
[INFO] [stderr]   cd /opt/rustwide/target/debug/build/safemlx-sys/93f01491a2ba0988/out/build/_deps/mlx-build && /usr/bin/c++ -DFMT_HEADER_ONLY=1 -DMLX_STATIC -I/opt/rustwide/target/debug/build/safemlx-sys/93f01491a2ba0988/out/build/_deps/json-src/single_include/nlohmann -I/opt/rustwide/target/debug/build/safemlx-sys/93f01491a2ba0988/out/build/_deps/mlx-427f983b2956844066ee3c996df4dbc8789fa6652bf3fd43945986cc85e69a24-src -I/opt/rustwide/target/debug/build/safemlx-sys/93f01491a2ba0988/out/build/_deps/fmt-src/include -ffunction-sections -fdata-sections -fPIC -m64 -w -g -std=gnu++20 -fPIC -fvisibility=hidden -fvisibility-inlines-hidden -Wno-psabi -MD -MT _deps/mlx-build/CMakeFiles/mlx.dir/mlx/ops.cpp.o -MF CMakeFiles/mlx.dir/mlx/ops.cpp.o.d -o CMakeFiles/mlx.dir/mlx/ops.cpp.o -c /opt/rustwide/target/debug/build/safemlx-sys/93f01491a2ba0988/out/build/_deps/mlx-427f983b2956844066ee3c996df4dbc8789fa6652bf3fd43945986cc85e69a24-src/mlx/ops.cpp
[INFO] [stderr]   [ 10%] Building CXX object _deps/mlx-build/CMakeFiles/mlx.dir/mlx/graph_utils.cpp.o
[INFO] [stderr]   cd /opt/rustwide/target/debug/build/safemlx-sys/93f01491a2ba0988/out/build/_deps/mlx-build && /usr/bin/c++ -DFMT_HEADER_ONLY=1 -DMLX_STATIC -I/opt/rustwide/target/debug/build/safemlx-sys/93f01491a2ba0988/out/build/_deps/json-src/single_include/nlohmann -I/opt/rustwide/target/debug/build/safemlx-sys/93f01491a2ba0988/out/build/_deps/mlx-427f983b2956844066ee3c996df4dbc8789fa6652bf3fd43945986cc85e69a24-src -I/opt/rustwide/target/debug/build/safemlx-sys/93f01491a2ba0988/out/build/_deps/fmt-src/include -ffunction-sections -fdata-sections -fPIC -m64 -w -g -std=gnu++20 -fPIC -fvisibility=hidden -fvisibility-inlines-hidden -Wno-psabi -MD -MT _deps/mlx-build/CMakeFiles/mlx.dir/mlx/graph_utils.cpp.o -MF CMakeFiles/mlx.dir/mlx/graph_utils.cpp.o.d -o CMakeFiles/mlx.dir/mlx/graph_utils.cpp.o -c /opt/rustwide/target/debug/build/safemlx-sys/93f01491a2ba0988/out/build/_deps/mlx-427f983b2956844066ee3c996df4dbc8789fa6652bf3fd43945986cc85e69a24-src/mlx/graph_utils.cpp
[INFO] [stderr]   gmake[2]: Leaving directory '/opt/rustwide/target/debug/build/safemlx-sys/93f01491a2ba0988/out/build'
[INFO] [stderr]   gmake[1]: Leaving directory '/opt/rustwide/target/debug/build/safemlx-sys/93f01491a2ba0988/out/build'
[INFO] [stderr] 
[INFO] [stderr] 
[INFO] [stderr]   --- stderr
[INFO] [stderr]   running: cd "/opt/rustwide/target/debug/build/safemlx-sys/93f01491a2ba0988/out/build" && CMAKE_PREFIX_PATH="" LC_ALL="C" "cmake" "-Wdev" "--debug-output" "/opt/rustwide/cargo-home/registry/src/index.crates.io-1949cf8c6b5b557f/safemlx-sys-0.2.3/src/mlx-c" "-B" "/opt/rustwide/target/debug/build/safemlx-sys/93f01491a2ba0988/out/build" "-DCMAKE_INSTALL_PREFIX=." "-DCMAKE_BUILD_TYPE=Debug" "-DBUILD_SHARED_LIBS=OFF" "-DMLX_C_BUILD_EXAMPLES=OFF" "-DMLX_BUILD_GGUF=OFF" "-DMLX_BUILD_METAL=OFF" "-DMLX_BUILD_ACCELERATE=OFF" "-DMLX_BUILD_CUDA=OFF" "-DCMAKE_C_FLAGS= -ffunction-sections -fdata-sections -fPIC -m64 -w" "-DCMAKE_C_COMPILER=/usr/bin/cc" "-DCMAKE_CXX_FLAGS= -ffunction-sections -fdata-sections -fPIC -m64 -w" "-DCMAKE_CXX_COMPILER=/usr/bin/c++" "-DCMAKE_ASM_FLAGS= -ffunction-sections -fdata-sections -fPIC -m64 -w" "-DCMAKE_ASM_COMPILER=/usr/bin/cc" "-DCMAKE_VERBOSE_MAKEFILE:BOOL=ON"
[INFO] [stderr]   CMake Warning (dev) at /usr/share/cmake-4.2/Modules/CMakeDetermineCompiler.cmake:128 (set):
[INFO] [stderr]     Policy CMP0126 is not set: set(CACHE) does not remove a normal variable of
[INFO] [stderr]     the same name.  Run "cmake --help-policy CMP0126" for policy details.  Use
[INFO] [stderr]     the cmake_policy command to set the policy and suppress this warning.
[INFO] [stderr] 
[INFO] [stderr]     For compatibility with older versions of CMake, normal variable
[INFO] [stderr]     "CMAKE_CXX_COMPILER" will be removed from the current scope.
[INFO] [stderr]   Call Stack (most recent call first):
[INFO] [stderr]     /usr/share/cmake-4.2/Modules/CMakeDetermineCXXCompiler.cmake:71 (_cmake_find_compiler_path)
[INFO] [stderr]     CMakeLists.txt:6 (project)
[INFO] [stderr]   This warning is for project developers.  Use -Wno-dev to suppress it.
[INFO] [stderr] 
[INFO] [stderr]      Called from: [3]	/opt/rustwide/cargo-home/registry/src/index.crates.io-1949cf8c6b5b557f/safemlx-sys-0.2.3/src/mlx-c/CMakeLists.txt
[INFO] [stderr]                   [2]	/usr/share/cmake-4.2/Modules/CMakeDetermineCXXCompiler.cmake
[INFO] [stderr]                   [1]	/usr/share/cmake-4.2/Modules/CMakeDetermineCompiler.cmake
[INFO] [stderr]   CMake Warning (dev) at /usr/share/cmake-4.2/Modules/CMakeDetermineCompiler.cmake:128 (set):
[INFO] [stderr]     Policy CMP0126 is not set: set(CACHE) does not remove a normal variable of
[INFO] [stderr]     the same name.  Run "cmake --help-policy CMP0126" for policy details.  Use
[INFO] [stderr]     the cmake_policy command to set the policy and suppress this warning.
[INFO] [stderr] 
[INFO] [stderr]     For compatibility with older versions of CMake, normal variable
[INFO] [stderr]     "CMAKE_C_COMPILER" will be removed from the current scope.
[INFO] [stderr]   Call Stack (most recent call first):
[INFO] [stderr]     /usr/share/cmake-4.2/Modules/CMakeDetermineCCompiler.cmake:67 (_cmake_find_compiler_path)
[INFO] [stderr]     CMakeLists.txt:6 (project)
[INFO] [stderr]   This warning is for project developers.  Use -Wno-dev to suppress it.
[INFO] [stderr] 
[INFO] [stderr]      Called from: [3]	/opt/rustwide/cargo-home/registry/src/index.crates.io-1949cf8c6b5b557f/safemlx-sys-0.2.3/src/mlx-c/CMakeLists.txt
[INFO] [stderr]                   [2]	/usr/share/cmake-4.2/Modules/CMakeDetermineCCompiler.cmake
[INFO] [stderr]                   [1]	/usr/share/cmake-4.2/Modules/CMakeDetermineCompiler.cmake
[INFO] [stderr]   CMake Warning (dev) at /usr/share/cmake-4.2/Modules/CMakeFindBinUtils.cmake:243 (find_program):
[INFO] [stderr]     Policy CMP0126 is not set: set(CACHE) does not remove a normal variable of
[INFO] [stderr]     the same name.  Run "cmake --help-policy CMP0126" for policy details.  Use
[INFO] [stderr]     the cmake_policy command to set the policy and suppress this warning.
[INFO] [stderr] 
[INFO] [stderr]     For compatibility with older versions of CMake, normal variable
[INFO] [stderr]     "CMAKE_TAPI" will be removed from the current scope.
[INFO] [stderr]   Call Stack (most recent call first):
[INFO] [stderr]     /usr/share/cmake-4.2/Modules/CMakeDetermineCCompiler.cmake:200 (include)
[INFO] [stderr]     CMakeLists.txt:6 (project)
[INFO] [stderr]   This warning is for project developers.  Use -Wno-dev to suppress it.
[INFO] [stderr] 
[INFO] [stderr]      Called from: [3]	/opt/rustwide/cargo-home/registry/src/index.crates.io-1949cf8c6b5b557f/safemlx-sys-0.2.3/src/mlx-c/CMakeLists.txt
[INFO] [stderr]                   [2]	/usr/share/cmake-4.2/Modules/CMakeDetermineCCompiler.cmake
[INFO] [stderr]                   [1]	/usr/share/cmake-4.2/Modules/CMakeFindBinUtils.cmake
[INFO] [stderr]      Entering             /opt/rustwide/target/debug/build/safemlx-sys/93f01491a2ba0988/out/build/_deps/mlx-427f983b2956844066ee3c996df4dbc8789fa6652bf3fd43945986cc85e69a24-src
[INFO] [stderr]      Called from: [3]	/opt/rustwide/cargo-home/registry/src/index.crates.io-1949cf8c6b5b557f/safemlx-sys-0.2.3/src/mlx-c/CMakeLists.txt
[INFO] [stderr]                   [2]	/usr/share/cmake-4.2/Modules/FetchContent.cmake
[INFO] [stderr]                   [1]	/usr/share/cmake-4.2/Modules/FetchContent.cmake
[INFO] [stderr]   CMake Warning (dev) at /opt/rustwide/target/debug/build/safemlx-sys/93f01491a2ba0988/out/build/_deps/mlx-427f983b2956844066ee3c996df4dbc8789fa6652bf3fd43945986cc85e69a24-src/CMakeLists.txt:4 (file):
[INFO] [stderr]     Policy CMP0159 is not set: file(STRINGS) with REGEX updates
[INFO] [stderr]     CMAKE_MATCH_<n>.  Run "cmake --help-policy CMP0159" for policy details.
[INFO] [stderr]     Use the cmake_policy command to set the policy and suppress this warning.
[INFO] [stderr] 
[INFO] [stderr]     For compatibility, CMake is leaving CMAKE_MATCH_<n> unchanged.
[INFO] [stderr]   This warning is for project developers.  Use -Wno-dev to suppress it.
[INFO] [stderr] 
[INFO] [stderr]      Called from: [1]	/opt/rustwide/target/debug/build/safemlx-sys/93f01491a2ba0988/out/build/_deps/mlx-427f983b2956844066ee3c996df4dbc8789fa6652bf3fd43945986cc85e69a24-src/CMakeLists.txt
[INFO] [stderr]      Entering             /opt/rustwide/target/debug/build/safemlx-sys/93f01491a2ba0988/out/build/_deps/json-src
[INFO] [stderr]      Called from: [3]	/opt/rustwide/target/debug/build/safemlx-sys/93f01491a2ba0988/out/build/_deps/mlx-427f983b2956844066ee3c996df4dbc8789fa6652bf3fd43945986cc85e69a24-src/CMakeLists.txt
[INFO] [stderr]                   [2]	/usr/share/cmake-4.2/Modules/FetchContent.cmake
[INFO] [stderr]                   [1]	/usr/share/cmake-4.2/Modules/FetchContent.cmake
[INFO] [stderr]      Returning to         /opt/rustwide/target/debug/build/safemlx-sys/93f01491a2ba0988/out/build/_deps/mlx-427f983b2956844066ee3c996df4dbc8789fa6652bf3fd43945986cc85e69a24-src
[INFO] [stderr]      Called from: [3]	/opt/rustwide/target/debug/build/safemlx-sys/93f01491a2ba0988/out/build/_deps/mlx-427f983b2956844066ee3c996df4dbc8789fa6652bf3fd43945986cc85e69a24-src/CMakeLists.txt
[INFO] [stderr]                   [2]	/usr/share/cmake-4.2/Modules/FetchContent.cmake
[INFO] [stderr]                   [1]	/usr/share/cmake-4.2/Modules/FetchContent.cmake
[INFO] [stderr]      Entering             /opt/rustwide/target/debug/build/safemlx-sys/93f01491a2ba0988/out/build/_deps/mlx-427f983b2956844066ee3c996df4dbc8789fa6652bf3fd43945986cc85e69a24-src/mlx
[INFO] [stderr]      Called from: [1]	/opt/rustwide/target/debug/build/safemlx-sys/93f01491a2ba0988/out/build/_deps/mlx-427f983b2956844066ee3c996df4dbc8789fa6652bf3fd43945986cc85e69a24-src/CMakeLists.txt
[INFO] [stderr]      Entering             /opt/rustwide/target/debug/build/safemlx-sys/93f01491a2ba0988/out/build/_deps/mlx-427f983b2956844066ee3c996df4dbc8789fa6652bf3fd43945986cc85e69a24-src/mlx/backend/common
[INFO] [stderr]      Called from: [1]	/opt/rustwide/target/debug/build/safemlx-sys/93f01491a2ba0988/out/build/_deps/mlx-427f983b2956844066ee3c996df4dbc8789fa6652bf3fd43945986cc85e69a24-src/mlx/CMakeLists.txt
[INFO] [stderr]      Returning to         /opt/rustwide/target/debug/build/safemlx-sys/93f01491a2ba0988/out/build/_deps/mlx-427f983b2956844066ee3c996df4dbc8789fa6652bf3fd43945986cc85e69a24-src/mlx
[INFO] [stderr]      Called from: [1]	/opt/rustwide/target/debug/build/safemlx-sys/93f01491a2ba0988/out/build/_deps/mlx-427f983b2956844066ee3c996df4dbc8789fa6652bf3fd43945986cc85e69a24-src/mlx/CMakeLists.txt
[INFO] [stderr]      Entering             /opt/rustwide/target/debug/build/safemlx-sys/93f01491a2ba0988/out/build/_deps/mlx-427f983b2956844066ee3c996df4dbc8789fa6652bf3fd43945986cc85e69a24-src/mlx/backend/cpu
[INFO] [stderr]      Called from: [1]	/opt/rustwide/target/debug/build/safemlx-sys/93f01491a2ba0988/out/build/_deps/mlx-427f983b2956844066ee3c996df4dbc8789fa6652bf3fd43945986cc85e69a24-src/mlx/CMakeLists.txt
[INFO] [stderr]      Returning to         /opt/rustwide/target/debug/build/safemlx-sys/93f01491a2ba0988/out/build/_deps/mlx-427f983b2956844066ee3c996df4dbc8789fa6652bf3fd43945986cc85e69a24-src/mlx
[INFO] [stderr]      Called from: [1]	/opt/rustwide/target/debug/build/safemlx-sys/93f01491a2ba0988/out/build/_deps/mlx-427f983b2956844066ee3c996df4dbc8789fa6652bf3fd43945986cc85e69a24-src/mlx/CMakeLists.txt
[INFO] [stderr]      Entering             /opt/rustwide/target/debug/build/safemlx-sys/93f01491a2ba0988/out/build/_deps/mlx-427f983b2956844066ee3c996df4dbc8789fa6652bf3fd43945986cc85e69a24-src/mlx/distributed
[INFO] [stderr]      Called from: [1]	/opt/rustwide/target/debug/build/safemlx-sys/93f01491a2ba0988/out/build/_deps/mlx-427f983b2956844066ee3c996df4dbc8789fa6652bf3fd43945986cc85e69a24-src/mlx/CMakeLists.txt
[INFO] [stderr]      Entering             /opt/rustwide/target/debug/build/safemlx-sys/93f01491a2ba0988/out/build/_deps/mlx-427f983b2956844066ee3c996df4dbc8789fa6652bf3fd43945986cc85e69a24-src/mlx/distributed/mpi
[INFO] [stderr]      Called from: [1]	/opt/rustwide/target/debug/build/safemlx-sys/93f01491a2ba0988/out/build/_deps/mlx-427f983b2956844066ee3c996df4dbc8789fa6652bf3fd43945986cc85e69a24-src/mlx/distributed/CMakeLists.txt
[INFO] [stderr]      Returning to         /opt/rustwide/target/debug/build/safemlx-sys/93f01491a2ba0988/out/build/_deps/mlx-427f983b2956844066ee3c996df4dbc8789fa6652bf3fd43945986cc85e69a24-src/mlx/distributed
[INFO] [stderr]      Called from: [1]	/opt/rustwide/target/debug/build/safemlx-sys/93f01491a2ba0988/out/build/_deps/mlx-427f983b2956844066ee3c996df4dbc8789fa6652bf3fd43945986cc85e69a24-src/mlx/distributed/CMakeLists.txt
[INFO] [stderr]      Entering             /opt/rustwide/target/debug/build/safemlx-sys/93f01491a2ba0988/out/build/_deps/mlx-427f983b2956844066ee3c996df4dbc8789fa6652bf3fd43945986cc85e69a24-src/mlx/distributed/ring
[INFO] [stderr]      Called from: [1]	/opt/rustwide/target/debug/build/safemlx-sys/93f01491a2ba0988/out/build/_deps/mlx-427f983b2956844066ee3c996df4dbc8789fa6652bf3fd43945986cc85e69a24-src/mlx/distributed/CMakeLists.txt
[INFO] [stderr]      Returning to         /opt/rustwide/target/debug/build/safemlx-sys/93f01491a2ba0988/out/build/_deps/mlx-427f983b2956844066ee3c996df4dbc8789fa6652bf3fd43945986cc85e69a24-src/mlx/distributed
[INFO] [stderr]      Called from: [1]	/opt/rustwide/target/debug/build/safemlx-sys/93f01491a2ba0988/out/build/_deps/mlx-427f983b2956844066ee3c996df4dbc8789fa6652bf3fd43945986cc85e69a24-src/mlx/distributed/CMakeLists.txt
[INFO] [stderr]      Entering             /opt/rustwide/target/debug/build/safemlx-sys/93f01491a2ba0988/out/build/_deps/mlx-427f983b2956844066ee3c996df4dbc8789fa6652bf3fd43945986cc85e69a24-src/mlx/distributed/nccl
[INFO] [stderr]      Called from: [1]	/opt/rustwide/target/debug/build/safemlx-sys/93f01491a2ba0988/out/build/_deps/mlx-427f983b2956844066ee3c996df4dbc8789fa6652bf3fd43945986cc85e69a24-src/mlx/distributed/CMakeLists.txt
[INFO] [stderr]      Returning to         /opt/rustwide/target/debug/build/safemlx-sys/93f01491a2ba0988/out/build/_deps/mlx-427f983b2956844066ee3c996df4dbc8789fa6652bf3fd43945986cc85e69a24-src/mlx/distributed
[INFO] [stderr]      Called from: [1]	/opt/rustwide/target/debug/build/safemlx-sys/93f01491a2ba0988/out/build/_deps/mlx-427f983b2956844066ee3c996df4dbc8789fa6652bf3fd43945986cc85e69a24-src/mlx/distributed/CMakeLists.txt
[INFO] [stderr]      Entering             /opt/rustwide/target/debug/build/safemlx-sys/93f01491a2ba0988/out/build/_deps/mlx-427f983b2956844066ee3c996df4dbc8789fa6652bf3fd43945986cc85e69a24-src/mlx/distributed/jaccl
[INFO] [stderr]      Called from: [1]	/opt/rustwide/target/debug/build/safemlx-sys/93f01491a2ba0988/out/build/_deps/mlx-427f983b2956844066ee3c996df4dbc8789fa6652bf3fd43945986cc85e69a24-src/mlx/distributed/CMakeLists.txt
[INFO] [stderr]      Returning to         /opt/rustwide/target/debug/build/safemlx-sys/93f01491a2ba0988/out/build/_deps/mlx-427f983b2956844066ee3c996df4dbc8789fa6652bf3fd43945986cc85e69a24-src/mlx/distributed
[INFO] [stderr]      Called from: [1]	/opt/rustwide/target/debug/build/safemlx-sys/93f01491a2ba0988/out/build/_deps/mlx-427f983b2956844066ee3c996df4dbc8789fa6652bf3fd43945986cc85e69a24-src/mlx/distributed/CMakeLists.txt
[INFO] [stderr]      Returning to         /opt/rustwide/target/debug/build/safemlx-sys/93f01491a2ba0988/out/build/_deps/mlx-427f983b2956844066ee3c996df4dbc8789fa6652bf3fd43945986cc85e69a24-src/mlx
[INFO] [stderr]      Called from: [1]	/opt/rustwide/target/debug/build/safemlx-sys/93f01491a2ba0988/out/build/_deps/mlx-427f983b2956844066ee3c996df4dbc8789fa6652bf3fd43945986cc85e69a24-src/mlx/CMakeLists.txt
[INFO] [stderr]      Entering             /opt/rustwide/target/debug/build/safemlx-sys/93f01491a2ba0988/out/build/_deps/mlx-427f983b2956844066ee3c996df4dbc8789fa6652bf3fd43945986cc85e69a24-src/mlx/io
[INFO] [stderr]      Called from: [1]	/opt/rustwide/target/debug/build/safemlx-sys/93f01491a2ba0988/out/build/_deps/mlx-427f983b2956844066ee3c996df4dbc8789fa6652bf3fd43945986cc85e69a24-src/mlx/CMakeLists.txt
[INFO] [stderr]      Returning to         /opt/rustwide/target/debug/build/safemlx-sys/93f01491a2ba0988/out/build/_deps/mlx-427f983b2956844066ee3c996df4dbc8789fa6652bf3fd43945986cc85e69a24-src/mlx
[INFO] [stderr]      Called from: [1]	/opt/rustwide/target/debug/build/safemlx-sys/93f01491a2ba0988/out/build/_deps/mlx-427f983b2956844066ee3c996df4dbc8789fa6652bf3fd43945986cc85e69a24-src/mlx/CMakeLists.txt
[INFO] [stderr]      Entering             /opt/rustwide/target/debug/build/safemlx-sys/93f01491a2ba0988/out/build/_deps/mlx-427f983b2956844066ee3c996df4dbc8789fa6652bf3fd43945986cc85e69a24-src/mlx/backend/no_gpu
[INFO] [stderr]      Called from: [1]	/opt/rustwide/target/debug/build/safemlx-sys/93f01491a2ba0988/out/build/_deps/mlx-427f983b2956844066ee3c996df4dbc8789fa6652bf3fd43945986cc85e69a24-src/mlx/CMakeLists.txt
[INFO] [stderr]      Returning to         /opt/rustwide/target/debug/build/safemlx-sys/93f01491a2ba0988/out/build/_deps/mlx-427f983b2956844066ee3c996df4dbc8789fa6652bf3fd43945986cc85e69a24-src/mlx
[INFO] [stderr]      Called from: [1]	/opt/rustwide/target/debug/build/safemlx-sys/93f01491a2ba0988/out/build/_deps/mlx-427f983b2956844066ee3c996df4dbc8789fa6652bf3fd43945986cc85e69a24-src/mlx/CMakeLists.txt
[INFO] [stderr]      Returning to         /opt/rustwide/target/debug/build/safemlx-sys/93f01491a2ba0988/out/build/_deps/mlx-427f983b2956844066ee3c996df4dbc8789fa6652bf3fd43945986cc85e69a24-src
[INFO] [stderr]      Called from: [1]	/opt/rustwide/target/debug/build/safemlx-sys/93f01491a2ba0988/out/build/_deps/mlx-427f983b2956844066ee3c996df4dbc8789fa6652bf3fd43945986cc85e69a24-src/CMakeLists.txt
[INFO] [stderr]      Entering             /opt/rustwide/target/debug/build/safemlx-sys/93f01491a2ba0988/out/build/_deps/fmt-src
[INFO] [stderr]      Called from: [3]	/opt/rustwide/target/debug/build/safemlx-sys/93f01491a2ba0988/out/build/_deps/mlx-427f983b2956844066ee3c996df4dbc8789fa6652bf3fd43945986cc85e69a24-src/CMakeLists.txt
[INFO] [stderr]                   [2]	/usr/share/cmake-4.2/Modules/FetchContent.cmake
[INFO] [stderr]                   [1]	/usr/share/cmake-4.2/Modules/FetchContent.cmake
[INFO] [stderr]      Returning to         /opt/rustwide/target/debug/build/safemlx-sys/93f01491a2ba0988/out/build/_deps/mlx-427f983b2956844066ee3c996df4dbc8789fa6652bf3fd43945986cc85e69a24-src
[INFO] [stderr]      Called from: [3]	/opt/rustwide/target/debug/build/safemlx-sys/93f01491a2ba0988/out/build/_deps/mlx-427f983b2956844066ee3c996df4dbc8789fa6652bf3fd43945986cc85e69a24-src/CMakeLists.txt
[INFO] [stderr]                   [2]	/usr/share/cmake-4.2/Modules/FetchContent.cmake
[INFO] [stderr]                   [1]	/usr/share/cmake-4.2/Modules/FetchContent.cmake
[INFO] [stderr]      Returning to         /opt/rustwide/cargo-home/registry/src/index.crates.io-1949cf8c6b5b557f/safemlx-sys-0.2.3/src/mlx-c
[INFO] [stderr]      Called from: [3]	/opt/rustwide/cargo-home/registry/src/index.crates.io-1949cf8c6b5b557f/safemlx-sys-0.2.3/src/mlx-c/CMakeLists.txt
[INFO] [stderr]                   [2]	/usr/share/cmake-4.2/Modules/FetchContent.cmake
[INFO] [stderr]                   [1]	/usr/share/cmake-4.2/Modules/FetchContent.cmake
[INFO] [stderr]   CMake Warning (dev) at CMakeLists.txt:180 (add_library):
[INFO] [stderr]     Policy CMP0156 is not set: De-duplicate libraries on link lines based on
[INFO] [stderr]     linker capabilities.  Run "cmake --help-policy CMP0156" for policy details.
[INFO] [stderr]     Use the cmake_policy command to set the policy and suppress this warning.
[INFO] [stderr] 
[INFO] [stderr]     Since the policy is not set, legacy libraries de-duplication strategy will
[INFO] [stderr]     be applied.
[INFO] [stderr]   This warning is for project developers.  Use -Wno-dev to suppress it.
[INFO] [stderr] 
[INFO] [stderr]      Called from: [1]	/opt/rustwide/cargo-home/registry/src/index.crates.io-1949cf8c6b5b557f/safemlx-sys-0.2.3/src/mlx-c/CMakeLists.txt
[INFO] [stderr]   CMake Warning (dev) at /opt/rustwide/target/debug/build/safemlx-sys/93f01491a2ba0988/out/build/_deps/mlx-427f983b2956844066ee3c996df4dbc8789fa6652bf3fd43945986cc85e69a24-src/CMakeLists.txt:153 (add_library):
[INFO] [stderr]     Policy CMP0156 is not set: De-duplicate libraries on link lines based on
[INFO] [stderr]     linker capabilities.  Run "cmake --help-policy CMP0156" for policy details.
[INFO] [stderr]     Use the cmake_policy command to set the policy and suppress this warning.
[INFO] [stderr] 
[INFO] [stderr]     Since the policy is not set, legacy libraries de-duplication strategy will
[INFO] [stderr]     be applied.
[INFO] [stderr]   This warning is for project developers.  Use -Wno-dev to suppress it.
[INFO] [stderr] 
[INFO] [stderr]      Called from: [1]	/opt/rustwide/target/debug/build/safemlx-sys/93f01491a2ba0988/out/build/_deps/mlx-427f983b2956844066ee3c996df4dbc8789fa6652bf3fd43945986cc85e69a24-src/CMakeLists.txt
[INFO] [stderr]   CMake Warning (dev) at /opt/rustwide/target/debug/build/safemlx-sys/93f01491a2ba0988/out/build/_deps/mlx-427f983b2956844066ee3c996df4dbc8789fa6652bf3fd43945986cc85e69a24-src/mlx/CMakeLists.txt:27 (add_library):
[INFO] [stderr]     Policy CMP0156 is not set: De-duplicate libraries on link lines based on
[INFO] [stderr]     linker capabilities.  Run "cmake --help-policy CMP0156" for policy details.
[INFO] [stderr]     Use the cmake_policy command to set the policy and suppress this warning.
[INFO] [stderr] 
[INFO] [stderr]     Since the policy is not set, legacy libraries de-duplication strategy will
[INFO] [stderr]     be applied.
[INFO] [stderr]   This warning is for project developers.  Use -Wno-dev to suppress it.
[INFO] [stderr] 
[INFO] [stderr]      Called from: [1]	/opt/rustwide/target/debug/build/safemlx-sys/93f01491a2ba0988/out/build/_deps/mlx-427f983b2956844066ee3c996df4dbc8789fa6652bf3fd43945986cc85e69a24-src/mlx/CMakeLists.txt
[INFO] [stderr]   CMake Warning (dev) at /opt/rustwide/target/debug/build/safemlx-sys/93f01491a2ba0988/out/build/_deps/fmt-src/CMakeLists.txt:61 (add_library):
[INFO] [stderr]     Policy CMP0156 is not set: De-duplicate libraries on link lines based on
[INFO] [stderr]     linker capabilities.  Run "cmake --help-policy CMP0156" for policy details.
[INFO] [stderr]     Use the cmake_policy command to set the policy and suppress this warning.
[INFO] [stderr] 
[INFO] [stderr]     Since the policy is not set, legacy libraries de-duplication strategy will
[INFO] [stderr]     be applied.
[INFO] [stderr]   Call Stack (most recent call first):
[INFO] [stderr]     /opt/rustwide/target/debug/build/safemlx-sys/93f01491a2ba0988/out/build/_deps/fmt-src/CMakeLists.txt:306 (add_module_library)
[INFO] [stderr]   This warning is for project developers.  Use -Wno-dev to suppress it.
[INFO] [stderr] 
[INFO] [stderr]      Called from: [1]	/opt/rustwide/target/debug/build/safemlx-sys/93f01491a2ba0988/out/build/_deps/fmt-src/CMakeLists.txt
[INFO] [stderr]   CMake Warning:
[INFO] [stderr]     Manually-specified variables were not used by the project:
[INFO] [stderr] 
[INFO] [stderr]       CMAKE_ASM_COMPILER
[INFO] [stderr]       CMAKE_ASM_FLAGS
[INFO] [stderr] 
[INFO] [stderr] 
[INFO] [stderr]   running: cd "/opt/rustwide/target/debug/build/safemlx-sys/93f01491a2ba0988/out/build" && LC_ALL="C" MAKEFLAGS="-j --jobserver-fds=4,5 --jobserver-auth=4,5" "cmake" "--build" "/opt/rustwide/target/debug/build/safemlx-sys/93f01491a2ba0988/out/build" "--target" "install" "--config" "Debug"
[INFO] [stderr]   c++: fatal error: Killed signal terminated program cc1plus
[INFO] [stderr]   compilation terminated.
[INFO] [stderr]   gmake[2]: *** [_deps/mlx-build/CMakeFiles/mlx.dir/build.make:152: _deps/mlx-build/CMakeFiles/mlx.dir/mlx/export.cpp.o] Error 1
[INFO] [stderr]   gmake[2]: *** Waiting for unfinished jobs....
[INFO] [stderr]   c++: fatal error: Killed signal terminated program cc1plus
[INFO] [stderr]   compilation terminated.
[INFO] [stderr]   gmake[2]: *** [_deps/mlx-build/CMakeFiles/mlx.dir/build.make:180: _deps/mlx-build/CMakeFiles/mlx.dir/mlx/fast.cpp.o] Error 1
[INFO] [stderr]   c++: fatal error: Killed signal terminated program cc1plus
[INFO] [stderr]   compilation terminated.
[INFO] [stderr]   gmake[2]: *** [_deps/mlx-build/CMakeFiles/mlx.dir/build.make:82: _deps/mlx-build/CMakeFiles/mlx.dir/mlx/array.cpp.o] Error 1
[INFO] [stderr]   gmake[1]: *** [CMakeFiles/Makefile2:413: _deps/mlx-build/CMakeFiles/mlx.dir/all] Error 2
[INFO] [stderr]   gmake: *** [Makefile:139: all] Error 2
[INFO] [stderr] 
[INFO] [stderr]   thread 'main' (239) panicked at /opt/rustwide/cargo-home/registry/src/index.crates.io-1949cf8c6b5b557f/cmake-0.1.58/src/lib.rs:1132:5:
[INFO] [stderr] 
[INFO] [stderr]   command did not execute successfully, got: exit status: 2
[INFO] [stderr] 
[INFO] [stderr]   build script failed, must exit now
[INFO] [stderr]   stack backtrace:
[INFO] [stderr]      0:     0x5bc7b7196fb1 - std[617be2ca0a6fd877]::backtrace_rs::backtrace::libunwind::trace
[INFO] [stderr]                                  at /rustc/e3feeb59cd1bdd011a2bfcc0747b55125d9b8527/library/std/src/../../backtrace/src/backtrace/libunwind.rs:117:9
[INFO] [stderr]      1:     0x5bc7b7196fb1 - std[617be2ca0a6fd877]::backtrace_rs::backtrace::trace_unsynchronized::<std[617be2ca0a6fd877]::sys::backtrace::_print_fmt::{closure#1}>
[INFO] [stderr]                                  at /rustc/e3feeb59cd1bdd011a2bfcc0747b55125d9b8527/library/std/src/../../backtrace/src/backtrace/mod.rs:66:14
[INFO] [stderr]      2:     0x5bc7b7196fb1 - std[617be2ca0a6fd877]::sys::backtrace::_print_fmt
[INFO] [stderr]                                  at /rustc/e3feeb59cd1bdd011a2bfcc0747b55125d9b8527/library/std/src/sys/backtrace.rs:74:9
[INFO] [stderr]      3:     0x5bc7b7196fb1 - <<std[617be2ca0a6fd877]::sys::backtrace::BacktraceLock>::print::DisplayBacktrace as core[a373ad73a504971]::fmt::Display>::fmt
[INFO] [stderr]                                  at /rustc/e3feeb59cd1bdd011a2bfcc0747b55125d9b8527/library/std/src/sys/backtrace.rs:44:26
[INFO] [stderr]      4:     0x5bc7b71aafba - <core[a373ad73a504971]::fmt::rt::Argument>::fmt
[INFO] [stderr]                                  at /rustc/e3feeb59cd1bdd011a2bfcc0747b55125d9b8527/library/core/src/fmt/rt.rs:152:76
[INFO] [stderr]      5:     0x5bc7b71aafba - core[a373ad73a504971]::fmt::write
[INFO] [stderr]      6:     0x5bc7b719c80c - core[a373ad73a504971]::io::write::default_write_fmt::<std[617be2ca0a6fd877]::sys::stdio::unix::Stderr>
[INFO] [stderr]                                  at /rustc/e3feeb59cd1bdd011a2bfcc0747b55125d9b8527/library/core/src/io/write.rs:402:11
[INFO] [stderr]      7:     0x5bc7b719c80c - <std[617be2ca0a6fd877]::sys::stdio::unix::Stderr as core[a373ad73a504971]::io::write::Write>::write_fmt
[INFO] [stderr]                                  at /rustc/e3feeb59cd1bdd011a2bfcc0747b55125d9b8527/library/core/src/io/write.rs:335:13
[INFO] [stderr]      8:     0x5bc7b7174a26 - <std[617be2ca0a6fd877]::sys::backtrace::BacktraceLock>::print
[INFO] [stderr]                                  at /rustc/e3feeb59cd1bdd011a2bfcc0747b55125d9b8527/library/std/src/sys/backtrace.rs:47:9
[INFO] [stderr]      9:     0x5bc7b7174a26 - std[617be2ca0a6fd877]::panicking::default_hook::{closure#0}
[INFO] [stderr]                                  at /rustc/e3feeb59cd1bdd011a2bfcc0747b55125d9b8527/library/std/src/panicking.rs:289:27
[INFO] [stderr]     10:     0x5bc7b7190b01 - std[617be2ca0a6fd877]::panicking::default_hook
[INFO] [stderr]                                  at /rustc/e3feeb59cd1bdd011a2bfcc0747b55125d9b8527/library/std/src/panicking.rs:316:9
[INFO] [stderr]     11:     0x5bc7b7190cbb - std[617be2ca0a6fd877]::panicking::panic_with_hook
[INFO] [stderr]                                  at /rustc/e3feeb59cd1bdd011a2bfcc0747b55125d9b8527/library/std/src/panicking.rs:811:13
[INFO] [stderr]     12:     0x5bc7b7174ad2 - std[617be2ca0a6fd877]::panicking::panic_handler::{closure#0}
[INFO] [stderr]                                  at /rustc/e3feeb59cd1bdd011a2bfcc0747b55125d9b8527/library/std/src/panicking.rs:685:13
[INFO] [stderr]     13:     0x5bc7b716d519 - std[617be2ca0a6fd877]::sys::backtrace::__rust_end_short_backtrace::<std[617be2ca0a6fd877]::panicking::panic_handler::{closure#0}, !>
[INFO] [stderr]                                  at /rustc/e3feeb59cd1bdd011a2bfcc0747b55125d9b8527/library/std/src/sys/backtrace.rs:182:18
[INFO] [stderr]     14:     0x5bc7b717535d - __rustc[ea4f61d10b84890b]::rust_begin_unwind
[INFO] [stderr]                                  at /rustc/e3feeb59cd1bdd011a2bfcc0747b55125d9b8527/library/std/src/panicking.rs:676:5
[INFO] [stderr]     15:     0x5bc7b71ab7ac - core[a373ad73a504971]::panicking::panic_fmt
[INFO] [stderr]                                  at /rustc/e3feeb59cd1bdd011a2bfcc0747b55125d9b8527/library/core/src/panicking.rs:80:14
[INFO] [stderr]     16:     0x5bc7b70fd917 - cmake[96137faac1bfb6c]::fail
[INFO] [stderr]     17:     0x5bc7b70fd5a3 - cmake[96137faac1bfb6c]::run
[INFO] [stderr]     18:     0x5bc7b7103595 - <cmake[96137faac1bfb6c]::Config>::build
[INFO] [stderr]     19:     0x5bc7b70e9c82 - build_script_build[9f4502e832994e07]::build_and_link_mlx_c
[INFO] [stderr]     20:     0x5bc7b70ec2c4 - build_script_build[9f4502e832994e07]::main
[INFO] [stderr]     21:     0x5bc7b70effe3 - <fn() as core[a373ad73a504971]::ops::function::FnOnce<()>>::call_once
[INFO] [stderr]     22:     0x5bc7b70e6cce - std[617be2ca0a6fd877]::sys::backtrace::__rust_begin_short_backtrace::<fn(), ()>
[INFO] [stderr]     23:     0x5bc7b70e74a9 - std[617be2ca0a6fd877]::rt::lang_start::<()>::{closure#0}
[INFO] [stderr]     24:     0x5bc7b718fe08 - <&dyn core[a373ad73a504971]::ops::function::Fn<(), Output = i32> + core[a373ad73a504971]::marker::Sync + core[a373ad73a504971]::panic::unwind_safe::RefUnwindSafe as core[a373ad73a504971]::ops::function::FnOnce<()>>::call_once
[INFO] [stderr]                                  at /rustc/e3feeb59cd1bdd011a2bfcc0747b55125d9b8527/library/core/src/ops/function.rs:287:21
[INFO] [stderr]     25:     0x5bc7b718fe08 - std[617be2ca0a6fd877]::panicking::catch_unwind::do_call::<&dyn core[a373ad73a504971]::ops::function::Fn<(), Output = i32> + core[a373ad73a504971]::marker::Sync + core[a373ad73a504971]::panic::unwind_safe::RefUnwindSafe, i32>
[INFO] [stderr]                                  at /rustc/e3feeb59cd1bdd011a2bfcc0747b55125d9b8527/library/std/src/panicking.rs:573:43
[INFO] [stderr]     26:     0x5bc7b718fe08 - std[617be2ca0a6fd877]::panicking::catch_unwind::<i32, &dyn core[a373ad73a504971]::ops::function::Fn<(), Output = i32> + core[a373ad73a504971]::marker::Sync + core[a373ad73a504971]::panic::unwind_safe::RefUnwindSafe>
[INFO] [stderr]                                  at /rustc/e3feeb59cd1bdd011a2bfcc0747b55125d9b8527/library/std/src/panicking.rs:541:19
[INFO] [stderr]     27:     0x5bc7b718fe08 - std[617be2ca0a6fd877]::panic::catch_unwind::<&dyn core[a373ad73a504971]::ops::function::Fn<(), Output = i32> + core[a373ad73a504971]::marker::Sync + core[a373ad73a504971]::panic::unwind_safe::RefUnwindSafe, i32>
[INFO] [stderr]                                  at /rustc/e3feeb59cd1bdd011a2bfcc0747b55125d9b8527/library/std/src/panic.rs:359:14
[INFO] [stderr]     28:     0x5bc7b718fe08 - std[617be2ca0a6fd877]::rt::lang_start_internal::{closure#0}
[INFO] [stderr]                                  at /rustc/e3feeb59cd1bdd011a2bfcc0747b55125d9b8527/library/std/src/rt.rs:175:24
[INFO] [stderr]     29:     0x5bc7b718fe08 - std[617be2ca0a6fd877]::panicking::catch_unwind::do_call::<std[617be2ca0a6fd877]::rt::lang_start_internal::{closure#0}, isize>
[INFO] [stderr]                                  at /rustc/e3feeb59cd1bdd011a2bfcc0747b55125d9b8527/library/std/src/panicking.rs:573:43
[INFO] [stderr]     30:     0x5bc7b718fe08 - std[617be2ca0a6fd877]::panicking::catch_unwind::<isize, std[617be2ca0a6fd877]::rt::lang_start_internal::{closure#0}>
[INFO] [stderr]                                  at /rustc/e3feeb59cd1bdd011a2bfcc0747b55125d9b8527/library/std/src/panicking.rs:541:19
[INFO] [stderr]     31:     0x5bc7b718fe08 - std[617be2ca0a6fd877]::panic::catch_unwind::<std[617be2ca0a6fd877]::rt::lang_start_internal::{closure#0}, isize>
[INFO] [stderr]                                  at /rustc/e3feeb59cd1bdd011a2bfcc0747b55125d9b8527/library/std/src/panic.rs:359:14
[INFO] [stderr]     32:     0x5bc7b718fe08 - std[617be2ca0a6fd877]::rt::lang_start_internal
[INFO] [stderr]                                  at /rustc/e3feeb59cd1bdd011a2bfcc0747b55125d9b8527/library/std/src/rt.rs:171:5
[INFO] [stderr]     33:     0x5bc7b70e6581 - std[617be2ca0a6fd877]::rt::lang_start::<()>
[INFO] [stderr]     34:     0x5bc7b70f0175 - main
[INFO] [stderr]     35:     0x76cbf1294601 - <unknown>
[INFO] [stderr]     36:     0x76cbf1294718 - __libc_start_main
[INFO] [stderr]     37:     0x5bc7b70e2fe5 - _start
[INFO] [stderr]     38:                0x0 - <unknown>
[INFO] running `Command { std: "docker" "inspect" "47202fd8eccf27f70561835a012afd121ef00628ba4a600d6047f211af2d6fe1", kill_on_drop: false }`
[INFO] running `Command { std: "docker" "rm" "-f" "47202fd8eccf27f70561835a012afd121ef00628ba4a600d6047f211af2d6fe1", kill_on_drop: false }`
[INFO] [stdout] 47202fd8eccf27f70561835a012afd121ef00628ba4a600d6047f211af2d6fe1
