[INFO] fetching crate safecoin-storage-proto 1.6.18...
[INFO] testing safecoin-storage-proto-1.6.18 against 1.100.0-beta.1 for beta-1.100-2
[INFO] extracting crate safecoin-storage-proto 1.6.18 into /workspace/builds/worker-0-tc2/source
[INFO] started tweaking crates.io crate safecoin-storage-proto 1.6.18
[INFO] finished tweaking crates.io crate safecoin-storage-proto 1.6.18
[INFO] tweaked toml for crates.io crate safecoin-storage-proto 1.6.18 written to /workspace/builds/worker-0-tc2/source/Cargo.toml
[INFO] validating manifest of crates.io crate safecoin-storage-proto 1.6.18 on toolchain 1.100.0-beta.1
[INFO] running `Command { std: CARGO_HOME="/workspace/cargo-home" RUSTUP_HOME="/workspace/rustup-home" "/workspace/cargo-home/bin/cargo" "+1.100.0-beta.1" "metadata" "--manifest-path" "Cargo.toml" "--no-deps", kill_on_drop: false }`
[INFO] running `Command { std: CARGO_HOME="/workspace/cargo-home" RUSTUP_HOME="/workspace/rustup-home" "/workspace/cargo-home/bin/cargo" "+1.100.0-beta.1" "generate-lockfile" "--manifest-path" "Cargo.toml", kill_on_drop: false }`
[INFO] [stderr]     Updating crates.io index
[INFO] [stderr]      Locking 386 packages to highest compatible versions
[INFO] [stderr]       Adding bincode v1.3.3 (available: v3.0.0)
[INFO] [stderr]       Adding bs58 v0.3.1 (available: v0.5.1)
[INFO] [stderr]       Adding crypto-common v0.1.6 (available: v0.1.7)
[INFO] [stderr]       Adding prost v0.8.0 (available: v0.14.4)
[INFO] [stderr]       Adding safe-associated-token-account v1.0.11 (available: v1.1.2)
[INFO] [stderr]       Adding safecoin-account-decoder v1.6.20 (available: v1.14.17)
[INFO] [stderr]       Adding safecoin-runtime v1.6.19 (available: v1.14.17)
[INFO] [stderr]       Adding safecoin-secp256k1-program v1.6.19 (available: v1.8.12)
[INFO] [stderr]       Adding safecoin-transaction-status v1.6.19 (available: v1.14.17)
[INFO] [stderr]       Adding tonic-build v0.5.2 (available: v0.14.6)
[INFO] [stderr]       Adding zeroize v1.3.0 (available: v1.9.1)
[INFO] [stderr]       Adding zstd-sys v1.4.18+zstd.1.4.7 (available: v1.6.3+zstd.1.5.2)
[INFO] running `Command { std: CARGO_HOME="/workspace/cargo-home" RUSTUP_HOME="/workspace/rustup-home" "/workspace/cargo-home/bin/cargo" "+1.100.0-beta.1" "fetch" "--manifest-path" "Cargo.toml", kill_on_drop: false }`
[INFO] running `Command { std: "docker" "create" "-v" "/var/lib/crater-agent-workspace/builds/worker-0-tc2/source:/opt/rustwide/workdir:ro,Z" "-v" "/var/lib/crater-agent-workspace/builds/worker-0-tc2/target:/opt/rustwide/target:rw,Z" "-v" "/var/lib/crater-agent-workspace/cargo-home:/opt/rustwide/cargo-home:ro,Z" "-v" "/var/lib/crater-agent-workspace/rustup-home:/opt/rustwide/rustup-home:ro,Z" "-m" "1610612736" "--network" "none" "ghcr.io/rust-lang/crates-build-env/linux@sha256:3111399a4047eeb3a02b7a90e478d715f38a8c6669b5c4b49d30a17385265909" "sleep" "infinity", kill_on_drop: false }`
[INFO] [stdout] 93650be420ae0ee2e8f9592f6cd8b077bb7c89e26071d6a6263d4b9fc84d28cc
[INFO] running `Command { std: "docker" "start" "93650be420ae0ee2e8f9592f6cd8b077bb7c89e26071d6a6263d4b9fc84d28cc", kill_on_drop: false }`
[INFO] running `Command { std: "docker" "inspect" "93650be420ae0ee2e8f9592f6cd8b077bb7c89e26071d6a6263d4b9fc84d28cc", kill_on_drop: false }`
[INFO] running `Command { std: "docker" "exec" "-e" "SOURCE_DIR=/opt/rustwide/workdir" "-e" "CARGO_HOME=/opt/rustwide/cargo-home" "-e" "RUSTUP_HOME=/opt/rustwide/rustup-home" "-e" "CARGO_TARGET_DIR=/opt/rustwide/target" "-w" "/opt/rustwide/workdir" "--user" "0:0" "93650be420ae0ee2e8f9592f6cd8b077bb7c89e26071d6a6263d4b9fc84d28cc" "/opt/rustwide/cargo-home/bin/cargo" "+1.100.0-beta.1" "metadata" "--no-deps" "--format-version=1", kill_on_drop: false }`
[INFO] running `Command { std: "docker" "inspect" "93650be420ae0ee2e8f9592f6cd8b077bb7c89e26071d6a6263d4b9fc84d28cc", kill_on_drop: false }`
[INFO] running `Command { std: "docker" "exec" "-e" "SOURCE_DIR=/opt/rustwide/workdir" "-e" "CARGO_HOME=/opt/rustwide/cargo-home" "-e" "RUSTUP_HOME=/opt/rustwide/rustup-home" "-e" "CARGO_TARGET_DIR=/opt/rustwide/target" "-e" "CARGO_INCREMENTAL=0" "-e" "RUST_BACKTRACE=full" "-e" "RUSTFLAGS=--cap-lints=warn" "-e" "RUSTDOCFLAGS=--cap-lints=warn" "-w" "/opt/rustwide/workdir" "--user" "0:0" "93650be420ae0ee2e8f9592f6cd8b077bb7c89e26071d6a6263d4b9fc84d28cc" "/opt/rustwide/cargo-home/bin/cargo" "+1.100.0-beta.1" "build" "--frozen" "--message-format=json", kill_on_drop: false }`
[INFO] [stderr]    Compiling unicode-ident v1.0.26
[INFO] [stderr]    Compiling libc v0.2.190
[INFO] [stderr]    Compiling serde_core v1.0.229
[INFO] [stderr]    Compiling serde v1.0.229
[INFO] [stderr]    Compiling find-msvc-tools v0.1.14
[INFO] [stderr]    Compiling shlex v2.0.1
[INFO] [stderr]    Compiling generic-array v0.14.9
[INFO] [stderr]    Compiling syn v1.0.109
[INFO] [stderr]    Compiling proc-macro2 v1.0.107
[INFO] [stderr]    Compiling subtle v2.6.1
[INFO] [stderr]    Compiling either v1.18.0
[INFO] [stderr]    Compiling ahash v0.7.8
[INFO] [stderr]    Compiling getrandom v0.1.16
[INFO] [stderr]    Compiling log v0.4.34
[INFO] [stderr]    Compiling block-padding v0.2.1
[INFO] [stderr]    Compiling byteorder v1.5.0
[INFO] [stderr]    Compiling wasm-bindgen-shared v0.2.129
[INFO] [stderr]    Compiling itertools v0.10.5
[INFO] [stderr]    Compiling hybrid-array v0.4.15
[INFO] [stderr]    Compiling feature-probe v0.1.1
[INFO] [stderr]    Compiling ctutils v0.4.3
[INFO] [stderr]    Compiling bv v0.11.1
[INFO] [stderr]    Compiling rayon v1.12.0
[INFO] [stderr]    Compiling safecoin-frozen-abi-macro v1.14.17
[INFO] [stderr]    Compiling quote v1.0.47
[INFO] [stderr]    Compiling aho-corasick v1.1.5
[INFO] [stderr]    Compiling num-traits v0.2.19
[INFO] [stderr]    Compiling syn v3.0.6
[INFO] [stderr]    Compiling syn v2.0.119
[INFO] [stderr]    Compiling crypto-common v0.2.2
[INFO] [stderr]    Compiling jobserver v0.1.35
[INFO] [stderr]    Compiling cc v1.6.0
[INFO] [stderr]    Compiling getrandom v0.2.17
[INFO] [stderr]    Compiling rand_core v0.6.4
[INFO] [stderr]    Compiling rand_core v0.5.1
[INFO] [stderr]    Compiling hashbrown v0.12.3
[INFO] [stderr]    Compiling block-buffer v0.12.1
[INFO] [stderr]    Compiling rand_chacha v0.2.2
[INFO] [stderr]    Compiling bitmaps v2.1.0
[INFO] [stderr]    Compiling rand v0.7.3
[INFO] [stderr]    Compiling im v15.1.0
[INFO] [stderr]    Compiling bumpalo v3.20.3
[INFO] [stderr]    Compiling regex-automata v0.4.18
[INFO] [stderr]    Compiling digest v0.11.3
[INFO] [stderr]    Compiling sized-chunks v0.6.5
[INFO] [stderr]    Compiling rand_xoshiro v0.6.0
[INFO] [stderr]    Compiling serde_json v1.0.151
[INFO] [stderr]    Compiling wasm-bindgen v0.2.129
[INFO] [stderr]    Compiling safecoin-frozen-abi v1.14.17
[INFO] [stderr]    Compiling memoffset v0.6.5
[INFO] [stderr]    Compiling tinyvec v1.13.3
[INFO] [stderr]    Compiling cpufeatures v0.3.1
[INFO] [stderr]    Compiling bs58 v0.4.0
[INFO] [stderr]    Compiling keccak v0.1.6
[INFO] [stderr]    Compiling borsh-schema-derive-internal v0.9.3
[INFO] [stderr]    Compiling borsh-derive-internal v0.9.3
[INFO] [stderr]    Compiling synstructure v0.14.0
[INFO] [stderr]    Compiling wasm-bindgen-macro-support v0.2.129
[INFO] [stderr]    Compiling blake3 v1.8.7
[INFO] [stderr]    Compiling ring v0.17.14
[INFO] [stderr]    Compiling arrayvec v0.7.8
[INFO] [stderr]    Compiling safecoin-program v1.14.17
[INFO] [stderr]    Compiling unicode-normalization v0.1.25
[INFO] [stderr]    Compiling zeroize_derive v1.5.0
[INFO] [stderr]    Compiling thiserror-impl v1.0.69
[INFO] [stderr]    Compiling regex v1.13.1
[INFO] [stderr]    Compiling zeroize v1.3.0
[INFO] [stderr]    Compiling hashbrown v0.11.2
[INFO] [stderr]    Compiling serde_bytes v0.11.19
[INFO] [stderr]    Compiling serde_derive v1.0.229
[INFO] [stderr]    Compiling zerofrom-derive v0.1.8
[INFO] [stderr]    Compiling yoke-derive v0.8.4
[INFO] [stderr]    Compiling zerovec-derive v0.11.6
[INFO] [stderr]    Compiling displaydoc v0.2.7
[INFO] [stderr]    Compiling thiserror v1.0.69
[INFO] [stderr]    Compiling bytemuck_derive v1.12.1
[INFO] [stderr]    Compiling zerofrom v0.1.8
[INFO] [stderr]    Compiling memmap2 v0.5.10
[INFO] [stderr]    Compiling yoke v0.8.3
[INFO] [stderr]    Compiling mio v1.2.4
[INFO] [stderr]    Compiling socket2 v0.6.5
[INFO] [stderr]    Compiling zerovec v0.11.8
[INFO] [stderr]    Compiling base64 v0.12.3
[INFO] [stderr]    Compiling tokio v1.53.2
[INFO] [stderr]    Compiling zerotrie v0.2.5
[INFO] [stderr]    Compiling num-derive v0.3.3
[INFO] [stderr]    Compiling tinystr v0.8.4
[INFO] [stderr]    Compiling icu_locale_core v2.3.0
[INFO] [stderr]    Compiling potential_utf v0.1.6
[INFO] [stderr]    Compiling safecoin-sdk-macro v1.14.17
[INFO] [stderr]    Compiling base64 v0.13.1
[INFO] [stderr]    Compiling bytemuck v1.25.2
[INFO] [stderr]    Compiling icu_collections v2.3.0
[INFO] [stderr]    Compiling signature v1.6.4
[INFO] [stderr]    Compiling alloc-no-stdlib v3.0.0
[INFO] [stderr]    Compiling alloc-stdlib v0.3.0
[INFO] [stderr]    Compiling ed25519 v1.5.3
[INFO] [stderr]    Compiling atty v0.2.14
[INFO] [stderr]    Compiling humantime v2.4.0
[INFO] [stderr]    Compiling futures-util v0.3.34
[INFO] [stderr]    Compiling env_logger v0.9.3
[INFO] [stderr]    Compiling rustls v0.21.12
[INFO] [stderr]    Compiling brotli-decompressor v6.0.1
[INFO] [stderr]    Compiling toml v0.5.11
[INFO] [stderr]    Compiling digest v0.9.0
[INFO] [stderr]    Compiling block-buffer v0.10.4
[INFO] [stderr]    Compiling crypto-common v0.1.6
[INFO] [stderr]    Compiling block-buffer v0.9.0
[INFO] [stderr]    Compiling digest v0.10.7
[INFO] [stderr]    Compiling crypto-mac v0.8.0
[INFO] [stderr]    Compiling libsecp256k1-core v0.2.2
[INFO] [stderr]    Compiling sha2 v0.9.9
[INFO] [stderr]    Compiling hmac v0.8.1
[INFO] [stderr]    Compiling proc-macro-crate v0.1.5
[INFO] [stderr]    Compiling sha2 v0.10.9
[INFO] [stderr]    Compiling curve25519-dalek v3.2.1
[INFO] [stderr]    Compiling hmac-drbg v0.3.0
[INFO] [stderr]    Compiling pbkdf2 v0.4.0
[INFO] [stderr]    Compiling wasm-bindgen-macro v0.2.129
[INFO] [stderr]    Compiling borsh-derive v0.9.3
[INFO] [stderr]    Compiling tiny-bip39 v0.8.2
[INFO] [stderr]    Compiling borsh v0.9.3
[INFO] [stderr]    Compiling libsecp256k1-gen-genmult v0.2.1
[INFO] [stderr]    Compiling libsecp256k1-gen-ecmult v0.2.1
[INFO] [stderr]    Compiling sha3 v0.10.9
[INFO] [stderr]    Compiling libsecp256k1 v0.6.0
[INFO] [stderr]    Compiling bincode v1.3.3
[INFO] [stderr]    Compiling icu_provider v2.3.1
[INFO] [stderr]    Compiling ed25519-dalek v1.0.1
[INFO] [stderr]    Compiling hmac v0.12.1
[INFO] [stderr]    Compiling icu_normalizer v2.3.0
[INFO] [stderr]    Compiling icu_properties v2.3.0
[INFO] [stderr]    Compiling rustls-webpki v0.101.7
[INFO] [stderr]    Compiling sct v0.7.1
[INFO] [stderr]    Compiling tokio-util v0.7.19
[INFO] [stderr]    Compiling safecoin-sdk v1.14.17
[INFO] [stderr]    Compiling derivation-path v0.2.0
[INFO] [stderr]    Compiling chrono v0.4.45
[INFO] [stderr]    Compiling h2 v0.3.27
[INFO] [stderr]    Compiling ed25519-dalek-bip32 v0.2.0
[INFO] [stderr]    Compiling pbkdf2 v0.11.0
[INFO] [stderr]    Compiling brotli v9.0.0
[INFO] [stderr]    Compiling safecoin-logger v1.14.17
[INFO] [stderr]    Compiling idna_adapter v1.2.2
[INFO] [stderr]    Compiling futures-channel v0.3.34
[INFO] [stderr]    Compiling qstring v0.7.2
[INFO] [stderr]    Compiling uriparse v0.6.4
[INFO] [stderr]    Compiling socket2 v0.5.10
[INFO] [stderr]    Compiling encoding_rs v0.8.42
[INFO] [stderr]    Compiling assert_matches v1.5.0
[INFO] [stderr]    Compiling rustix v1.1.5
[INFO] [stderr]    Compiling compression-core v0.4.33
[INFO] [stderr]    Compiling idna v1.1.0
[INFO] [stderr]    Compiling generic-array v0.12.4
[INFO] [stderr]    Compiling multiversion_no_op v1.0.0
[INFO] [stderr]    Compiling core_detect v1.0.0
[INFO] [stderr]    Compiling simdutf8 v0.1.5
[INFO] [stderr]    Compiling url v2.5.8
[INFO] [stderr]    Compiling tokio-rustls v0.24.1
[INFO] [stderr]    Compiling serde_urlencoded v0.7.1
[INFO] [stderr]    Compiling itertools v0.9.0
[INFO] [stderr]    Compiling hyper v0.14.32
[INFO] [stderr]    Compiling compression-codecs v0.4.45
[INFO] [stderr]    Compiling getrandom v0.4.3
[INFO] [stderr]    Compiling async-compression v0.4.50
[INFO] [stderr]    Compiling ipnet v2.12.2
[INFO] [stderr]    Compiling zstd-sys v1.4.18+zstd.1.4.7
[INFO] [stderr]    Compiling enum-iterator-derive v0.8.1
[INFO] [stderr]    Compiling gethostname v0.2.3
[INFO] [stderr]    Compiling crossbeam-channel v0.5.17
[INFO] [stderr]    Compiling safecoin-program-runtime v1.14.17
[INFO] [stderr]    Compiling toml_datetime v0.6.11
[INFO] [stderr]    Compiling rustix v0.38.44
[INFO] [stderr]    Compiling toml_edit v0.19.15
[INFO] [stderr]    Compiling hyper-rustls v0.24.2
[INFO] [stderr]    Compiling enum-iterator v0.8.1
[INFO] [stderr]    Compiling reqwest v0.11.27
[INFO] [stderr]    Compiling digest v0.8.1
[INFO] [stderr]    Compiling indexmap v1.9.3
[INFO] [stderr]    Compiling libloading v0.7.4
[INFO] [stderr]    Compiling subtle v1.0.0
[INFO] [stderr]    Compiling eager v0.1.0
[INFO] [stderr]    Compiling byte-tools v0.3.1
[INFO] [stderr]    Compiling block-padding v0.1.5
[INFO] [stderr]    Compiling tempfile v3.27.0
[INFO] [stderr]    Compiling crypto-mac v0.7.0
[INFO] [stderr]    Compiling prost-derive v0.8.0
[INFO] [stderr]    Compiling safecoin-vote-program v1.14.17
[INFO] [stderr]    Compiling zstd-safe v2.0.6+zstd.1.4.7
[INFO] [stderr]    Compiling bzip2-sys v0.1.13+1.0.8
[INFO] [stderr]    Compiling proc-macro-crate v1.3.1
[INFO] [stderr]    Compiling which v4.4.2
[INFO] [stderr]    Compiling hmac v0.7.1
[INFO] [stderr]    Compiling prost-build v0.8.0
[INFO] [stderr]    Compiling block-buffer v0.7.3
[INFO] [stderr]    Compiling prost v0.8.0
[INFO] [stderr]    Compiling Inflector v0.11.4
[INFO] [stderr]    Compiling safecoin-stake-program v1.14.17
[INFO] [stderr]    Compiling crossbeam-utils v0.7.2
[INFO] [stderr]    Compiling fake-simd v0.1.2
[INFO] [stderr]    Compiling unicode-segmentation v1.13.3
[INFO] [stderr]    Compiling opaque-debug v0.2.3
[INFO] [stderr]    Compiling maybe-uninit v2.0.0
[INFO] [stderr]    Compiling cfg-if v0.1.10
[INFO] [stderr]    Compiling num_enum_derive v0.5.11
[INFO] [stderr]    Compiling fixedbitset v0.2.0
[INFO] [stderr]    Compiling sha2 v0.8.2
[INFO] [stderr]    Compiling prost-types v0.8.0
[INFO] [stderr]    Compiling petgraph v0.5.1
[INFO] [stderr]    Compiling heck v0.3.3
[INFO] [stderr]    Compiling hmac-drbg v0.2.0
[INFO] [stderr]    Compiling num_enum v0.5.11
[INFO] [stderr]    Compiling blake3 v0.3.8
[INFO] [stderr]    Compiling num_cpus v1.17.0
[INFO] [stderr]    Compiling multimap v0.8.3
[INFO] [stderr]    Compiling safecoin-runtime v1.6.19
[INFO] [stderr]    Compiling libsecp256k1 v0.3.5
[INFO] [stderr]    Compiling ouroboros_macro v0.5.1
[INFO] [stderr]    Compiling xattr v1.6.1
[INFO] [stderr]    Compiling sha3 v0.9.1
[INFO] [stderr]    Compiling filetime v0.2.29
[INFO] [stderr]    Compiling arrayvec v0.5.2
[INFO] [stderr]    Compiling tonic-build v0.5.2
[INFO] [stderr]    Compiling safe-token v3.5.1
[INFO] [stderr]    Compiling ouroboros v0.5.1
[INFO] [stderr]    Compiling tar v0.4.46
[INFO] [stderr]    Compiling crossbeam-channel v0.4.4
[INFO] [stderr]    Compiling bzip2 v0.3.3
[INFO] [stderr]    Compiling dir-diff v0.3.3
[INFO] [stderr]    Compiling dashmap v4.0.2
[INFO] [stderr]    Compiling safecoin-rayon-threadlimit v1.14.17
[INFO] [stderr]    Compiling memmap2 v0.1.0
[INFO] [stderr]    Compiling libloading v0.6.7
[INFO] [stderr]    Compiling symlink v0.1.0
[INFO] [stderr]    Compiling bs58 v0.3.1
[INFO] [stderr]    Compiling safe-associated-token-account v1.0.11
[INFO] [stdout] error[E0433]: cannot find module or crate `safecoin_program` in this scope
[INFO] [stdout]  --> /opt/rustwide/cargo-home/registry/src/index.crates.io-1949cf8c6b5b557f/safe-associated-token-account-1.0.11/src/instruction.rs:4:5
[INFO] [stdout]   |
[INFO] [stdout] 4 | use safecoin_program::{
[INFO] [stdout]   |     ^^^^^^^^^^^^^^^^ use of unresolved module or unlinked crate `safecoin_program`
[INFO] [stdout]   |
[INFO] [stdout]   = help: if you wanted to use a crate named `safecoin_program`, use `cargo add safecoin_program` to add it to your `Cargo.toml`
[INFO] [stdout] 
[INFO] [stdout] 
[INFO] [stderr]    Compiling safecoin-storage-proto v1.6.18 (/opt/rustwide/workdir)
[INFO] [stdout] error[E0433]: cannot find module or crate `safecoin_program` in this scope
[INFO] [stdout]  --> /opt/rustwide/cargo-home/registry/src/index.crates.io-1949cf8c6b5b557f/safe-associated-token-account-1.0.11/src/processor.rs:6:5
[INFO] [stdout]   |
[INFO] [stdout] 6 | use safecoin_program::{
[INFO] [stdout]   |     ^^^^^^^^^^^^^^^^ use of unresolved module or unlinked crate `safecoin_program`
[INFO] [stdout]   |
[INFO] [stdout]   = help: if you wanted to use a crate named `safecoin_program`, use `cargo add safecoin_program` to add it to your `Cargo.toml`
[INFO] [stdout] 
[INFO] [stdout] 
[INFO] [stdout] error[E0432]: unresolved import `crate::id`
[INFO] [stdout]  --> /opt/rustwide/cargo-home/registry/src/index.crates.io-1949cf8c6b5b557f/safe-associated-token-account-1.0.11/src/instruction.rs:9:43
[INFO] [stdout]   |
[INFO] [stdout] 9 | use crate::{get_associated_token_address, id};
[INFO] [stdout]   |                                           ^^ no `id` in the root
[INFO] [stdout] 
[INFO] [stdout] 
[INFO] [stdout] error[E0433]: cannot find module or crate `safecoin_program` in this scope
[INFO] [stdout]  --> /opt/rustwide/cargo-home/registry/src/index.crates.io-1949cf8c6b5b557f/safe-associated-token-account-1.0.11/src/tools/account.rs:3:5
[INFO] [stdout]   |
[INFO] [stdout] 3 | use safecoin_program::{
[INFO] [stdout]   |     ^^^^^^^^^^^^^^^^ use of unresolved module or unlinked crate `safecoin_program`
[INFO] [stdout]   |
[INFO] [stdout]   = help: if you wanted to use a crate named `safecoin_program`, use `cargo add safecoin_program` to add it to your `Cargo.toml`
[INFO] [stdout] 
[INFO] [stdout] 
[INFO] [stdout] error[E0432]: unresolved import `safecoin_program`
[INFO] [stdout]  --> /opt/rustwide/cargo-home/registry/src/index.crates.io-1949cf8c6b5b557f/safe-associated-token-account-1.0.11/src/processor.rs:6:5
[INFO] [stdout]   |
[INFO] [stdout] 6 | use safecoin_program::{
[INFO] [stdout]   |     ^^^^^^^^^^^^^^^^ use of unresolved module or unlinked crate `safecoin_program`
[INFO] [stdout]   |
[INFO] [stdout]   = help: if you wanted to use a crate named `safecoin_program`, use `cargo add safecoin_program` to add it to your `Cargo.toml`
[INFO] [stdout] 
[INFO] [stdout] 
[INFO] [stdout] error[E0432]: unresolved import `safecoin_program`
[INFO] [stdout]  --> /opt/rustwide/cargo-home/registry/src/index.crates.io-1949cf8c6b5b557f/safe-associated-token-account-1.0.11/src/tools/account.rs:3:5
[INFO] [stdout]   |
[INFO] [stdout] 3 | use safecoin_program::{
[INFO] [stdout]   |     ^^^^^^^^^^^^^^^^ use of unresolved module or unlinked crate `safecoin_program`
[INFO] [stdout]   |
[INFO] [stdout]   = help: if you wanted to use a crate named `safecoin_program`, use `cargo add safecoin_program` to add it to your `Cargo.toml`
[INFO] [stdout] 
[INFO] [stdout] 
[INFO] [stdout] error[E0432]: unresolved import `safecoin_program`
[INFO] [stdout]   --> /opt/rustwide/cargo-home/registry/src/index.crates.io-1949cf8c6b5b557f/safe-associated-token-account-1.0.11/src/lib.rs:11:9
[INFO] [stdout]    |
[INFO] [stdout] 11 | pub use safecoin_program;
[INFO] [stdout]    |         ^^^^^^^^^^^^^^^^ no external crate `safecoin_program`
[INFO] [stdout] 
[INFO] [stdout] 
[INFO] [stdout] error[E0433]: cannot find module or crate `safecoin_program` in this scope
[INFO] [stdout]   --> /opt/rustwide/cargo-home/registry/src/index.crates.io-1949cf8c6b5b557f/safe-associated-token-account-1.0.11/src/instruction.rs:43:39
[INFO] [stdout]    |
[INFO] [stdout] 43 |             AccountMeta::new_readonly(safecoin_program::system_program::id(), false),
[INFO] [stdout]    |                                       ^^^^^^^^^^^^^^^^ use of unresolved module or unlinked crate `safecoin_program`
[INFO] [stdout]    |
[INFO] [stdout]    = help: if you wanted to use a crate named `safecoin_program`, use `cargo add safecoin_program` to add it to your `Cargo.toml`
[INFO] [stdout] 
[INFO] [stdout] 
[INFO] [stdout] error[E0425]: cannot find function `id` in this scope
[INFO] [stdout]   --> /opt/rustwide/cargo-home/registry/src/index.crates.io-1949cf8c6b5b557f/safe-associated-token-account-1.0.11/src/lib.rs:39:90
[INFO] [stdout]    |
[INFO] [stdout] 39 |     get_associated_token_address_and_bump_seed(wallet_address, safe_token_mint_address, &id()).0
[INFO] [stdout]    |                                                                                          ^^ not found in this scope
[INFO] [stdout]    |
[INFO] [stdout] help: consider importing this function
[INFO] [stdout]    |
[INFO] [stdout] 11 + use std::process::id;
[INFO] [stdout]    |
[INFO] [stdout] 
[INFO] [stdout] 
[INFO] [stdout] error[E0599]: no associated function or constant named `LEN` found for struct `safe_token::state::Account` in the current scope
[INFO] [stdout]   --> /opt/rustwide/cargo-home/registry/src/index.crates.io-1949cf8c6b5b557f/safe-associated-token-account-1.0.11/src/processor.rs:80:37
[INFO] [stdout]    |
[INFO] [stdout] 80 |         safe_token::state::Account::LEN,
[INFO] [stdout]    |                                     ^^^ associated function or constant not found in `safe_token::state::Account`
[INFO] [stdout]    |
[INFO] [stdout]    = help: items from traits can only be used if the trait is in scope
[INFO] [stdout] help: trait `Pack` which provides `LEN` is implemented but not in scope; perhaps you want to import it
[INFO] [stdout]    |
[INFO] [stdout]  3 + use safe_token::solana_program::program_pack::Pack;
[INFO] [stdout]    |
[INFO] [stdout] 
[INFO] [stdout] 
[INFO] [stdout] Some errors have detailed explanations: E0425, E0432, E0433, E0599.
[INFO] [stdout] 
[INFO] [stdout] For more information about an error, try `rustc --explain E0425`.
[INFO] [stdout] 
[INFO] [stderr] error: could not compile `safe-associated-token-account` (lib) due to 10 previous errors
[INFO] [stderr] warning: build failed, waiting for other jobs to finish...
[INFO] running `Command { std: "docker" "inspect" "93650be420ae0ee2e8f9592f6cd8b077bb7c89e26071d6a6263d4b9fc84d28cc", kill_on_drop: false }`
[INFO] running `Command { std: "docker" "rm" "-f" "93650be420ae0ee2e8f9592f6cd8b077bb7c89e26071d6a6263d4b9fc84d28cc", kill_on_drop: false }`
[INFO] [stdout] 93650be420ae0ee2e8f9592f6cd8b077bb7c89e26071d6a6263d4b9fc84d28cc
