[INFO] fetching crate sacp-conductor 11.0.0...
[INFO] testing sacp-conductor-11.0.0 against 1.99.0-beta.8 for beta-1.100-2
[INFO] extracting crate sacp-conductor 11.0.0 into /workspace/builds/worker-0-tc1/source
[INFO] started tweaking crates.io crate sacp-conductor 11.0.0
[INFO] removed 0 missing tests
[INFO] finished tweaking crates.io crate sacp-conductor 11.0.0
[INFO] tweaked toml for crates.io crate sacp-conductor 11.0.0 written to /workspace/builds/worker-0-tc1/source/Cargo.toml
[INFO] validating manifest of crates.io crate sacp-conductor 11.0.0 on toolchain 1.99.0-beta.8
[INFO] running `Command { std: CARGO_HOME="/workspace/cargo-home" RUSTUP_HOME="/workspace/rustup-home" "/workspace/cargo-home/bin/cargo" "+1.99.0-beta.8" "metadata" "--manifest-path" "Cargo.toml" "--no-deps", kill_on_drop: false }`
[INFO] crate crates.io crate sacp-conductor 11.0.0 already has a lockfile, it will not be regenerated
[INFO] running `Command { std: CARGO_HOME="/workspace/cargo-home" RUSTUP_HOME="/workspace/rustup-home" "/workspace/cargo-home/bin/cargo" "+1.99.0-beta.8" "fetch" "--manifest-path" "Cargo.toml", kill_on_drop: false }`
[INFO] [stderr]     Updating crates.io index
[INFO] [stderr]  Downloading crates ...
[INFO] [stderr]   Downloaded shell-words v1.1.0
[INFO] [stderr]   Downloaded tracing-appender v0.2.3
[INFO] [stderr]   Downloaded schemars_derive v1.1.0
[INFO] [stderr]   Downloaded windows-collections v0.2.0
[INFO] [stderr]   Downloaded anstyle-wincon v3.0.10
[INFO] [stderr]   Downloaded windows-numerics v0.2.0
[INFO] [stderr]   Downloaded windows-threading v0.1.0
[INFO] [stderr]   Downloaded pastey v0.2.1
[INFO] [stderr]   Downloaded sacp-derive v11.0.0
[INFO] [stderr]   Downloaded anstyle-query v1.1.4
[INFO] [stderr]   Downloaded sacp-trace-viewer v11.0.0
[INFO] [stderr]   Downloaded is-wsl v0.4.0
[INFO] [stderr]   Downloaded expect-test v1.5.1
[INFO] [stderr]   Downloaded is-docker v0.2.0
[INFO] [stderr]   Downloaded schemars v1.1.0
[INFO] [stderr]   Downloaded find-msvc-tools v0.1.4
[INFO] [stderr]   Downloaded matchit v0.7.3
[INFO] [stderr]   Downloaded rmcp-macros v1.2.0
[INFO] [stderr]   Downloaded jsonrpcmsg v0.1.2
[INFO] [stderr]   Downloaded boxfnonce v0.1.1
[INFO] [stderr]   Downloaded axum-core v0.4.5
[INFO] [stderr]   Downloaded sacp-tokio v11.0.0
[INFO] [stderr]   Downloaded windows-future v0.2.1
[INFO] [stderr]   Downloaded dissimilar v1.0.10
[INFO] [stderr]   Downloaded open v5.3.3
[INFO] [stderr]   Downloaded unicase v2.8.1
[INFO] [stderr]   Downloaded tokio-stream v0.1.17
[INFO] [stderr]   Downloaded agent-client-protocol-schema v0.11.2
[INFO] [stderr]   Downloaded cc v1.2.45
[INFO] [stderr]   Downloaded futures-concurrency v7.7.0
[INFO] [stderr]   Downloaded sacp v11.0.0
[INFO] [stderr]   Downloaded http v1.3.1
[INFO] [stderr]   Downloaded axum v0.7.9
[INFO] [stderr]   Downloaded process-wrap v9.0.0
[INFO] [stderr]   Downloaded syn v2.0.109
[INFO] [stderr]   Downloaded rmcp v1.2.0
[INFO] [stderr]   Downloaded windows v0.61.3
[INFO] running `Command { std: "docker" "create" "-v" "/var/lib/crater-agent-workspace/builds/worker-0-tc1/source:/opt/rustwide/workdir:ro,Z" "-v" "/var/lib/crater-agent-workspace/builds/worker-0-tc1/target:/opt/rustwide/target:rw,Z" "-v" "/var/lib/crater-agent-workspace/cargo-home:/opt/rustwide/cargo-home:ro,Z" "-v" "/var/lib/crater-agent-workspace/rustup-home:/opt/rustwide/rustup-home:ro,Z" "-m" "1610612736" "--network" "none" "ghcr.io/rust-lang/crates-build-env/linux@sha256:3111399a4047eeb3a02b7a90e478d715f38a8c6669b5c4b49d30a17385265909" "sleep" "infinity", kill_on_drop: false }`
[INFO] [stdout] f0bf5b0602f5feb2162f2f0c90a55c11375ecee544f4da3f79fff18297fb185f
[INFO] running `Command { std: "docker" "start" "f0bf5b0602f5feb2162f2f0c90a55c11375ecee544f4da3f79fff18297fb185f", kill_on_drop: false }`
[INFO] running `Command { std: "docker" "inspect" "f0bf5b0602f5feb2162f2f0c90a55c11375ecee544f4da3f79fff18297fb185f", kill_on_drop: false }`
[INFO] running `Command { std: "docker" "exec" "-e" "SOURCE_DIR=/opt/rustwide/workdir" "-e" "CARGO_HOME=/opt/rustwide/cargo-home" "-e" "RUSTUP_HOME=/opt/rustwide/rustup-home" "-e" "CARGO_TARGET_DIR=/opt/rustwide/target" "-w" "/opt/rustwide/workdir" "--user" "0:0" "f0bf5b0602f5feb2162f2f0c90a55c11375ecee544f4da3f79fff18297fb185f" "/opt/rustwide/cargo-home/bin/cargo" "+1.99.0-beta.8" "metadata" "--no-deps" "--format-version=1", kill_on_drop: false }`
[INFO] running `Command { std: "docker" "inspect" "f0bf5b0602f5feb2162f2f0c90a55c11375ecee544f4da3f79fff18297fb185f", kill_on_drop: false }`
[INFO] running `Command { std: "docker" "exec" "-e" "SOURCE_DIR=/opt/rustwide/workdir" "-e" "CARGO_HOME=/opt/rustwide/cargo-home" "-e" "RUSTUP_HOME=/opt/rustwide/rustup-home" "-e" "CARGO_TARGET_DIR=/opt/rustwide/target" "-e" "CARGO_INCREMENTAL=0" "-e" "RUST_BACKTRACE=full" "-e" "RUSTFLAGS=--cap-lints=warn" "-e" "RUSTDOCFLAGS=--cap-lints=warn" "-w" "/opt/rustwide/workdir" "--user" "0:0" "f0bf5b0602f5feb2162f2f0c90a55c11375ecee544f4da3f79fff18297fb185f" "/opt/rustwide/cargo-home/bin/cargo" "+1.99.0-beta.8" "build" "--frozen" "--message-format=json", kill_on_drop: false }`
[INFO] [stderr]    Compiling proc-macro2 v1.0.103
[INFO] [stderr]    Compiling quote v1.0.42
[INFO] [stderr]    Compiling libc v0.2.177
[INFO] [stderr]    Compiling smallvec v1.15.1
[INFO] [stderr]    Compiling bytes v1.10.1
[INFO] [stderr]    Compiling serde v1.0.228
[INFO] [stderr]    Compiling ryu v1.0.20
[INFO] [stderr]    Compiling futures-io v0.3.31
[INFO] [stderr]    Compiling tracing-core v0.1.34
[INFO] [stderr]    Compiling log v0.4.28
[INFO] [stderr]    Compiling serde_json v1.0.145
[INFO] [stderr]    Compiling slab v0.4.11
[INFO] [stderr]    Compiling ref-cast v1.0.25
[INFO] [stderr]    Compiling serde_core v1.0.228
[INFO] [stderr]    Compiling iana-time-zone v0.1.64
[INFO] [stderr]    Compiling unicase v2.8.1
[INFO] [stderr]    Compiling thiserror v2.0.17
[INFO] [stderr]    Compiling getrandom v0.3.4
[INFO] [stderr]    Compiling dyn-clone v1.0.20
[INFO] [stderr]    Compiling http v1.3.1
[INFO] [stderr]    Compiling syn v2.0.109
[INFO] [stderr]    Compiling mime_guess v2.0.5
[INFO] [stderr]    Compiling regex-syntax v0.8.8
[INFO] [stderr]    Compiling anstyle-query v1.1.4
[INFO] [stderr]    Compiling sync_wrapper v1.0.2
[INFO] [stderr]    Compiling fastrand v2.3.0
[INFO] [stderr]    Compiling rmcp v1.2.0
[INFO] [stderr]    Compiling crossbeam-utils v0.8.21
[INFO] [stderr]    Compiling futures-lite v2.6.1
[INFO] [stderr]    Compiling parking_lot_core v0.9.12
[INFO] [stderr]    Compiling signal-hook-registry v1.4.6
[INFO] [stderr]    Compiling parking_lot v0.12.5
[INFO] [stderr]    Compiling mio v1.1.0
[INFO] [stderr]    Compiling socket2 v0.6.1
[INFO] [stderr]    Compiling http-body v1.0.1
[INFO] [stderr]    Compiling http-body-util v0.1.3
[INFO] [stderr]    Compiling regex-automata v0.4.13
[INFO] [stderr]    Compiling anstream v0.6.21
[INFO] [stderr]    Compiling is-docker v0.2.0
[INFO] [stderr]    Compiling pastey v0.2.1
[INFO] [stderr]    Compiling clap_lex v0.7.6
[INFO] [stderr]    Compiling sharded-slab v0.1.7
[INFO] [stderr]    Compiling clap_builder v4.5.51
[INFO] [stderr]    Compiling is-wsl v0.4.0
[INFO] [stderr]    Compiling uuid v1.18.1
[INFO] [stderr]    Compiling tracing-log v0.2.0
[INFO] [stderr]    Compiling serde_path_to_error v0.1.20
[INFO] [stderr]    Compiling thread_local v1.1.9
[INFO] [stderr]    Compiling http-range-header v0.4.2
[INFO] [stderr]    Compiling boxfnonce v0.1.1
[INFO] [stderr]    Compiling matchit v0.7.3
[INFO] [stderr]    Compiling bitflags v2.10.0
[INFO] [stderr]    Compiling time-core v0.1.6
[INFO] [stderr]    Compiling nu-ansi-term v0.50.3
[INFO] [stderr]    Compiling pathdiff v0.2.3
[INFO] [stderr]    Compiling time v0.3.44
[INFO] [stderr]    Compiling open v5.3.3
[INFO] [stderr]    Compiling crossbeam-channel v0.5.15
[INFO] [stderr]    Compiling vte v0.14.1
[INFO] [stderr]    Compiling shell-words v1.1.0
[INFO] [stderr]    Compiling strip-ansi-escapes v0.2.1
[INFO] [stderr]    Compiling darling_core v0.23.0
[INFO] [stderr]    Compiling serde_derive_internals v0.29.1
[INFO] [stderr]    Compiling matchers v0.2.0
[INFO] [stderr]    Compiling serde_derive v1.0.228
[INFO] [stderr]    Compiling tracing-attributes v0.1.30
[INFO] [stderr]    Compiling tokio-macros v2.6.0
[INFO] [stderr]    Compiling futures-macro v0.3.31
[INFO] [stderr]    Compiling tokio v1.48.0
[INFO] [stderr]    Compiling async-trait v0.1.89
[INFO] [stderr]    Compiling ref-cast-impl v1.0.25
[INFO] [stderr]    Compiling schemars_derive v1.1.0
[INFO] [stderr]    Compiling tracing v0.1.41
[INFO] [stderr]    Compiling pin-project-internal v1.1.10
[INFO] [stderr]    Compiling derive_more-impl v2.0.1
[INFO] [stderr]    Compiling futures-util v0.3.31
[INFO] [stderr]    Compiling thiserror-impl v2.0.17
[INFO] [stderr]    Compiling darling_macro v0.23.0
[INFO] [stderr]    Compiling darling v0.23.0
[INFO] [stderr]    Compiling strum_macros v0.28.0
[INFO] [stderr]    Compiling rmcp-macros v1.2.0
[INFO] [stderr]    Compiling pin-project v1.1.10
[INFO] [stderr]    Compiling futures-concurrency v7.7.0
[INFO] [stderr]    Compiling clap_derive v4.5.49
[INFO] [stderr]    Compiling thiserror-impl v1.0.69
[INFO] [stderr]    Compiling derive_more v2.0.1
[INFO] [stderr]    Compiling sacp-derive v11.0.0
[INFO] [stderr]    Compiling async-stream-impl v0.3.6
[INFO] [stderr]    Compiling async-stream v0.3.6
[INFO] [stderr]    Compiling thiserror v1.0.69
[INFO] [stderr]    Compiling strum v0.28.0
[INFO] [stderr]    Compiling chrono v0.4.42
[INFO] [stderr]    Compiling serde_urlencoded v0.7.1
[INFO] [stderr]    Compiling jsonrpcmsg v0.1.2
[INFO] [stderr]    Compiling tracing-serde v0.2.0
[INFO] [stderr]    Compiling clap v4.5.51
[INFO] [stderr]    Compiling tracing-subscriber v0.3.20
[INFO] [stderr]    Compiling futures-executor v0.3.31
[INFO] [stderr]    Compiling axum-core v0.4.5
[INFO] [stderr]    Compiling futures v0.3.31
[INFO] [stderr]    Compiling schemars v1.1.0
[INFO] [stderr]    Compiling tokio-util v0.7.17
[INFO] [stderr]    Compiling hyper v1.8.1
[INFO] [stderr]    Compiling tower v0.5.2
[INFO] [stderr]    Compiling tracing-appender v0.2.3
[INFO] [stderr]    Compiling agent-client-protocol-schema v0.11.2
[INFO] [stderr]    Compiling hyper-util v0.1.18
[INFO] [stderr]    Compiling axum v0.7.9
[INFO] [stderr]    Compiling tower-http v0.6.8
[INFO] [stderr]    Compiling sacp-trace-viewer v11.0.0
[INFO] [stderr]    Compiling sacp v11.0.0
[INFO] [stderr]    Compiling sacp-tokio v11.0.0
[INFO] [stderr]    Compiling sacp-conductor v11.0.0 (/opt/rustwide/workdir)
[INFO] [stderr]     Finished `dev` profile [unoptimized + debuginfo] target(s) in 2m 26s
[INFO] running `Command { std: "docker" "inspect" "f0bf5b0602f5feb2162f2f0c90a55c11375ecee544f4da3f79fff18297fb185f", kill_on_drop: false }`
[INFO] running `Command { std: "docker" "exec" "-e" "SOURCE_DIR=/opt/rustwide/workdir" "-e" "CARGO_HOME=/opt/rustwide/cargo-home" "-e" "RUSTUP_HOME=/opt/rustwide/rustup-home" "-e" "CARGO_TARGET_DIR=/opt/rustwide/target" "-e" "CARGO_INCREMENTAL=0" "-e" "RUST_BACKTRACE=full" "-e" "RUSTFLAGS=--cap-lints=warn" "-e" "RUSTDOCFLAGS=--cap-lints=warn" "-w" "/opt/rustwide/workdir" "--user" "0:0" "f0bf5b0602f5feb2162f2f0c90a55c11375ecee544f4da3f79fff18297fb185f" "/opt/rustwide/cargo-home/bin/cargo" "+1.99.0-beta.8" "test" "--frozen" "--no-run" "--message-format=json", kill_on_drop: false }`
[INFO] [stderr]    Compiling libc v0.2.177
[INFO] [stderr]    Compiling cfg_aliases v0.2.1
[INFO] [stderr]    Compiling aho-corasick v1.1.4
[INFO] [stderr]    Compiling hashbrown v0.16.0
[INFO] [stderr]    Compiling rmcp v1.2.0
[INFO] [stderr]    Compiling dissimilar v1.0.10
[INFO] [stderr]    Compiling nix v0.30.1
[INFO] [stderr]    Compiling expect-test v1.5.1
[INFO] [stderr]    Compiling indexmap v2.12.0
[INFO] [stderr]    Compiling regex-automata v0.4.13
[INFO] [stderr]    Compiling parking_lot_core v0.9.12
[INFO] [stderr]    Compiling signal-hook-registry v1.4.6
[INFO] [stderr]    Compiling mio v1.1.0
[INFO] [stderr]    Compiling socket2 v0.6.1
[INFO] [stderr]    Compiling getrandom v0.3.4
[INFO] [stderr]    Compiling open v5.3.3
[INFO] [stderr]    Compiling uuid v1.18.1
[INFO] [stderr]    Compiling parking_lot v0.12.5
[INFO] [stderr]    Compiling tokio v1.48.0
[INFO] [stderr]    Compiling matchers v0.2.0
[INFO] [stderr]    Compiling regex v1.12.2
[INFO] [stderr]    Compiling tracing-subscriber v0.3.20
[INFO] [stderr]    Compiling tracing-appender v0.2.3
[INFO] [stderr]    Compiling tokio-util v0.7.17
[INFO] [stderr]    Compiling hyper v1.8.1
[INFO] [stderr]    Compiling tokio-stream v0.1.17
[INFO] [stderr]    Compiling process-wrap v9.0.0
[INFO] [stderr]    Compiling tower v0.5.2
[INFO] [stderr]    Compiling tower-http v0.6.8
[INFO] [stderr]    Compiling hyper-util v0.1.18
[INFO] [stderr]    Compiling axum v0.7.9
[INFO] [stderr]    Compiling sacp-trace-viewer v11.0.0
[INFO] [stderr]    Compiling sacp v11.0.0
[INFO] [stderr]    Compiling sacp-tokio v11.0.0
[INFO] [stderr]    Compiling sacp-conductor v11.0.0 (/opt/rustwide/workdir)
[INFO] [stdout] error[E0433]: cannot find module or crate `sacp_test` in this scope
[INFO] [stdout]   --> tests/nested_conductor.rs:24:5
[INFO] [stdout]    |
[INFO] [stdout] 24 | use sacp_test::arrow_proxy::run_arrow_proxy;
[INFO] [stdout]    |     ^^^^^^^^^ use of unresolved module or unlinked crate `sacp_test`
[INFO] [stdout]    |
[INFO] [stdout]    = help: if you wanted to use a crate named `sacp_test`, use `cargo add sacp_test` to add it to your `Cargo.toml`
[INFO] [stdout] 
[INFO] [stdout] 
[INFO] [stdout] error[E0433]: cannot find module or crate `sacp_test` in this scope
[INFO] [stdout]   --> tests/nested_conductor.rs:25:5
[INFO] [stdout]    |
[INFO] [stdout] 25 | use sacp_test::test_binaries::{arrow_proxy_example, conductor_binary, elizacp};
[INFO] [stdout]    |     ^^^^^^^^^ use of unresolved module or unlinked crate `sacp_test`
[INFO] [stdout]    |
[INFO] [stdout]    = help: if you wanted to use a crate named `sacp_test`, use `cargo add sacp_test` to add it to your `Cargo.toml`
[INFO] [stdout] 
[INFO] [stdout] 
[INFO] [stdout] error[E0433]: cannot find module or crate `sacp_test` in this scope
[INFO] [stdout]   --> tests/nested_arrow_proxy.rs:18:5
[INFO] [stdout]    |
[INFO] [stdout] 18 | use sacp_test::test_binaries::{arrow_proxy_example, elizacp};
[INFO] [stdout]    |     ^^^^^^^^^ use of unresolved module or unlinked crate `sacp_test`
[INFO] [stdout]    |
[INFO] [stdout]    = help: if you wanted to use a crate named `sacp_test`, use `cargo add sacp_test` to add it to your `Cargo.toml`
[INFO] [stdout] 
[INFO] [stdout] 
[INFO] [stdout] error[E0432]: unresolved import `elizacp`
[INFO] [stdout]   --> tests/trace_client_mcp_server.rs:12:5
[INFO] [stdout]    |
[INFO] [stdout] 12 | use elizacp::ElizaAgent;
[INFO] [stdout]    |     ^^^^^^^ use of unresolved module or unlinked crate `elizacp`
[INFO] [stdout]    |
[INFO] [stdout]    = help: if you wanted to use a crate named `elizacp`, use `cargo add elizacp` to add it to your `Cargo.toml`
[INFO] [stdout] 
[INFO] [stdout] 
[INFO] [stdout] error[E0432]: unresolved import `elizacp`
[INFO] [stdout]  --> tests/scoped_mcp_server.rs:7:5
[INFO] [stdout]   |
[INFO] [stdout] 7 | use elizacp::ElizaAgent;
[INFO] [stdout]   |     ^^^^^^^ use of unresolved module or unlinked crate `elizacp`
[INFO] [stdout]   |
[INFO] [stdout]   = help: if you wanted to use a crate named `elizacp`, use `cargo add elizacp` to add it to your `Cargo.toml`
[INFO] [stdout] 
[INFO] [stdout] 
[INFO] [stdout] error[E0432]: unresolved import `elizacp`
[INFO] [stdout]  --> tests/initialization_sequence.rs:8:5
[INFO] [stdout]   |
[INFO] [stdout] 8 | use elizacp::ElizaAgent;
[INFO] [stdout]   |     ^^^^^^^ use of unresolved module or unlinked crate `elizacp`
[INFO] [stdout]   |
[INFO] [stdout]   = help: if you wanted to use a crate named `elizacp`, use `cargo add elizacp` to add it to your `Cargo.toml`
[INFO] [stdout] 
[INFO] [stdout] 
[INFO] [stdout] error[E0432]: unresolved import `elizacp`
[INFO] [stdout]   --> tests/mcp-integration.rs:10:5
[INFO] [stdout]    |
[INFO] [stdout] 10 | use elizacp::ElizaAgent;
[INFO] [stdout]    |     ^^^^^^^ use of unresolved module or unlinked crate `elizacp`
[INFO] [stdout]    |
[INFO] [stdout]    = help: if you wanted to use a crate named `elizacp`, use `cargo add elizacp` to add it to your `Cargo.toml`
[INFO] [stdout] 
[INFO] [stdout] 
[INFO] [stdout] error[E0432]: unresolved import `sacp_test`
[INFO] [stdout]   --> tests/mcp-integration.rs:18:5
[INFO] [stdout]    |
[INFO] [stdout] 18 | use sacp_test::test_binaries;
[INFO] [stdout]    |     ^^^^^^^^^ use of unresolved module or unlinked crate `sacp_test`
[INFO] [stdout]    |
[INFO] [stdout]    = help: if you wanted to use a crate named `sacp_test`, use `cargo add sacp_test` to add it to your `Cargo.toml`
[INFO] [stdout] 
[INFO] [stdout] 
[INFO] [stdout] error[E0433]: cannot find module or crate `yopo` in this scope
[INFO] [stdout]   --> tests/nested_arrow_proxy.rs:53:22
[INFO] [stdout]    |
[INFO] [stdout] 53 |         let result = yopo::prompt(
[INFO] [stdout]    |                      ^^^^ use of unresolved module or unlinked crate `yopo`
[INFO] [stdout]    |
[INFO] [stdout]    = help: if you wanted to use a crate named `yopo`, use `cargo add yopo` to add it to your `Cargo.toml`
[INFO] [stdout] 
[INFO] [stdout] 
[INFO] [stdout] error[E0433]: cannot find module or crate `yopo` in this scope
[INFO] [stdout]   --> tests/scoped_mcp_server.rs:27:18
[INFO] [stdout]    |
[INFO] [stdout] 27 |     let result = yopo::prompt(
[INFO] [stdout]    |                  ^^^^ use of unresolved module or unlinked crate `yopo`
[INFO] [stdout]    |
[INFO] [stdout]    = help: if you wanted to use a crate named `yopo`, use `cargo add yopo` to add it to your `Cargo.toml`
[INFO] [stdout] 
[INFO] [stdout] 
[INFO] [stdout] For more information about this error, try `rustc --explain E0433`.
[INFO] [stdout] 
[INFO] [stderr] error: could not compile `sacp-conductor` (test "nested_arrow_proxy") due to 2 previous errors
[INFO] [stderr] warning: build failed, waiting for other jobs to finish...
[INFO] [stdout] error[E0433]: cannot find module or crate `yopo` in this scope
[INFO] [stdout]    --> tests/nested_conductor.rs:110:22
[INFO] [stdout]     |
[INFO] [stdout] 110 |         let result = yopo::prompt(
[INFO] [stdout]     |                      ^^^^ use of unresolved module or unlinked crate `yopo`
[INFO] [stdout]     |
[INFO] [stdout]     = help: if you wanted to use a crate named `yopo`, use `cargo add yopo` to add it to your `Cargo.toml`
[INFO] [stdout] 
[INFO] [stdout] 
[INFO] [stdout] For more information about this error, try `rustc --explain E0432`.
[INFO] [stdout] 
[INFO] [stderr] error: could not compile `sacp-conductor` (test "initialization_sequence") due to 1 previous error
[INFO] [stdout] For more information about this error, try `rustc --explain E0432`.
[INFO] [stdout] 
[INFO] [stdout] error[E0433]: cannot find module or crate `yopo` in this scope
[INFO] [stdout]    --> tests/nested_conductor.rs:175:22
[INFO] [stdout]     |
[INFO] [stdout] 175 |         let result = yopo::prompt(
[INFO] [stdout]     |                      ^^^^ use of unresolved module or unlinked crate `yopo`
[INFO] [stdout]     |
[INFO] [stdout]     = help: if you wanted to use a crate named `yopo`, use `cargo add yopo` to add it to your `Cargo.toml`
[INFO] [stdout] 
[INFO] [stdout] 
[INFO] [stderr] error: could not compile `sacp-conductor` (test "trace_client_mcp_server") due to 1 previous error
[INFO] [stdout] For more information about this error, try `rustc --explain E0433`.
[INFO] [stdout] 
[INFO] [stdout] Some errors have detailed explanations: E0432, E0433.
[INFO] [stdout] 
[INFO] [stdout] For more information about an error, try `rustc --explain E0432`.
[INFO] [stdout] 
[INFO] [stderr] error: could not compile `sacp-conductor` (test "nested_conductor") due to 4 previous errors
[INFO] [stderr] error: could not compile `sacp-conductor` (test "scoped_mcp_server") due to 2 previous errors
[INFO] [stdout] For more information about this error, try `rustc --explain E0432`.
[INFO] [stdout] 
[INFO] [stderr] error: could not compile `sacp-conductor` (test "mcp-integration") due to 2 previous errors
[INFO] running `Command { std: "docker" "inspect" "f0bf5b0602f5feb2162f2f0c90a55c11375ecee544f4da3f79fff18297fb185f", kill_on_drop: false }`
[INFO] running `Command { std: "docker" "rm" "-f" "f0bf5b0602f5feb2162f2f0c90a55c11375ecee544f4da3f79fff18297fb185f", kill_on_drop: false }`
[INFO] [stdout] f0bf5b0602f5feb2162f2f0c90a55c11375ecee544f4da3f79fff18297fb185f
