[INFO] fetching crate s3s-http3 0.16.0-alpha.1...
[INFO] testing s3s-http3-0.16.0-alpha.1 against 1.99.0-beta.8 for beta-1.100-2
[INFO] extracting crate s3s-http3 0.16.0-alpha.1 into /workspace/builds/worker-3-tc1/source
[INFO] started tweaking crates.io crate s3s-http3 0.16.0-alpha.1
[INFO] removed 0 missing examples
[INFO] removed 0 missing tests
[INFO] finished tweaking crates.io crate s3s-http3 0.16.0-alpha.1
[INFO] tweaked toml for crates.io crate s3s-http3 0.16.0-alpha.1 written to /workspace/builds/worker-3-tc1/source/Cargo.toml
[INFO] validating manifest of crates.io crate s3s-http3 0.16.0-alpha.1 on toolchain 1.99.0-beta.8
[INFO] running `Command { std: CARGO_HOME="/workspace/cargo-home" RUSTUP_HOME="/workspace/rustup-home" "/workspace/cargo-home/bin/cargo" "+1.99.0-beta.8" "metadata" "--manifest-path" "Cargo.toml" "--no-deps", kill_on_drop: false }`
[INFO] crate crates.io crate s3s-http3 0.16.0-alpha.1 already has a lockfile, it will not be regenerated
[INFO] running `Command { std: CARGO_HOME="/workspace/cargo-home" RUSTUP_HOME="/workspace/rustup-home" "/workspace/cargo-home/bin/cargo" "+1.99.0-beta.8" "fetch" "--manifest-path" "Cargo.toml", kill_on_drop: false }`
[INFO] [stderr]     Updating crates.io index
[INFO] [stderr]  Downloading crates ...
[INFO] [stderr]   Downloaded transform-stream v0.3.1
[INFO] [stderr]   Downloaded tracing-error v0.2.1
[INFO] [stderr]   Downloaded std-next v0.1.9
[INFO] [stderr]   Downloaded s3s-sigv4 v0.16.0-alpha.1
[INFO] [stderr]   Downloaded s3s-fs v0.15.0
[INFO] [stderr]   Downloaded xxhash-rust v0.8.18
[INFO] [stderr]   Downloaded smallvec v1.16.0
[INFO] [stderr]   Downloaded s3s v0.15.0
[INFO] [stderr]   Downloaded hybrid-array v0.4.14
[INFO] [stderr]   Downloaded numeric_cast v0.3.0
[INFO] [stderr]   Downloaded hex-simd v0.8.0
[INFO] [stderr]   Downloaded outref v0.5.2
[INFO] [stderr]   Downloaded vsimd v0.8.0
[INFO] [stderr]   Downloaded path-absolutize v4.0.1
[INFO] [stderr]   Downloaded base64-simd v0.8.0
[INFO] [stderr]   Downloaded rcgen v0.14.10
[INFO] [stderr]   Downloaded bytestring v1.5.1
[INFO] [stderr]   Downloaded atoi v3.1.0
[INFO] [stderr]   Downloaded path-dedot v4.0.1
[INFO] [stderr]   Downloaded crc32c v0.6.8
[INFO] [stderr]   Downloaded pem v4.0.0
[INFO] [stderr]   Downloaded quinn-proto v0.11.17
[INFO] running `Command { std: "docker" "create" "-v" "/var/lib/crater-agent-workspace/builds/worker-3-tc1/source:/opt/rustwide/workdir:ro,Z" "-v" "/var/lib/crater-agent-workspace/builds/worker-3-tc1/target:/opt/rustwide/target:rw,Z" "-v" "/var/lib/crater-agent-workspace/cargo-home:/opt/rustwide/cargo-home:ro,Z" "-v" "/var/lib/crater-agent-workspace/rustup-home:/opt/rustwide/rustup-home:ro,Z" "-m" "1610612736" "--network" "none" "ghcr.io/rust-lang/crates-build-env/linux@sha256:3111399a4047eeb3a02b7a90e478d715f38a8c6669b5c4b49d30a17385265909" "sleep" "infinity", kill_on_drop: false }`
[INFO] [stdout] 39cdd0e5299edc67979d5579a61f9769052ee7b781b9b6ce3a7a01f388c197d0
[INFO] running `Command { std: "docker" "start" "39cdd0e5299edc67979d5579a61f9769052ee7b781b9b6ce3a7a01f388c197d0", kill_on_drop: false }`
[INFO] running `Command { std: "docker" "inspect" "39cdd0e5299edc67979d5579a61f9769052ee7b781b9b6ce3a7a01f388c197d0", kill_on_drop: false }`
[INFO] running `Command { std: "docker" "exec" "-e" "SOURCE_DIR=/opt/rustwide/workdir" "-e" "CARGO_HOME=/opt/rustwide/cargo-home" "-e" "RUSTUP_HOME=/opt/rustwide/rustup-home" "-e" "CARGO_TARGET_DIR=/opt/rustwide/target" "-w" "/opt/rustwide/workdir" "--user" "0:0" "39cdd0e5299edc67979d5579a61f9769052ee7b781b9b6ce3a7a01f388c197d0" "/opt/rustwide/cargo-home/bin/cargo" "+1.99.0-beta.8" "metadata" "--no-deps" "--format-version=1", kill_on_drop: false }`
[INFO] running `Command { std: "docker" "inspect" "39cdd0e5299edc67979d5579a61f9769052ee7b781b9b6ce3a7a01f388c197d0", kill_on_drop: false }`
[INFO] running `Command { std: "docker" "exec" "-e" "SOURCE_DIR=/opt/rustwide/workdir" "-e" "CARGO_HOME=/opt/rustwide/cargo-home" "-e" "RUSTUP_HOME=/opt/rustwide/rustup-home" "-e" "CARGO_TARGET_DIR=/opt/rustwide/target" "-e" "CARGO_INCREMENTAL=0" "-e" "RUST_BACKTRACE=full" "-e" "RUSTFLAGS=--cap-lints=warn" "-e" "RUSTDOCFLAGS=--cap-lints=warn" "-w" "/opt/rustwide/workdir" "--user" "0:0" "39cdd0e5299edc67979d5579a61f9769052ee7b781b9b6ce3a7a01f388c197d0" "/opt/rustwide/cargo-home/bin/cargo" "+1.99.0-beta.8" "build" "--frozen" "--message-format=json", kill_on_drop: false }`
[INFO] [stderr]    Compiling find-msvc-tools v0.1.11
[INFO] [stderr]    Compiling syn v3.0.4
[INFO] [stderr]    Compiling syn v2.0.119
[INFO] [stderr]    Compiling hybrid-array v0.4.14
[INFO] [stderr]    Compiling futures-io v0.3.34
[INFO] [stderr]    Compiling rand_core v0.10.1
[INFO] [stderr]    Compiling mio v1.2.2
[INFO] [stderr]    Compiling generic-array v0.14.9
[INFO] [stderr]    Compiling getrandom v0.2.17
[INFO] [stderr]    Compiling getrandom v0.4.3
[INFO] [stderr]    Compiling smallvec v1.16.0
[INFO] [stderr]    Compiling subtle v2.6.1
[INFO] [stderr]    Compiling rustls v0.23.43
[INFO] [stderr]    Compiling quinn-udp v0.5.15
[INFO] [stderr]    Compiling form_urlencoded v1.2.2
[INFO] [stderr]    Compiling tinyvec v1.12.0
[INFO] [stderr]    Compiling chacha20 v0.10.2
[INFO] [stderr]    Compiling rand_pcg v0.10.2
[INFO] [stderr]    Compiling cc v1.4.4
[INFO] [stderr]    Compiling quinn v0.11.11
[INFO] [stderr]    Compiling lru-slab v0.1.2
[INFO] [stderr]    Compiling vsimd v0.8.0
[INFO] [stderr]    Compiling outref v0.5.2
[INFO] [stderr]    Compiling regex-automata v0.4.18
[INFO] [stderr]    Compiling spin v0.10.1
[INFO] [stderr]    Compiling rand v0.10.2
[INFO] [stderr]    Compiling simdutf8 v0.1.5
[INFO] [stderr]    Compiling time v0.3.55
[INFO] [stderr]    Compiling tower v0.5.3
[INFO] [stderr]    Compiling serde_json v1.0.151
[INFO] [stderr]    Compiling arc-swap v1.9.2
[INFO] [stderr]    Compiling chrono v0.4.45
[INFO] [stderr]    Compiling atoi v3.1.0
[INFO] [stderr]    Compiling bytestring v1.5.1
[INFO] [stderr]    Compiling nom v8.0.0
[INFO] [stderr]    Compiling transform-stream v0.3.1
[INFO] [stderr]    Compiling arrayvec v0.7.8
[INFO] [stderr]    Compiling numeric_cast v0.3.0
[INFO] [stderr]    Compiling block-buffer v0.12.1
[INFO] [stderr]    Compiling crypto-common v0.2.2
[INFO] [stderr]    Compiling base64-simd v0.8.0
[INFO] [stderr]    Compiling hex-simd v0.8.0
[INFO] [stderr]    Compiling xxhash-rust v0.8.18
[INFO] [stderr]    Compiling crypto-common v0.1.6
[INFO] [stderr]    Compiling digest v0.10.7
[INFO] [stderr]    Compiling crc-fast v1.10.0
[INFO] [stderr]    Compiling ring v0.17.14
[INFO] [stderr]    Compiling digest v0.11.3
[INFO] [stderr]    Compiling sha2 v0.11.0
[INFO] [stderr]    Compiling sha1 v0.11.0
[INFO] [stderr]    Compiling md-5 v0.11.0
[INFO] [stderr]    Compiling hmac v0.13.0
[INFO] [stderr]    Compiling regex v1.13.1
[INFO] [stderr]    Compiling synstructure v0.13.2
[INFO] [stderr]    Compiling zerovec-derive v0.11.6
[INFO] [stderr]    Compiling displaydoc v0.2.7
[INFO] [stderr]    Compiling tokio-macros v2.7.2
[INFO] [stderr]    Compiling thiserror-impl v2.0.20
[INFO] [stderr]    Compiling futures-macro v0.3.34
[INFO] [stderr]    Compiling serde_derive v1.0.229
[INFO] [stderr]    Compiling async-trait v0.1.92
[INFO] [stderr]    Compiling tokio v1.53.1
[INFO] [stderr]    Compiling tracing-attributes v0.1.31
[INFO] [stderr]    Compiling zerofrom-derive v0.1.7
[INFO] [stderr]    Compiling yoke-derive v0.8.2
[INFO] [stderr]    Compiling futures-util v0.3.34
[INFO] [stderr]    Compiling rustls-webpki v0.103.15
[INFO] [stderr]    Compiling thiserror v2.0.20
[INFO] [stderr]    Compiling std-next v0.1.9
[INFO] [stderr]    Compiling zerofrom v0.1.8
[INFO] [stderr]    Compiling yoke v0.8.3
[INFO] [stderr]    Compiling tracing v0.1.44
[INFO] [stderr]    Compiling zerovec v0.11.8
[INFO] [stderr]    Compiling zerotrie v0.2.5
[INFO] [stderr]    Compiling tinystr v0.8.4
[INFO] [stderr]    Compiling potential_utf v0.1.6
[INFO] [stderr]    Compiling icu_locale_core v2.3.0
[INFO] [stderr]    Compiling icu_collections v2.3.0
[INFO] [stderr]    Compiling serde v1.0.229
[INFO] [stderr]    Compiling icu_provider v2.3.1
[INFO] [stderr]    Compiling icu_normalizer v2.3.0
[INFO] [stderr]    Compiling icu_properties v2.3.0
[INFO] [stderr]    Compiling quick-xml v0.41.0
[INFO] [stderr]    Compiling serde_urlencoded v0.7.1
[INFO] [stderr]    Compiling idna_adapter v1.2.2
[INFO] [stderr]    Compiling idna v1.1.0
[INFO] [stderr]    Compiling futures-executor v0.3.34
[INFO] [stderr]    Compiling futures v0.3.34
[INFO] [stderr]    Compiling url v2.5.8
[INFO] [stderr]    Compiling tokio-util v0.7.19
[INFO] [stderr]    Compiling h3 v0.0.8
[INFO] [stderr]    Compiling h2 v0.4.19
[INFO] [stderr]    Compiling quinn-proto v0.11.17
[INFO] [stderr]    Compiling hyper v1.11.1
[INFO] [stderr]    Compiling h3-quinn v0.0.10
[INFO] [stderr]    Compiling s3s v0.15.0
[INFO] [stderr]    Compiling s3s-http3 v0.16.0-alpha.1 (/opt/rustwide/workdir)
[INFO] [stderr]     Finished `dev` profile [unoptimized + debuginfo] target(s) in 1m 16s
[INFO] running `Command { std: "docker" "inspect" "39cdd0e5299edc67979d5579a61f9769052ee7b781b9b6ce3a7a01f388c197d0", kill_on_drop: false }`
[INFO] running `Command { std: "docker" "exec" "-e" "SOURCE_DIR=/opt/rustwide/workdir" "-e" "CARGO_HOME=/opt/rustwide/cargo-home" "-e" "RUSTUP_HOME=/opt/rustwide/rustup-home" "-e" "CARGO_TARGET_DIR=/opt/rustwide/target" "-e" "CARGO_INCREMENTAL=0" "-e" "RUST_BACKTRACE=full" "-e" "RUSTFLAGS=--cap-lints=warn" "-e" "RUSTDOCFLAGS=--cap-lints=warn" "-w" "/opt/rustwide/workdir" "--user" "0:0" "39cdd0e5299edc67979d5579a61f9769052ee7b781b9b6ce3a7a01f388c197d0" "/opt/rustwide/cargo-home/bin/cargo" "+1.99.0-beta.8" "test" "--frozen" "--no-run" "--message-format=json", kill_on_drop: false }`
[INFO] [stderr]    Compiling aws-lc-rs v1.18.0
[INFO] [stderr]    Compiling cc v1.4.4
[INFO] [stderr]    Compiling tokio v1.53.1
[INFO] [stderr]    Compiling rustls v0.23.43
[INFO] [stderr]    Compiling sharded-slab v0.1.7
[INFO] [stderr]    Compiling crc32c v0.6.8
[INFO] [stderr]    Compiling thread_local v1.1.10
[INFO] [stderr]    Compiling path-dedot v4.0.1
[INFO] [stderr]    Compiling base64 v0.23.1
[INFO] [stderr]    Compiling yasna v0.6.0
[INFO] [stderr]    Compiling uuid v1.26.0
[INFO] [stderr]    Compiling s3s-sigv4 v0.16.0-alpha.1
[INFO] [stderr]    Compiling path-absolutize v4.0.1
[INFO] [stderr]    Compiling pem v4.0.0
[INFO] [stderr]    Compiling cmake v0.1.58
[INFO] [stderr]    Compiling tracing-subscriber v0.3.23
[INFO] [stderr]    Compiling aws-lc-sys v0.44.0
[INFO] [stderr]    Compiling ring v0.17.14
[INFO] [stderr]    Compiling tracing-error v0.2.1
[INFO] [stderr]    Compiling rcgen v0.14.10
[INFO] [stderr]    Compiling tokio-util v0.7.19
[INFO] [stderr]    Compiling h3 v0.0.8
[INFO] [stderr]    Compiling h2 v0.4.19
[INFO] [stderr]    Compiling hyper v1.11.1
[INFO] [stderr]    Compiling s3s v0.15.0
[INFO] [stderr]    Compiling hyper-util v0.1.20
[INFO] [stderr]    Compiling rustls-webpki v0.103.15
[INFO] [stderr]    Compiling quinn-proto v0.11.17
[INFO] [stderr]    Compiling tokio-rustls v0.26.5
[INFO] [stderr]    Compiling quinn v0.11.11
[INFO] [stderr]    Compiling h3-quinn v0.0.10
[INFO] [stderr]    Compiling s3s-fs v0.15.0
[INFO] [stderr]    Compiling s3s-http3 v0.16.0-alpha.1 (/opt/rustwide/workdir)
[INFO] [stdout] error[E0433]: cannot find `AmzDate` in `s3s_sigv4`
[INFO] [stdout]   --> tests/http3.rs:43:31
[INFO] [stdout]    |
[INFO] [stdout] 43 |     let amz_date = s3s_sigv4::AmzDate::parse(TEST_AMZ_DATE)?;
[INFO] [stdout]    |                               ^^^^^^^ could not find `AmzDate` in `s3s_sigv4`
[INFO] [stdout] 
[INFO] [stdout] 
[INFO] [stdout] error[E0433]: cannot find `Payload` in `s3s_sigv4`
[INFO] [stdout]    --> tests/http3.rs:571:20
[INFO] [stdout]     |
[INFO] [stdout] 571 |         s3s_sigv4::Payload::UnsignedMultipleChunksWithTrailer,
[INFO] [stdout]     |                    ^^^^^^^ could not find `Payload` in `s3s_sigv4`
[INFO] [stdout] 
[INFO] [stdout] 
[INFO] [stdout] error[E0433]: cannot find `Payload` in `s3s_sigv4`
[INFO] [stdout]    --> tests/http3.rs:613:20
[INFO] [stdout]     |
[INFO] [stdout] 613 |         s3s_sigv4::Payload::UnsignedMultipleChunksWithTrailer,
[INFO] [stdout]     |                    ^^^^^^^ could not find `Payload` in `s3s_sigv4`
[INFO] [stdout] 
[INFO] [stdout] 
[INFO] [stdout] error[E0433]: cannot find `Payload` in `s3s_sigv4`
[INFO] [stdout]    --> tests/http3.rs:904:24
[INFO] [stdout]     |
[INFO] [stdout] 904 |             s3s_sigv4::Payload::Unsigned,
[INFO] [stdout]     |                        ^^^^^^^ could not find `Payload` in `s3s_sigv4`
[INFO] [stdout] 
[INFO] [stdout] 
[INFO] [stdout] error[E0433]: cannot find `Payload` in `s3s_sigv4`
[INFO] [stdout]    --> tests/http3.rs:924:24
[INFO] [stdout]     |
[INFO] [stdout] 924 |             s3s_sigv4::Payload::Unsigned,
[INFO] [stdout]     |                        ^^^^^^^ could not find `Payload` in `s3s_sigv4`
[INFO] [stdout] 
[INFO] [stdout] 
[INFO] [stdout] error[E0433]: cannot find `Payload` in `s3s_sigv4`
[INFO] [stdout]    --> tests/http3.rs:940:20
[INFO] [stdout]     |
[INFO] [stdout] 940 |         s3s_sigv4::Payload::Unsigned,
[INFO] [stdout]     |                    ^^^^^^^ could not find `Payload` in `s3s_sigv4`
[INFO] [stdout] 
[INFO] [stdout] 
[INFO] [stdout] error[E0425]: cannot find type `Payload` in crate `s3s_sigv4`
[INFO] [stdout]   --> tests/http3.rs:35:25
[INFO] [stdout]    |
[INFO] [stdout] 35 |     payload: s3s_sigv4::Payload<'_>,
[INFO] [stdout]    |                         ^^^^^^^ not found in `s3s_sigv4`
[INFO] [stdout] 
[INFO] [stdout] 
[INFO] [stdout] error[E0425]: cannot find function `create_canonical_request` in crate `s3s_sigv4`
[INFO] [stdout]   --> tests/http3.rs:44:40
[INFO] [stdout]    |
[INFO] [stdout] 44 |     let canonical_request = s3s_sigv4::create_canonical_request(
[INFO] [stdout]    |                                        ^^^^^^^^^^^^^^^^^^^^^^^^ not found in `s3s_sigv4`
[INFO] [stdout] 
[INFO] [stdout] 
[INFO] [stdout] error[E0425]: cannot find function `create_string_to_sign` in crate `s3s_sigv4`
[INFO] [stdout]   --> tests/http3.rs:56:37
[INFO] [stdout]    |
[INFO] [stdout] 56 |     let string_to_sign = s3s_sigv4::create_string_to_sign(&canonical_request, &amz_date, TEST_REGION, "s3");
[INFO] [stdout]    |                                     ^^^^^^^^^^^^^^^^^^^^^ not found in `s3s_sigv4`
[INFO] [stdout] 
[INFO] [stdout] 
[INFO] [stdout] error[E0425]: cannot find function `calculate_signature` in crate `s3s_sigv4`
[INFO] [stdout]   --> tests/http3.rs:57:32
[INFO] [stdout]    |
[INFO] [stdout] 57 |     let signature = s3s_sigv4::calculate_signature(&string_to_sign, TEST_SECRET_KEY, &amz_date, TEST_REGION, "s3");
[INFO] [stdout]    |                                ^^^^^^^^^^^^^^^^^^^ not found in `s3s_sigv4`
[INFO] [stdout] 
[INFO] [stdout] 
[INFO] [stdout] Some errors have detailed explanations: E0425, E0433.
[INFO] [stdout] 
[INFO] [stdout] For more information about an error, try `rustc --explain E0425`.
[INFO] [stdout] 
[INFO] [stderr] error: could not compile `s3s-http3` (test "http3") due to 10 previous errors
[INFO] [stderr] warning: build failed, waiting for other jobs to finish...
[INFO] running `Command { std: "docker" "inspect" "39cdd0e5299edc67979d5579a61f9769052ee7b781b9b6ce3a7a01f388c197d0", kill_on_drop: false }`
[INFO] running `Command { std: "docker" "rm" "-f" "39cdd0e5299edc67979d5579a61f9769052ee7b781b9b6ce3a7a01f388c197d0", kill_on_drop: false }`
[INFO] [stdout] 39cdd0e5299edc67979d5579a61f9769052ee7b781b9b6ce3a7a01f388c197d0
