[INFO] fetching crate s2n-tls-metrics-schema 0.0.2...
[INFO] testing s2n-tls-metrics-schema-0.0.2 against 1.99.0-beta.8 for beta-1.100-2
[INFO] extracting crate s2n-tls-metrics-schema 0.0.2 into /workspace/builds/worker-0-tc1/source
[INFO] started tweaking crates.io crate s2n-tls-metrics-schema 0.0.2
[INFO] removed 0 missing tests
[INFO] finished tweaking crates.io crate s2n-tls-metrics-schema 0.0.2
[INFO] tweaked toml for crates.io crate s2n-tls-metrics-schema 0.0.2 written to /workspace/builds/worker-0-tc1/source/Cargo.toml
[INFO] validating manifest of crates.io crate s2n-tls-metrics-schema 0.0.2 on toolchain 1.99.0-beta.8
[INFO] running `Command { std: CARGO_HOME="/workspace/cargo-home" RUSTUP_HOME="/workspace/rustup-home" "/workspace/cargo-home/bin/cargo" "+1.99.0-beta.8" "metadata" "--manifest-path" "Cargo.toml" "--no-deps", kill_on_drop: false }`
[INFO] crate crates.io crate s2n-tls-metrics-schema 0.0.2 already has a lockfile, it will not be regenerated
[INFO] running `Command { std: CARGO_HOME="/workspace/cargo-home" RUSTUP_HOME="/workspace/rustup-home" "/workspace/cargo-home/bin/cargo" "+1.99.0-beta.8" "fetch" "--manifest-path" "Cargo.toml", kill_on_drop: false }`
[INFO] [stderr]     Updating crates.io index
[INFO] [stderr]  Downloading crates ...
[INFO] [stderr]   Downloaded metrique-writer-macro v0.1.9
[INFO] [stderr]   Downloaded serde_with_macros v3.21.0
[INFO] [stderr]   Downloaded s2n-codec v0.83.0
[INFO] [stderr]   Downloaded sketches-ddsketch v0.3.1
[INFO] [stderr]   Downloaded serde_with v3.21.0
[INFO] [stderr]   Downloaded str_inflector v0.12.0
[INFO] [stderr]   Downloaded metrique-core v0.1.20
[INFO] [stderr]   Downloaded rand_xoshiro v0.7.0
[INFO] [stderr]   Downloaded ordered-float v5.3.0
[INFO] [stderr]   Downloaded metrique-writer v0.1.22
[INFO] [stderr]   Downloaded metrics-util v0.20.4
[INFO] [stderr]   Downloaded rapidhash v4.4.1
[INFO] [stderr]   Downloaded bitflags v2.12.1
[INFO] [stderr]   Downloaded metrics v0.24.6
[INFO] [stderr]   Downloaded metrique-writer-core v0.1.16
[INFO] running `Command { std: "docker" "create" "-v" "/var/lib/crater-agent-workspace/builds/worker-0-tc1/source:/opt/rustwide/workdir:ro,Z" "-v" "/var/lib/crater-agent-workspace/builds/worker-0-tc1/target:/opt/rustwide/target:rw,Z" "-v" "/var/lib/crater-agent-workspace/cargo-home:/opt/rustwide/cargo-home:ro,Z" "-v" "/var/lib/crater-agent-workspace/rustup-home:/opt/rustwide/rustup-home:ro,Z" "-m" "1610612736" "--network" "none" "ghcr.io/rust-lang/crates-build-env/linux@sha256:3111399a4047eeb3a02b7a90e478d715f38a8c6669b5c4b49d30a17385265909" "sleep" "infinity", kill_on_drop: false }`
[INFO] [stdout] ac56d0dc0a5d3128ab66bf3389ecacc870cd18242e4f7a8204dbd09224bda4f3
[INFO] running `Command { std: "docker" "start" "ac56d0dc0a5d3128ab66bf3389ecacc870cd18242e4f7a8204dbd09224bda4f3", kill_on_drop: false }`
[INFO] running `Command { std: "docker" "inspect" "ac56d0dc0a5d3128ab66bf3389ecacc870cd18242e4f7a8204dbd09224bda4f3", kill_on_drop: false }`
[INFO] running `Command { std: "docker" "exec" "-e" "SOURCE_DIR=/opt/rustwide/workdir" "-e" "CARGO_HOME=/opt/rustwide/cargo-home" "-e" "RUSTUP_HOME=/opt/rustwide/rustup-home" "-e" "CARGO_TARGET_DIR=/opt/rustwide/target" "-w" "/opt/rustwide/workdir" "--user" "0:0" "ac56d0dc0a5d3128ab66bf3389ecacc870cd18242e4f7a8204dbd09224bda4f3" "/opt/rustwide/cargo-home/bin/cargo" "+1.99.0-beta.8" "metadata" "--no-deps" "--format-version=1", kill_on_drop: false }`
[INFO] running `Command { std: "docker" "inspect" "ac56d0dc0a5d3128ab66bf3389ecacc870cd18242e4f7a8204dbd09224bda4f3", kill_on_drop: false }`
[INFO] running `Command { std: "docker" "exec" "-e" "SOURCE_DIR=/opt/rustwide/workdir" "-e" "CARGO_HOME=/opt/rustwide/cargo-home" "-e" "RUSTUP_HOME=/opt/rustwide/rustup-home" "-e" "CARGO_TARGET_DIR=/opt/rustwide/target" "-e" "CARGO_INCREMENTAL=0" "-e" "RUST_BACKTRACE=full" "-e" "RUSTFLAGS=--cap-lints=warn" "-e" "RUSTDOCFLAGS=--cap-lints=warn" "-w" "/opt/rustwide/workdir" "--user" "0:0" "ac56d0dc0a5d3128ab66bf3389ecacc870cd18242e4f7a8204dbd09224bda4f3" "/opt/rustwide/cargo-home/bin/cargo" "+1.99.0-beta.8" "build" "--frozen" "--message-format=json", kill_on_drop: false }`
[INFO] [stderr]    Compiling syn v2.0.117
[INFO] [stderr]    Compiling zerocopy v0.8.50
[INFO] [stderr]    Compiling smallvec v1.15.1
[INFO] [stderr]    Compiling crossbeam-utils v0.8.21
[INFO] [stderr]    Compiling strsim v0.11.1
[INFO] [stderr]    Compiling ident_case v1.0.1
[INFO] [stderr]    Compiling memchr v2.8.1
[INFO] [stderr]    Compiling getrandom v0.3.4
[INFO] [stderr]    Compiling num-traits v0.2.19
[INFO] [stderr]    Compiling regex-syntax v0.8.10
[INFO] [stderr]    Compiling rand_core v0.9.5
[INFO] [stderr]    Compiling tracing-core v0.1.36
[INFO] [stderr]    Compiling bitflags v2.12.1
[INFO] [stderr]    Compiling either v1.16.0
[INFO] [stderr]    Compiling ahash v0.8.12
[INFO] [stderr]    Compiling aho-corasick v1.1.4
[INFO] [stderr]    Compiling itertools v0.14.0
[INFO] [stderr]    Compiling raw-cpuid v11.6.0
[INFO] [stderr]    Compiling rapidhash v4.4.1
[INFO] [stderr]    Compiling nibble_vec v0.1.0
[INFO] [stderr]    Compiling foldhash v0.2.0
[INFO] [stderr]    Compiling endian-type v0.1.2
[INFO] [stderr]    Compiling log v0.4.32
[INFO] [stderr]    Compiling indexmap v2.14.0
[INFO] [stderr]    Compiling tracing-log v0.2.0
[INFO] [stderr]    Compiling ordered-float v5.3.0
[INFO] [stderr]    Compiling hashbrown v0.16.1
[INFO] [stderr]    Compiling radix_trie v0.2.1
[INFO] [stderr]    Compiling metrics v0.24.6
[INFO] [stderr]    Compiling crossbeam-epoch v0.9.18
[INFO] [stderr]    Compiling rand_xoshiro v0.7.0
[INFO] [stderr]    Compiling nu-ansi-term v0.50.3
[INFO] [stderr]    Compiling sketches-ddsketch v0.3.1
[INFO] [stderr]    Compiling tokio v1.52.3
[INFO] [stderr]    Compiling regex-automata v0.4.14
[INFO] [stderr]    Compiling tracing-subscriber v0.3.23
[INFO] [stderr]    Compiling crossbeam-queue v0.3.12
[INFO] [stderr]    Compiling quanta v0.12.6
[INFO] [stderr]    Compiling s2n-tls-metrics-schema v0.0.2 (/opt/rustwide/workdir)
[INFO] [stderr]    Compiling bytes v1.11.1
[INFO] [stderr]    Compiling darling_core v0.23.0
[INFO] [stderr]    Compiling synstructure v0.13.2
[INFO] [stderr]    Compiling zerocopy-derive v0.8.50
[INFO] [stderr]    Compiling serde_derive v1.0.228
[INFO] [stderr]    Compiling derive-where v1.6.1
[INFO] [stderr]    Compiling tracing-attributes v0.1.31
[INFO] [stderr]    Compiling regex v1.12.3
[INFO] [stderr]    Compiling str_inflector v0.12.0
[INFO] [stderr]    Compiling tracing v0.1.44
[INFO] [stderr]    Compiling darling_macro v0.23.0
[INFO] [stderr]    Compiling darling v0.23.0
[INFO] [stderr]    Compiling serde_with_macros v3.21.0
[INFO] [stderr]    Compiling metrique-writer-macro v0.1.9
[INFO] [stderr]    Compiling serde_with v3.21.0
[INFO] [stderr]    Compiling serde v1.0.228
[INFO] [stderr]    Compiling metrique-writer-core v0.1.16
[INFO] [stderr]    Compiling metrique-core v0.1.20
[INFO] [stderr]    Compiling ppv-lite86 v0.2.21
[INFO] [stderr]    Compiling s2n-codec v0.83.0
[INFO] [stderr]    Compiling rand_chacha v0.9.0
[INFO] [stderr]    Compiling rand v0.9.4
[INFO] [stderr]    Compiling metrics-util v0.20.4
[INFO] [stderr]    Compiling metrique-writer v0.1.22
[INFO] [stderr]     Finished `dev` profile [unoptimized + debuginfo] target(s) in 1m 00s
[INFO] running `Command { std: "docker" "inspect" "ac56d0dc0a5d3128ab66bf3389ecacc870cd18242e4f7a8204dbd09224bda4f3", kill_on_drop: false }`
[INFO] running `Command { std: "docker" "exec" "-e" "SOURCE_DIR=/opt/rustwide/workdir" "-e" "CARGO_HOME=/opt/rustwide/cargo-home" "-e" "RUSTUP_HOME=/opt/rustwide/rustup-home" "-e" "CARGO_TARGET_DIR=/opt/rustwide/target" "-e" "CARGO_INCREMENTAL=0" "-e" "RUST_BACKTRACE=full" "-e" "RUSTFLAGS=--cap-lints=warn" "-e" "RUSTDOCFLAGS=--cap-lints=warn" "-w" "/opt/rustwide/workdir" "--user" "0:0" "ac56d0dc0a5d3128ab66bf3389ecacc870cd18242e4f7a8204dbd09224bda4f3" "/opt/rustwide/cargo-home/bin/cargo" "+1.99.0-beta.8" "test" "--frozen" "--no-run" "--message-format=json", kill_on_drop: false }`
[INFO] [stderr]    Compiling half v2.7.1
[INFO] [stderr]    Compiling serde_json v1.0.150
[INFO] [stderr]    Compiling ciborium-ll v0.2.2
[INFO] [stderr]    Compiling ciborium v0.2.2
[INFO] [stderr]    Compiling s2n-tls-metrics-schema v0.0.2 (/opt/rustwide/workdir)
[INFO] [stdout] error[E0432]: unresolved import `s2n_tls_sys_internal`
[INFO] [stdout]  --> tests/static_lists.rs:5:5
[INFO] [stdout]   |
[INFO] [stdout] 5 | use s2n_tls_sys_internal::{
[INFO] [stdout]   |     ^^^^^^^^^^^^^^^^^^^^ use of unresolved module or unlinked crate `s2n_tls_sys_internal`
[INFO] [stdout]   |
[INFO] [stdout]   = help: if you wanted to use a crate named `s2n_tls_sys_internal`, use `cargo add s2n_tls_sys_internal` to add it to your `Cargo.toml`
[INFO] [stdout] 
[INFO] [stdout] 
[INFO] [stdout] error[E0433]: cannot find module or crate `s2n_tls_sys_internal` in this scope
[INFO] [stdout]   --> tests/static_lists.rs:51:47
[INFO] [stdout]    |
[INFO] [stdout] 51 |     let ciphers: HashSet<CipherInformation> = s2n_tls_sys_internal::security_policy_table()
[INFO] [stdout]    |                                               ^^^^^^^^^^^^^^^^^^^^ use of unresolved module or unlinked crate `s2n_tls_sys_internal`
[INFO] [stdout]    |
[INFO] [stdout]    = help: if you wanted to use a crate named `s2n_tls_sys_internal`, use `cargo add s2n_tls_sys_internal` to add it to your `Cargo.toml`
[INFO] [stdout] 
[INFO] [stdout] 
[INFO] [stdout] error[E0433]: cannot find module or crate `s2n_tls_sys_internal` in this scope
[INFO] [stdout]   --> tests/static_lists.rs:68:45
[INFO] [stdout]    |
[INFO] [stdout] 68 |     let groups: HashSet<GroupInformation> = s2n_tls_sys_internal::security_policy_table()
[INFO] [stdout]    |                                             ^^^^^^^^^^^^^^^^^^^^ use of unresolved module or unlinked crate `s2n_tls_sys_internal`
[INFO] [stdout]    |
[INFO] [stdout]    = help: if you wanted to use a crate named `s2n_tls_sys_internal`, use `cargo add s2n_tls_sys_internal` to add it to your `Cargo.toml`
[INFO] [stdout] 
[INFO] [stdout] 
[INFO] [stdout] error[E0433]: cannot find module or crate `s2n_tls_sys_internal` in this scope
[INFO] [stdout]   --> tests/static_lists.rs:86:53
[INFO] [stdout]    |
[INFO] [stdout] 86 |     let sigs: HashSet<SignatureSchemeInformation> = s2n_tls_sys_internal::security_policy_table()
[INFO] [stdout]    |                                                     ^^^^^^^^^^^^^^^^^^^^ use of unresolved module or unlinked crate `s2n_tls_sys_internal`
[INFO] [stdout]    |
[INFO] [stdout]    = help: if you wanted to use a crate named `s2n_tls_sys_internal`, use `cargo add s2n_tls_sys_internal` to add it to your `Cargo.toml`
[INFO] [stdout] 
[INFO] [stdout] 
[INFO] [stdout] Some errors have detailed explanations: E0432, E0433.
[INFO] [stdout] 
[INFO] [stdout] For more information about an error, try `rustc --explain E0432`.
[INFO] [stdout] 
[INFO] [stderr] error: could not compile `s2n-tls-metrics-schema` (test "static_lists") due to 4 previous errors
[INFO] [stderr] warning: build failed, waiting for other jobs to finish...
[INFO] running `Command { std: "docker" "inspect" "ac56d0dc0a5d3128ab66bf3389ecacc870cd18242e4f7a8204dbd09224bda4f3", kill_on_drop: false }`
[INFO] running `Command { std: "docker" "rm" "-f" "ac56d0dc0a5d3128ab66bf3389ecacc870cd18242e4f7a8204dbd09224bda4f3", kill_on_drop: false }`
[INFO] [stdout] ac56d0dc0a5d3128ab66bf3389ecacc870cd18242e4f7a8204dbd09224bda4f3
